73.3.249.149 - - [14/Jul/2026:14:28:30 -0400] "POST /administrator/index.php?option=com_acym&tmpl=component&1095e207ed73313ef0403db4bf9db954=1&nocache=1784053381 HTTP/1.1" 200 38 "https://transformptyoga.com/administrator/index.php?option=com_acym&ctrl=campaigns&task=edit&step=editEmail&campaignId=132" "Mozilla/5.0 (Macintosh; Intel Mac OS X 10_15_7) AppleWebKit/537.36 (KHTML, like Gecko) Chrome/150.0.0.0 Safari/537.36"
73.3.249.149 - - [14/Jul/2026:14:28:30 -0400] "POST /administrator/index.php?option=com_acym&tmpl=component&1095e207ed73313ef0403db4bf9db954=1&nocache=1784053381 HTTP/1.1" 200 38 "https://transformptyoga.com/administrator/index.php?option=com_acym&ctrl=campaigns&task=edit&step=editEmail&campaignId=132" "Mozilla/5.0 (Macintosh; Intel Mac OS X 10_15_7) AppleWebKit/537.36 (KHTML, like Gecko) Chrome/150.0.0.0 Safari/537.36"
73.3.249.149 - - [14/Jul/2026:14:28:31 -0400] "POST /administrator/index.php?option=com_acym&tmpl=component&1095e207ed73313ef0403db4bf9db954=1&nocache=1784053381 HTTP/1.1" 200 38 "https://transformptyoga.com/administrator/index.php?option=com_acym&ctrl=campaigns&task=edit&step=editEmail&campaignId=132" "Mozilla/5.0 (Macintosh; Intel Mac OS X 10_15_7) AppleWebKit/537.36 (KHTML, like Gecko) Chrome/150.0.0.0 Safari/537.36"
66.249.65.46 - - [14/Jul/2026:14:28:31 -0400] "GET /info/803669753539 HTTP/1.1" 404 13926 "-" "Mozilla/5.0 (Linux; Android 6.0.1; Nexus 5X Build/MMB29P) AppleWebKit/537.36 (KHTML, like Gecko) Chrome/150.0.7871.46 Mobile Safari/537.36 (compatible; Googlebot/2.1; +http://www.google.com/bot.html)"
66.249.65.32 - - [14/Jul/2026:14:29:19 -0400] "GET /goodscode/904189070423 HTTP/1.1" 404 13930 "-" "Mozilla/5.0 (Linux; Android 6.0.1; Nexus 5X Build/MMB29P) AppleWebKit/537.36 (KHTML, like Gecko) Chrome/150.0.7871.46 Mobile Safari/537.36 (compatible; Googlebot/2.1; +http://www.google.com/bot.html)"
66.249.65.46 - - [14/Jul/2026:14:29:22 -0400] "GET /products/81693987000 HTTP/1.1" 404 13928 "-" "Mozilla/5.0 (compatible; Googlebot/2.1; +http://www.google.com/bot.html)"
66.249.65.32 - - [14/Jul/2026:14:29:40 -0400] "GET /entity/793901778491 HTTP/1.1" 404 13928 "-" "Mozilla/5.0 (compatible; Googlebot/2.1; +http://www.google.com/bot.html)"
66.249.65.46 - - [14/Jul/2026:14:29:41 -0400] "GET /entity/70330132281 HTTP/1.1" 404 13930 "-" "Mozilla/5.0 (compatible; Googlebot/2.1; +http://www.google.com/bot.html)"
66.249.65.46 - - [14/Jul/2026:14:29:52 -0400] "GET /goods/021100421720 HTTP/1.1" 404 13928 "-" "Mozilla/5.0 (compatible; Googlebot/2.1; +http://www.google.com/bot.html)"
66.249.65.46 - - [14/Jul/2026:14:30:08 -0400] "GET /shopping/782727935071 HTTP/1.1" 404 13928 "-" "Mozilla/5.0 (Linux; Android 6.0.1; Nexus 5X Build/MMB29P) AppleWebKit/537.36 (KHTML, like Gecko) Chrome/150.0.7871.46 Mobile Safari/537.36 (compatible; Googlebot/2.1; +http://www.google.com/bot.html)"
66.249.65.32 - - [14/Jul/2026:14:32:00 -0400] "GET /detail/692770629091 HTTP/1.1" 404 13926 "-" "Mozilla/5.0 (Linux; Android 6.0.1; Nexus 5X Build/MMB29P) AppleWebKit/537.36 (KHTML, like Gecko) Chrome/150.0.7871.46 Mobile Safari/537.36 (compatible; Googlebot/2.1; +http://www.google.com/bot.html)"
66.249.65.46 - - [14/Jul/2026:14:32:11 -0400] "GET /special/703340348203 HTTP/1.1" 404 13928 "-" "Mozilla/5.0 (Linux; Android 6.0.1; Nexus 5X Build/MMB29P) AppleWebKit/537.36 (KHTML, like Gecko) Chrome/150.0.7871.46 Mobile Safari/537.36 (compatible; Googlebot/2.1; +http://www.google.com/bot.html)"
66.249.65.32 - - [14/Jul/2026:14:32:11 -0400] "GET /special/813145307820 HTTP/1.1" 404 13928 "-" "Mozilla/5.0 (Linux; Android 6.0.1; Nexus 5X Build/MMB29P) AppleWebKit/537.36 (KHTML, like Gecko) Chrome/150.0.7871.46 Mobile Safari/537.36 (compatible; Googlebot/2.1; +http://www.google.com/bot.html)"
103.67.158.43 - - [14/Jul/2026:14:32:44 -0400] "GET /items/732900776142 HTTP/1.1" 404 13928 "-" "Mozilla/5.0 (Macintosh; Intel Mac OS X 10_14_6) AppleWebKit/537.36 (KHTML, like Gecko) Chrome/83.0.4103.116 Safari/537.36"
66.249.65.46 - - [14/Jul/2026:14:32:46 -0400] "GET /shopbrand/681543603841 HTTP/1.1" 404 13930 "-" "Mozilla/5.0 (Linux; Android 6.0.1; Nexus 5X Build/MMB29P) AppleWebKit/537.36 (KHTML, like Gecko) Chrome/150.0.7871.46 Mobile Safari/537.36 (compatible; Googlebot/2.1; +http://www.google.com/bot.html)"
66.249.65.32 - - [14/Jul/2026:14:33:01 -0400] "GET /product/79551723925 HTTP/1.1" 404 13926 "-" "Mozilla/5.0 (Linux; Android 6.0.1; Nexus 5X Build/MMB29P) AppleWebKit/537.36 (KHTML, like Gecko) Chrome/150.0.7871.46 Mobile Safari/537.36 (compatible; Googlebot/2.1; +http://www.google.com/bot.html)"
17.246.23.202 - - [14/Jul/2026:14:33:05 -0400] "GET /robots.txt HTTP/1.1" 200 764 "-" "Mozilla/5.0 (Macintosh; Intel Mac OS X 10_15_7) AppleWebKit/605.1.15 (KHTML, like Gecko) Version/17.4 Safari/605.1.15 (Applebot/0.1; +http://www.apple.com/go/applebot)"
17.246.23.202 - - [14/Jul/2026:14:33:06 -0400] "GET /events/eventsbyday/2024/10/5/- HTTP/1.1" 200 106025 "-" "Mozilla/5.0 (Macintosh; Intel Mac OS X 10_15_7) AppleWebKit/605.1.15 (KHTML, like Gecko) Version/17.4 Safari/605.1.15 (Applebot/0.1; +http://www.apple.com/go/applebot)"
66.249.65.32 - - [14/Jul/2026:14:33:24 -0400] "GET /goods/762652026878 HTTP/1.1" 404 13925 "-" "Mozilla/5.0 (compatible; Googlebot/2.1; +http://www.google.com/bot.html)"
73.3.249.149 - - [14/Jul/2026:14:33:30 -0400] "POST /administrator/index.php?option=com_acym&tmpl=component&1095e207ed73313ef0403db4bf9db954=1&nocache=1784053381 HTTP/1.1" 200 38 "https://transformptyoga.com/administrator/index.php?option=com_acym&ctrl=campaigns&task=edit&step=editEmail&campaignId=132" "Mozilla/5.0 (Macintosh; Intel Mac OS X 10_15_7) AppleWebKit/537.36 (KHTML, like Gecko) Chrome/150.0.0.0 Safari/537.36"
73.3.249.149 - - [14/Jul/2026:14:33:30 -0400] "POST /administrator/index.php?option=com_acym&tmpl=component&1095e207ed73313ef0403db4bf9db954=1&nocache=1784053381 HTTP/1.1" 200 38 "https://transformptyoga.com/administrator/index.php?option=com_acym&ctrl=campaigns&task=edit&step=editEmail&campaignId=132" "Mozilla/5.0 (Macintosh; Intel Mac OS X 10_15_7) AppleWebKit/537.36 (KHTML, like Gecko) Chrome/150.0.0.0 Safari/537.36"
66.249.65.46 - - [14/Jul/2026:14:33:58 -0400] "GET /goods/901793025802 HTTP/1.1" 404 13926 "-" "Mozilla/5.0 (compatible; Googlebot/2.1; +http://www.google.com/bot.html)"
73.3.249.149 - - [14/Jul/2026:14:34:12 -0400] "POST /administrator/index.php?option=com_acym&tmpl=component&1095e207ed73313ef0403db4bf9db954=1&nocache=1784053381 HTTP/1.1" 200 38 "https://transformptyoga.com/administrator/index.php?option=com_acym&ctrl=campaigns&task=edit&step=editEmail&campaignId=132" "Mozilla/5.0 (Macintosh; Intel Mac OS X 10_15_7) AppleWebKit/537.36 (KHTML, like Gecko) Chrome/150.0.0.0 Safari/537.36"
73.3.249.149 - - [14/Jul/2026:14:34:12 -0400] "POST /administrator/index.php?option=com_acym&tmpl=component&1095e207ed73313ef0403db4bf9db954=1&nocache=1784053381 HTTP/1.1" 200 38 "https://transformptyoga.com/administrator/index.php?option=com_acym&ctrl=campaigns&task=edit&step=editEmail&campaignId=132" "Mozilla/5.0 (Macintosh; Intel Mac OS X 10_15_7) AppleWebKit/537.36 (KHTML, like Gecko) Chrome/150.0.0.0 Safari/537.36"
73.3.249.149 - - [14/Jul/2026:14:34:12 -0400] "POST /administrator/index.php?option=com_acym&tmpl=component&1095e207ed73313ef0403db4bf9db954=1&nocache=1784053381&ctrl=campaigns HTTP/1.1" 200 50 "https://transformptyoga.com/administrator/index.php?option=com_acym&ctrl=campaigns&task=edit&step=editEmail&campaignId=132" "Mozilla/5.0 (Macintosh; Intel Mac OS X 10_15_7) AppleWebKit/537.36 (KHTML, like Gecko) Chrome/150.0.0.0 Safari/537.36"
66.249.65.46 - - [14/Jul/2026:14:34:16 -0400] "GET /shopping/702530321017 HTTP/1.1" 404 13928 "-" "Mozilla/5.0 (Linux; Android 6.0.1; Nexus 5X Build/MMB29P) AppleWebKit/537.36 (KHTML, like Gecko) Chrome/150.0.7871.46 Mobile Safari/537.36 (compatible; Googlebot/2.1; +http://www.google.com/bot.html)"
66.249.65.33 - - [14/Jul/2026:14:34:29 -0400] "GET /shopbrand/882869018455 HTTP/1.1" 404 13931 "-" "Mozilla/5.0 (compatible; Googlebot/2.1; +http://www.google.com/bot.html)"
73.3.249.149 - - [14/Jul/2026:14:34:33 -0400] "POST /administrator/index.php?option=com_acym&ctrl=campaigns HTTP/1.1" 200 107918 "https://transformptyoga.com/administrator/index.php?option=com_acym&ctrl=campaigns&task=edit&step=editEmail&campaignId=132" "Mozilla/5.0 (Macintosh; Intel Mac OS X 10_15_7) AppleWebKit/537.36 (KHTML, like Gecko) Chrome/150.0.0.0 Safari/537.36"
73.3.249.149 - - [14/Jul/2026:14:34:33 -0400] "GET /media/com_acym/js/vue/entity_select.min.js?v=1783823160 HTTP/1.1" 200 6767 "https://transformptyoga.com/administrator/index.php?option=com_acym&ctrl=campaigns" "Mozilla/5.0 (Macintosh; Intel Mac OS X 10_15_7) AppleWebKit/537.36 (KHTML, like Gecko) Chrome/150.0.0.0 Safari/537.36"
73.3.249.149 - - [14/Jul/2026:14:34:33 -0400] "GET /administrator/index.php?option=com_acym&tmpl=component&1095e207ed73313ef0403db4bf9db954=1&nocache=1784054073&ctrl=entitySelect&task=loadEntityFront&offset=0&perCalls=500&entity=list&join=join_mail-190&columns=color,name,id&join_table=maillist.mail_id HTTP/1.1" 200 3047 "https://transformptyoga.com/administrator/index.php?option=com_acym&ctrl=campaigns" "Mozilla/5.0 (Macintosh; Intel Mac OS X 10_15_7) AppleWebKit/537.36 (KHTML, like Gecko) Chrome/150.0.0.0 Safari/537.36"
73.3.249.149 - - [14/Jul/2026:14:34:33 -0400] "GET /administrator/index.php?option=com_acym&tmpl=component&1095e207ed73313ef0403db4bf9db954=1&nocache=1784054073&ctrl=entitySelect&task=loadEntityFront&offset=500&perCalls=500&entity=list&join=join_mail-190&columns=color,name,id&join_table=maillist.mail_id HTTP/1.1" 200 165 "https://transformptyoga.com/administrator/index.php?option=com_acym&ctrl=campaigns" "Mozilla/5.0 (Macintosh; Intel Mac OS X 10_15_7) AppleWebKit/537.36 (KHTML, like Gecko) Chrome/150.0.0.0 Safari/537.36"
73.3.249.149 - - [14/Jul/2026:14:34:33 -0400] "POST /administrator/index.php?option=com_acym&tmpl=component&1095e207ed73313ef0403db4bf9db954=1&nocache=1784054073 HTTP/1.1" 200 53 "https://transformptyoga.com/administrator/index.php?option=com_acym&ctrl=campaigns" "Mozilla/5.0 (Macintosh; Intel Mac OS X 10_15_7) AppleWebKit/537.36 (KHTML, like Gecko) Chrome/150.0.0.0 Safari/537.36"
73.3.249.149 - - [14/Jul/2026:14:34:33 -0400] "POST /administrator/index.php?option=com_acym&tmpl=component&1095e207ed73313ef0403db4bf9db954=1&nocache=1784054073 HTTP/1.1" 200 53 "https://transformptyoga.com/administrator/index.php?option=com_acym&ctrl=campaigns" "Mozilla/5.0 (Macintosh; Intel Mac OS X 10_15_7) AppleWebKit/537.36 (KHTML, like Gecko) Chrome/150.0.0.0 Safari/537.36"
73.3.249.149 - - [14/Jul/2026:14:34:36 -0400] "POST /administrator/index.php?option=com_acym&ctrl=campaigns&task=save&campaignId=132 HTTP/1.1" 200 118258 "https://transformptyoga.com/administrator/index.php?option=com_acym&ctrl=campaigns" "Mozilla/5.0 (Macintosh; Intel Mac OS X 10_15_7) AppleWebKit/537.36 (KHTML, like Gecko) Chrome/150.0.0.0 Safari/537.36"
73.3.249.149 - - [14/Jul/2026:14:34:36 -0400] "GET /media/com_acym/js/back/campaigns/send_settings.min.js?v=1783823160 HTTP/1.1" 200 964 "https://transformptyoga.com/administrator/index.php?option=com_acym&ctrl=campaigns&task=save&campaignId=132" "Mozilla/5.0 (Macintosh; Intel Mac OS X 10_15_7) AppleWebKit/537.36 (KHTML, like Gecko) Chrome/150.0.0.0 Safari/537.36"
73.3.249.149 - - [14/Jul/2026:14:34:49 -0400] "POST /administrator/index.php?option=com_acym&ctrl=campaigns HTTP/1.1" 200 99353 "https://transformptyoga.com/administrator/index.php?option=com_acym&ctrl=campaigns&task=save&campaignId=132" "Mozilla/5.0 (Macintosh; Intel Mac OS X 10_15_7) AppleWebKit/537.36 (KHTML, like Gecko) Chrome/150.0.0.0 Safari/537.36"
73.3.249.149 - - [14/Jul/2026:14:34:50 -0400] "GET /media/com_acym/js/back/campaigns/tests.min.js?v=1783823160 HTTP/1.1" 200 3403 "https://transformptyoga.com/administrator/index.php?option=com_acym&ctrl=campaigns" "Mozilla/5.0 (Macintosh; Intel Mac OS X 10_15_7) AppleWebKit/537.36 (KHTML, like Gecko) Chrome/150.0.0.0 Safari/537.36"
73.3.249.149 - - [14/Jul/2026:14:35:01 -0400] "GET /administrator/index.php?option=com_acym&tmpl=component&1095e207ed73313ef0403db4bf9db954=1&nocache=1784054089&ctrl=users&task=searchTestReceiversAjax&search=james HTTP/1.1" 200 91 "https://transformptyoga.com/administrator/index.php?option=com_acym&ctrl=campaigns" "Mozilla/5.0 (Macintosh; Intel Mac OS X 10_15_7) AppleWebKit/537.36 (KHTML, like Gecko) Chrome/150.0.0.0 Safari/537.36"
73.3.249.149 - - [14/Jul/2026:14:35:12 -0400] "POST /administrator/index.php?option=com_acym&tmpl=component&1095e207ed73313ef0403db4bf9db954=1&nocache=1784054089&page=acymailing_campaigns&ctrl=campaigns&task=test&campaignId=132&mailId=0&test_note=Thanks%20for%20setting%20up%20the%20bones%20here!%20%20%20%0Awhat%20do%20you%20think%20about%20this%3F%20&test_emails=jillgettyllc%40gmail.com%2C1 HTTP/1.1" 200 236 "https://transformptyoga.com/administrator/index.php?option=com_acym&ctrl=campaigns" "Mozilla/5.0 (Macintosh; Intel Mac OS X 10_15_7) AppleWebKit/537.36 (KHTML, like Gecko) Chrome/150.0.0.0 Safari/537.36"
73.3.249.149 - - [14/Jul/2026:14:35:13 -0400] "POST /administrator/index.php?option=com_acym&tmpl=component&1095e207ed73313ef0403db4bf9db954=1&nocache=1784054089&ctrl=configuration&task=addNotification&message=Message%20%3Cb%3ETRANSFORM%20%20|%20%20Summer%20Motivation%3C/b%3E%20successfully%20sent%20to%20%3Cb%3Ejillgettyllc@gmail.com%3C/b%3E%3Cbr/%3EMessage%20%3Cb%3ETRANSFORM%20%20|%20%20Summer%20Motivation%3C/b%3E%20successfully%20sent%20to%20%3Cb%3Ejames@jcjack.com%3C/b%3E&level=info HTTP/1.1" 200 7688 "https://transformptyoga.com/administrator/index.php?option=com_acym&ctrl=campaigns" "Mozilla/5.0 (Macintosh; Intel Mac OS X 10_15_7) AppleWebKit/537.36 (KHTML, like Gecko) Chrome/150.0.0.0 Safari/537.36"
73.3.249.149 - - [14/Jul/2026:14:35:15 -0400] "POST /administrator/index.php?option=com_acym&ctrl=campaigns&task=save&campaignId= HTTP/1.1" 303 - "https://transformptyoga.com/administrator/index.php?option=com_acym&ctrl=campaigns" "Mozilla/5.0 (Macintosh; Intel Mac OS X 10_15_7) AppleWebKit/537.36 (KHTML, like Gecko) Chrome/150.0.0.0 Safari/537.36"
73.3.249.149 - - [14/Jul/2026:14:35:15 -0400] "GET /administrator/index.php?option=com_acym&ctrl=campaigns&task=campaigns HTTP/1.1" 200 174024 "https://transformptyoga.com/administrator/index.php?option=com_acym&ctrl=campaigns" "Mozilla/5.0 (Macintosh; Intel Mac OS X 10_15_7) AppleWebKit/537.36 (KHTML, like Gecko) Chrome/150.0.0.0 Safari/537.36"
73.3.249.149 - - [14/Jul/2026:14:35:20 -0400] "GET /administrator/index.php?option=com_acym&ctrl=users HTTP/1.1" 200 176007 "https://transformptyoga.com/administrator/index.php?option=com_acym&ctrl=campaigns&task=campaigns" "Mozilla/5.0 (Macintosh; Intel Mac OS X 10_15_7) AppleWebKit/537.36 (KHTML, like Gecko) Chrome/150.0.0.0 Safari/537.36"
73.3.249.149 - - [14/Jul/2026:14:35:20 -0400] "GET /media/com_acym/css/back/users.min.css?v=1783823160 HTTP/1.1" 200 7317 "https://transformptyoga.com/administrator/index.php?option=com_acym&ctrl=users" "Mozilla/5.0 (Macintosh; Intel Mac OS X 10_15_7) AppleWebKit/537.36 (KHTML, like Gecko) Chrome/150.0.0.0 Safari/537.36"
73.3.249.149 - - [14/Jul/2026:14:35:20 -0400] "GET /media/com_acym/js/back/users.min.js?v=1783823160 HTTP/1.1" 200 52 "https://transformptyoga.com/administrator/index.php?option=com_acym&ctrl=users" "Mozilla/5.0 (Macintosh; Intel Mac OS X 10_15_7) AppleWebKit/537.36 (KHTML, like Gecko) Chrome/150.0.0.0 Safari/537.36"
73.3.249.149 - - [14/Jul/2026:14:35:21 -0400] "GET /media/com_acym/js/back/users/listing.min.js?v=1783823160 HTTP/1.1" 200 1457 "https://transformptyoga.com/administrator/index.php?option=com_acym&ctrl=users" "Mozilla/5.0 (Macintosh; Intel Mac OS X 10_15_7) AppleWebKit/537.36 (KHTML, like Gecko) Chrome/150.0.0.0 Safari/537.36"
73.3.249.149 - - [14/Jul/2026:14:35:21 -0400] "GET /administrator/index.php?option=com_acym&tmpl=component&1095e207ed73313ef0403db4bf9db954=1&nocache=1784054120&ctrl=entitySelect&task=loadEntityFront&offset=0&perCalls=500&entity=list&join=&columns=color,name,id HTTP/1.1" 200 2884 "https://transformptyoga.com/administrator/index.php?option=com_acym&ctrl=users" "Mozilla/5.0 (Macintosh; Intel Mac OS X 10_15_7) AppleWebKit/537.36 (KHTML, like Gecko) Chrome/150.0.0.0 Safari/537.36"
73.3.249.149 - - [14/Jul/2026:14:35:21 -0400] "GET /administrator/index.php?option=com_acym&tmpl=component&1095e207ed73313ef0403db4bf9db954=1&nocache=1784054120&ctrl=entitySelect&task=loadEntityFront&offset=500&perCalls=500&entity=list&join=&columns=color,name,id HTTP/1.1" 200 165 "https://transformptyoga.com/administrator/index.php?option=com_acym&ctrl=users" "Mozilla/5.0 (Macintosh; Intel Mac OS X 10_15_7) AppleWebKit/537.36 (KHTML, like Gecko) Chrome/150.0.0.0 Safari/537.36"
66.249.65.32 - - [14/Jul/2026:14:35:22 -0400] "GET /entity/801486987688 HTTP/1.1" 404 13925 "-" "Mozilla/5.0 (compatible; Googlebot/2.1; +http://www.google.com/bot.html)"
66.249.65.32 - - [14/Jul/2026:14:35:31 -0400] "GET /shopbrand/713804382598 HTTP/1.1" 404 13928 "-" "Mozilla/5.0 (compatible; Googlebot/2.1; +http://www.google.com/bot.html)"
66.249.65.46 - - [14/Jul/2026:14:35:51 -0400] "GET /goods/78350139647 HTTP/1.1" 404 13926 "-" "Mozilla/5.0 (Linux; Android 6.0.1; Nexus 5X Build/MMB29P) AppleWebKit/537.36 (KHTML, like Gecko) Chrome/150.0.7871.46 Mobile Safari/537.36 (compatible; Googlebot/2.1; +http://www.google.com/bot.html)"
73.3.249.149 - - [14/Jul/2026:14:36:09 -0400] "POST /administrator/index.php?option=com_acym&ctrl=users HTTP/1.1" 200 179461 "https://transformptyoga.com/administrator/index.php?option=com_acym&ctrl=users" "Mozilla/5.0 (Macintosh; Intel Mac OS X 10_15_7) AppleWebKit/537.36 (KHTML, like Gecko) Chrome/150.0.0.0 Safari/537.36"
73.3.249.149 - - [14/Jul/2026:14:36:10 -0400] "GET /administrator/index.php?option=com_acym&tmpl=component&1095e207ed73313ef0403db4bf9db954=1&nocache=1784054169&ctrl=entitySelect&task=loadEntityFront&offset=0&perCalls=500&entity=list&join=&columns=color,name,id HTTP/1.1" 200 2884 "https://transformptyoga.com/administrator/index.php?option=com_acym&ctrl=users" "Mozilla/5.0 (Macintosh; Intel Mac OS X 10_15_7) AppleWebKit/537.36 (KHTML, like Gecko) Chrome/150.0.0.0 Safari/537.36"
66.249.65.32 - - [14/Jul/2026:14:36:10 -0400] "GET /shopping/783651120212 HTTP/1.1" 404 13928 "-" "Mozilla/5.0 (Linux; Android 6.0.1; Nexus 5X Build/MMB29P) AppleWebKit/537.36 (KHTML, like Gecko) Chrome/150.0.7871.46 Mobile Safari/537.36 (compatible; Googlebot/2.1; +http://www.google.com/bot.html)"
73.3.249.149 - - [14/Jul/2026:14:36:10 -0400] "GET /administrator/index.php?option=com_acym&tmpl=component&1095e207ed73313ef0403db4bf9db954=1&nocache=1784054169&ctrl=entitySelect&task=loadEntityFront&offset=500&perCalls=500&entity=list&join=&columns=color,name,id HTTP/1.1" 200 165 "https://transformptyoga.com/administrator/index.php?option=com_acym&ctrl=users" "Mozilla/5.0 (Macintosh; Intel Mac OS X 10_15_7) AppleWebKit/537.36 (KHTML, like Gecko) Chrome/150.0.0.0 Safari/537.36"
73.3.249.149 - - [14/Jul/2026:14:36:16 -0400] "GET /administrator/index.php?option=com_acym&ctrl=lists HTTP/1.1" 200 135825 "https://transformptyoga.com/administrator/index.php?option=com_acym&ctrl=users" "Mozilla/5.0 (Macintosh; Intel Mac OS X 10_15_7) AppleWebKit/537.36 (KHTML, like Gecko) Chrome/150.0.0.0 Safari/537.36"
73.3.249.149 - - [14/Jul/2026:14:36:16 -0400] "GET /media/com_acym/css/back/lists.min.css?v=1783823160 HTTP/1.1" 200 5830 "https://transformptyoga.com/administrator/index.php?option=com_acym&ctrl=lists" "Mozilla/5.0 (Macintosh; Intel Mac OS X 10_15_7) AppleWebKit/537.36 (KHTML, like Gecko) Chrome/150.0.0.0 Safari/537.36"
73.3.249.149 - - [14/Jul/2026:14:36:16 -0400] "GET /media/com_acym/js/back/lists.min.js?v=1783823160 HTTP/1.1" 200 22 "https://transformptyoga.com/administrator/index.php?option=com_acym&ctrl=lists" "Mozilla/5.0 (Macintosh; Intel Mac OS X 10_15_7) AppleWebKit/537.36 (KHTML, like Gecko) Chrome/150.0.0.0 Safari/537.36"
66.249.65.46 - - [14/Jul/2026:14:36:19 -0400] "GET /products/691901888072 HTTP/1.1" 404 13930 "-" "Mozilla/5.0 (Linux; Android 6.0.1; Nexus 5X Build/MMB29P) AppleWebKit/537.36 (KHTML, like Gecko) Chrome/150.0.7871.46 Mobile Safari/537.36 (compatible; Googlebot/2.1; +http://www.google.com/bot.html)"
73.3.249.149 - - [14/Jul/2026:14:36:20 -0400] "GET /administrator/index.php?option=com_acym&ctrl=lists&task=settings&listId=9 HTTP/1.1" 200 118981 "https://transformptyoga.com/administrator/index.php?option=com_acym&ctrl=lists" "Mozilla/5.0 (Macintosh; Intel Mac OS X 10_15_7) AppleWebKit/537.36 (KHTML, like Gecko) Chrome/150.0.0.0 Safari/537.36"
73.3.249.149 - - [14/Jul/2026:14:36:21 -0400] "GET /media/com_acym/js/back/lists/settings.min.js?v=1783823160 HTTP/1.1" 200 1572 "https://transformptyoga.com/administrator/index.php?option=com_acym&ctrl=lists&task=settings&listId=9" "Mozilla/5.0 (Macintosh; Intel Mac OS X 10_15_7) AppleWebKit/537.36 (KHTML, like Gecko) Chrome/150.0.0.0 Safari/537.36"
73.3.249.149 - - [14/Jul/2026:14:36:21 -0400] "GET /media/com_acym/js/libraries/chart.min.js?v=1783823160 HTTP/1.1" 200 159883 "https://transformptyoga.com/administrator/index.php?option=com_acym&ctrl=lists&task=settings&listId=9" "Mozilla/5.0 (Macintosh; Intel Mac OS X 10_15_7) AppleWebKit/537.36 (KHTML, like Gecko) Chrome/150.0.0.0 Safari/537.36"
73.3.249.149 - - [14/Jul/2026:14:36:21 -0400] "GET /media/com_acym/js/vue/list_subscribers.min.js?v=1783823160 HTTP/1.1" 200 3312 "https://transformptyoga.com/administrator/index.php?option=com_acym&ctrl=lists&task=settings&listId=9" "Mozilla/5.0 (Macintosh; Intel Mac OS X 10_15_7) AppleWebKit/537.36 (KHTML, like Gecko) Chrome/150.0.0.0 Safari/537.36"
73.3.249.149 - - [14/Jul/2026:14:36:23 -0400] "GET /administrator/index.php?option=com_acym&ctrl=users&users_list=9&list_status=sub HTTP/1.1" 200 182874 "https://transformptyoga.com/administrator/index.php?option=com_acym&ctrl=lists&task=settings&listId=9" "Mozilla/5.0 (Macintosh; Intel Mac OS X 10_15_7) AppleWebKit/537.36 (KHTML, like Gecko) Chrome/150.0.0.0 Safari/537.36"
73.3.249.149 - - [14/Jul/2026:14:36:23 -0400] "GET /administrator/index.php?option=com_acym&tmpl=component&1095e207ed73313ef0403db4bf9db954=1&nocache=1784054183&ctrl=entitySelect&task=loadEntityFront&offset=0&perCalls=500&entity=list&join=&columns=color,name,id HTTP/1.1" 200 2884 "https://transformptyoga.com/administrator/index.php?option=com_acym&ctrl=users&users_list=9&list_status=sub" "Mozilla/5.0 (Macintosh; Intel Mac OS X 10_15_7) AppleWebKit/537.36 (KHTML, like Gecko) Chrome/150.0.0.0 Safari/537.36"
73.3.249.149 - - [14/Jul/2026:14:36:23 -0400] "GET /administrator/index.php?option=com_acym&tmpl=component&1095e207ed73313ef0403db4bf9db954=1&nocache=1784054183&ctrl=entitySelect&task=loadEntityFront&offset=500&perCalls=500&entity=list&join=&columns=color,name,id HTTP/1.1" 200 165 "https://transformptyoga.com/administrator/index.php?option=com_acym&ctrl=users&users_list=9&list_status=sub" "Mozilla/5.0 (Macintosh; Intel Mac OS X 10_15_7) AppleWebKit/537.36 (KHTML, like Gecko) Chrome/150.0.0.0 Safari/537.36"
73.3.249.149 - - [14/Jul/2026:14:36:27 -0400] "GET /administrator/index.php?option=com_acym&tmpl=component&1095e207ed73313ef0403db4bf9db954=1&nocache=1784054183&ctrl=toggle&task=unsubscribeOnClick&userid=432&listid=9 HTTP/1.1" 200 38 "https://transformptyoga.com/administrator/index.php?option=com_acym&ctrl=users&users_list=9&list_status=sub" "Mozilla/5.0 (Macintosh; Intel Mac OS X 10_15_7) AppleWebKit/537.36 (KHTML, like Gecko) Chrome/150.0.0.0 Safari/537.36"
73.3.249.149 - - [14/Jul/2026:14:36:29 -0400] "GET /administrator/index.php?option=com_acym&tmpl=component&1095e207ed73313ef0403db4bf9db954=1&nocache=1784054183&ctrl=toggle&task=unsubscribeOnClick&userid=424&listid=9 HTTP/1.1" 200 38 "https://transformptyoga.com/administrator/index.php?option=com_acym&ctrl=users&users_list=9&list_status=sub" "Mozilla/5.0 (Macintosh; Intel Mac OS X 10_15_7) AppleWebKit/537.36 (KHTML, like Gecko) Chrome/150.0.0.0 Safari/537.36"
73.3.249.149 - - [14/Jul/2026:14:36:31 -0400] "GET /administrator/index.php?option=com_acym&tmpl=component&1095e207ed73313ef0403db4bf9db954=1&nocache=1784054183&ctrl=toggle&task=unsubscribeOnClick&userid=415&listid=9 HTTP/1.1" 200 38 "https://transformptyoga.com/administrator/index.php?option=com_acym&ctrl=users&users_list=9&list_status=sub" "Mozilla/5.0 (Macintosh; Intel Mac OS X 10_15_7) AppleWebKit/537.36 (KHTML, like Gecko) Chrome/150.0.0.0 Safari/537.36"
73.3.249.149 - - [14/Jul/2026:14:36:32 -0400] "GET /administrator/index.php?option=com_acym&tmpl=component&1095e207ed73313ef0403db4bf9db954=1&nocache=1784054183&ctrl=toggle&task=unsubscribeOnClick&userid=414&listid=9 HTTP/1.1" 200 38 "https://transformptyoga.com/administrator/index.php?option=com_acym&ctrl=users&users_list=9&list_status=sub" "Mozilla/5.0 (Macintosh; Intel Mac OS X 10_15_7) AppleWebKit/537.36 (KHTML, like Gecko) Chrome/150.0.0.0 Safari/537.36"
73.3.249.149 - - [14/Jul/2026:14:36:32 -0400] "GET /administrator/index.php?option=com_acym&tmpl=component&1095e207ed73313ef0403db4bf9db954=1&nocache=1784054183&ctrl=toggle&task=unsubscribeOnClick&userid=413&listid=9 HTTP/1.1" 200 38 "https://transformptyoga.com/administrator/index.php?option=com_acym&ctrl=users&users_list=9&list_status=sub" "Mozilla/5.0 (Macintosh; Intel Mac OS X 10_15_7) AppleWebKit/537.36 (KHTML, like Gecko) Chrome/150.0.0.0 Safari/537.36"
73.3.249.149 - - [14/Jul/2026:14:36:33 -0400] "GET /administrator/index.php?option=com_acym&tmpl=component&1095e207ed73313ef0403db4bf9db954=1&nocache=1784054183&ctrl=toggle&task=unsubscribeOnClick&userid=412&listid=9 HTTP/1.1" 200 38 "https://transformptyoga.com/administrator/index.php?option=com_acym&ctrl=users&users_list=9&list_status=sub" "Mozilla/5.0 (Macintosh; Intel Mac OS X 10_15_7) AppleWebKit/537.36 (KHTML, like Gecko) Chrome/150.0.0.0 Safari/537.36"
73.3.249.149 - - [14/Jul/2026:14:36:36 -0400] "GET /administrator/index.php?option=com_acym&tmpl=component&1095e207ed73313ef0403db4bf9db954=1&nocache=1784054183&ctrl=toggle&task=unsubscribeOnClick&userid=411&listid=9 HTTP/1.1" 200 38 "https://transformptyoga.com/administrator/index.php?option=com_acym&ctrl=users&users_list=9&list_status=sub" "Mozilla/5.0 (Macintosh; Intel Mac OS X 10_15_7) AppleWebKit/537.36 (KHTML, like Gecko) Chrome/150.0.0.0 Safari/537.36"
73.3.249.149 - - [14/Jul/2026:14:36:36 -0400] "GET /administrator/index.php?option=com_acym&tmpl=component&1095e207ed73313ef0403db4bf9db954=1&nocache=1784054183&ctrl=toggle&task=unsubscribeOnClick&userid=357&listid=9 HTTP/1.1" 200 38 "https://transformptyoga.com/administrator/index.php?option=com_acym&ctrl=users&users_list=9&list_status=sub" "Mozilla/5.0 (Macintosh; Intel Mac OS X 10_15_7) AppleWebKit/537.36 (KHTML, like Gecko) Chrome/150.0.0.0 Safari/537.36"
73.3.249.149 - - [14/Jul/2026:14:36:37 -0400] "GET /administrator/index.php?option=com_acym&tmpl=component&1095e207ed73313ef0403db4bf9db954=1&nocache=1784054183&ctrl=toggle&task=unsubscribeOnClick&userid=320&listid=9 HTTP/1.1" 200 38 "https://transformptyoga.com/administrator/index.php?option=com_acym&ctrl=users&users_list=9&list_status=sub" "Mozilla/5.0 (Macintosh; Intel Mac OS X 10_15_7) AppleWebKit/537.36 (KHTML, like Gecko) Chrome/150.0.0.0 Safari/537.36"
73.3.249.149 - - [14/Jul/2026:14:36:39 -0400] "GET /administrator/index.php?option=com_acym&tmpl=component&1095e207ed73313ef0403db4bf9db954=1&nocache=1784054183&ctrl=toggle&task=unsubscribeOnClick&userid=318&listid=9 HTTP/1.1" 200 38 "https://transformptyoga.com/administrator/index.php?option=com_acym&ctrl=users&users_list=9&list_status=sub" "Mozilla/5.0 (Macintosh; Intel Mac OS X 10_15_7) AppleWebKit/537.36 (KHTML, like Gecko) Chrome/150.0.0.0 Safari/537.36"
73.3.249.149 - - [14/Jul/2026:14:36:39 -0400] "GET /administrator/index.php?option=com_acym&tmpl=component&1095e207ed73313ef0403db4bf9db954=1&nocache=1784054183&ctrl=toggle&task=unsubscribeOnClick&userid=303&listid=9 HTTP/1.1" 200 38 "https://transformptyoga.com/administrator/index.php?option=com_acym&ctrl=users&users_list=9&list_status=sub" "Mozilla/5.0 (Macintosh; Intel Mac OS X 10_15_7) AppleWebKit/537.36 (KHTML, like Gecko) Chrome/150.0.0.0 Safari/537.36"
73.3.249.149 - - [14/Jul/2026:14:36:40 -0400] "GET /administrator/index.php?option=com_acym&tmpl=component&1095e207ed73313ef0403db4bf9db954=1&nocache=1784054183&ctrl=toggle&task=unsubscribeOnClick&userid=299&listid=9 HTTP/1.1" 200 38 "https://transformptyoga.com/administrator/index.php?option=com_acym&ctrl=users&users_list=9&list_status=sub" "Mozilla/5.0 (Macintosh; Intel Mac OS X 10_15_7) AppleWebKit/537.36 (KHTML, like Gecko) Chrome/150.0.0.0 Safari/537.36"
73.3.249.149 - - [14/Jul/2026:14:36:42 -0400] "GET /administrator/index.php?option=com_acym&tmpl=component&1095e207ed73313ef0403db4bf9db954=1&nocache=1784054183&ctrl=toggle&task=unsubscribeOnClick&userid=298&listid=9 HTTP/1.1" 200 38 "https://transformptyoga.com/administrator/index.php?option=com_acym&ctrl=users&users_list=9&list_status=sub" "Mozilla/5.0 (Macintosh; Intel Mac OS X 10_15_7) AppleWebKit/537.36 (KHTML, like Gecko) Chrome/150.0.0.0 Safari/537.36"
73.3.249.149 - - [14/Jul/2026:14:36:43 -0400] "GET /administrator/index.php?option=com_acym&tmpl=component&1095e207ed73313ef0403db4bf9db954=1&nocache=1784054183&ctrl=toggle&task=unsubscribeOnClick&userid=296&listid=9 HTTP/1.1" 200 38 "https://transformptyoga.com/administrator/index.php?option=com_acym&ctrl=users&users_list=9&list_status=sub" "Mozilla/5.0 (Macintosh; Intel Mac OS X 10_15_7) AppleWebKit/537.36 (KHTML, like Gecko) Chrome/150.0.0.0 Safari/537.36"
73.3.249.149 - - [14/Jul/2026:14:36:44 -0400] "GET /administrator/index.php?option=com_acym&tmpl=component&1095e207ed73313ef0403db4bf9db954=1&nocache=1784054183&ctrl=toggle&task=unsubscribeOnClick&userid=288&listid=9 HTTP/1.1" 200 38 "https://transformptyoga.com/administrator/index.php?option=com_acym&ctrl=users&users_list=9&list_status=sub" "Mozilla/5.0 (Macintosh; Intel Mac OS X 10_15_7) AppleWebKit/537.36 (KHTML, like Gecko) Chrome/150.0.0.0 Safari/537.36"
73.3.249.149 - - [14/Jul/2026:14:36:45 -0400] "GET /administrator/index.php?option=com_acym&tmpl=component&1095e207ed73313ef0403db4bf9db954=1&nocache=1784054183&ctrl=toggle&task=unsubscribeOnClick&userid=280&listid=9 HTTP/1.1" 200 38 "https://transformptyoga.com/administrator/index.php?option=com_acym&ctrl=users&users_list=9&list_status=sub" "Mozilla/5.0 (Macintosh; Intel Mac OS X 10_15_7) AppleWebKit/537.36 (KHTML, like Gecko) Chrome/150.0.0.0 Safari/537.36"
73.3.249.149 - - [14/Jul/2026:14:36:47 -0400] "GET /administrator/index.php?option=com_acym&tmpl=component&1095e207ed73313ef0403db4bf9db954=1&nocache=1784054183&ctrl=toggle&task=unsubscribeOnClick&userid=267&listid=9 HTTP/1.1" 200 38 "https://transformptyoga.com/administrator/index.php?option=com_acym&ctrl=users&users_list=9&list_status=sub" "Mozilla/5.0 (Macintosh; Intel Mac OS X 10_15_7) AppleWebKit/537.36 (KHTML, like Gecko) Chrome/150.0.0.0 Safari/537.36"
73.3.249.149 - - [14/Jul/2026:14:36:51 -0400] "GET /administrator/index.php?option=com_acym&tmpl=component&1095e207ed73313ef0403db4bf9db954=1&nocache=1784054183&ctrl=toggle&task=unsubscribeOnClick&userid=246&listid=9 HTTP/1.1" 200 38 "https://transformptyoga.com/administrator/index.php?option=com_acym&ctrl=users&users_list=9&list_status=sub" "Mozilla/5.0 (Macintosh; Intel Mac OS X 10_15_7) AppleWebKit/537.36 (KHTML, like Gecko) Chrome/150.0.0.0 Safari/537.36"
73.3.249.149 - - [14/Jul/2026:14:36:52 -0400] "GET /administrator/index.php?option=com_acym&tmpl=component&1095e207ed73313ef0403db4bf9db954=1&nocache=1784054183&ctrl=toggle&task=unsubscribeOnClick&userid=236&listid=9 HTTP/1.1" 200 38 "https://transformptyoga.com/administrator/index.php?option=com_acym&ctrl=users&users_list=9&list_status=sub" "Mozilla/5.0 (Macintosh; Intel Mac OS X 10_15_7) AppleWebKit/537.36 (KHTML, like Gecko) Chrome/150.0.0.0 Safari/537.36"
73.3.249.149 - - [14/Jul/2026:14:36:54 -0400] "GET /administrator/index.php?option=com_acym&tmpl=component&1095e207ed73313ef0403db4bf9db954=1&nocache=1784054183&ctrl=toggle&task=subscribeOnClick&userid=236&listid=9 HTTP/1.1" 200 38 "https://transformptyoga.com/administrator/index.php?option=com_acym&ctrl=users&users_list=9&list_status=sub" "Mozilla/5.0 (Macintosh; Intel Mac OS X 10_15_7) AppleWebKit/537.36 (KHTML, like Gecko) Chrome/150.0.0.0 Safari/537.36"
73.3.249.149 - - [14/Jul/2026:14:36:55 -0400] "POST /administrator/index.php?option=com_acym&ctrl=users HTTP/1.1" 200 150523 "https://transformptyoga.com/administrator/index.php?option=com_acym&ctrl=users&users_list=9&list_status=sub" "Mozilla/5.0 (Macintosh; Intel Mac OS X 10_15_7) AppleWebKit/537.36 (KHTML, like Gecko) Chrome/150.0.0.0 Safari/537.36"
73.3.249.149 - - [14/Jul/2026:14:36:55 -0400] "GET /administrator/index.php?option=com_acym&tmpl=component&1095e207ed73313ef0403db4bf9db954=1&nocache=1784054215&ctrl=entitySelect&task=loadEntityFront&offset=0&perCalls=500&entity=list&join=&columns=color,name,id HTTP/1.1" 200 2884 "https://transformptyoga.com/administrator/index.php?option=com_acym&ctrl=users" "Mozilla/5.0 (Macintosh; Intel Mac OS X 10_15_7) AppleWebKit/537.36 (KHTML, like Gecko) Chrome/150.0.0.0 Safari/537.36"
73.3.249.149 - - [14/Jul/2026:14:36:55 -0400] "GET /administrator/index.php?option=com_acym&tmpl=component&1095e207ed73313ef0403db4bf9db954=1&nocache=1784054215&ctrl=entitySelect&task=loadEntityFront&offset=500&perCalls=500&entity=list&join=&columns=color,name,id HTTP/1.1" 200 165 "https://transformptyoga.com/administrator/index.php?option=com_acym&ctrl=users" "Mozilla/5.0 (Macintosh; Intel Mac OS X 10_15_7) AppleWebKit/537.36 (KHTML, like Gecko) Chrome/150.0.0.0 Safari/537.36"
87.218.49.23 - - [14/Jul/2026:14:36:58 -0400] "GET /items/012689051624 HTTP/1.1" 301 - "-" "Mozilla/5.0 (Macintosh; Intel Mac OS X 14_7_1) AppleWebKit/537.36 (KHTML, like Gecko) Chrome/132.0.6834.160 Safari/537.36"
73.3.249.149 - - [14/Jul/2026:14:37:01 -0400] "GET /administrator/index.php?option=com_acym&tmpl=component&1095e207ed73313ef0403db4bf9db954=1&nocache=1784054215&ctrl=toggle&task=unsubscribeOnClick&userid=225&listid=9 HTTP/1.1" 200 38 "https://transformptyoga.com/administrator/index.php?option=com_acym&ctrl=users" "Mozilla/5.0 (Macintosh; Intel Mac OS X 10_15_7) AppleWebKit/537.36 (KHTML, like Gecko) Chrome/150.0.0.0 Safari/537.36"
66.9.166.167 - - [14/Jul/2026:14:37:03 -0400] "GET /items/012689051624 HTTP/1.1" 404 13926 "-" "Mozilla/5.0 (Macintosh; Intel Mac OS X 14_7_1) AppleWebKit/537.36 (KHTML, like Gecko) Chrome/132.0.6834.160 Safari/537.36"
73.3.249.149 - - [14/Jul/2026:14:37:08 -0400] "GET /administrator/index.php?option=com_acym&tmpl=component&1095e207ed73313ef0403db4bf9db954=1&nocache=1784054215&ctrl=toggle&task=unsubscribeOnClick&userid=44&listid=9 HTTP/1.1" 200 38 "https://transformptyoga.com/administrator/index.php?option=com_acym&ctrl=users" "Mozilla/5.0 (Macintosh; Intel Mac OS X 10_15_7) AppleWebKit/537.36 (KHTML, like Gecko) Chrome/150.0.0.0 Safari/537.36"
73.3.249.149 - - [14/Jul/2026:14:37:09 -0400] "GET /administrator/index.php?option=com_acym&tmpl=component&1095e207ed73313ef0403db4bf9db954=1&nocache=1784054215&ctrl=toggle&task=unsubscribeOnClick&userid=17&listid=9 HTTP/1.1" 200 38 "https://transformptyoga.com/administrator/index.php?option=com_acym&ctrl=users" "Mozilla/5.0 (Macintosh; Intel Mac OS X 10_15_7) AppleWebKit/537.36 (KHTML, like Gecko) Chrome/150.0.0.0 Safari/537.36"
73.3.249.149 - - [14/Jul/2026:14:37:14 -0400] "GET /administrator/index.php?option=com_acym&ctrl=users HTTP/1.1" 200 139515 "https://transformptyoga.com/administrator/index.php?option=com_acym&ctrl=users" "Mozilla/5.0 (Macintosh; Intel Mac OS X 10_15_7) AppleWebKit/537.36 (KHTML, like Gecko) Chrome/150.0.0.0 Safari/537.36"
73.3.249.149 - - [14/Jul/2026:14:37:14 -0400] "GET /administrator/index.php?option=com_acym&tmpl=component&1095e207ed73313ef0403db4bf9db954=1&nocache=1784054234&ctrl=entitySelect&task=loadEntityFront&offset=0&perCalls=500&entity=list&join=&columns=color,name,id HTTP/1.1" 200 2884 "https://transformptyoga.com/administrator/index.php?option=com_acym&ctrl=users" "Mozilla/5.0 (Macintosh; Intel Mac OS X 10_15_7) AppleWebKit/537.36 (KHTML, like Gecko) Chrome/150.0.0.0 Safari/537.36"
73.3.249.149 - - [14/Jul/2026:14:37:14 -0400] "GET /administrator/index.php?option=com_acym&tmpl=component&1095e207ed73313ef0403db4bf9db954=1&nocache=1784054234&ctrl=entitySelect&task=loadEntityFront&offset=500&perCalls=500&entity=list&join=&columns=color,name,id HTTP/1.1" 200 165 "https://transformptyoga.com/administrator/index.php?option=com_acym&ctrl=users" "Mozilla/5.0 (Macintosh; Intel Mac OS X 10_15_7) AppleWebKit/537.36 (KHTML, like Gecko) Chrome/150.0.0.0 Safari/537.36"
73.3.249.149 - - [14/Jul/2026:14:37:24 -0400] "POST /administrator/index.php?option=com_acym&ctrl=users HTTP/1.1" 200 168195 "https://transformptyoga.com/administrator/index.php?option=com_acym&ctrl=users" "Mozilla/5.0 (Macintosh; Intel Mac OS X 10_15_7) AppleWebKit/537.36 (KHTML, like Gecko) Chrome/150.0.0.0 Safari/537.36"
73.3.249.149 - - [14/Jul/2026:14:37:25 -0400] "GET /administrator/index.php?option=com_acym&tmpl=component&1095e207ed73313ef0403db4bf9db954=1&nocache=1784054244&ctrl=entitySelect&task=loadEntityFront&offset=0&perCalls=500&entity=list&join=&columns=color,name,id HTTP/1.1" 200 2884 "https://transformptyoga.com/administrator/index.php?option=com_acym&ctrl=users" "Mozilla/5.0 (Macintosh; Intel Mac OS X 10_15_7) AppleWebKit/537.36 (KHTML, like Gecko) Chrome/150.0.0.0 Safari/537.36"
73.3.249.149 - - [14/Jul/2026:14:37:25 -0400] "GET /administrator/index.php?option=com_acym&tmpl=component&1095e207ed73313ef0403db4bf9db954=1&nocache=1784054244&ctrl=entitySelect&task=loadEntityFront&offset=500&perCalls=500&entity=list&join=&columns=color,name,id HTTP/1.1" 200 165 "https://transformptyoga.com/administrator/index.php?option=com_acym&ctrl=users" "Mozilla/5.0 (Macintosh; Intel Mac OS X 10_15_7) AppleWebKit/537.36 (KHTML, like Gecko) Chrome/150.0.0.0 Safari/537.36"
66.249.65.33 - - [14/Jul/2026:14:37:28 -0400] "GET /info/812872785429 HTTP/1.1" 404 13931 "-" "Mozilla/5.0 (Linux; Android 6.0.1; Nexus 5X Build/MMB29P) AppleWebKit/537.36 (KHTML, like Gecko) Chrome/150.0.7871.46 Mobile Safari/537.36 (compatible; Googlebot/2.1; +http://www.google.com/bot.html)"
187.63.160.149 - - [14/Jul/2026:14:37:29 -0400] "GET /shopping/773627307161 HTTP/1.1" 404 13925 "-" "Mozilla/5.0 (Windows NT 10.0; WOW64) AppleWebKit/537.36 (KHTML, like Gecko) Chrome/66.0.3359.158 Safari/537.36"
73.3.249.149 - - [14/Jul/2026:14:37:39 -0400] "GET /administrator/index.php?option=com_acym&tmpl=component&1095e207ed73313ef0403db4bf9db954=1&nocache=1784054244&ctrl=toggle&task=unsubscribeOnClick&userid=119&listid=6 HTTP/1.1" 200 38 "https://transformptyoga.com/administrator/index.php?option=com_acym&ctrl=users" "Mozilla/5.0 (Macintosh; Intel Mac OS X 10_15_7) AppleWebKit/537.36 (KHTML, like Gecko) Chrome/150.0.0.0 Safari/537.36"
73.3.249.149 - - [14/Jul/2026:14:37:45 -0400] "GET /administrator/index.php?option=com_acym&tmpl=component&1095e207ed73313ef0403db4bf9db954=1&nocache=1784054244&ctrl=toggle&task=unsubscribeOnClick&userid=38&listid=8 HTTP/1.1" 200 38 "https://transformptyoga.com/administrator/index.php?option=com_acym&ctrl=users" "Mozilla/5.0 (Macintosh; Intel Mac OS X 10_15_7) AppleWebKit/537.36 (KHTML, like Gecko) Chrome/150.0.0.0 Safari/537.36"
73.3.249.149 - - [14/Jul/2026:14:37:48 -0400] "GET /administrator/index.php?option=com_acym&tmpl=component&1095e207ed73313ef0403db4bf9db954=1&nocache=1784054244&ctrl=toggle&task=unsubscribeOnClick&userid=23&listid=6 HTTP/1.1" 200 38 "https://transformptyoga.com/administrator/index.php?option=com_acym&ctrl=users" "Mozilla/5.0 (Macintosh; Intel Mac OS X 10_15_7) AppleWebKit/537.36 (KHTML, like Gecko) Chrome/150.0.0.0 Safari/537.36"
66.249.65.32 - - [14/Jul/2026:14:37:58 -0400] "GET /product/772629948096 HTTP/1.1" 404 13926 "-" "Mozilla/5.0 (Linux; Android 6.0.1; Nexus 5X Build/MMB29P) AppleWebKit/537.36 (KHTML, like Gecko) Chrome/150.0.7871.46 Mobile Safari/537.36 (compatible; Googlebot/2.1; +http://www.google.com/bot.html)"
47.82.50.159 - - [14/Jul/2026:14:38:04 -0400] "GET /goods/011503442253 HTTP/1.1" 404 13925 "-" "Mozilla/5.0 (Windows NT 10.0; Win64; x64) AppleWebKit/537.36 (KHTML, like Gecko) Chrome/139.0.0.0 Safari/537.36"
47.82.50.159 - - [14/Jul/2026:14:38:04 -0400] "GET /goods/011504817859 HTTP/1.1" 404 13926 "-" "Mozilla/5.0 (Macintosh; Intel Mac OS X 10_15_7) AppleWebKit/537.36 (KHTML, like Gecko) Chrome/146.0.0.0 Safari/537.36"
47.82.14.24 - - [14/Jul/2026:14:38:16 -0400] "GET /items/012651839398 HTTP/1.1" 404 13928 "-" "Mozilla/5.0 (Macintosh; Intel Mac OS X 10_15_7) AppleWebKit/537.36 (KHTML, like Gecko) Chrome/143.0.0.0 Safari/537.36"
77.83.36.161 - - [14/Jul/2026:14:38:37 -0400] "GET /administrator/index.php HTTP/1.1" 200 12531 "-" "Mozilla/4.0 (compatible; MSIE 7.0; Windows NT 6.0)"
77.83.36.161 - - [14/Jul/2026:14:38:38 -0400] "POST /administrator/index.php HTTP/1.1" 303 - "-" "Mozilla/4.0 (compatible; MSIE 7.0; Windows NT 6.0)"
77.83.36.161 - - [14/Jul/2026:14:38:38 -0400] "GET /administrator/index.php HTTP/1.1" 200 12766 "-" "Mozilla/4.0 (compatible; MSIE 7.0; Windows NT 6.0)"
77.83.36.161 - - [14/Jul/2026:14:38:39 -0400] "POST /administrator/index.php HTTP/1.1" 303 - "-" "Mozilla/4.0 (compatible; MSIE 7.0; Windows NT 6.0)"
77.83.36.161 - - [14/Jul/2026:14:38:40 -0400] "GET /administrator/index.php HTTP/1.1" 200 12766 "-" "Mozilla/4.0 (compatible; MSIE 7.0; Windows NT 6.0)"
77.83.36.161 - - [14/Jul/2026:14:38:40 -0400] "POST /administrator/index.php HTTP/1.1" 303 - "-" "Mozilla/4.0 (compatible; MSIE 7.0; Windows NT 6.0)"
77.83.36.161 - - [14/Jul/2026:14:38:41 -0400] "GET /administrator/index.php HTTP/1.1" 200 12766 "-" "Mozilla/4.0 (compatible; MSIE 7.0; Windows NT 6.0)"
66.249.65.46 - - [14/Jul/2026:14:38:53 -0400] "GET /item/803181106000 HTTP/1.1" 404 13926 "-" "Mozilla/5.0 (compatible; Googlebot/2.1; +http://www.google.com/bot.html)"
73.3.249.149 - - [14/Jul/2026:14:39:00 -0400] "GET /administrator/index.php HTTP/1.1" 200 122544 "https://transformptyoga.com/administrator/index.php?option=com_acym&ctrl=users" "Mozilla/5.0 (Macintosh; Intel Mac OS X 10_15_7) AppleWebKit/537.36 (KHTML, like Gecko) Chrome/150.0.0.0 Safari/537.36"
73.3.249.149 - - [14/Jul/2026:14:39:00 -0400] "GET /media/plg_quickicon_akeebabackup/css/icons.css?96c48e0a72568bfb0c038bc5bb3c85cc HTTP/1.1" 200 477 "https://transformptyoga.com/administrator/index.php" "Mozilla/5.0 (Macintosh; Intel Mac OS X 10_15_7) AppleWebKit/537.36 (KHTML, like Gecko) Chrome/150.0.0.0 Safari/537.36"
73.3.249.149 - - [14/Jul/2026:14:39:00 -0400] "GET /media/com_cpanel/js/admin-add_module.min.js?84a7c56832dc933b6718b60858910c1028a8add6 HTTP/1.1" 200 565 "https://transformptyoga.com/administrator/index.php" "Mozilla/5.0 (Macintosh; Intel Mac OS X 10_15_7) AppleWebKit/537.36 (KHTML, like Gecko) Chrome/150.0.0.0 Safari/537.36"
73.3.249.149 - - [14/Jul/2026:14:39:00 -0400] "GET /media/com_cpanel/js/admin-cpanel-default.min.js?7fc6a0ceafc7c05d88122061aafec820dffccbbd HTTP/1.1" 200 979 "https://transformptyoga.com/administrator/index.php" "Mozilla/5.0 (Macintosh; Intel Mac OS X 10_15_7) AppleWebKit/537.36 (KHTML, like Gecko) Chrome/150.0.0.0 Safari/537.36"
73.3.249.149 - - [14/Jul/2026:14:39:00 -0400] "GET /media/plg_quickicon_eos/js/snooze.min.js?96c48e0a72568bfb0c038bc5bb3c85cc HTTP/1.1" 200 632 "https://transformptyoga.com/administrator/index.php" "Mozilla/5.0 (Macintosh; Intel Mac OS X 10_15_7) AppleWebKit/537.36 (KHTML, like Gecko) Chrome/150.0.0.0 Safari/537.36"
73.3.249.149 - - [14/Jul/2026:14:39:00 -0400] "GET /media/mod_quickicon/js/quickicon.min.js?96c48e0a72568bfb0c038bc5bb3c85cc HTTP/1.1" 200 547 "https://transformptyoga.com/administrator/index.php" "Mozilla/5.0 (Macintosh; Intel Mac OS X 10_15_7) AppleWebKit/537.36 (KHTML, like Gecko) Chrome/150.0.0.0 Safari/537.36"
73.3.249.149 - - [14/Jul/2026:14:39:00 -0400] "GET /media/plg_quickicon_joomlaupdate/js/jupdatecheck.min.js?96c48e0a72568bfb0c038bc5bb3c85cc HTTP/1.1" 200 661 "https://transformptyoga.com/administrator/index.php" "Mozilla/5.0 (Macintosh; Intel Mac OS X 10_15_7) AppleWebKit/537.36 (KHTML, like Gecko) Chrome/150.0.0.0 Safari/537.36"
73.3.249.149 - - [14/Jul/2026:14:39:00 -0400] "GET /media/plg_quickicon_overridecheck/js/overridecheck.min.js?96c48e0a72568bfb0c038bc5bb3c85cc HTTP/1.1" 200 765 "https://transformptyoga.com/administrator/index.php" "Mozilla/5.0 (Macintosh; Intel Mac OS X 10_15_7) AppleWebKit/537.36 (KHTML, like Gecko) Chrome/150.0.0.0 Safari/537.36"
73.3.249.149 - - [14/Jul/2026:14:39:00 -0400] "GET /media/plg_quickicon_extensionupdate/js/extensionupdatecheck.min.js?96c48e0a72568bfb0c038bc5bb3c85cc HTTP/1.1" 200 617 "https://transformptyoga.com/administrator/index.php" "Mozilla/5.0 (Macintosh; Intel Mac OS X 10_15_7) AppleWebKit/537.36 (KHTML, like Gecko) Chrome/150.0.0.0 Safari/537.36"
73.3.249.149 - - [14/Jul/2026:14:39:00 -0400] "GET /media/plg_quickicon_privacycheck/js/privacycheck.min.js?96c48e0a72568bfb0c038bc5bb3c85cc HTTP/1.1" 200 766 "https://transformptyoga.com/administrator/index.php" "Mozilla/5.0 (Macintosh; Intel Mac OS X 10_15_7) AppleWebKit/537.36 (KHTML, like Gecko) Chrome/150.0.0.0 Safari/537.36"
73.3.249.149 - - [14/Jul/2026:14:39:00 -0400] "GET /media/com_akeebabackup/fonts/Akeeba-Products.woff HTTP/1.1" 200 14444 "https://transformptyoga.com/media/plg_quickicon_akeebabackup/css/icons.css?96c48e0a72568bfb0c038bc5bb3c85cc" "Mozilla/5.0 (Macintosh; Intel Mac OS X 10_15_7) AppleWebKit/537.36 (KHTML, like Gecko) Chrome/150.0.0.0 Safari/537.36"
73.3.249.149 - - [14/Jul/2026:14:39:00 -0400] "GET /media/vendor/roboto-fontface/fonts/roboto/Roboto-Black.woff2 HTTP/1.1" 200 64960 "https://transformptyoga.com/media/templates/administrator/atum/css/template.min.css?96c48e0a72568bfb0c038bc5bb3c85cc" "Mozilla/5.0 (Macintosh; Intel Mac OS X 10_15_7) AppleWebKit/537.36 (KHTML, like Gecko) Chrome/150.0.0.0 Safari/537.36"
73.3.249.149 - - [14/Jul/2026:14:39:00 -0400] "GET /media/vendor/roboto-fontface/fonts/roboto/Roboto-Medium.woff2 HTTP/1.1" 200 65484 "https://transformptyoga.com/media/templates/administrator/atum/css/template.min.css?96c48e0a72568bfb0c038bc5bb3c85cc" "Mozilla/5.0 (Macintosh; Intel Mac OS X 10_15_7) AppleWebKit/537.36 (KHTML, like Gecko) Chrome/150.0.0.0 Safari/537.36"
73.3.249.149 - - [14/Jul/2026:14:39:01 -0400] "GET /administrator/index.php?option=com_joomlaupdate&task=update.ajax&1095e207ed73313ef0403db4bf9db954=1 HTTP/1.1" 200 22 "https://transformptyoga.com/administrator/index.php" "Mozilla/5.0 (Macintosh; Intel Mac OS X 10_15_7) AppleWebKit/537.36 (KHTML, like Gecko) Chrome/150.0.0.0 Safari/537.36"
66.249.65.46 - - [14/Jul/2026:14:39:03 -0400] "GET /shopping/772285852998 HTTP/1.1" 404 13931 "-" "Mozilla/5.0 (Linux; Android 6.0.1; Nexus 5X Build/MMB29P) AppleWebKit/537.36 (KHTML, like Gecko) Chrome/150.0.7871.46 Mobile Safari/537.36 (compatible; Googlebot/2.1; +http://www.google.com/bot.html)"
73.3.249.149 - - [14/Jul/2026:14:39:01 -0400] "GET /administrator/index.php?option=com_installer&view=update&task=update.ajax&1095e207ed73313ef0403db4bf9db954=1&cache_timeout=3600&eid=0&skip=229 HTTP/1.1" 200 10532 "https://transformptyoga.com/administrator/index.php" "Mozilla/5.0 (Macintosh; Intel Mac OS X 10_15_7) AppleWebKit/537.36 (KHTML, like Gecko) Chrome/150.0.0.0 Safari/537.36"
73.3.249.149 - - [14/Jul/2026:14:39:07 -0400] "GET /administrator/index.php?option=com_privacy&task=getNumberUrgentRequests&format=json&1095e207ed73313ef0403db4bf9db954=1 HTTP/1.1" 200 83 "https://transformptyoga.com/administrator/index.php" "Mozilla/5.0 (Macintosh; Intel Mac OS X 10_15_7) AppleWebKit/537.36 (KHTML, like Gecko) Chrome/150.0.0.0 Safari/537.36"
73.3.249.149 - - [14/Jul/2026:14:39:07 -0400] "GET /administrator/index.php?option=com_templates&view=templates&task=template.ajax&1095e207ed73313ef0403db4bf9db954=1 HTTP/1.1" 200 2 "https://transformptyoga.com/administrator/index.php" "Mozilla/5.0 (Macintosh; Intel Mac OS X 10_15_7) AppleWebKit/537.36 (KHTML, like Gecko) Chrome/150.0.0.0 Safari/537.36"
103.229.86.149 - - [14/Jul/2026:14:39:14 -0400] "GET /product/88790705056 HTTP/1.1" 404 13928 "-" "Mozilla/5.0 (Windows NT 10.0; Win64; x64) AppleWebKit/537.36 (KHTML, like Gecko) Chrome/90.0.4430.85 Safari/537.36"
17.246.23.96 - - [14/Jul/2026:14:39:38 -0400] "GET /media/system/css/joomla-fontawesome.min.css HTTP/1.1" 200 14993 "https://www.transformptyoga.com/events/eventsbyday/2024/10/5/-" "Mozilla/5.0 (Macintosh; Intel Mac OS X 10_15_7) AppleWebKit/605.1.15 (KHTML, like Gecko) Version/17.4 Safari/605.1.15 (Applebot/0.1; +http://www.apple.com/go/applebot)"
17.246.23.96 - - [14/Jul/2026:14:39:39 -0400] "GET /media/com_jevents/lib_jevmodal/css/jevmodal.css HTTP/1.1" 200 4451 "https://www.transformptyoga.com/events/eventsbyday/2024/10/5/-" "Mozilla/5.0 (Macintosh; Intel Mac OS X 10_15_7) AppleWebKit/605.1.15 (KHTML, like Gecko) Version/17.4 Safari/605.1.15 (Applebot/0.1; +http://www.apple.com/go/applebot)"
17.246.23.96 - - [14/Jul/2026:14:39:40 -0400] "GET /media/vendor/joomla-custom-elements/css/joomla-alert.min.css?0.2.0 HTTP/1.1" 200 955 "https://www.transformptyoga.com/events/eventsbyday/2024/10/5/-" "Mozilla/5.0 (Macintosh; Intel Mac OS X 10_15_7) AppleWebKit/605.1.15 (KHTML, like Gecko) Version/17.4 Safari/605.1.15 (Applebot/0.1; +http://www.apple.com/go/applebot)"
17.246.23.96 - - [14/Jul/2026:14:39:42 -0400] "GET /media/plg_system_jcepro/site/css/content.min.css?86aa0286b6232c4a5b58f892ce080277 HTTP/1.1" 200 8484 "https://www.transformptyoga.com/events/eventsbyday/2024/10/5/-" "Mozilla/5.0 (Macintosh; Intel Mac OS X 10_15_7) AppleWebKit/605.1.15 (KHTML, like Gecko) Version/17.4 Safari/605.1.15 (Applebot/0.1; +http://www.apple.com/go/applebot)"
