47.82.50.231 - - [14/Jul/2026:15:27:06 -0400] "GET /info/013873335904 HTTP/1.1" 404 13928 "-" "Mozilla/5.0 (Windows NT 10.0; Win64; x64) AppleWebKit/537.36 (KHTML, like Gecko) Chrome/144.0.0.0 Safari/537.36"
66.249.65.33 - - [14/Jul/2026:15:27:08 -0400] "GET /entity/901525427484 HTTP/1.1" 404 13928 "-" "Mozilla/5.0 (Linux; Android 6.0.1; Nexus 5X Build/MMB29P) AppleWebKit/537.36 (KHTML, like Gecko) Chrome/150.0.7871.46 Mobile Safari/537.36 (compatible; Googlebot/2.1; +http://www.google.com/bot.html)"
52.81.132.114 - - [14/Jul/2026:15:27:14 -0400] "GET /events/eventsbyday/2028/12/20/- HTTP/1.1" 200 106017 "-" "Mozilla/5.0 (Linux; Android 5.0; SM-G900P Build/LRX21T) AppleWebKit/537.36 (KHTML, like Gecko) Chrome/54.0.9107.1491 Mobile Safari/537.36"
52.81.132.114 - - [14/Jul/2026:15:27:15 -0400] "GET /media/legacy/js/jquery-noconflict.min.js?647005fc12b79b3ca2bb30c059899d5994e3e34d HTTP/1.1" 200 47 "https://transformptyoga.com/events/eventsbyday/2028/12/20/-" "Mozilla/5.0 (Linux; Android 5.0; SM-G900P Build/LRX21T) AppleWebKit/537.36 (KHTML, like Gecko) Chrome/54.0.9107.1491 Mobile Safari/537.36"
81.26.130.147 - - [14/Jul/2026:15:27:16 -0400] "GET /index.php/component/users HTTP/1.1" 404 14040 "https://transformptyoga.com.jcjack.com/" "Mozilla/5.0 (Windows NT 6.2; Win64; x64; rv:51.0) Gecko/20100101 Firefox/51.0"
81.26.130.147 - - [14/Jul/2026:15:27:17 -0400] "POST /index.php?option=com_acym&tmpl=comComponent&ctrl=frontmails&task=setNewThumbnail&f74a5dcf88b5a6e82a244410cacfad9a=1 HTTP/1.1" 303 - "https://transformptyoga.com.jcjack.com/index.php/component/users" "Mozilla/5.0 (Windows NT 6.2; Win64; x64; rv:51.0) Gecko/20100101 Firefox/51.0"
81.26.130.147 - - [14/Jul/2026:15:27:19 -0400] "GET / HTTP/1.1" 200 93385 "https://transformptyoga.com.jcjack.com/index.php/component/users" "Mozilla/5.0 (Windows NT 6.2; Win64; x64; rv:51.0) Gecko/20100101 Firefox/51.0"
81.26.130.147 - - [14/Jul/2026:15:27:20 -0400] "POST /index.php?option=com_acym&tmpl=comComponent&ctrl=frontmails&task=setNewThumbnail&f74a5dcf88b5a6e82a244410cacfad9a=1 HTTP/1.1" 303 - "https://transformptyoga.com/" "Mozilla/5.0 (Windows NT 6.2; Win64; x64; rv:51.0) Gecko/20100101 Firefox/51.0"
81.26.130.147 - - [14/Jul/2026:15:27:20 -0400] "GET / HTTP/1.1" 200 93387 "https://transformptyoga.com/" "Mozilla/5.0 (Windows NT 6.2; Win64; x64; rv:51.0) Gecko/20100101 Firefox/51.0"
81.26.130.147 - - [14/Jul/2026:15:27:21 -0400] "POST /b1.png%3F.php HTTP/1.1" 404 13931 "https://transformptyoga.com/" "Mozilla/5.0 (Windows NT 6.2; Win64; x64; rv:51.0) Gecko/20100101 Firefox/51.0"
81.26.130.147 - - [14/Jul/2026:15:27:21 -0400] "POST /media/com_acym/images/thumbnails/thumbnail_646.png%3F.php HTTP/1.1" 404 13925 "https://transformptyoga.com/b1.png%3F.php" "Mozilla/5.0 (Windows NT 6.2; Win64; x64; rv:51.0) Gecko/20100101 Firefox/51.0"
45.224.96.70 - - [14/Jul/2026:15:27:23 -0400] "GET /products/824178930183 HTTP/1.1" 404 13926 "-" "Mozilla/5.0 (Macintosh; Intel Mac OS X 10_14_6) AppleWebKit/537.36 (KHTML, like Gecko) Chrome/90.0.4430.93 Safari/537.36"
66.249.65.32 - - [14/Jul/2026:15:27:25 -0400] "GET /detail/742143383471 HTTP/1.1" 404 13928 "-" "Mozilla/5.0 (compatible; Googlebot/2.1; +http://www.google.com/bot.html)"
66.249.65.46 - - [14/Jul/2026:15:27:28 -0400] "GET /market/744224653282 HTTP/1.1" 404 13930 "-" "Mozilla/5.0 (compatible; Googlebot/2.1; +http://www.google.com/bot.html)"
37.122.153.6 - - [14/Jul/2026:15:27:46 -0400] "GET /items/75338718950 HTTP/1.1" 404 13930 "-" "Mozilla/5.0 (Macintosh; Intel Mac OS X 10_15_5) AppleWebKit/537.36 (KHTML, like Gecko) Chrome/96.0.4664.110 Safari/537.36"
66.249.65.46 - - [14/Jul/2026:15:27:47 -0400] "GET /shopbrand/871808524498 HTTP/1.1" 404 13928 "-" "Mozilla/5.0 (compatible; Googlebot/2.1; +http://www.google.com/bot.html)"
102.210.18.238 - - [14/Jul/2026:15:27:59 -0400] "GET /special/863067318811 HTTP/1.1" 404 13928 "-" "Mozilla/5.0 (Macintosh; Intel Mac OS X 10_7_3) AppleWebKit/537.36 (KHTML, like Gecko, Mediapartners-Google) Chrome/81.0.4044.108 Safari/537.36"
66.249.65.33 - - [14/Jul/2026:15:28:14 -0400] "GET /shopbrand/861971981317 HTTP/1.1" 404 13925 "-" "Mozilla/5.0 (compatible; Googlebot/2.1; +http://www.google.com/bot.html)"
66.249.65.32 - - [14/Jul/2026:15:28:55 -0400] "GET /shopping/90236849218 HTTP/1.1" 404 13928 "-" "Mozilla/5.0 (Linux; Android 6.0.1; Nexus 5X Build/MMB29P) AppleWebKit/537.36 (KHTML, like Gecko) Chrome/150.0.7871.46 Mobile Safari/537.36 (compatible; Googlebot/2.1; +http://www.google.com/bot.html)"
66.249.65.32 - - [14/Jul/2026:15:28:55 -0400] "GET /product/7648716359 HTTP/1.1" 404 13928 "-" "Mozilla/5.0 (Linux; Android 6.0.1; Nexus 5X Build/MMB29P) AppleWebKit/537.36 (KHTML, like Gecko) Chrome/150.0.7871.46 Mobile Safari/537.36 (compatible; Googlebot/2.1; +http://www.google.com/bot.html)"
66.249.65.32 - - [14/Jul/2026:15:29:15 -0400] "GET /info/884072217047 HTTP/1.1" 404 13926 "-" "Mozilla/5.0 (compatible; Googlebot/2.1; +http://www.google.com/bot.html)"
52.80.253.130 - - [14/Jul/2026:15:29:30 -0400] "GET /events/eventsbyday/2027/9/23/- HTTP/1.1" 200 106017 "-" "Mozilla/5.0 (Linux; Android 8.0; Pixel 2 Build/OPD3.170816.012) AppleWebKit/537.36 (KHTML, like Gecko) Chrome/49.0.9518.1129 Mobile Safari/537.36"
52.80.253.130 - - [14/Jul/2026:15:29:31 -0400] "GET /media/legacy/js/jquery-noconflict.min.js?647005fc12b79b3ca2bb30c059899d5994e3e34d HTTP/1.1" 200 47 "https://transformptyoga.com/events/eventsbyday/2027/9/23/-" "Mozilla/5.0 (Linux; Android 8.0; Pixel 2 Build/OPD3.170816.012) AppleWebKit/537.36 (KHTML, like Gecko) Chrome/49.0.9518.1129 Mobile Safari/537.36"
66.249.65.32 - - [14/Jul/2026:15:29:43 -0400] "GET /detail/704018510472 HTTP/1.1" 404 13930 "-" "Mozilla/5.0 (compatible; Googlebot/2.1; +http://www.google.com/bot.html)"
66.249.65.33 - - [14/Jul/2026:15:30:17 -0400] "GET /goodscode/834033281514 HTTP/1.1" 404 13928 "-" "Mozilla/5.0 (Linux; Android 6.0.1; Nexus 5X Build/MMB29P) AppleWebKit/537.36 (KHTML, like Gecko) Chrome/150.0.7871.46 Mobile Safari/537.36 (compatible; Googlebot/2.1; +http://www.google.com/bot.html)"
66.249.65.33 - - [14/Jul/2026:15:30:17 -0400] "GET /item/724210561848 HTTP/1.1" 404 13928 "-" "Mozilla/5.0 (Linux; Android 6.0.1; Nexus 5X Build/MMB29P) AppleWebKit/537.36 (KHTML, like Gecko) Chrome/150.0.7871.46 Mobile Safari/537.36 (compatible; Googlebot/2.1; +http://www.google.com/bot.html)"
52.81.126.125 - - [14/Jul/2026:15:30:24 -0400] "GET /events/eventsbyday/2030/1/13/- HTTP/1.1" 200 106012 "-" "Mozilla/5.0 (Linux; Android 6.0; Nexus 5 Build/MRA58N) AppleWebKit/537.36 (KHTML, like Gecko) Chrome/39.0.4058.1561 Mobile Safari/537.36"
52.81.126.125 - - [14/Jul/2026:15:30:25 -0400] "GET /media/legacy/js/jquery-noconflict.min.js?647005fc12b79b3ca2bb30c059899d5994e3e34d HTTP/1.1" 200 47 "https://transformptyoga.com/events/eventsbyday/2030/1/13/-" "Mozilla/5.0 (Linux; Android 6.0; Nexus 5 Build/MRA58N) AppleWebKit/537.36 (KHTML, like Gecko) Chrome/39.0.4058.1561 Mobile Safari/537.36"
66.249.65.32 - - [14/Jul/2026:15:30:32 -0400] "GET /items/90204075834 HTTP/1.1" 404 13931 "-" "Mozilla/5.0 (Linux; Android 6.0.1; Nexus 5X Build/MMB29P) AppleWebKit/537.36 (KHTML, like Gecko) Chrome/150.0.7871.46 Mobile Safari/537.36 (compatible; Googlebot/2.1; +http://www.google.com/bot.html)"
66.249.65.46 - - [14/Jul/2026:15:30:38 -0400] "GET /detail/771791444244 HTTP/1.1" 404 13925 "-" "Mozilla/5.0 (compatible; Googlebot/2.1; +http://www.google.com/bot.html)"
66.249.65.46 - - [14/Jul/2026:15:30:43 -0400] "GET /shopbrand/863719253071 HTTP/1.1" 404 13931 "-" "Mozilla/5.0 (compatible; Googlebot/2.1; +http://www.google.com/bot.html)"
66.249.65.46 - - [14/Jul/2026:15:30:57 -0400] "GET /detail/811736827487 HTTP/1.1" 404 13931 "-" "Mozilla/5.0 (Linux; Android 6.0.1; Nexus 5X Build/MMB29P) AppleWebKit/537.36 (KHTML, like Gecko) Chrome/150.0.7871.46 Mobile Safari/537.36 (compatible; Googlebot/2.1; +http://www.google.com/bot.html)"
66.249.65.33 - - [14/Jul/2026:15:31:25 -0400] "GET /info/881306299304 HTTP/1.1" 404 13925 "-" "Mozilla/5.0 (compatible; Googlebot/2.1; +http://www.google.com/bot.html)"
66.249.65.32 - - [14/Jul/2026:15:31:29 -0400] "GET /detail/672690782151 HTTP/1.1" 404 13926 "-" "Mozilla/5.0 (compatible; Googlebot/2.1; +http://www.google.com/bot.html)"
66.249.65.32 - - [14/Jul/2026:15:31:30 -0400] "GET /special/651200851736 HTTP/1.1" 404 13926 "-" "Mozilla/5.0 (Linux; Android 6.0.1; Nexus 5X Build/MMB29P) AppleWebKit/537.36 (KHTML, like Gecko) Chrome/150.0.7871.46 Mobile Safari/537.36 (compatible; Googlebot/2.1; +http://www.google.com/bot.html)"
66.249.65.46 - - [14/Jul/2026:15:31:45 -0400] "GET /goodscode/05858553041 HTTP/1.1" 404 13926 "-" "Mozilla/5.0 (Linux; Android 6.0.1; Nexus 5X Build/MMB29P) AppleWebKit/537.36 (KHTML, like Gecko) Chrome/150.0.7871.46 Mobile Safari/537.36 (compatible; Googlebot/2.1; +http://www.google.com/bot.html)"
77.83.36.161 - - [14/Jul/2026:15:32:06 -0400] "GET /administrator/index.php HTTP/1.1" 200 12531 "-" "Mozilla/4.0 (compatible; MSIE 7.0; Windows NT 6.0)"
77.83.36.161 - - [14/Jul/2026:15:32:06 -0400] "POST /administrator/index.php HTTP/1.1" 303 - "-" "Mozilla/4.0 (compatible; MSIE 7.0; Windows NT 6.0)"
77.83.36.161 - - [14/Jul/2026:15:32:07 -0400] "GET /administrator/index.php HTTP/1.1" 200 12766 "-" "Mozilla/4.0 (compatible; MSIE 7.0; Windows NT 6.0)"
77.83.36.161 - - [14/Jul/2026:15:32:08 -0400] "POST /administrator/index.php HTTP/1.1" 303 - "-" "Mozilla/4.0 (compatible; MSIE 7.0; Windows NT 6.0)"
77.83.36.161 - - [14/Jul/2026:15:32:08 -0400] "GET /administrator/index.php HTTP/1.1" 200 12766 "-" "Mozilla/4.0 (compatible; MSIE 7.0; Windows NT 6.0)"
77.83.36.161 - - [14/Jul/2026:15:32:09 -0400] "POST /administrator/index.php HTTP/1.1" 303 - "-" "Mozilla/4.0 (compatible; MSIE 7.0; Windows NT 6.0)"
77.83.36.161 - - [14/Jul/2026:15:32:10 -0400] "GET /administrator/index.php HTTP/1.1" 200 12766 "-" "Mozilla/4.0 (compatible; MSIE 7.0; Windows NT 6.0)"
52.80.185.134 - - [14/Jul/2026:15:32:14 -0400] "GET /events HTTP/1.1" 200 115699 "-" "Mozilla/5.0 (Linux; Android 5.0; SM-G900P Build/LRX21T) AppleWebKit/537.36 (KHTML, like Gecko) Chrome/56.0.6317.1945 Mobile Safari/537.36"
52.80.185.134 - - [14/Jul/2026:15:32:15 -0400] "GET /media/legacy/js/jquery-noconflict.min.js?647005fc12b79b3ca2bb30c059899d5994e3e34d HTTP/1.1" 200 47 "https://www.transformptyoga.com/events" "Mozilla/5.0 (Linux; Android 5.0; SM-G900P Build/LRX21T) AppleWebKit/537.36 (KHTML, like Gecko) Chrome/56.0.6317.1945 Mobile Safari/537.36"
66.249.65.33 - - [14/Jul/2026:15:32:24 -0400] "GET /shopbrand/791145749979 HTTP/1.1" 404 13926 "-" "Mozilla/5.0 (compatible; Googlebot/2.1; +http://www.google.com/bot.html)"
66.249.65.46 - - [14/Jul/2026:15:32:27 -0400] "GET /items/733640945394 HTTP/1.1" 404 13928 "-" "Mozilla/5.0 (compatible; Googlebot/2.1; +http://www.google.com/bot.html)"
66.249.65.32 - - [14/Jul/2026:15:32:40 -0400] "GET /product/742012143925 HTTP/1.1" 404 13928 "-" "Mozilla/5.0 (Linux; Android 6.0.1; Nexus 5X Build/MMB29P) AppleWebKit/537.36 (KHTML, like Gecko) Chrome/150.0.7871.46 Mobile Safari/537.36 (compatible; Googlebot/2.1; +http://www.google.com/bot.html)"
66.249.65.32 - - [14/Jul/2026:15:32:42 -0400] "GET /goodscode/802567760089 HTTP/1.1" 404 13931 "-" "Mozilla/5.0 (Linux; Android 6.0.1; Nexus 5X Build/MMB29P) AppleWebKit/537.36 (KHTML, like Gecko) Chrome/150.0.7871.46 Mobile Safari/537.36 (compatible; Googlebot/2.1; +http://www.google.com/bot.html)"
54.223.95.172 - - [14/Jul/2026:15:33:07 -0400] "GET /images/content/store/bodyhealth/perfectamino.png HTTP/1.1" 200 201032 "-" "Mozilla/5.0 (Linux; Android 6.0; Nexus 5 Build/MRA58N) AppleWebKit/537.36 (KHTML, like Gecko) Chrome/44.0.1584.1029 Mobile Safari/537.36"
66.249.65.32 - - [14/Jul/2026:15:33:10 -0400] "GET /goodscode/013649418224 HTTP/1.1" 404 13925 "-" "Mozilla/5.0 (Linux; Android 6.0.1; Nexus 5X Build/MMB29P) AppleWebKit/537.36 (KHTML, like Gecko) Chrome/150.0.7871.46 Mobile Safari/537.36 (compatible; Googlebot/2.1; +http://www.google.com/bot.html)"
66.249.65.32 - - [14/Jul/2026:15:33:24 -0400] "GET /product/891149865948 HTTP/1.1" 404 13926 "-" "Mozilla/5.0 (Linux; Android 6.0.1; Nexus 5X Build/MMB29P) AppleWebKit/537.36 (KHTML, like Gecko) Chrome/150.0.7871.46 Mobile Safari/537.36 (compatible; Googlebot/2.1; +http://www.google.com/bot.html)"
66.249.65.46 - - [14/Jul/2026:15:33:33 -0400] "GET /shopbrand/711139457675 HTTP/1.1" 404 13925 "-" "Mozilla/5.0 (Linux; Android 6.0.1; Nexus 5X Build/MMB29P) AppleWebKit/537.36 (KHTML, like Gecko) Chrome/150.0.7871.46 Mobile Safari/537.36 (compatible; Googlebot/2.1; +http://www.google.com/bot.html)"
66.249.65.46 - - [14/Jul/2026:15:33:49 -0400] "GET /info/792092832020 HTTP/1.1" 404 13926 "-" "Mozilla/5.0 (Linux; Android 6.0.1; Nexus 5X Build/MMB29P) AppleWebKit/537.36 (KHTML, like Gecko) Chrome/150.0.7871.46 Mobile Safari/537.36 (compatible; Googlebot/2.1; +http://www.google.com/bot.html)"
213.230.88.171 - - [14/Jul/2026:15:34:19 -0400] "GET /items/883857629486 HTTP/1.1" 404 13928 "-" "Mozilla/5.0 (Macintosh; Intel Mac OS X 10_14_6) AppleWebKit/537.36 (KHTML, like Gecko) Brave Chrome/89.0.4389.114 Safari/537.36"
66.249.65.32 - - [14/Jul/2026:15:34:37 -0400] "GET /detail/70111867090 HTTP/1.1" 404 13926 "-" "Mozilla/5.0 (Linux; Android 6.0.1; Nexus 5X Build/MMB29P) AppleWebKit/537.36 (KHTML, like Gecko) Chrome/150.0.7871.46 Mobile Safari/537.36 (compatible; Googlebot/2.1; +http://www.google.com/bot.html)"
66.249.65.46 - - [14/Jul/2026:15:34:50 -0400] "GET /products/082335873081 HTTP/1.1" 404 13925 "-" "Mozilla/5.0 (Linux; Android 6.0.1; Nexus 5X Build/MMB29P) AppleWebKit/537.36 (KHTML, like Gecko) Chrome/150.0.7871.46 Mobile Safari/537.36 (compatible; Googlebot/2.1; +http://www.google.com/bot.html)"
66.249.65.32 - - [14/Jul/2026:15:35:03 -0400] "GET /market/81103075215 HTTP/1.1" 404 13931 "-" "Mozilla/5.0 (compatible; Googlebot/2.1; +http://www.google.com/bot.html)"
77.42.3.68 - - [14/Jul/2026:15:35:11 -0400] "GET /robots.txt HTTP/1.1" 200 764 "-" "Mozilla/5.0 (compatible; AffsignalCrawler/1.0; +https://affsignal.com/bot)"
77.42.3.68 - - [14/Jul/2026:15:35:12 -0400] "GET / HTTP/1.1" 200 93383 "-" "Mozilla/5.0 (compatible; AffsignalCrawler/1.0; +https://affsignal.com/bot)"
66.249.65.32 - - [14/Jul/2026:15:35:26 -0400] "GET /special/702522052375 HTTP/1.1" 404 13931 "-" "Mozilla/5.0 (compatible; Googlebot/2.1; +http://www.google.com/bot.html)"
77.42.3.68 - - [14/Jul/2026:15:35:26 -0400] "GET /shop HTTP/1.1" 200 175707 "-" "Mozilla/5.0 (compatible; AffsignalCrawler/1.0; +https://affsignal.com/bot)"
77.42.3.68 - - [14/Jul/2026:15:35:27 -0400] "GET /vi-blog HTTP/1.1" 200 132149 "-" "Mozilla/5.0 (compatible; AffsignalCrawler/1.0; +https://affsignal.com/bot)"
66.249.65.46 - - [14/Jul/2026:15:35:28 -0400] "GET /goods/75588685101 HTTP/1.1" 404 13925 "-" "Mozilla/5.0 (compatible; Googlebot/2.1; +http://www.google.com/bot.html)"
77.42.3.68 - - [14/Jul/2026:15:35:38 -0400] "GET /about HTTP/1.1" 200 103067 "-" "Mozilla/5.0 (compatible; AffsignalCrawler/1.0; +https://affsignal.com/bot)"
77.42.3.68 - - [14/Jul/2026:15:35:38 -0400] "GET /contact HTTP/1.1" 200 106571 "-" "Mozilla/5.0 (compatible; AffsignalCrawler/1.0; +https://affsignal.com/bot)"
77.42.3.68 - - [14/Jul/2026:15:35:39 -0400] "GET /robots.txt HTTP/1.1" 200 764 "-" "Mozilla/5.0 (compatible; AffsignalCrawler/1.0; +https://affsignal.com/bot)"
77.42.3.68 - - [14/Jul/2026:15:35:42 -0400] "GET /login HTTP/1.1" 200 103274 "-" "Mozilla/5.0 (compatible; AffsignalCrawler/1.0; +https://affsignal.com/bot)"
77.42.3.68 - - [14/Jul/2026:15:35:42 -0400] "GET /discovery-call HTTP/1.1" 200 108575 "-" "Mozilla/5.0 (compatible; AffsignalCrawler/1.0; +https://affsignal.com/bot)"
77.42.3.68 - - [14/Jul/2026:15:35:42 -0400] "GET /events HTTP/1.1" 200 115708 "-" "Mozilla/5.0 (compatible; AffsignalCrawler/1.0; +https://affsignal.com/bot)"
77.42.3.68 - - [14/Jul/2026:15:36:32 -0400] "GET /yoga-movement HTTP/1.1" 200 145692 "-" "Mozilla/5.0 (compatible; AffsignalCrawler/1.0; +https://affsignal.com/bot)"
66.249.65.33 - - [14/Jul/2026:15:36:34 -0400] "GET /market/813393348808 HTTP/1.1" 404 13925 "-" "Mozilla/5.0 (Linux; Android 6.0.1; Nexus 5X Build/MMB29P) AppleWebKit/537.36 (KHTML, like Gecko) Chrome/150.0.7871.46 Mobile Safari/537.36 (compatible; Googlebot/2.1; +http://www.google.com/bot.html)"
66.249.65.46 - - [14/Jul/2026:15:36:34 -0400] "GET /goods/721180360275 HTTP/1.1" 404 13928 "-" "Mozilla/5.0 (Linux; Android 6.0.1; Nexus 5X Build/MMB29P) AppleWebKit/537.36 (KHTML, like Gecko) Chrome/150.0.7871.46 Mobile Safari/537.36 (compatible; Googlebot/2.1; +http://www.google.com/bot.html)"
66.249.65.32 - - [14/Jul/2026:15:36:48 -0400] "GET /special/833623847431 HTTP/1.1" 404 13931 "-" "Mozilla/5.0 (compatible; Googlebot/2.1; +http://www.google.com/bot.html)"
77.42.3.68 - - [14/Jul/2026:15:36:49 -0400] "GET /vi-blog?start=22 HTTP/1.1" 200 123408 "-" "Mozilla/5.0 (compatible; AffsignalCrawler/1.0; +https://affsignal.com/bot)"
77.42.3.68 - - [14/Jul/2026:15:36:53 -0400] "GET /vi-blog?start=11 HTTP/1.1" 200 127673 "-" "Mozilla/5.0 (compatible; AffsignalCrawler/1.0; +https://affsignal.com/bot)"
66.249.65.46 - - [14/Jul/2026:15:36:53 -0400] "GET /shopping/07186261657 HTTP/1.1" 404 13926 "-" "Mozilla/5.0 (Linux; Android 6.0.1; Nexus 5X Build/MMB29P) AppleWebKit/537.36 (KHTML, like Gecko) Chrome/150.0.7871.46 Mobile Safari/537.36 (compatible; Googlebot/2.1; +http://www.google.com/bot.html)"
77.42.3.68 - - [14/Jul/2026:15:36:55 -0400] "GET /vi-blog/why-resolutions-fail-how-to-create-lasting-change HTTP/1.1" 200 117888 "-" "Mozilla/5.0 (compatible; AffsignalCrawler/1.0; +https://affsignal.com/bot)"
38.254.114.20 - - [14/Jul/2026:15:36:58 -0400] "GET /shopbrand/653526089229 HTTP/1.1" 404 13926 "-" "Mozilla/5.0 (Macintosh; Intel Mac OS X 10_2) AppleWebKit/537.36 (KHTML, like Gecko) Chrome/98.0.4691.94 Safari/537.36"
77.42.3.68 - - [14/Jul/2026:15:37:03 -0400] "GET /vi-blog/the-quiet-fire-why-your-heart-and-longevity-thrive-on-an-anti-inflammatory-foods HTTP/1.1" 200 121662 "-" "Mozilla/5.0 (compatible; AffsignalCrawler/1.0; +https://affsignal.com/bot)"
77.42.3.68 - - [14/Jul/2026:15:37:03 -0400] "GET /vi-blog/what-your-heart-rate-variability-hrv-score-reveals-about-your-cardiovascular-resilience HTTP/1.1" 200 122453 "-" "Mozilla/5.0 (compatible; AffsignalCrawler/1.0; +https://affsignal.com/bot)"
77.42.3.68 - - [14/Jul/2026:15:37:03 -0400] "GET /vi-blog/the-missing-link-between-workouts-and-results-use-the-shmec-principle-to-optimize-strength-gains-and-overall-health HTTP/1.1" 200 122451 "-" "Mozilla/5.0 (compatible; AffsignalCrawler/1.0; +https://affsignal.com/bot)"
77.42.3.68 - - [14/Jul/2026:15:37:14 -0400] "GET /login?view=reset HTTP/1.1" 200 101725 "-" "Mozilla/5.0 (compatible; AffsignalCrawler/1.0; +https://affsignal.com/bot)"
77.42.3.68 - - [14/Jul/2026:15:37:21 -0400] "GET /vi-blog/the-holiday-pep-talk-maintain-your-center-through-the-season HTTP/1.1" 200 120359 "-" "Mozilla/5.0 (compatible; AffsignalCrawler/1.0; +https://affsignal.com/bot)"
77.42.3.68 - - [14/Jul/2026:15:37:21 -0400] "GET /vi-blog/the-blue-zones-secrets-to-a-long-and-healthy-life HTTP/1.1" 200 119362 "-" "Mozilla/5.0 (compatible; AffsignalCrawler/1.0; +https://affsignal.com/bot)"
113.166.61.102 - - [14/Jul/2026:15:37:24 -0400] "GET /shopping/733511836222 HTTP/1.1" 404 13925 "-" "Mozilla/5.0 (Macintosh; Intel Mac OS X 10_15_4) AppleWebKit/537.36 (KHTML, like Gecko) Brave Chrome/80.0.3987.149 Safari/537.36"
77.42.3.68 - - [14/Jul/2026:15:37:24 -0400] "GET /vi-blog/sync-your-head-heart-the-benefits-of-heart-focused-breathing HTTP/1.1" 200 125316 "-" "Mozilla/5.0 (compatible; AffsignalCrawler/1.0; +https://affsignal.com/bot)"
34.66.112.61 - - [14/Jul/2026:15:37:29 -0400] "HEAD /new/ HTTP/1.1" 301 - "-" "Mozilla/5.0 (iPhone; CPU iPhone OS 16_7 like Mac OS X) AppleWebKit/605.1.15 (KHTML, like Gecko) Version/16.7 Mobile/15E148 Safari/604.1"
34.66.112.61 - - [14/Jul/2026:15:37:29 -0400] "HEAD /new/ HTTP/1.1" 404 - "http://transformptyoga.com/new/" "Mozilla/5.0 (iPhone; CPU iPhone OS 16_7 like Mac OS X) AppleWebKit/605.1.15 (KHTML, like Gecko) Version/16.7 Mobile/15E148 Safari/604.1"
34.66.112.61 - - [14/Jul/2026:15:37:29 -0400] "HEAD /wordpress/ HTTP/1.1" 301 - "-" "Mozilla/5.0 (Windows NT 10.0; Win64; x64; rv:127.0) Gecko/20100101 Firefox/127.0"
34.66.112.61 - - [14/Jul/2026:15:37:29 -0400] "HEAD /wordpress/ HTTP/1.1" 404 - "http://transformptyoga.com/wordpress/" "Mozilla/5.0 (Windows NT 10.0; Win64; x64; rv:127.0) Gecko/20100101 Firefox/127.0"
34.66.112.61 - - [14/Jul/2026:15:37:29 -0400] "HEAD / HTTP/1.1" 301 - "-" "Mozilla/5.0 (Linux; Android 11; RMX2195) AppleWebKit/537.36 (KHTML, like Gecko) Chrome/120.0.6099.210 Mobile Safari/537.36 OPR/75.2.3995.72468"
34.66.112.61 - - [14/Jul/2026:15:37:29 -0400] "HEAD / HTTP/1.1" 200 - "http://transformptyoga.com/" "Mozilla/5.0 (Linux; Android 11; RMX2195) AppleWebKit/537.36 (KHTML, like Gecko) Chrome/120.0.6099.210 Mobile Safari/537.36 OPR/75.2.3995.72468"
34.66.112.61 - - [14/Jul/2026:15:37:29 -0400] "HEAD /old/ HTTP/1.1" 301 - "-" "Mozilla/5.0 (Linux; U; Android 10; en-US; CPH2015) AppleWebKit/537.36 (KHTML, like Gecko) UCBrowser/13.5.8.1311 Mobile Safari/537.36"
34.66.112.61 - - [14/Jul/2026:15:37:30 -0400] "HEAD /old/ HTTP/1.1" 404 - "http://transformptyoga.com/old/" "Mozilla/5.0 (Linux; U; Android 10; en-US; CPH2015) AppleWebKit/537.36 (KHTML, like Gecko) UCBrowser/13.5.8.1311 Mobile Safari/537.36"
34.66.112.61 - - [14/Jul/2026:15:37:30 -0400] "HEAD /blog/ HTTP/1.1" 301 - "-" "Mozilla/5.0 (Windows NT 10.0; WOW64) AppleWebKit/537.36 (KHTML, like Gecko) Chrome/118.0.5993.90 Safari/537.36"
34.66.112.61 - - [14/Jul/2026:15:37:30 -0400] "HEAD /blog/ HTTP/1.1" 404 - "http://transformptyoga.com/blog/" "Mozilla/5.0 (Windows NT 10.0; WOW64) AppleWebKit/537.36 (KHTML, like Gecko) Chrome/118.0.5993.90 Safari/537.36"
34.66.112.61 - - [14/Jul/2026:15:37:30 -0400] "HEAD /wp/ HTTP/1.1" 301 - "-" "Mozilla/5.0 (Linux; Android 13; Infinix X688B) AppleWebKit/537.36 (KHTML, like Gecko) Chrome/124.0.6367.48 Mobile Safari/537.36"
34.66.112.61 - - [14/Jul/2026:15:37:30 -0400] "HEAD /wp/ HTTP/1.1" 404 - "http://transformptyoga.com/wp/" "Mozilla/5.0 (Linux; Android 13; Infinix X688B) AppleWebKit/537.36 (KHTML, like Gecko) Chrome/124.0.6367.48 Mobile Safari/537.36"
34.66.112.61 - - [14/Jul/2026:15:37:30 -0400] "HEAD /backup/ HTTP/1.1" 301 - "-" "Mozilla/5.0 (Linux; Android 13; Pixel 7a) AppleWebKit/537.36 (KHTML, like Gecko) Chrome/124.0.6367.82 Mobile Safari/537.36"
34.66.112.61 - - [14/Jul/2026:15:37:30 -0400] "HEAD /backup/ HTTP/1.1" 404 - "http://transformptyoga.com/backup/" "Mozilla/5.0 (Linux; Android 13; Pixel 7a) AppleWebKit/537.36 (KHTML, like Gecko) Chrome/124.0.6367.82 Mobile Safari/537.36"
77.42.3.68 - - [14/Jul/2026:15:37:42 -0400] "GET /vi-blog/strengthen-the-mind-body-connection HTTP/1.1" 200 118630 "-" "Mozilla/5.0 (compatible; AffsignalCrawler/1.0; +https://affsignal.com/bot)"
77.42.3.68 - - [14/Jul/2026:15:37:42 -0400] "GET /vi-blog/stronger-together-why-community-is-the-secret-to-your-health-in-2026 HTTP/1.1" 200 123141 "-" "Mozilla/5.0 (compatible; AffsignalCrawler/1.0; +https://affsignal.com/bot)"
77.42.3.68 - - [14/Jul/2026:15:37:42 -0400] "GET /vi-blog/reset-your-sleep-circadian-rhythm HTTP/1.1" 200 121782 "-" "Mozilla/5.0 (compatible; AffsignalCrawler/1.0; +https://affsignal.com/bot)"
77.42.3.68 - - [14/Jul/2026:15:37:52 -0400] "GET /vi-blog/reclaim-your-life-the-surprising-time-youre-losing-to-your-phone HTTP/1.1" 200 120416 "-" "Mozilla/5.0 (compatible; AffsignalCrawler/1.0; +https://affsignal.com/bot)"
77.42.3.68 - - [14/Jul/2026:15:37:52 -0400] "GET /vi-blog/reaching-your-protein-goals-what-makes-animal-plant-proteins-different HTTP/1.1" 200 118458 "-" "Mozilla/5.0 (compatible; AffsignalCrawler/1.0; +https://affsignal.com/bot)"
77.42.3.68 - - [14/Jul/2026:15:37:53 -0400] "GET /vi-blog/pesticides-dirty-dozen-clean-15 HTTP/1.1" 200 116109 "-" "Mozilla/5.0 (compatible; AffsignalCrawler/1.0; +https://affsignal.com/bot)"
77.42.3.68 - - [14/Jul/2026:15:38:08 -0400] "GET /vi-blog/mindfulness-an-empowering-tool-to-heal-your-anxiety HTTP/1.1" 200 121233 "-" "Mozilla/5.0 (compatible; AffsignalCrawler/1.0; +https://affsignal.com/bot)"
77.42.3.68 - - [14/Jul/2026:15:38:09 -0400] "GET /vi-blog/is-stiffness-your-new-normal-it-doesnt-have-to-be HTTP/1.1" 200 121075 "-" "Mozilla/5.0 (compatible; AffsignalCrawler/1.0; +https://affsignal.com/bot)"
77.42.3.68 - - [14/Jul/2026:15:38:09 -0400] "GET /vi-blog/ignite-your-inner-olympian-finding-inspiration-in-the-2024-games HTTP/1.1" 200 117340 "-" "Mozilla/5.0 (compatible; AffsignalCrawler/1.0; +https://affsignal.com/bot)"
66.249.65.33 - - [14/Jul/2026:15:38:12 -0400] "GET /market/701743172837 HTTP/1.1" 404 13926 "-" "Mozilla/5.0 (Linux; Android 6.0.1; Nexus 5X Build/MMB29P) AppleWebKit/537.36 (KHTML, like Gecko) Chrome/150.0.7871.46 Mobile Safari/537.36 (compatible; Googlebot/2.1; +http://www.google.com/bot.html)"
66.249.65.32 - - [14/Jul/2026:15:38:41 -0400] "GET /products/851757427999 HTTP/1.1" 404 13931 "-" "Mozilla/5.0 (Linux; Android 6.0.1; Nexus 5X Build/MMB29P) AppleWebKit/537.36 (KHTML, like Gecko) Chrome/150.0.7871.46 Mobile Safari/537.36 (compatible; Googlebot/2.1; +http://www.google.com/bot.html)"
66.249.65.46 - - [14/Jul/2026:15:38:54 -0400] "GET /shopping/851834427476 HTTP/1.1" 404 13928 "-" "Mozilla/5.0 (compatible; Googlebot/2.1; +http://www.google.com/bot.html)"
66.249.65.46 - - [14/Jul/2026:15:38:55 -0400] "GET /product/791013736911 HTTP/1.1" 404 13925 "-" "Mozilla/5.0 (compatible; Googlebot/2.1; +http://www.google.com/bot.html)"
66.249.65.32 - - [14/Jul/2026:15:39:03 -0400] "GET /goods/10756733678 HTTP/1.1" 404 13928 "-" "Mozilla/5.0 (compatible; Googlebot/2.1; +http://www.google.com/bot.html)"
66.249.65.46 - - [14/Jul/2026:15:39:03 -0400] "GET /goods/10756733678 HTTP/1.1" 404 13925 "-" "Mozilla/5.0 (Linux; Android 6.0.1; Nexus 5X Build/MMB29P) AppleWebKit/537.36 (KHTML, like Gecko) Chrome/150.0.7871.46 Mobile Safari/537.36 (compatible; Googlebot/2.1; +http://www.google.com/bot.html)"
66.249.65.33 - - [14/Jul/2026:15:39:04 -0400] "GET /product/8625465677 HTTP/1.1" 404 13930 "-" "Mozilla/5.0 (compatible; Googlebot/2.1; +http://www.google.com/bot.html)"
66.249.65.33 - - [14/Jul/2026:15:39:05 -0400] "GET /detail/782517204825 HTTP/1.1" 404 13931 "-" "Mozilla/5.0 (compatible; Googlebot/2.1; +http://www.google.com/bot.html)"
66.249.65.33 - - [14/Jul/2026:15:39:05 -0400] "GET /detail/002223326300 HTTP/1.1" 404 13928 "-" "Mozilla/5.0 (Linux; Android 6.0.1; Nexus 5X Build/MMB29P) AppleWebKit/537.36 (KHTML, like Gecko) Chrome/150.0.7871.46 Mobile Safari/537.36 (compatible; Googlebot/2.1; +http://www.google.com/bot.html)"
66.249.65.33 - - [14/Jul/2026:15:39:07 -0400] "GET /products/652809395555 HTTP/1.1" 404 13928 "-" "Mozilla/5.0 (compatible; Googlebot/2.1; +http://www.google.com/bot.html)"
66.249.65.46 - - [14/Jul/2026:15:39:13 -0400] "GET /product/792773146054 HTTP/1.1" 404 13931 "-" "Mozilla/5.0 (Linux; Android 6.0.1; Nexus 5X Build/MMB29P) AppleWebKit/537.36 (KHTML, like Gecko) Chrome/150.0.7871.46 Mobile Safari/537.36 (compatible; Googlebot/2.1; +http://www.google.com/bot.html)"
77.42.3.68 - - [14/Jul/2026:15:39:20 -0400] "GET /vi-blog/how-to-eat-to-fuel-your-workouts HTTP/1.1" 200 123214 "-" "Mozilla/5.0 (compatible; AffsignalCrawler/1.0; +https://affsignal.com/bot)"
77.42.3.68 - - [14/Jul/2026:15:39:20 -0400] "GET /events/monthcalendar/2026/8/- HTTP/1.1" 200 116587 "-" "Mozilla/5.0 (compatible; AffsignalCrawler/1.0; +https://affsignal.com/bot)"
77.42.3.68 - - [14/Jul/2026:15:39:20 -0400] "GET /login?view=remind HTTP/1.1" 200 101664 "-" "Mozilla/5.0 (compatible; AffsignalCrawler/1.0; +https://affsignal.com/bot)"
66.249.65.46 - - [14/Jul/2026:15:39:23 -0400] "GET /product/793941473869 HTTP/1.1" 404 13925 "-" "Mozilla/5.0 (compatible; Googlebot/2.1; +http://www.google.com/bot.html)"
77.42.3.68 - - [14/Jul/2026:15:39:27 -0400] "GET /vi-blog/fall-into-a-new-routine-using-seasonal-wellness-to-re-inspire-your-healthy-habits HTTP/1.1" 200 119643 "-" "Mozilla/5.0 (compatible; AffsignalCrawler/1.0; +https://affsignal.com/bot)"
77.42.3.68 - - [14/Jul/2026:15:39:27 -0400] "GET /events/monthcalendar/2026/7/- HTTP/1.1" 200 115738 "-" "Mozilla/5.0 (compatible; AffsignalCrawler/1.0; +https://affsignal.com/bot)"
77.42.3.68 - - [14/Jul/2026:15:39:27 -0400] "GET /events/monthcalendar/2026/6/- HTTP/1.1" 200 115600 "-" "Mozilla/5.0 (compatible; AffsignalCrawler/1.0; +https://affsignal.com/bot)"
66.249.65.46 - - [14/Jul/2026:15:39:29 -0400] "GET /entity/901286438715 HTTP/1.1" 404 13931 "-" "Mozilla/5.0 (Linux; Android 6.0.1; Nexus 5X Build/MMB29P) AppleWebKit/537.36 (KHTML, like Gecko) Chrome/150.0.7871.46 Mobile Safari/537.36 (compatible; Googlebot/2.1; +http://www.google.com/bot.html)"
66.249.65.46 - - [14/Jul/2026:15:39:41 -0400] "GET /goodscode/871185903200 HTTP/1.1" 404 13925 "-" "Mozilla/5.0 (compatible; Googlebot/2.1; +http://www.google.com/bot.html)"
77.42.3.68 - - [14/Jul/2026:15:39:46 -0400] "GET /vi-blog/blue-zone-pillar-to-long-life-2-eat-wisely HTTP/1.1" 200 119447 "-" "Mozilla/5.0 (compatible; AffsignalCrawler/1.0; +https://affsignal.com/bot)"
77.42.3.68 - - [14/Jul/2026:15:39:47 -0400] "GET /vi-blog/blue-zone-pillar-for-long-life-4-social-connection HTTP/1.1" 200 120844 "-" "Mozilla/5.0 (compatible; AffsignalCrawler/1.0; +https://affsignal.com/bot)"
77.42.3.68 - - [14/Jul/2026:15:39:48 -0400] "GET /vi-blog/blue-zone-pillar-for-long-life-3-positive-outlook HTTP/1.1" 200 120002 "-" "Mozilla/5.0 (compatible; AffsignalCrawler/1.0; +https://affsignal.com/bot)"
77.42.3.68 - - [14/Jul/2026:15:39:53 -0400] "GET /vi-blog/beyond-the-resolution-finding-your-rhythm-through-nourishing-rituals-in-2026 HTTP/1.1" 200 119592 "-" "Mozilla/5.0 (compatible; AffsignalCrawler/1.0; +https://affsignal.com/bot)"
77.42.3.68 - - [14/Jul/2026:15:39:53 -0400] "GET /events/eventsbyday/2026/7/9/- HTTP/1.1" 200 106021 "-" "Mozilla/5.0 (compatible; AffsignalCrawler/1.0; +https://affsignal.com/bot)"
66.249.65.46 - - [14/Jul/2026:15:39:55 -0400] "GET /product/682892919236 HTTP/1.1" 404 13928 "-" "Mozilla/5.0 (Linux; Android 6.0.1; Nexus 5X Build/MMB29P) AppleWebKit/537.36 (KHTML, like Gecko) Chrome/150.0.7871.46 Mobile Safari/537.36 (compatible; Googlebot/2.1; +http://www.google.com/bot.html)"
66.249.65.46 - - [14/Jul/2026:15:39:55 -0400] "GET /info/712870361247 HTTP/1.1" 404 13928 "-" "Mozilla/5.0 (Linux; Android 6.0.1; Nexus 5X Build/MMB29P) AppleWebKit/537.36 (KHTML, like Gecko) Chrome/150.0.7871.46 Mobile Safari/537.36 (compatible; Googlebot/2.1; +http://www.google.com/bot.html)"
77.42.3.68 - - [14/Jul/2026:15:39:58 -0400] "GET /vi-blog/are-your-health-goals-in-alignment-with-your-personal-values HTTP/1.1" 200 121042 "-" "Mozilla/5.0 (compatible; AffsignalCrawler/1.0; +https://affsignal.com/bot)"
91.202.233.27 - - [14/Jul/2026:15:40:00 -0400] "POST /index.php?option=com_sppagebuilder&task=asset.uploadCustomIcon HTTP/1.1" 404 13994 "-" "Mozilla/5.0 (Windows NT 10.0; Win64; x64) AppleWebKit/537.36 (KHTML, like Gecko) Chrome/124.0.0.0 Safari/537.36"
77.42.3.68 - - [14/Jul/2026:15:40:08 -0400] "GET /vi-blog/are-you-over-breathing HTTP/1.1" 200 120322 "-" "Mozilla/5.0 (compatible; AffsignalCrawler/1.0; +https://affsignal.com/bot)"
77.42.3.68 - - [14/Jul/2026:15:40:14 -0400] "GET /events/eventsbyday/2026/7/8/- HTTP/1.1" 200 106017 "-" "Mozilla/5.0 (compatible; AffsignalCrawler/1.0; +https://affsignal.com/bot)"
77.42.3.68 - - [14/Jul/2026:15:40:15 -0400] "GET /vi-blog/360-breathing-your-key-to-low-back-pain-relief HTTP/1.1" 200 117135 "-" "Mozilla/5.0 (compatible; AffsignalCrawler/1.0; +https://affsignal.com/bot)"
77.42.3.68 - - [14/Jul/2026:15:40:19 -0400] "GET /events/eventsbyday/2026/7/7/- HTTP/1.1" 200 106017 "-" "Mozilla/5.0 (compatible; AffsignalCrawler/1.0; +https://affsignal.com/bot)"
66.249.65.46 - - [14/Jul/2026:15:40:22 -0400] "GET /goodscode/831491126770 HTTP/1.1" 404 13925 "-" "Mozilla/5.0 (Linux; Android 6.0.1; Nexus 5X Build/MMB29P) AppleWebKit/537.36 (KHTML, like Gecko) Chrome/150.0.7871.46 Mobile Safari/537.36 (compatible; Googlebot/2.1; +http://www.google.com/bot.html)"
66.249.65.32 - - [14/Jul/2026:15:40:23 -0400] "GET /info/712239215265 HTTP/1.1" 404 13926 "-" "Mozilla/5.0 (Linux; Android 6.0.1; Nexus 5X Build/MMB29P) AppleWebKit/537.36 (KHTML, like Gecko) Chrome/150.0.7871.46 Mobile Safari/537.36 (compatible; Googlebot/2.1; +http://www.google.com/bot.html)"
77.42.3.68 - - [14/Jul/2026:15:40:26 -0400] "GET /events/eventsbyday/2026/7/6/- HTTP/1.1" 200 106013 "-" "Mozilla/5.0 (compatible; AffsignalCrawler/1.0; +https://affsignal.com/bot)"
77.42.3.68 - - [14/Jul/2026:15:40:27 -0400] "GET /events/eventsbyday/2026/7/5/- HTTP/1.1" 200 106013 "-" "Mozilla/5.0 (compatible; AffsignalCrawler/1.0; +https://affsignal.com/bot)"
77.42.3.68 - - [14/Jul/2026:15:40:30 -0400] "GET /events/eventsbyday/2026/7/4/- HTTP/1.1" 200 106017 "-" "Mozilla/5.0 (compatible; AffsignalCrawler/1.0; +https://affsignal.com/bot)"
77.42.3.68 - - [14/Jul/2026:15:40:36 -0400] "GET /events/eventsbyday/2026/7/31/- HTTP/1.1" 200 106014 "-" "Mozilla/5.0 (compatible; AffsignalCrawler/1.0; +https://affsignal.com/bot)"
77.42.3.68 - - [14/Jul/2026:15:40:37 -0400] "GET /events/eventsbyday/2026/7/30/- HTTP/1.1" 200 106019 "-" "Mozilla/5.0 (compatible; AffsignalCrawler/1.0; +https://affsignal.com/bot)"
77.42.3.68 - - [14/Jul/2026:15:40:37 -0400] "GET /events/eventsbyday/2026/7/3/- HTTP/1.1" 200 106013 "-" "Mozilla/5.0 (compatible; AffsignalCrawler/1.0; +https://affsignal.com/bot)"
66.249.65.46 - - [14/Jul/2026:15:40:46 -0400] "GET /goods/653373923619 HTTP/1.1" 404 13931 "-" "Mozilla/5.0 (compatible; Googlebot/2.1; +http://www.google.com/bot.html)"
77.42.3.68 - - [14/Jul/2026:15:40:46 -0400] "GET /events/eventsbyday/2026/7/29/- HTTP/1.1" 200 106021 "-" "Mozilla/5.0 (compatible; AffsignalCrawler/1.0; +https://affsignal.com/bot)"
77.42.3.68 - - [14/Jul/2026:15:40:49 -0400] "GET /events/eventsbyday/2026/7/28/- HTTP/1.1" 200 106020 "-" "Mozilla/5.0 (compatible; AffsignalCrawler/1.0; +https://affsignal.com/bot)"
77.42.3.68 - - [14/Jul/2026:15:40:50 -0400] "GET /events/eventsbyday/2026/7/27/- HTTP/1.1" 200 106017 "-" "Mozilla/5.0 (compatible; AffsignalCrawler/1.0; +https://affsignal.com/bot)"
66.249.65.46 - - [14/Jul/2026:15:40:58 -0400] "GET /products/831054034939 HTTP/1.1" 404 13926 "-" "Mozilla/5.0 (compatible; Googlebot/2.1; +http://www.google.com/bot.html)"
77.42.3.68 - - [14/Jul/2026:15:41:02 -0400] "GET /events/eventsbyday/2026/7/26/- HTTP/1.1" 200 106017 "-" "Mozilla/5.0 (compatible; AffsignalCrawler/1.0; +https://affsignal.com/bot)"
66.249.65.46 - - [14/Jul/2026:15:41:04 -0400] "GET /entity/842732865081 HTTP/1.1" 404 13928 "-" "Mozilla/5.0 (compatible; Googlebot/2.1; +http://www.google.com/bot.html)"
77.42.3.68 - - [14/Jul/2026:15:41:06 -0400] "GET /events/eventsbyday/2026/7/25/- HTTP/1.1" 200 106017 "-" "Mozilla/5.0 (compatible; AffsignalCrawler/1.0; +https://affsignal.com/bot)"
77.42.3.68 - - [14/Jul/2026:15:41:07 -0400] "GET /events/eventsbyday/2026/7/24/- HTTP/1.1" 200 106017 "-" "Mozilla/5.0 (compatible; AffsignalCrawler/1.0; +https://affsignal.com/bot)"
66.249.65.32 - - [14/Jul/2026:15:41:10 -0400] "GET /shopping/804210550367 HTTP/1.1" 404 13931 "-" "Mozilla/5.0 (compatible; Googlebot/2.1; +http://www.google.com/bot.html)"
77.42.3.68 - - [14/Jul/2026:15:41:13 -0400] "GET /events/eventsbyday/2026/7/23/- HTTP/1.1" 200 106017 "-" "Mozilla/5.0 (compatible; AffsignalCrawler/1.0; +https://affsignal.com/bot)"
77.42.3.68 - - [14/Jul/2026:15:41:21 -0400] "GET /events/eventsbyday/2026/7/22/- HTTP/1.1" 200 106019 "-" "Mozilla/5.0 (compatible; AffsignalCrawler/1.0; +https://affsignal.com/bot)"
77.42.3.68 - - [14/Jul/2026:15:41:21 -0400] "GET /events/eventsbyday/2026/7/21/- HTTP/1.1" 200 106014 "-" "Mozilla/5.0 (compatible; AffsignalCrawler/1.0; +https://affsignal.com/bot)"
105.158.195.255 - - [14/Jul/2026:15:41:23 -0400] "GET /item/7360185360 HTTP/1.1" 404 13930 "-" "Mozilla/5.0 (Windows NT 6.1) AppleWebKit/537.36 (KHTML, like Gecko) Chrome/69.0.3497.100 Safari/537.36"
77.42.3.68 - - [14/Jul/2026:15:41:26 -0400] "GET /events/eventsbyday/2026/7/20/- HTTP/1.1" 200 106015 "-" "Mozilla/5.0 (compatible; AffsignalCrawler/1.0; +https://affsignal.com/bot)"
14.186.130.227 - - [14/Jul/2026:15:41:42 -0400] "GET /product/691721868222 HTTP/1.1" 404 13925 "-" "Mozilla/5.0 (Macintosh; Intel Mac OS X 10_11_6) AppleWebKit/537.36 (KHTML, like Gecko) Brave Chrome/86.0.4240.75 Safari/537.36"
66.249.65.46 - - [14/Jul/2026:15:41:43 -0400] "GET /entity/803662588543 HTTP/1.1" 404 13928 "-" "Mozilla/5.0 (compatible; Googlebot/2.1; +http://www.google.com/bot.html)"
77.42.3.68 - - [14/Jul/2026:15:41:43 -0400] "GET /events/eventsbyday/2026/7/2/- HTTP/1.1" 200 106014 "-" "Mozilla/5.0 (compatible; AffsignalCrawler/1.0; +https://affsignal.com/bot)"
77.42.3.68 - - [14/Jul/2026:15:41:47 -0400] "GET /events/eventsbyday/2026/7/19/- HTTP/1.1" 200 106017 "-" "Mozilla/5.0 (compatible; AffsignalCrawler/1.0; +https://affsignal.com/bot)"
66.249.65.46 - - [14/Jul/2026:15:41:53 -0400] "GET /market/781145523625 HTTP/1.1" 404 13926 "-" "Mozilla/5.0 (Linux; Android 6.0.1; Nexus 5X Build/MMB29P) AppleWebKit/537.36 (KHTML, like Gecko) Chrome/150.0.7871.46 Mobile Safari/537.36 (compatible; Googlebot/2.1; +http://www.google.com/bot.html)"
66.249.65.46 - - [14/Jul/2026:15:41:54 -0400] "GET /entity/823431057356 HTTP/1.1" 404 13926 "-" "Mozilla/5.0 (Linux; Android 6.0.1; Nexus 5X Build/MMB29P) AppleWebKit/537.36 (KHTML, like Gecko) Chrome/150.0.7871.46 Mobile Safari/537.36 (compatible; Googlebot/2.1; +http://www.google.com/bot.html)"
66.249.65.46 - - [14/Jul/2026:15:42:23 -0400] "GET /info/822025593935 HTTP/1.1" 404 13930 "-" "Mozilla/5.0 (Linux; Android 6.0.1; Nexus 5X Build/MMB29P) AppleWebKit/537.36 (KHTML, like Gecko) Chrome/150.0.7871.46 Mobile Safari/537.36 (compatible; Googlebot/2.1; +http://www.google.com/bot.html)"
66.249.65.32 - - [14/Jul/2026:15:42:26 -0400] "GET /entity/863178161947 HTTP/1.1" 404 13925 "-" "Mozilla/5.0 (compatible; Googlebot/2.1; +http://www.google.com/bot.html)"
66.249.65.32 - - [14/Jul/2026:15:43:06 -0400] "GET /product/81774715265 HTTP/1.1" 404 13926 "-" "Mozilla/5.0 (Linux; Android 6.0.1; Nexus 5X Build/MMB29P) AppleWebKit/537.36 (KHTML, like Gecko) Chrome/150.0.7871.46 Mobile Safari/537.36 (compatible; Googlebot/2.1; +http://www.google.com/bot.html)"
66.249.65.46 - - [14/Jul/2026:15:43:30 -0400] "GET /entity/871099338626 HTTP/1.1" 404 13930 "-" "Mozilla/5.0 (Linux; Android 6.0.1; Nexus 5X Build/MMB29P) AppleWebKit/537.36 (KHTML, like Gecko) Chrome/150.0.7871.46 Mobile Safari/537.36 (compatible; Googlebot/2.1; +http://www.google.com/bot.html)"
66.249.65.46 - - [14/Jul/2026:15:43:42 -0400] "GET /goods/85227915314 HTTP/1.1" 404 13928 "-" "Mozilla/5.0 (compatible; Googlebot/2.1; +http://www.google.com/bot.html)"
66.249.65.46 - - [14/Jul/2026:15:43:52 -0400] "GET /goodscode/833882425864 HTTP/1.1" 404 13926 "-" "Mozilla/5.0 (compatible; Googlebot/2.1; +http://www.google.com/bot.html)"
66.249.65.32 - - [14/Jul/2026:15:44:14 -0400] "GET /goodscode/883136084197 HTTP/1.1" 404 13931 "-" "Mozilla/5.0 (compatible; Googlebot/2.1; +http://www.google.com/bot.html)"
66.249.65.46 - - [14/Jul/2026:15:44:49 -0400] "GET /shopbrand/063329239712 HTTP/1.1" 404 13925 "-" "Mozilla/5.0 (compatible; Googlebot/2.1; +http://www.google.com/bot.html)"
66.249.65.46 - - [14/Jul/2026:15:44:54 -0400] "GET /product/851397178502 HTTP/1.1" 404 13930 "-" "Mozilla/5.0 (Linux; Android 6.0.1; Nexus 5X Build/MMB29P) AppleWebKit/537.36 (KHTML, like Gecko) Chrome/150.0.7871.46 Mobile Safari/537.36 (compatible; Googlebot/2.1; +http://www.google.com/bot.html)"
66.249.65.33 - - [14/Jul/2026:15:45:12 -0400] "GET /detail/743189965489 HTTP/1.1" 404 13925 "-" "Mozilla/5.0 (compatible; Googlebot/2.1; +http://www.google.com/bot.html)"
66.249.65.32 - - [14/Jul/2026:15:45:29 -0400] "GET /special/74649473471 HTTP/1.1" 404 13925 "-" "Mozilla/5.0 (Linux; Android 6.0.1; Nexus 5X Build/MMB29P) AppleWebKit/537.36 (KHTML, like Gecko) Chrome/150.0.7871.46 Mobile Safari/537.36 (compatible; Googlebot/2.1; +http://www.google.com/bot.html)"
66.249.65.46 - - [14/Jul/2026:15:45:34 -0400] "GET /goodscode/821567040942 HTTP/1.1" 404 13926 "-" "Mozilla/5.0 (compatible; Googlebot/2.1; +http://www.google.com/bot.html)"
66.249.65.32 - - [14/Jul/2026:15:46:19 -0400] "GET /items/73124094973 HTTP/1.1" 404 13925 "-" "Mozilla/5.0 (Linux; Android 6.0.1; Nexus 5X Build/MMB29P) AppleWebKit/537.36 (KHTML, like Gecko) Chrome/150.0.7871.46 Mobile Safari/537.36 (compatible; Googlebot/2.1; +http://www.google.com/bot.html)"
66.249.65.32 - - [14/Jul/2026:15:46:21 -0400] "GET /items/712198429091 HTTP/1.1" 404 13931 "-" "Mozilla/5.0 (compatible; Googlebot/2.1; +http://www.google.com/bot.html)"
66.249.65.46 - - [14/Jul/2026:15:46:28 -0400] "GET /shopbrand/731533945983 HTTP/1.1" 404 13930 "-" "Mozilla/5.0 (compatible; Googlebot/2.1; +http://www.google.com/bot.html)"
66.249.65.46 - - [14/Jul/2026:15:46:47 -0400] "GET /product/671808819602 HTTP/1.1" 404 13931 "-" "Mozilla/5.0 (compatible; Googlebot/2.1; +http://www.google.com/bot.html)"
66.249.65.33 - - [14/Jul/2026:15:47:04 -0400] "GET /goodscode/704165406897 HTTP/1.1" 404 13925 "-" "Mozilla/5.0 (Linux; Android 6.0.1; Nexus 5X Build/MMB29P) AppleWebKit/537.36 (KHTML, like Gecko) Chrome/150.0.7871.46 Mobile Safari/537.36 (compatible; Googlebot/2.1; +http://www.google.com/bot.html)"
177.12.16.80 - - [14/Jul/2026:15:47:05 -0400] "GET /product/782751799568 HTTP/1.1" 404 13928 "-" "Mozilla/5.0 (Macintosh; Intel Mac OS X 10_15_7) AppleWebKit/537.36 (KHTML, like Gecko) Chrome/96.0.4664.45 Safari/537.36"
66.249.65.32 - - [14/Jul/2026:15:47:09 -0400] "GET /shopbrand/854121922033 HTTP/1.1" 404 13928 "-" "Mozilla/5.0 (Linux; Android 6.0.1; Nexus 5X Build/MMB29P) AppleWebKit/537.36 (KHTML, like Gecko) Chrome/150.0.7871.46 Mobile Safari/537.36 (compatible; Googlebot/2.1; +http://www.google.com/bot.html)"
66.249.65.46 - - [14/Jul/2026:15:47:14 -0400] "GET /product/762282597657 HTTP/1.1" 404 13928 "-" "Mozilla/5.0 (Linux; Android 6.0.1; Nexus 5X Build/MMB29P) AppleWebKit/537.36 (KHTML, like Gecko) Chrome/150.0.7871.46 Mobile Safari/537.36 (compatible; Googlebot/2.1; +http://www.google.com/bot.html)"
66.249.65.46 - - [14/Jul/2026:15:47:35 -0400] "GET /entity/732336343804 HTTP/1.1" 404 13925 "-" "Mozilla/5.0 (Linux; Android 6.0.1; Nexus 5X Build/MMB29P) AppleWebKit/537.36 (KHTML, like Gecko) Chrome/150.0.7871.46 Mobile Safari/537.36 (compatible; Googlebot/2.1; +http://www.google.com/bot.html)"
66.249.65.46 - - [14/Jul/2026:15:47:39 -0400] "GET /shopbrand/684167272408 HTTP/1.1" 404 13928 "-" "Mozilla/5.0 (Linux; Android 6.0.1; Nexus 5X Build/MMB29P) AppleWebKit/537.36 (KHTML, like Gecko) Chrome/150.0.7871.46 Mobile Safari/537.36 (compatible; Googlebot/2.1; +http://www.google.com/bot.html)"
66.249.65.46 - - [14/Jul/2026:15:47:40 -0400] "GET /items/862915535964 HTTP/1.1" 404 13931 "-" "Mozilla/5.0 (Linux; Android 6.0.1; Nexus 5X Build/MMB29P) AppleWebKit/537.36 (KHTML, like Gecko) Chrome/150.0.7871.46 Mobile Safari/537.36 (compatible; Googlebot/2.1; +http://www.google.com/bot.html)"
66.249.65.32 - - [14/Jul/2026:15:48:12 -0400] "GET /shopping/862671794762 HTTP/1.1" 404 13930 "-" "Mozilla/5.0 (compatible; Googlebot/2.1; +http://www.google.com/bot.html)"
171.236.58.209 - - [14/Jul/2026:15:48:13 -0400] "GET /item/68540465139 HTTP/1.1" 404 13928 "-" "Mozilla/5.0 (Macintosh; Intel Mac OS X 10_15_7) AppleWebKit/537.36 (KHTML, like Gecko) Chrome/98.0.4758.80 Safari/537.36"
66.249.65.32 - - [14/Jul/2026:15:48:31 -0400] "GET /info/70658335784 HTTP/1.1" 404 13928 "-" "Mozilla/5.0 (Linux; Android 6.0.1; Nexus 5X Build/MMB29P) AppleWebKit/537.36 (KHTML, like Gecko) Chrome/150.0.7871.46 Mobile Safari/537.36 (compatible; Googlebot/2.1; +http://www.google.com/bot.html)"
66.249.65.46 - - [14/Jul/2026:15:48:47 -0400] "GET /market/843102413890 HTTP/1.1" 404 13926 "-" "Mozilla/5.0 (Linux; Android 6.0.1; Nexus 5X Build/MMB29P) AppleWebKit/537.36 (KHTML, like Gecko) Chrome/150.0.7871.46 Mobile Safari/537.36 (compatible; Googlebot/2.1; +http://www.google.com/bot.html)"
66.249.65.33 - - [14/Jul/2026:15:49:31 -0400] "GET /special/851614002395 HTTP/1.1" 404 13928 "-" "Mozilla/5.0 (Linux; Android 6.0.1; Nexus 5X Build/MMB29P) AppleWebKit/537.36 (KHTML, like Gecko) Chrome/150.0.7871.46 Mobile Safari/537.36 (compatible; Googlebot/2.1; +http://www.google.com/bot.html)"
181.59.2.233 - - [14/Jul/2026:15:49:32 -0400] "GET /items/752881969452 HTTP/1.1" 404 13926 "-" "Mozilla/5.0 (Windows NT 6.1; Win64; x64) AppleWebKit/537.36 (KHTML, like Gecko) Chrome/62.0.3202.94 Safari/537.36"
82.155.148.221 - - [14/Jul/2026:15:49:37 -0400] "GET /item/01607956051 HTTP/1.1" 301 - "-" "Mozilla/5.0 (Macintosh; Intel Mac OS X 12.3; rv:131.0) Gecko/20100101 Firefox/131.0"
45.8.17.46 - - [14/Jul/2026:15:49:39 -0400] "GET /item/01607956051 HTTP/1.1" 404 13931 "-" "Mozilla/5.0 (Macintosh; Intel Mac OS X 12.3; rv:131.0) Gecko/20100101 Firefox/131.0"
66.249.65.46 - - [14/Jul/2026:15:49:49 -0400] "GET /products/81481487646 HTTP/1.1" 404 13930 "-" "Mozilla/5.0 (Linux; Android 6.0.1; Nexus 5X Build/MMB29P) AppleWebKit/537.36 (KHTML, like Gecko) Chrome/150.0.7871.46 Mobile Safari/537.36 (compatible; Googlebot/2.1; +http://www.google.com/bot.html)"
66.249.65.32 - - [14/Jul/2026:15:51:04 -0400] "GET /products/752876532361 HTTP/1.1" 404 13926 "-" "Mozilla/5.0 (Linux; Android 6.0.1; Nexus 5X Build/MMB29P) AppleWebKit/537.36 (KHTML, like Gecko) Chrome/150.0.7871.46 Mobile Safari/537.36 (compatible; Googlebot/2.1; +http://www.google.com/bot.html)"
66.249.65.33 - - [14/Jul/2026:15:51:04 -0400] "GET /detail/702472584644 HTTP/1.1" 404 13931 "-" "Mozilla/5.0 (compatible; Googlebot/2.1; +http://www.google.com/bot.html)"
66.249.65.32 - - [14/Jul/2026:15:51:27 -0400] "GET /goodscode/821091218153 HTTP/1.1" 404 13928 "-" "Mozilla/5.0 (compatible; Googlebot/2.1; +http://www.google.com/bot.html)"
66.249.65.46 - - [14/Jul/2026:15:51:31 -0400] "GET /product/90570518799 HTTP/1.1" 404 13926 "-" "Mozilla/5.0 (compatible; Googlebot/2.1; +http://www.google.com/bot.html)"
66.249.65.46 - - [14/Jul/2026:15:51:38 -0400] "GET /goodscode/671650934853 HTTP/1.1" 404 13930 "-" "Mozilla/5.0 (compatible; Googlebot/2.1; +http://www.google.com/bot.html)"
66.249.65.46 - - [14/Jul/2026:15:51:46 -0400] "GET /market/822798501135 HTTP/1.1" 404 13928 "-" "Mozilla/5.0 (Linux; Android 6.0.1; Nexus 5X Build/MMB29P) AppleWebKit/537.36 (KHTML, like Gecko) Chrome/150.0.7871.46 Mobile Safari/537.36 (compatible; Googlebot/2.1; +http://www.google.com/bot.html)"
66.249.65.46 - - [14/Jul/2026:15:51:52 -0400] "GET /shopbrand/701818507657 HTTP/1.1" 404 13926 "-" "Mozilla/5.0 (Linux; Android 6.0.1; Nexus 5X Build/MMB29P) AppleWebKit/537.36 (KHTML, like Gecko) Chrome/150.0.7871.46 Mobile Safari/537.36 (compatible; Googlebot/2.1; +http://www.google.com/bot.html)"
66.249.65.46 - - [14/Jul/2026:15:51:54 -0400] "GET /goodscode/07286155241 HTTP/1.1" 404 13925 "-" "Mozilla/5.0 (compatible; Googlebot/2.1; +http://www.google.com/bot.html)"
66.249.65.46 - - [14/Jul/2026:15:51:56 -0400] "GET /detail/81376199820 HTTP/1.1" 404 13925 "-" "Mozilla/5.0 (Linux; Android 6.0.1; Nexus 5X Build/MMB29P) AppleWebKit/537.36 (KHTML, like Gecko) Chrome/150.0.7871.46 Mobile Safari/537.36 (compatible; Googlebot/2.1; +http://www.google.com/bot.html)"
66.249.65.46 - - [14/Jul/2026:15:51:57 -0400] "GET /item/681137907757 HTTP/1.1" 404 13925 "-" "Mozilla/5.0 (compatible; Googlebot/2.1; +http://www.google.com/bot.html)"
66.249.65.46 - - [14/Jul/2026:15:52:11 -0400] "GET /shopping/651572566765 HTTP/1.1" 404 13930 "-" "Mozilla/5.0 (Linux; Android 6.0.1; Nexus 5X Build/MMB29P) AppleWebKit/537.36 (KHTML, like Gecko) Chrome/150.0.7871.46 Mobile Safari/537.36 (compatible; Googlebot/2.1; +http://www.google.com/bot.html)"
66.249.65.46 - - [14/Jul/2026:15:52:13 -0400] "GET /goodscode/063125052607 HTTP/1.1" 404 13928 "-" "Mozilla/5.0 (Linux; Android 6.0.1; Nexus 5X Build/MMB29P) AppleWebKit/537.36 (KHTML, like Gecko) Chrome/150.0.7871.46 Mobile Safari/537.36 (compatible; Googlebot/2.1; +http://www.google.com/bot.html)"
66.249.65.46 - - [14/Jul/2026:15:52:17 -0400] "GET /goods/773010915811 HTTP/1.1" 404 13931 "-" "Mozilla/5.0 (compatible; Googlebot/2.1; +http://www.google.com/bot.html)"
66.249.65.46 - - [14/Jul/2026:15:52:22 -0400] "GET /goodscode/701466035665 HTTP/1.1" 404 13930 "-" "Mozilla/5.0 (Linux; Android 6.0.1; Nexus 5X Build/MMB29P) AppleWebKit/537.36 (KHTML, like Gecko) Chrome/150.0.7871.46 Mobile Safari/537.36 (compatible; Googlebot/2.1; +http://www.google.com/bot.html)"
66.249.65.46 - - [14/Jul/2026:15:52:48 -0400] "GET /goods/72358380534 HTTP/1.1" 404 13931 "-" "Mozilla/5.0 (compatible; Googlebot/2.1; +http://www.google.com/bot.html)"
66.249.65.46 - - [14/Jul/2026:15:52:48 -0400] "GET /items/832691624445 HTTP/1.1" 404 13931 "-" "Mozilla/5.0 (Linux; Android 6.0.1; Nexus 5X Build/MMB29P) AppleWebKit/537.36 (KHTML, like Gecko) Chrome/150.0.7871.46 Mobile Safari/537.36 (compatible; Googlebot/2.1; +http://www.google.com/bot.html)"
66.249.65.46 - - [14/Jul/2026:15:52:50 -0400] "GET /special/90136244544 HTTP/1.1" 404 13926 "-" "Mozilla/5.0 (Linux; Android 6.0.1; Nexus 5X Build/MMB29P) AppleWebKit/537.36 (KHTML, like Gecko) Chrome/150.0.7871.46 Mobile Safari/537.36 (compatible; Googlebot/2.1; +http://www.google.com/bot.html)"
66.249.65.46 - - [14/Jul/2026:15:52:51 -0400] "GET /market/83992634938 HTTP/1.1" 404 13928 "-" "Mozilla/5.0 (compatible; Googlebot/2.1; +http://www.google.com/bot.html)"
66.249.65.46 - - [14/Jul/2026:15:52:55 -0400] "GET /shopbrand/69704687408 HTTP/1.1" 404 13928 "-" "Mozilla/5.0 (compatible; Googlebot/2.1; +http://www.google.com/bot.html)"
66.249.65.46 - - [14/Jul/2026:15:53:03 -0400] "GET /items/684274261001 HTTP/1.1" 404 13931 "-" "Mozilla/5.0 (compatible; Googlebot/2.1; +http://www.google.com/bot.html)"
66.249.65.32 - - [14/Jul/2026:15:53:14 -0400] "GET /shopbrand/682874013422 HTTP/1.1" 404 13931 "-" "Mozilla/5.0 (compatible; Googlebot/2.1; +http://www.google.com/bot.html)"
