110.249.201.69 - - [14/Jul/2026:12:43:50 -0400] "GET /media/legacy/js/jquery-noconflict.min.js?647005fc12b79b3ca2bb30c059899d5994e3e34d HTTP/1.1" 200 47 "https://transformptyoga.com/events/eventsbyday/2029/10/14/-" "Mozilla/5.0 (Linux; Android 5.0) AppleWebKit/537.36 (KHTML, like Gecko) Mobile Safari/537.36 (compatible; Bytespider; https://zhanzhang.toutiao.com/)"
66.249.65.46 - - [14/Jul/2026:12:44:00 -0400] "GET /product/69262740451 HTTP/1.1" 404 13926 "-" "Mozilla/5.0 (compatible; Googlebot/2.1; +http://www.google.com/bot.html)"
66.249.65.32 - - [14/Jul/2026:12:44:08 -0400] "GET /product/803066348448 HTTP/1.1" 404 13928 "-" "Mozilla/5.0 (Linux; Android 6.0.1; Nexus 5X Build/MMB29P) AppleWebKit/537.36 (KHTML, like Gecko) Chrome/150.0.7871.46 Mobile Safari/537.36 (compatible; Googlebot/2.1; +http://www.google.com/bot.html)"
66.249.65.32 - - [14/Jul/2026:12:44:10 -0400] "GET /detail/723635077415 HTTP/1.1" 404 13928 "-" "Mozilla/5.0 (Linux; Android 6.0.1; Nexus 5X Build/MMB29P) AppleWebKit/537.36 (KHTML, like Gecko) Chrome/150.0.7871.46 Mobile Safari/537.36 (compatible; Googlebot/2.1; +http://www.google.com/bot.html)"
110.249.201.86 - - [14/Jul/2026:12:44:17 -0400] "GET /vi-blog/tips-to-stay-hydrated HTTP/1.1" 200 119183 "-" "Mozilla/5.0 (Linux; Android 5.0) AppleWebKit/537.36 (KHTML, like Gecko) Mobile Safari/537.36 (compatible; Bytespider; https://zhanzhang.toutiao.com/)"
110.249.201.86 - - [14/Jul/2026:12:44:18 -0400] "GET /media/legacy/js/jquery-noconflict.min.js?647005fc12b79b3ca2bb30c059899d5994e3e34d HTTP/1.1" 200 47 "https://www.transformptyoga.com/vi-blog/tips-to-stay-hydrated" "Mozilla/5.0 (Linux; Android 5.0) AppleWebKit/537.36 (KHTML, like Gecko) Mobile Safari/537.36 (compatible; Bytespider; https://zhanzhang.toutiao.com/)"
110.249.201.86 - - [14/Jul/2026:12:44:18 -0400] "GET /images/content/vblogs/hydration.png HTTP/1.1" 206 500 "https://www.transformptyoga.com/vi-blog/tips-to-stay-hydrated" "Mozilla/5.0 (Linux; Android 5.0) AppleWebKit/537.36 (KHTML, like Gecko) Mobile Safari/537.36 (compatible; Bytespider; https://zhanzhang.toutiao.com/)"
66.249.65.46 - - [14/Jul/2026:12:44:32 -0400] "GET /products/73844685487 HTTP/1.1" 404 13926 "-" "Mozilla/5.0 (compatible; Googlebot/2.1; +http://www.google.com/bot.html)"
66.249.65.46 - - [14/Jul/2026:12:44:41 -0400] "GET /entity/673169749340 HTTP/1.1" 404 13926 "-" "Mozilla/5.0 (compatible; Googlebot/2.1; +http://www.google.com/bot.html)"
111.225.148.139 - - [14/Jul/2026:12:44:46 -0400] "GET /events/eventsbyday/2028/6/24/- HTTP/1.1" 200 106007 "-" "Mozilla/5.0 (Linux; Android 5.0) AppleWebKit/537.36 (KHTML, like Gecko) Mobile Safari/537.36 (compatible; Bytespider; https://zhanzhang.toutiao.com/)"
111.225.148.139 - - [14/Jul/2026:12:44:47 -0400] "GET /media/legacy/js/jquery-noconflict.min.js?647005fc12b79b3ca2bb30c059899d5994e3e34d HTTP/1.1" 200 47 "https://transformptyoga.com/events/eventsbyday/2028/6/24/-" "Mozilla/5.0 (Linux; Android 5.0) AppleWebKit/537.36 (KHTML, like Gecko) Mobile Safari/537.36 (compatible; Bytespider; https://zhanzhang.toutiao.com/)"
66.249.65.32 - - [14/Jul/2026:12:45:13 -0400] "GET /special/663799651957 HTTP/1.1" 404 13931 "-" "Mozilla/5.0 (compatible; Googlebot/2.1; +http://www.google.com/bot.html)"
111.225.149.116 - - [14/Jul/2026:12:45:12 -0400] "GET /events/eventsbyday/2030/1/13/- HTTP/1.1" 200 106012 "-" "Mozilla/5.0 (Linux; Android 5.0) AppleWebKit/537.36 (KHTML, like Gecko) Mobile Safari/537.36 (compatible; Bytespider; https://zhanzhang.toutiao.com/)"
111.225.149.116 - - [14/Jul/2026:12:45:14 -0400] "GET /media/legacy/js/jquery-noconflict.min.js?647005fc12b79b3ca2bb30c059899d5994e3e34d HTTP/1.1" 200 47 "https://transformptyoga.com/events/eventsbyday/2030/1/13/-" "Mozilla/5.0 (Linux; Android 5.0) AppleWebKit/537.36 (KHTML, like Gecko) Mobile Safari/537.36 (compatible; Bytespider; https://zhanzhang.toutiao.com/)"
66.249.65.46 - - [14/Jul/2026:12:45:22 -0400] "GET /detail/712949122545 HTTP/1.1" 404 13928 "-" "Mozilla/5.0 (Linux; Android 6.0.1; Nexus 5X Build/MMB29P) AppleWebKit/537.36 (KHTML, like Gecko) Chrome/150.0.7871.46 Mobile Safari/537.36 (compatible; Googlebot/2.1; +http://www.google.com/bot.html)"
66.249.65.46 - - [14/Jul/2026:12:45:31 -0400] "GET /market/86251757571 HTTP/1.1" 404 13931 "-" "Mozilla/5.0 (Linux; Android 6.0.1; Nexus 5X Build/MMB29P) AppleWebKit/537.36 (KHTML, like Gecko) Chrome/150.0.7871.46 Mobile Safari/537.36 (compatible; Googlebot/2.1; +http://www.google.com/bot.html)"
52.203.46.65 - - [14/Jul/2026:12:45:36 -0400] "GET / HTTP/1.1" 200 93383 "-" "Mozilla/5.0 (X11; Linux x86_64; rv:109.0) Gecko/20100101 Firefox/112.0"
52.203.46.65 - - [14/Jul/2026:12:45:38 -0400] "GET / HTTP/1.1" 200 93382 "-" "Mozilla/5.0 (X11; Linux x86_64; rv:104.0) Gecko/20100101 Firefox/104.0"
111.225.149.57 - - [14/Jul/2026:12:45:41 -0400] "GET /images/slider/cache/873e03211f027c3f1a804aa080e34e58/slidebg4.webp HTTP/1.1" 200 13350 "-" "Mozilla/5.0 (Linux; Android 5.0) AppleWebKit/537.36 (KHTML, like Gecko) Mobile Safari/537.36 (compatible; Bytespider; https://zhanzhang.toutiao.com/)"
66.249.65.46 - - [14/Jul/2026:12:45:44 -0400] "GET /product/791271413957 HTTP/1.1" 404 13928 "-" "Mozilla/5.0 (compatible; Googlebot/2.1; +http://www.google.com/bot.html)"
45.165.202.167 - - [14/Jul/2026:12:45:46 -0400] "GET /items/663844911698 HTTP/1.1" 404 13931 "-" "Mozilla/5.0 (Macintosh; Intel Mac OS X 10_13_3) AppleWebKit/537.36 (KHTML, like Gecko) Chrome/66.0.3359.1 Safari/537.36"
66.249.65.46 - - [14/Jul/2026:12:45:54 -0400] "GET /entity/702153877924 HTTP/1.1" 404 13928 "-" "Mozilla/5.0 (compatible; Googlebot/2.1; +http://www.google.com/bot.html)"
66.249.65.46 - - [14/Jul/2026:12:46:00 -0400] "GET /goods/684218707950 HTTP/1.1" 404 13931 "-" "Mozilla/5.0 (compatible; Googlebot/2.1; +http://www.google.com/bot.html)"
110.249.201.29 - - [14/Jul/2026:12:46:06 -0400] "GET /vi-blog/the-holiday-pep-talk-maintain-your-center-through-the-season HTTP/1.1" 200 120358 "-" "Mozilla/5.0 (Linux; Android 5.0) AppleWebKit/537.36 (KHTML, like Gecko) Mobile Safari/537.36 (compatible; Bytespider; https://zhanzhang.toutiao.com/)"
110.249.201.29 - - [14/Jul/2026:12:46:07 -0400] "GET /media/legacy/js/jquery-noconflict.min.js?647005fc12b79b3ca2bb30c059899d5994e3e34d HTTP/1.1" 200 47 "https://www.transformptyoga.com/vi-blog/the-holiday-pep-talk-maintain-your-center-through-the-season" "Mozilla/5.0 (Linux; Android 5.0) AppleWebKit/537.36 (KHTML, like Gecko) Mobile Safari/537.36 (compatible; Bytespider; https://zhanzhang.toutiao.com/)"
110.249.201.29 - - [14/Jul/2026:12:46:07 -0400] "GET /images/content/vblogs/groza.png HTTP/1.1" 206 500 "https://www.transformptyoga.com/vi-blog/the-holiday-pep-talk-maintain-your-center-through-the-season" "Mozilla/5.0 (Linux; Android 5.0) AppleWebKit/537.36 (KHTML, like Gecko) Mobile Safari/537.36 (compatible; Bytespider; https://zhanzhang.toutiao.com/)"
66.249.65.46 - - [14/Jul/2026:12:46:28 -0400] "GET /info/813271134708 HTTP/1.1" 404 13926 "-" "Mozilla/5.0 (compatible; Googlebot/2.1; +http://www.google.com/bot.html)"
110.249.202.93 - - [14/Jul/2026:12:46:33 -0400] "GET /events/eventsbyday/2028/12/20/- HTTP/1.1" 200 106021 "-" "Mozilla/5.0 (Linux; Android 5.0) AppleWebKit/537.36 (KHTML, like Gecko) Mobile Safari/537.36 (compatible; Bytespider; https://zhanzhang.toutiao.com/)"
110.249.202.93 - - [14/Jul/2026:12:46:34 -0400] "GET /media/legacy/js/jquery-noconflict.min.js?647005fc12b79b3ca2bb30c059899d5994e3e34d HTTP/1.1" 200 47 "https://transformptyoga.com/events/eventsbyday/2028/12/20/-" "Mozilla/5.0 (Linux; Android 5.0) AppleWebKit/537.36 (KHTML, like Gecko) Mobile Safari/537.36 (compatible; Bytespider; https://zhanzhang.toutiao.com/)"
212.32.43.70 - - [14/Jul/2026:12:46:43 -0400] "GET /shopbrand/793374909380 HTTP/1.1" 404 13930 "-" "Mozilla/5.0 (Windows NT 6.1; WOW64) AppleWebKit/537.36 (KHTML, like Gecko) Chrome/89.0.4389.90 Safari/537.36"
110.249.201.208 - - [14/Jul/2026:12:47:00 -0400] "GET /images/slider/cache/c733668551551cde0b8901693e5b40a0/slidebg6.webp HTTP/1.1" 200 20636 "-" "Mozilla/5.0 (Linux; Android 5.0) AppleWebKit/537.36 (KHTML, like Gecko) Mobile Safari/537.36 (compatible; Bytespider; https://zhanzhang.toutiao.com/)"
66.249.65.33 - - [14/Jul/2026:12:47:09 -0400] "GET /detail/663482081174 HTTP/1.1" 404 13925 "-" "Mozilla/5.0 (compatible; Googlebot/2.1; +http://www.google.com/bot.html)"
110.249.202.195 - - [14/Jul/2026:12:47:28 -0400] "GET /events/eventsbyday/2030/10/25/- HTTP/1.1" 200 106011 "-" "Mozilla/5.0 (Linux; Android 5.0) AppleWebKit/537.36 (KHTML, like Gecko) Mobile Safari/537.36 (compatible; Bytespider; https://zhanzhang.toutiao.com/)"
110.249.202.195 - - [14/Jul/2026:12:47:29 -0400] "GET /media/legacy/js/jquery-noconflict.min.js?647005fc12b79b3ca2bb30c059899d5994e3e34d HTTP/1.1" 200 47 "https://transformptyoga.com/events/eventsbyday/2030/10/25/-" "Mozilla/5.0 (Linux; Android 5.0) AppleWebKit/537.36 (KHTML, like Gecko) Mobile Safari/537.36 (compatible; Bytespider; https://zhanzhang.toutiao.com/)"
110.249.201.183 - - [14/Jul/2026:12:47:55 -0400] "GET /images/content/store/bodyhealth/perfectamino.png HTTP/1.1" 200 201032 "-" "Mozilla/5.0 (Linux; Android 5.0) AppleWebKit/537.36 (KHTML, like Gecko) Mobile Safari/537.36 (compatible; Bytespider; https://zhanzhang.toutiao.com/)"
66.249.65.46 - - [14/Jul/2026:12:47:56 -0400] "GET /goodscode/802869413137 HTTP/1.1" 404 13931 "-" "Mozilla/5.0 (compatible; Googlebot/2.1; +http://www.google.com/bot.html)"
66.249.65.46 - - [14/Jul/2026:12:47:58 -0400] "GET /special/662618697415 HTTP/1.1" 404 13926 "-" "Mozilla/5.0 (compatible; Googlebot/2.1; +http://www.google.com/bot.html)"
66.249.65.32 - - [14/Jul/2026:12:47:59 -0400] "GET /goodscode/773390023453 HTTP/1.1" 404 13930 "-" "Mozilla/5.0 (Linux; Android 6.0.1; Nexus 5X Build/MMB29P) AppleWebKit/537.36 (KHTML, like Gecko) Chrome/150.0.7871.46 Mobile Safari/537.36 (compatible; Googlebot/2.1; +http://www.google.com/bot.html)"
66.249.65.33 - - [14/Jul/2026:12:48:07 -0400] "GET /market/874215371502 HTTP/1.1" 404 13928 "-" "Mozilla/5.0 (compatible; Googlebot/2.1; +http://www.google.com/bot.html)"
110.249.202.33 - - [14/Jul/2026:12:48:22 -0400] "GET /events/eventsbyday/2028/8/26/- HTTP/1.1" 200 106009 "-" "Mozilla/5.0 (Linux; Android 5.0) AppleWebKit/537.36 (KHTML, like Gecko) Mobile Safari/537.36 (compatible; Bytespider; https://zhanzhang.toutiao.com/)"
110.249.202.33 - - [14/Jul/2026:12:48:23 -0400] "GET /media/legacy/js/jquery-noconflict.min.js?647005fc12b79b3ca2bb30c059899d5994e3e34d HTTP/1.1" 200 47 "https://transformptyoga.com/events/eventsbyday/2028/8/26/-" "Mozilla/5.0 (Linux; Android 5.0) AppleWebKit/537.36 (KHTML, like Gecko) Mobile Safari/537.36 (compatible; Bytespider; https://zhanzhang.toutiao.com/)"
54.162.6.183 - - [14/Jul/2026:12:48:43 -0400] "GET / HTTP/1.1" 200 93385 "-" "Mozilla/5.0 (Windows NT 10.0; Win64; x64) AppleWebKit/537.36 (KHTML, like Gecko) Chrome/130.0.0.0 Safari/537.36 Edg/130.0.0.0"
54.162.6.183 - - [14/Jul/2026:12:48:43 -0400] "GET / HTTP/1.1" 200 93383 "-" "Mozilla/5.0 (X11; Linux x86_64) AppleWebKit/537.36 (KHTML, like Gecko) Chrome/136.0.0.0 Safari/537.36"
66.249.65.32 - - [14/Jul/2026:12:48:47 -0400] "GET /goodscode/011734516806 HTTP/1.1" 404 13930 "-" "Mozilla/5.0 (compatible; Googlebot/2.1; +http://www.google.com/bot.html)"
111.225.148.163 - - [14/Jul/2026:12:48:50 -0400] "GET /events/eventsbyday/2027/9/23/- HTTP/1.1" 200 106017 "-" "Mozilla/5.0 (Linux; Android 5.0) AppleWebKit/537.36 (KHTML, like Gecko) Mobile Safari/537.36 (compatible; Bytespider; https://zhanzhang.toutiao.com/)"
111.225.148.163 - - [14/Jul/2026:12:48:51 -0400] "GET /media/legacy/js/jquery-noconflict.min.js?647005fc12b79b3ca2bb30c059899d5994e3e34d HTTP/1.1" 200 47 "https://transformptyoga.com/events/eventsbyday/2027/9/23/-" "Mozilla/5.0 (Linux; Android 5.0) AppleWebKit/537.36 (KHTML, like Gecko) Mobile Safari/537.36 (compatible; Bytespider; https://zhanzhang.toutiao.com/)"
66.249.65.46 - - [14/Jul/2026:12:49:05 -0400] "GET /market/842695007085 HTTP/1.1" 404 13926 "-" "Mozilla/5.0 (compatible; Googlebot/2.1; +http://www.google.com/bot.html)"
110.249.202.233 - - [14/Jul/2026:12:49:16 -0400] "GET /membership HTTP/1.1" 200 106369 "-" "Mozilla/5.0 (Linux; Android 5.0) AppleWebKit/537.36 (KHTML, like Gecko) Mobile Safari/537.36 (compatible; Bytespider; https://zhanzhang.toutiao.com/)"
110.249.202.233 - - [14/Jul/2026:12:49:16 -0400] "GET /media/legacy/js/jquery-noconflict.min.js?647005fc12b79b3ca2bb30c059899d5994e3e34d HTTP/1.1" 200 47 "https://www.transformptyoga.com/membership" "Mozilla/5.0 (Linux; Android 5.0) AppleWebKit/537.36 (KHTML, like Gecko) Mobile Safari/537.36 (compatible; Bytespider; https://zhanzhang.toutiao.com/)"
110.249.202.233 - - [14/Jul/2026:12:49:16 -0400] "GET /images/content/primary/membership.jpg HTTP/1.1" 206 500 "https://www.transformptyoga.com/membership" "Mozilla/5.0 (Linux; Android 5.0) AppleWebKit/537.36 (KHTML, like Gecko) Mobile Safari/537.36 (compatible; Bytespider; https://zhanzhang.toutiao.com/)"
66.249.65.46 - - [14/Jul/2026:12:49:22 -0400] "GET /special/751484290116 HTTP/1.1" 404 13930 "-" "Mozilla/5.0 (compatible; Googlebot/2.1; +http://www.google.com/bot.html)"
66.249.65.46 - - [14/Jul/2026:12:49:32 -0400] "GET /detail/681089490960 HTTP/1.1" 404 13926 "-" "Mozilla/5.0 (compatible; Googlebot/2.1; +http://www.google.com/bot.html)"
66.249.65.46 - - [14/Jul/2026:12:49:33 -0400] "GET /market/693985489855 HTTP/1.1" 404 13926 "-" "Mozilla/5.0 (compatible; Googlebot/2.1; +http://www.google.com/bot.html)"
66.249.65.33 - - [14/Jul/2026:12:49:37 -0400] "GET /item/811004185468 HTTP/1.1" 404 13925 "-" "Mozilla/5.0 (Linux; Android 6.0.1; Nexus 5X Build/MMB29P) AppleWebKit/537.36 (KHTML, like Gecko) Chrome/150.0.7871.46 Mobile Safari/537.36 (compatible; Googlebot/2.1; +http://www.google.com/bot.html)"
66.249.65.33 - - [14/Jul/2026:12:49:40 -0400] "GET /entity/75755822272 HTTP/1.1" 404 13930 "-" "Mozilla/5.0 (Linux; Android 6.0.1; Nexus 5X Build/MMB29P) AppleWebKit/537.36 (KHTML, like Gecko) Chrome/150.0.7871.46 Mobile Safari/537.36 (compatible; Googlebot/2.1; +http://www.google.com/bot.html)"
111.225.148.62 - - [14/Jul/2026:12:49:44 -0400] "GET /events/eventsbyday/2026/7/10/- HTTP/1.1" 200 106004 "-" "Mozilla/5.0 (Linux; Android 5.0) AppleWebKit/537.36 (KHTML, like Gecko) Mobile Safari/537.36 (compatible; Bytespider; https://zhanzhang.toutiao.com/)"
111.225.148.62 - - [14/Jul/2026:12:49:45 -0400] "GET /media/vendor/joomla-custom-elements/css/joomla-alert.min.css?0.2.0 HTTP/1.1" 200 955 "https://www.transformptyoga.com/events/eventsbyday/2026/7/10/-" "Mozilla/5.0 (Linux; Android 5.0) AppleWebKit/537.36 (KHTML, like Gecko) Mobile Safari/537.36 (compatible; Bytespider; https://zhanzhang.toutiao.com/)"
111.225.148.62 - - [14/Jul/2026:12:49:45 -0400] "GET /media/com_jevents/lib_jevmodal/css/jevmodal.css HTTP/1.1" 200 4451 "https://www.transformptyoga.com/events/eventsbyday/2026/7/10/-" "Mozilla/5.0 (Linux; Android 5.0) AppleWebKit/537.36 (KHTML, like Gecko) Mobile Safari/537.36 (compatible; Bytespider; https://zhanzhang.toutiao.com/)"
111.225.148.62 - - [14/Jul/2026:12:49:45 -0400] "GET /media/legacy/js/jquery-noconflict.min.js?647005fc12b79b3ca2bb30c059899d5994e3e34d HTTP/1.1" 200 47 "https://www.transformptyoga.com/events/eventsbyday/2026/7/10/-" "Mozilla/5.0 (Linux; Android 5.0) AppleWebKit/537.36 (KHTML, like Gecko) Mobile Safari/537.36 (compatible; Bytespider; https://zhanzhang.toutiao.com/)"
111.225.148.62 - - [14/Jul/2026:12:49:45 -0400] "GET /media/vendor/bootstrap/js/popover.min.js?5.3.2 HTTP/1.1" 200 3430 "https://www.transformptyoga.com/events/eventsbyday/2026/7/10/-" "Mozilla/5.0 (Linux; Android 5.0) AppleWebKit/537.36 (KHTML, like Gecko) Mobile Safari/537.36 (compatible; Bytespider; https://zhanzhang.toutiao.com/)"
111.225.148.62 - - [14/Jul/2026:12:49:45 -0400] "GET /media/vendor/bootstrap/js/modal.min.js?5.3.2 HTTP/1.1" 200 2477 "https://www.transformptyoga.com/events/eventsbyday/2026/7/10/-" "Mozilla/5.0 (Linux; Android 5.0) AppleWebKit/537.36 (KHTML, like Gecko) Mobile Safari/537.36 (compatible; Bytespider; https://zhanzhang.toutiao.com/)"
111.225.148.62 - - [14/Jul/2026:12:49:45 -0400] "GET /media/system/js/messages.min.js?7f7aa28ac8e8d42145850e8b45b3bc82ff9a6411 HTTP/1.1" 200 1837 "https://www.transformptyoga.com/events/eventsbyday/2026/7/10/-" "Mozilla/5.0 (Linux; Android 5.0) AppleWebKit/537.36 (KHTML, like Gecko) Mobile Safari/537.36 (compatible; Bytespider; https://zhanzhang.toutiao.com/)"
111.225.148.62 - - [14/Jul/2026:12:49:46 -0400] "GET /media/com_jevents/lib_jevmodal/js/jevmodal.min.js HTTP/1.1" 200 10360 "https://www.transformptyoga.com/events/eventsbyday/2026/7/10/-" "Mozilla/5.0 (Linux; Android 5.0) AppleWebKit/537.36 (KHTML, like Gecko) Mobile Safari/537.36 (compatible; Bytespider; https://zhanzhang.toutiao.com/)"
111.225.148.62 - - [14/Jul/2026:12:49:46 -0400] "GET /media/vendor/bootstrap/js/popper.min.js?5.3.0 HTTP/1.1" 200 7749 "https://www.transformptyoga.com/media/vendor/bootstrap/js/popover.min.js?5.3.2" "Mozilla/5.0 (Linux; Android 5.0) AppleWebKit/537.36 (KHTML, like Gecko) Mobile Safari/537.36 (compatible; Bytespider; https://zhanzhang.toutiao.com/)"
111.225.148.62 - - [14/Jul/2026:12:49:47 -0400] "GET /media/vendor/bootstrap/js/dom.min.js?5.3.0 HTTP/1.1" 200 6732 "https://www.transformptyoga.com/media/vendor/bootstrap/js/popover.min.js?5.3.2" "Mozilla/5.0 (Linux; Android 5.0) AppleWebKit/537.36 (KHTML, like Gecko) Mobile Safari/537.36 (compatible; Bytespider; https://zhanzhang.toutiao.com/)"
66.249.65.33 - - [14/Jul/2026:12:50:08 -0400] "GET /market/831503913324 HTTP/1.1" 404 13925 "-" "Mozilla/5.0 (Linux; Android 6.0.1; Nexus 5X Build/MMB29P) AppleWebKit/537.36 (KHTML, like Gecko) Chrome/150.0.7871.46 Mobile Safari/537.36 (compatible; Googlebot/2.1; +http://www.google.com/bot.html)"
110.249.202.101 - - [14/Jul/2026:12:50:11 -0400] "GET /events HTTP/1.1" 200 115701 "-" "Mozilla/5.0 (Linux; Android 5.0) AppleWebKit/537.36 (KHTML, like Gecko) Mobile Safari/537.36 (compatible; Bytespider; https://zhanzhang.toutiao.com/)"
110.249.202.101 - - [14/Jul/2026:12:50:11 -0400] "GET /media/legacy/js/jquery-noconflict.min.js?647005fc12b79b3ca2bb30c059899d5994e3e34d HTTP/1.1" 200 47 "https://www.transformptyoga.com/events" "Mozilla/5.0 (Linux; Android 5.0) AppleWebKit/537.36 (KHTML, like Gecko) Mobile Safari/537.36 (compatible; Bytespider; https://zhanzhang.toutiao.com/)"
66.249.65.46 - - [14/Jul/2026:12:50:26 -0400] "GET /entity/7025328145 HTTP/1.1" 404 13926 "-" "Mozilla/5.0 (compatible; Googlebot/2.1; +http://www.google.com/bot.html)"
66.249.65.46 - - [14/Jul/2026:12:50:46 -0400] "GET /market/783987237890 HTTP/1.1" 404 13925 "-" "Mozilla/5.0 (Linux; Android 6.0.1; Nexus 5X Build/MMB29P) AppleWebKit/537.36 (KHTML, like Gecko) Chrome/150.0.7871.46 Mobile Safari/537.36 (compatible; Googlebot/2.1; +http://www.google.com/bot.html)"
66.249.65.46 - - [14/Jul/2026:12:50:53 -0400] "GET /detail/721036515518 HTTP/1.1" 404 13930 "-" "Mozilla/5.0 (compatible; Googlebot/2.1; +http://www.google.com/bot.html)"
66.249.65.46 - - [14/Jul/2026:12:50:53 -0400] "GET /detail/721036515518 HTTP/1.1" 404 13926 "-" "Mozilla/5.0 (Linux; Android 6.0.1; Nexus 5X Build/MMB29P) AppleWebKit/537.36 (KHTML, like Gecko) Chrome/150.0.7871.46 Mobile Safari/537.36 (compatible; Googlebot/2.1; +http://www.google.com/bot.html)"
66.249.65.46 - - [14/Jul/2026:12:51:22 -0400] "GET /market/791653313862 HTTP/1.1" 404 13926 "-" "Mozilla/5.0 (Linux; Android 6.0.1; Nexus 5X Build/MMB29P) AppleWebKit/537.36 (KHTML, like Gecko) Chrome/150.0.7871.46 Mobile Safari/537.36 (compatible; Googlebot/2.1; +http://www.google.com/bot.html)"
66.249.65.32 - - [14/Jul/2026:12:51:22 -0400] "GET /info/701170095532 HTTP/1.1" 404 13930 "-" "Mozilla/5.0 (compatible; Googlebot/2.1; +http://www.google.com/bot.html)"
77.83.36.161 - - [14/Jul/2026:12:51:28 -0400] "GET /administrator/index.php HTTP/1.1" 200 12531 "-" "Mozilla/4.0 (compatible; MSIE 7.0; Windows NT 6.0)"
77.83.36.161 - - [14/Jul/2026:12:51:28 -0400] "POST /administrator/index.php HTTP/1.1" 303 - "-" "Mozilla/4.0 (compatible; MSIE 7.0; Windows NT 6.0)"
77.83.36.161 - - [14/Jul/2026:12:51:29 -0400] "GET /administrator/index.php HTTP/1.1" 200 12766 "-" "Mozilla/4.0 (compatible; MSIE 7.0; Windows NT 6.0)"
77.83.36.161 - - [14/Jul/2026:12:51:30 -0400] "POST /administrator/index.php HTTP/1.1" 303 - "-" "Mozilla/4.0 (compatible; MSIE 7.0; Windows NT 6.0)"
77.83.36.161 - - [14/Jul/2026:12:51:30 -0400] "GET /administrator/index.php HTTP/1.1" 200 12766 "-" "Mozilla/4.0 (compatible; MSIE 7.0; Windows NT 6.0)"
77.83.36.161 - - [14/Jul/2026:12:51:31 -0400] "POST /administrator/index.php HTTP/1.1" 303 - "-" "Mozilla/4.0 (compatible; MSIE 7.0; Windows NT 6.0)"
77.83.36.161 - - [14/Jul/2026:12:51:32 -0400] "GET /administrator/index.php HTTP/1.1" 200 12766 "-" "Mozilla/4.0 (compatible; MSIE 7.0; Windows NT 6.0)"
66.249.65.46 - - [14/Jul/2026:12:51:55 -0400] "GET /market/87224853872 HTTP/1.1" 404 13926 "-" "Mozilla/5.0 (compatible; Googlebot/2.1; +http://www.google.com/bot.html)"
66.249.65.32 - - [14/Jul/2026:12:51:57 -0400] "GET /special/671431445393 HTTP/1.1" 404 13930 "-" "Mozilla/5.0 (Linux; Android 6.0.1; Nexus 5X Build/MMB29P) AppleWebKit/537.36 (KHTML, like Gecko) Chrome/150.0.7871.46 Mobile Safari/537.36 (compatible; Googlebot/2.1; +http://www.google.com/bot.html)"
66.249.65.33 - - [14/Jul/2026:12:52:29 -0400] "GET /special/82404512980 HTTP/1.1" 404 13928 "-" "Mozilla/5.0 (Linux; Android 6.0.1; Nexus 5X Build/MMB29P) AppleWebKit/537.36 (KHTML, like Gecko) Chrome/150.0.7871.46 Mobile Safari/537.36 (compatible; Googlebot/2.1; +http://www.google.com/bot.html)"
66.249.65.33 - - [14/Jul/2026:12:53:27 -0400] "GET /product/831610787221 HTTP/1.1" 404 13930 "-" "Mozilla/5.0 (compatible; Googlebot/2.1; +http://www.google.com/bot.html)"
66.249.65.32 - - [14/Jul/2026:12:54:33 -0400] "GET /goodscode/813496534875 HTTP/1.1" 404 13931 "-" "Mozilla/5.0 (compatible; Googlebot/2.1; +http://www.google.com/bot.html)"
66.249.65.33 - - [14/Jul/2026:12:54:34 -0400] "GET /item/682151008242 HTTP/1.1" 404 13926 "-" "Mozilla/5.0 (Linux; Android 6.0.1; Nexus 5X Build/MMB29P) AppleWebKit/537.36 (KHTML, like Gecko) Chrome/150.0.7871.46 Mobile Safari/537.36 (compatible; Googlebot/2.1; +http://www.google.com/bot.html)"
66.249.65.32 - - [14/Jul/2026:12:54:35 -0400] "GET /item/682151008242 HTTP/1.1" 404 13926 "-" "Mozilla/5.0 (compatible; Googlebot/2.1; +http://www.google.com/bot.html)"
66.249.65.32 - - [14/Jul/2026:12:54:43 -0400] "GET /shopbrand/891948861006 HTTP/1.1" 404 13928 "-" "Mozilla/5.0 (compatible; Googlebot/2.1; +http://www.google.com/bot.html)"
66.249.65.46 - - [14/Jul/2026:12:55:17 -0400] "GET /item/72962332761 HTTP/1.1" 404 13931 "-" "Mozilla/5.0 (compatible; Googlebot/2.1; +http://www.google.com/bot.html)"
66.249.65.32 - - [14/Jul/2026:12:55:52 -0400] "GET /shopping/67471659234 HTTP/1.1" 404 13926 "-" "Mozilla/5.0 (compatible; Googlebot/2.1; +http://www.google.com/bot.html)"
66.249.65.33 - - [14/Jul/2026:12:56:13 -0400] "GET /items/683846594926 HTTP/1.1" 404 13926 "-" "Mozilla/5.0 (Linux; Android 6.0.1; Nexus 5X Build/MMB29P) AppleWebKit/537.36 (KHTML, like Gecko) Chrome/150.0.7871.46 Mobile Safari/537.36 (compatible; Googlebot/2.1; +http://www.google.com/bot.html)"
66.249.65.32 - - [14/Jul/2026:12:56:33 -0400] "GET /goodscode/843735601842 HTTP/1.1" 404 13926 "-" "Mozilla/5.0 (compatible; Googlebot/2.1; +http://www.google.com/bot.html)"
66.249.65.32 - - [14/Jul/2026:12:56:36 -0400] "GET /products/761691943609 HTTP/1.1" 404 13925 "-" "Mozilla/5.0 (compatible; Googlebot/2.1; +http://www.google.com/bot.html)"
66.249.65.46 - - [14/Jul/2026:12:57:19 -0400] "GET /product/691007403042 HTTP/1.1" 404 13926 "-" "Mozilla/5.0 (compatible; Googlebot/2.1; +http://www.google.com/bot.html)"
66.249.65.46 - - [14/Jul/2026:12:57:21 -0400] "GET /special/8585170921 HTTP/1.1" 404 13930 "-" "Mozilla/5.0 (Linux; Android 6.0.1; Nexus 5X Build/MMB29P) AppleWebKit/537.36 (KHTML, like Gecko) Chrome/150.0.7871.46 Mobile Safari/537.36 (compatible; Googlebot/2.1; +http://www.google.com/bot.html)"
66.249.65.46 - - [14/Jul/2026:12:57:38 -0400] "GET /goodscode/83508004438 HTTP/1.1" 404 13928 "-" "Mozilla/5.0 (compatible; Googlebot/2.1; +http://www.google.com/bot.html)"
66.249.65.46 - - [14/Jul/2026:12:58:22 -0400] "GET /market/711482957571 HTTP/1.1" 404 13926 "-" "Mozilla/5.0 (Linux; Android 6.0.1; Nexus 5X Build/MMB29P) AppleWebKit/537.36 (KHTML, like Gecko) Chrome/150.0.7871.46 Mobile Safari/537.36 (compatible; Googlebot/2.1; +http://www.google.com/bot.html)"
66.249.65.46 - - [14/Jul/2026:12:58:40 -0400] "GET /detail/701359546844 HTTP/1.1" 404 13926 "-" "Mozilla/5.0 (Linux; Android 6.0.1; Nexus 5X Build/MMB29P) AppleWebKit/537.36 (KHTML, like Gecko) Chrome/150.0.7871.46 Mobile Safari/537.36 (compatible; Googlebot/2.1; +http://www.google.com/bot.html)"
66.249.65.33 - - [14/Jul/2026:12:59:02 -0400] "GET /shopping/841329541881 HTTP/1.1" 404 13931 "-" "Mozilla/5.0 (Linux; Android 6.0.1; Nexus 5X Build/MMB29P) AppleWebKit/537.36 (KHTML, like Gecko) Chrome/150.0.7871.46 Mobile Safari/537.36 (compatible; Googlebot/2.1; +http://www.google.com/bot.html)"
66.249.65.32 - - [14/Jul/2026:12:59:09 -0400] "GET /entity/811340247179 HTTP/1.1" 404 13931 "-" "Mozilla/5.0 (Linux; Android 6.0.1; Nexus 5X Build/MMB29P) AppleWebKit/537.36 (KHTML, like Gecko) Chrome/150.0.7871.46 Mobile Safari/537.36 (compatible; Googlebot/2.1; +http://www.google.com/bot.html)"
148.113.130.127 - - [14/Jul/2026:12:59:10 -0400] "GET /vi-blog/work-smarter-not-harder-the-new-rules-of-cardio HTTP/1.1" 404 13969 "-" "Mozilla/5.0 (compatible; AhrefsBot/7.0; +http://ahrefs.com/robot/)"
66.249.65.46 - - [14/Jul/2026:12:59:16 -0400] "GET /detail/691827539158 HTTP/1.1" 404 13928 "-" "Mozilla/5.0 (compatible; Googlebot/2.1; +http://www.google.com/bot.html)"
66.249.65.46 - - [14/Jul/2026:12:59:20 -0400] "GET /market/013041723758 HTTP/1.1" 404 13930 "-" "Mozilla/5.0 (Linux; Android 6.0.1; Nexus 5X Build/MMB29P) AppleWebKit/537.36 (KHTML, like Gecko) Chrome/150.0.7871.46 Mobile Safari/537.36 (compatible; Googlebot/2.1; +http://www.google.com/bot.html)"
66.249.65.46 - - [14/Jul/2026:12:59:29 -0400] "GET /shopping/852039674202 HTTP/1.1" 404 13926 "-" "Mozilla/5.0 (compatible; Googlebot/2.1; +http://www.google.com/bot.html)"
66.249.65.46 - - [14/Jul/2026:12:59:36 -0400] "GET /product/042789950980 HTTP/1.1" 404 13928 "-" "Mozilla/5.0 (compatible; Googlebot/2.1; +http://www.google.com/bot.html)"
66.249.65.33 - - [14/Jul/2026:13:00:12 -0400] "GET /entity/652687367974 HTTP/1.1" 404 13930 "-" "Mozilla/5.0 (Linux; Android 6.0.1; Nexus 5X Build/MMB29P) AppleWebKit/537.36 (KHTML, like Gecko) Chrome/150.0.7871.46 Mobile Safari/537.36 (compatible; Googlebot/2.1; +http://www.google.com/bot.html)"
217.150.82.140 - - [14/Jul/2026:13:00:21 -0400] "GET / HTTP/1.1" 200 93383 "https://www.google.com/" "Mozilla/5.0 (Macintosh; Intel Mac OS X 10_15_7) AppleWebKit/605.1.15 (KHTML, like Gecko) Version/17.6 Safari/605.1.15"
217.150.82.140 - - [14/Jul/2026:13:00:22 -0400] "GET /components/com_jrealtimeanalytics/css/mainstyle.css?96c48e0a72568bfb0c038bc5bb3c85cc HTTP/1.1" 200 587 "https://transformptyoga.com/" "Mozilla/5.0 (Macintosh; Intel Mac OS X 10_15_7) AppleWebKit/605.1.15 (KHTML, like Gecko) Version/17.6 Safari/605.1.15"
217.150.82.140 - - [14/Jul/2026:13:00:22 -0400] "GET /media/plg_system_jcepro/site/css/content.min.css?86aa0286b6232c4a5b58f892ce080277 HTTP/1.1" 200 8484 "https://transformptyoga.com/" "Mozilla/5.0 (Macintosh; Intel Mac OS X 10_15_7) AppleWebKit/605.1.15 (KHTML, like Gecko) Version/17.6 Safari/605.1.15"
217.150.82.140 - - [14/Jul/2026:13:00:22 -0400] "GET /modules/mod_maximenuck/themes/custom/css/maximenuck_maximenuck138.css HTTP/1.1" 200 35137 "https://transformptyoga.com/" "Mozilla/5.0 (Macintosh; Intel Mac OS X 10_15_7) AppleWebKit/605.1.15 (KHTML, like Gecko) Version/17.6 Safari/605.1.15"
217.150.82.140 - - [14/Jul/2026:13:00:22 -0400] "GET /modules/mod_maximenuck/themes/custom/css/maximenuck_maximenuck141.css HTTP/1.1" 200 35132 "https://transformptyoga.com/" "Mozilla/5.0 (Macintosh; Intel Mac OS X 10_15_7) AppleWebKit/605.1.15 (KHTML, like Gecko) Version/17.6 Safari/605.1.15"
217.150.82.140 - - [14/Jul/2026:13:00:22 -0400] "GET /modules/mod_maximenuck/themes/custom/css/maximenuck_maximenuck139.css HTTP/1.1" 200 33551 "https://transformptyoga.com/" "Mozilla/5.0 (Macintosh; Intel Mac OS X 10_15_7) AppleWebKit/605.1.15 (KHTML, like Gecko) Version/17.6 Safari/605.1.15"
217.150.82.140 - - [14/Jul/2026:13:00:22 -0400] "GET /media/com_convertforms/css/convertforms.css?96c48e0a72568bfb0c038bc5bb3c85cc HTTP/1.1" 200 24872 "https://transformptyoga.com/" "Mozilla/5.0 (Macintosh; Intel Mac OS X 10_15_7) AppleWebKit/605.1.15 (KHTML, like Gecko) Version/17.6 Safari/605.1.15"
217.150.82.140 - - [14/Jul/2026:13:00:22 -0400] "GET /templates/it_oxygen/custom/css-compiled/oxygen_12.css?6a52fe6f HTTP/1.1" 200 154665 "https://transformptyoga.com/" "Mozilla/5.0 (Macintosh; Intel Mac OS X 10_15_7) AppleWebKit/605.1.15 (KHTML, like Gecko) Version/17.6 Safari/605.1.15"
217.150.82.140 - - [14/Jul/2026:13:00:22 -0400] "GET /templates/it_oxygen/uikit/css/uikit.min.css HTTP/1.1" 200 113947 "https://transformptyoga.com/" "Mozilla/5.0 (Macintosh; Intel Mac OS X 10_15_7) AppleWebKit/605.1.15 (KHTML, like Gecko) Version/17.6 Safari/605.1.15"
217.150.82.140 - - [14/Jul/2026:13:00:22 -0400] "GET /media/gantry5/engines/nucleus/css-compiled/nucleus.css HTTP/1.1" 200 20312 "https://transformptyoga.com/" "Mozilla/5.0 (Macintosh; Intel Mac OS X 10_15_7) AppleWebKit/605.1.15 (KHTML, like Gecko) Version/17.6 Safari/605.1.15"
217.150.82.140 - - [14/Jul/2026:13:00:22 -0400] "GET /media/gantry5/engines/nucleus/css-compiled/bootstrap5.css HTTP/1.1" 200 173544 "https://transformptyoga.com/" "Mozilla/5.0 (Macintosh; Intel Mac OS X 10_15_7) AppleWebKit/605.1.15 (KHTML, like Gecko) Version/17.6 Safari/605.1.15"
217.150.82.140 - - [14/Jul/2026:13:00:22 -0400] "GET /media/system/css/joomla-fontawesome.min.css HTTP/1.1" 200 14993 "https://transformptyoga.com/" "Mozilla/5.0 (Macintosh; Intel Mac OS X 10_15_7) AppleWebKit/605.1.15 (KHTML, like Gecko) Version/17.6 Safari/605.1.15"
217.150.82.140 - - [14/Jul/2026:13:00:22 -0400] "GET /media/system/css/debug.css HTTP/1.1" 200 3434 "https://transformptyoga.com/" "Mozilla/5.0 (Macintosh; Intel Mac OS X 10_15_7) AppleWebKit/605.1.15 (KHTML, like Gecko) Version/17.6 Safari/605.1.15"
217.150.82.140 - - [14/Jul/2026:13:00:22 -0400] "GET /media/legacy/js/jquery-noconflict.min.js?647005fc12b79b3ca2bb30c059899d5994e3e34d HTTP/1.1" 200 47 "https://transformptyoga.com/" "Mozilla/5.0 (Macintosh; Intel Mac OS X 10_15_7) AppleWebKit/605.1.15 (KHTML, like Gecko) Version/17.6 Safari/605.1.15"
217.150.82.140 - - [14/Jul/2026:13:00:22 -0400] "GET /media/gantry5/assets/css/font-awesome.min.css HTTP/1.1" 200 31000 "https://transformptyoga.com/" "Mozilla/5.0 (Macintosh; Intel Mac OS X 10_15_7) AppleWebKit/605.1.15 (KHTML, like Gecko) Version/17.6 Safari/605.1.15"
217.150.82.140 - - [14/Jul/2026:13:00:22 -0400] "GET /templates/it_oxygen/custom/css-compiled/oxygen-joomla_12.css?6a52fe6f HTTP/1.1" 200 51398 "https://transformptyoga.com/" "Mozilla/5.0 (Macintosh; Intel Mac OS X 10_15_7) AppleWebKit/605.1.15 (KHTML, like Gecko) Version/17.6 Safari/605.1.15"
217.150.82.140 - - [14/Jul/2026:13:00:22 -0400] "GET /templates/it_oxygen/custom/css-compiled/custom_12.css?6a52fe6f HTTP/1.1" 200 335 "https://transformptyoga.com/" "Mozilla/5.0 (Macintosh; Intel Mac OS X 10_15_7) AppleWebKit/605.1.15 (KHTML, like Gecko) Version/17.6 Safari/605.1.15"
217.150.82.140 - - [14/Jul/2026:13:00:22 -0400] "GET /media/com_convertforms/js/site.js?96c48e0a72568bfb0c038bc5bb3c85cc HTTP/1.1" 200 13724 "https://transformptyoga.com/" "Mozilla/5.0 (Macintosh; Intel Mac OS X 10_15_7) AppleWebKit/605.1.15 (KHTML, like Gecko) Version/17.6 Safari/605.1.15"
217.150.82.140 - - [14/Jul/2026:13:00:22 -0400] "GET /media/vendor/jquery/js/jquery.min.js?3.7.1 HTTP/1.1" 200 30342 "https://transformptyoga.com/" "Mozilla/5.0 (Macintosh; Intel Mac OS X 10_15_7) AppleWebKit/605.1.15 (KHTML, like Gecko) Version/17.6 Safari/605.1.15"
217.150.82.140 - - [14/Jul/2026:13:00:22 -0400] "GET /media/system/js/keepalive.min.js?9f10654c2f49ca104ca0449def6eec3f06bd19c0 HTTP/1.1" 200 430 "https://transformptyoga.com/" "Mozilla/5.0 (Macintosh; Intel Mac OS X 10_15_7) AppleWebKit/605.1.15 (KHTML, like Gecko) Version/17.6 Safari/605.1.15"
217.150.82.140 - - [14/Jul/2026:13:00:22 -0400] "GET /components/com_jrealtimeanalytics/js/heatmap.js?96c48e0a72568bfb0c038bc5bb3c85cc HTTP/1.1" 200 2237 "https://transformptyoga.com/" "Mozilla/5.0 (Macintosh; Intel Mac OS X 10_15_7) AppleWebKit/605.1.15 (KHTML, like Gecko) Version/17.6 Safari/605.1.15"
217.150.82.140 - - [14/Jul/2026:13:00:22 -0400] "GET /media/system/js/core.min.js?37ffe4186289eba9c5df81bea44080aff77b9684 HTTP/1.1" 200 3135 "https://transformptyoga.com/" "Mozilla/5.0 (Macintosh; Intel Mac OS X 10_15_7) AppleWebKit/605.1.15 (KHTML, like Gecko) Version/17.6 Safari/605.1.15"
217.150.82.140 - - [14/Jul/2026:13:00:22 -0400] "GET /media/smartslider3/src/SmartSlider3/Application/Frontend/Assets/dist/smartslider-frontend.min.js?ver=667fb12b HTTP/1.1" 200 221457 "https://transformptyoga.com/" "Mozilla/5.0 (Macintosh; Intel Mac OS X 10_15_7) AppleWebKit/605.1.15 (KHTML, like Gecko) Version/17.6 Safari/605.1.15"
217.150.82.140 - - [14/Jul/2026:13:00:22 -0400] "GET /media/smartslider3/src/SmartSlider3/Application/Frontend/Assets/dist/n2.min.js?ver=667fb12b HTTP/1.1" 200 91697 "https://transformptyoga.com/" "Mozilla/5.0 (Macintosh; Intel Mac OS X 10_15_7) AppleWebKit/605.1.15 (KHTML, like Gecko) Version/17.6 Safari/605.1.15"
217.150.82.140 - - [14/Jul/2026:13:00:22 -0400] "GET /media/smartslider3/src/SmartSlider3/Slider/SliderType/Simple/Assets/dist/smartslider-backgroundanimation.min.js?ver=667fb12b HTTP/1.1" 200 664528 "https://transformptyoga.com/" "Mozilla/5.0 (Macintosh; Intel Mac OS X 10_15_7) AppleWebKit/605.1.15 (KHTML, like Gecko) Version/17.6 Safari/605.1.15"
217.150.82.140 - - [14/Jul/2026:13:00:22 -0400] "GET /media/smartslider3/src/SmartSlider3/Slider/SliderType/Simple/Assets/dist/ss-simple.min.js?ver=667fb12b HTTP/1.1" 200 14134 "https://transformptyoga.com/" "Mozilla/5.0 (Macintosh; Intel Mac OS X 10_15_7) AppleWebKit/605.1.15 (KHTML, like Gecko) Version/17.6 Safari/605.1.15"
217.150.82.140 - - [14/Jul/2026:13:00:22 -0400] "GET /media/plg_system_mobilemenuck/assets/mobilemenuck.js?ver=1.5.21 HTTP/1.1" 200 52003 "https://transformptyoga.com/" "Mozilla/5.0 (Macintosh; Intel Mac OS X 10_15_7) AppleWebKit/605.1.15 (KHTML, like Gecko) Version/17.6 Safari/605.1.15"
217.150.82.140 - - [14/Jul/2026:13:00:22 -0400] "GET /media/smartslider3/src/SmartSlider3/Widget/Arrow/ArrowImage/Assets/dist/w-arrow-image.min.js?ver=667fb12b HTTP/1.1" 200 1454 "https://transformptyoga.com/" "Mozilla/5.0 (Macintosh; Intel Mac OS X 10_15_7) AppleWebKit/605.1.15 (KHTML, like Gecko) Version/17.6 Safari/605.1.15"
217.150.82.140 - - [14/Jul/2026:13:00:22 -0400] "GET /media/smartslider3/src/SmartSlider3/Application/Frontend/Assets/dist/smartslider.min.css?ver=667fb12b HTTP/1.1" 200 22276 "https://transformptyoga.com/" "Mozilla/5.0 (Macintosh; Intel Mac OS X 10_15_7) AppleWebKit/605.1.15 (KHTML, like Gecko) Version/17.6 Safari/605.1.15"
217.150.82.140 - - [14/Jul/2026:13:00:22 -0400] "GET /media/smartslider3/src/SmartSlider3/Widget/Bullet/Assets/dist/w-bullet.min.js?ver=667fb12b HTTP/1.1" 200 5556 "https://transformptyoga.com/" "Mozilla/5.0 (Macintosh; Intel Mac OS X 10_15_7) AppleWebKit/605.1.15 (KHTML, like Gecko) Version/17.6 Safari/605.1.15"
217.150.82.140 - - [14/Jul/2026:13:00:22 -0400] "GET /components/com_jrealtimeanalytics/js/stream.js?96c48e0a72568bfb0c038bc5bb3c85cc HTTP/1.1" 200 6541 "https://transformptyoga.com/" "Mozilla/5.0 (Macintosh; Intel Mac OS X 10_15_7) AppleWebKit/605.1.15 (KHTML, like Gecko) Version/17.6 Safari/605.1.15"
217.150.82.140 - - [14/Jul/2026:13:00:22 -0400] "GET /modules/mod_maximenuck/assets/maximenuck.min.js HTTP/1.1" 200 17827 "https://transformptyoga.com/" "Mozilla/5.0 (Macintosh; Intel Mac OS X 10_15_7) AppleWebKit/605.1.15 (KHTML, like Gecko) Version/17.6 Safari/605.1.15"
217.150.82.140 - - [14/Jul/2026:13:00:22 -0400] "GET /templates/it_oxygen/uikit/js/uikit.min.js HTTP/1.1" 200 121825 "https://transformptyoga.com/" "Mozilla/5.0 (Macintosh; Intel Mac OS X 10_15_7) AppleWebKit/605.1.15 (KHTML, like Gecko) Version/17.6 Safari/605.1.15"
217.150.82.140 - - [14/Jul/2026:13:00:22 -0400] "GET /media/gantry5/assets/js/main.js HTTP/1.1" 200 147174 "https://transformptyoga.com/" "Mozilla/5.0 (Macintosh; Intel Mac OS X 10_15_7) AppleWebKit/605.1.15 (KHTML, like Gecko) Version/17.6 Safari/605.1.15"
217.150.82.140 - - [14/Jul/2026:13:00:22 -0400] "GET /templates/it_oxygen/js/template.js HTTP/1.1" 200 208 "https://transformptyoga.com/" "Mozilla/5.0 (Macintosh; Intel Mac OS X 10_15_7) AppleWebKit/605.1.15 (KHTML, like Gecko) Version/17.6 Safari/605.1.15"
217.150.82.140 - - [14/Jul/2026:13:00:22 -0400] "GET /templates/it_oxygen/js/scrollReveal.min.js HTTP/1.1" 200 8564 "https://transformptyoga.com/" "Mozilla/5.0 (Macintosh; Intel Mac OS X 10_15_7) AppleWebKit/605.1.15 (KHTML, like Gecko) Version/17.6 Safari/605.1.15"
217.150.82.140 - - [14/Jul/2026:13:00:24 -0400] "GET /media/gantry5/assets/fonts/fontawesome-webfont.woff2?v=4.7.0 HTTP/1.1" 200 77160 "https://transformptyoga.com/" "Mozilla/5.0 (Macintosh; Intel Mac OS X 10_15_7) AppleWebKit/605.1.15 (KHTML, like Gecko) Version/17.6 Safari/605.1.15"
217.150.82.140 - - [14/Jul/2026:13:00:24 -0400] "GET /images/content/primary/TPTY_Logo.png HTTP/1.1" 200 284877 "https://transformptyoga.com/" "Mozilla/5.0 (Macintosh; Intel Mac OS X 10_15_7) AppleWebKit/605.1.15 (KHTML, like Gecko) Version/17.6 Safari/605.1.15"
217.150.82.140 - - [14/Jul/2026:13:00:24 -0400] "POST /index.php?option=com_jrealtimeanalytics&format=json HTTP/1.1" 200 2505 "https://transformptyoga.com/" "Mozilla/5.0 (Macintosh; Intel Mac OS X 10_15_7) AppleWebKit/605.1.15 (KHTML, like Gecko) Version/17.6 Safari/605.1.15"
217.150.82.140 - - [14/Jul/2026:13:00:26 -0400] "GET /images/slider/cache/1660694ff72156cc2837874966195391/slidebg1.webp HTTP/1.1" 200 36784 "https://transformptyoga.com/" "Mozilla/5.0 (Macintosh; Intel Mac OS X 10_15_7) AppleWebKit/605.1.15 (KHTML, like Gecko) Version/17.6 Safari/605.1.15"
217.150.82.140 - - [14/Jul/2026:13:00:27 -0400] "GET /images/slider/cache/1660694ff72156cc2837874966195391/slidebg1.webp HTTP/1.1" 200 36784 "https://transformptyoga.com/" "Mozilla/5.0 (Macintosh; Intel Mac OS X 10_15_7) AppleWebKit/605.1.15 (KHTML, like Gecko) Version/17.6 Safari/605.1.15"
217.150.82.140 - - [14/Jul/2026:13:00:27 -0400] "GET /images/content/primary/p_hand_back.png HTTP/1.1" 200 142134 "https://transformptyoga.com/" "Mozilla/5.0 (Macintosh; Intel Mac OS X 10_15_7) AppleWebKit/605.1.15 (KHTML, like Gecko) Version/17.6 Safari/605.1.15"
217.150.82.140 - - [14/Jul/2026:13:00:27 -0400] "GET /images/slider/cache/e290c90a950bc47dccf0bb27434331cb/slidebg3.webp HTTP/1.1" 200 69130 "https://transformptyoga.com/" "Mozilla/5.0 (Macintosh; Intel Mac OS X 10_15_7) AppleWebKit/605.1.15 (KHTML, like Gecko) Version/17.6 Safari/605.1.15"
217.150.82.140 - - [14/Jul/2026:13:00:27 -0400] "GET /images/slider/cache/771b894941b41559866c6a8d3ed08e7b/slidebg0.webp HTTP/1.1" 200 12760 "https://transformptyoga.com/" "Mozilla/5.0 (Macintosh; Intel Mac OS X 10_15_7) AppleWebKit/605.1.15 (KHTML, like Gecko) Version/17.6 Safari/605.1.15"
217.150.82.140 - - [14/Jul/2026:13:00:27 -0400] "GET /images/slider/cache/101762d149b1b65a22ef66914928803d/slidebg4.webp HTTP/1.1" 200 26670 "https://transformptyoga.com/" "Mozilla/5.0 (Macintosh; Intel Mac OS X 10_15_7) AppleWebKit/605.1.15 (KHTML, like Gecko) Version/17.6 Safari/605.1.15"
217.150.82.140 - - [14/Jul/2026:13:00:27 -0400] "GET /images/slider/cache/bf93afe142c93d62624635711a380665/slidebg6.webp HTTP/1.1" 200 27928 "https://transformptyoga.com/" "Mozilla/5.0 (Macintosh; Intel Mac OS X 10_15_7) AppleWebKit/605.1.15 (KHTML, like Gecko) Version/17.6 Safari/605.1.15"
217.150.82.140 - - [14/Jul/2026:13:00:27 -0400] "GET /images/content/primary/jjcalf.png HTTP/1.1" 200 120863 "https://transformptyoga.com/" "Mozilla/5.0 (Macintosh; Intel Mac OS X 10_15_7) AppleWebKit/605.1.15 (KHTML, like Gecko) Version/17.6 Safari/605.1.15"
217.150.82.140 - - [14/Jul/2026:13:00:27 -0400] "GET /images/content/primary/tptyogo_a.png HTTP/1.1" 200 275091 "https://transformptyoga.com/" "Mozilla/5.0 (Macintosh; Intel Mac OS X 10_15_7) AppleWebKit/605.1.15 (KHTML, like Gecko) Version/17.6 Safari/605.1.15"
217.150.82.140 - - [14/Jul/2026:13:00:27 -0400] "GET /images/slider/cache/771b894941b41559866c6a8d3ed08e7b/slidebg0.webp HTTP/1.1" 200 12760 "https://transformptyoga.com/" "Mozilla/5.0 (Macintosh; Intel Mac OS X 10_15_7) AppleWebKit/605.1.15 (KHTML, like Gecko) Version/17.6 Safari/605.1.15"
217.150.82.140 - - [14/Jul/2026:13:00:27 -0400] "GET /images/slider/cache/e290c90a950bc47dccf0bb27434331cb/slidebg3.webp HTTP/1.1" 200 69130 "https://transformptyoga.com/" "Mozilla/5.0 (Macintosh; Intel Mac OS X 10_15_7) AppleWebKit/605.1.15 (KHTML, like Gecko) Version/17.6 Safari/605.1.15"
217.150.82.140 - - [14/Jul/2026:13:00:27 -0400] "GET /images/slider/cache/101762d149b1b65a22ef66914928803d/slidebg4.webp HTTP/1.1" 200 26670 "https://transformptyoga.com/" "Mozilla/5.0 (Macintosh; Intel Mac OS X 10_15_7) AppleWebKit/605.1.15 (KHTML, like Gecko) Version/17.6 Safari/605.1.15"
217.150.82.140 - - [14/Jul/2026:13:00:27 -0400] "GET /images/slider/cache/bf93afe142c93d62624635711a380665/slidebg6.webp HTTP/1.1" 200 27928 "https://transformptyoga.com/" "Mozilla/5.0 (Macintosh; Intel Mac OS X 10_15_7) AppleWebKit/605.1.15 (KHTML, like Gecko) Version/17.6 Safari/605.1.15"
217.150.82.140 - - [14/Jul/2026:13:00:29 -0400] "GET /templates/it_oxygen/favicon.ico HTTP/1.1" 200 15406 "https://transformptyoga.com/" "Mozilla/5.0 (Macintosh; Intel Mac OS X 10_15_7) AppleWebKit/605.1.15 (KHTML, like Gecko) Version/17.6 Safari/605.1.15"
217.150.82.140 - - [14/Jul/2026:13:00:32 -0400] "POST /index.php?option=com_jrealtimeanalytics&format=json HTTP/1.1" 200 2 "https://transformptyoga.com/" "Mozilla/5.0 (Macintosh; Intel Mac OS X 10_15_7) AppleWebKit/605.1.15 (KHTML, like Gecko) Version/17.6 Safari/605.1.15"
217.150.82.140 - - [14/Jul/2026:13:00:32 -0400] "POST /index.php?option=com_jrealtimeanalytics&task=stream.saveEntity&format=json HTTP/1.1" 200 2 "https://transformptyoga.com/" "Mozilla/5.0 (Macintosh; Intel Mac OS X 10_15_7) AppleWebKit/605.1.15 (KHTML, like Gecko) Version/17.6 Safari/605.1.15"
217.150.82.140 - - [14/Jul/2026:13:00:32 -0400] "GET /contact HTTP/1.1" 200 106569 "https://transformptyoga.com/" "Mozilla/5.0 (Macintosh; Intel Mac OS X 10_15_7) AppleWebKit/605.1.15 (KHTML, like Gecko) Version/17.6 Safari/605.1.15"
217.150.82.140 - - [14/Jul/2026:13:00:33 -0400] "GET /modules/mod_maximenuck/themes/custom/css/maximenuck_maximenuck139.css HTTP/1.1" 200 33551 "https://transformptyoga.com/contact" "Mozilla/5.0 (Macintosh; Intel Mac OS X 10_15_7) AppleWebKit/605.1.15 (KHTML, like Gecko) Version/17.6 Safari/605.1.15"
217.150.82.140 - - [14/Jul/2026:13:00:33 -0400] "GET /modules/mod_maximenuck/themes/custom/css/maximenuck_maximenuck138.css HTTP/1.1" 200 35137 "https://transformptyoga.com/contact" "Mozilla/5.0 (Macintosh; Intel Mac OS X 10_15_7) AppleWebKit/605.1.15 (KHTML, like Gecko) Version/17.6 Safari/605.1.15"
217.150.82.140 - - [14/Jul/2026:13:00:33 -0400] "GET /modules/mod_maximenuck/themes/custom/css/maximenuck_maximenuck141.css HTTP/1.1" 200 35132 "https://transformptyoga.com/contact" "Mozilla/5.0 (Macintosh; Intel Mac OS X 10_15_7) AppleWebKit/605.1.15 (KHTML, like Gecko) Version/17.6 Safari/605.1.15"
217.150.82.140 - - [14/Jul/2026:13:00:33 -0400] "GET /media/com_convertforms/js/recaptcha_v3.js?96c48e0a72568bfb0c038bc5bb3c85cc HTTP/1.1" 200 540 "https://transformptyoga.com/contact" "Mozilla/5.0 (Macintosh; Intel Mac OS X 10_15_7) AppleWebKit/605.1.15 (KHTML, like Gecko) Version/17.6 Safari/605.1.15"
217.150.82.140 - - [14/Jul/2026:13:00:33 -0400] "GET /media/smartslider3/src/SmartSlider3/Slider/SliderType/Block/Assets/dist/ss-block.min.js?ver=667fb12b HTTP/1.1" 200 3466 "https://transformptyoga.com/contact" "Mozilla/5.0 (Macintosh; Intel Mac OS X 10_15_7) AppleWebKit/605.1.15 (KHTML, like Gecko) Version/17.6 Safari/605.1.15"
217.150.82.140 - - [14/Jul/2026:13:00:33 -0400] "POST /index.php?option=com_jrealtimeanalytics&format=json HTTP/1.1" 200 2505 "https://transformptyoga.com/contact" "Mozilla/5.0 (Macintosh; Intel Mac OS X 10_15_7) AppleWebKit/605.1.15 (KHTML, like Gecko) Version/17.6 Safari/605.1.15"
217.150.82.140 - - [14/Jul/2026:13:00:40 -0400] "POST /index.php?option=com_jrealtimeanalytics&format=json HTTP/1.1" 200 2 "https://transformptyoga.com/contact" "Mozilla/5.0 (Macintosh; Intel Mac OS X 10_15_7) AppleWebKit/605.1.15 (KHTML, like Gecko) Version/17.6 Safari/605.1.15"
217.150.82.140 - - [14/Jul/2026:13:00:43 -0400] "GET / HTTP/1.1" 200 93387 "-" "Mozilla/5.0 (Macintosh; Intel Mac OS X 10_15_7) AppleWebKit/605.1.15 (KHTML, like Gecko) Version/17.6 Safari/605.1.15"
217.150.82.140 - - [14/Jul/2026:13:00:44 -0400] "GET /modules/mod_maximenuck/themes/custom/css/maximenuck_maximenuck138.css HTTP/1.1" 200 35137 "https://transformptyoga.com/" "Mozilla/5.0 (Macintosh; Intel Mac OS X 10_15_7) AppleWebKit/605.1.15 (KHTML, like Gecko) Version/17.6 Safari/605.1.15"
217.150.82.140 - - [14/Jul/2026:13:00:44 -0400] "GET /modules/mod_maximenuck/themes/custom/css/maximenuck_maximenuck139.css HTTP/1.1" 200 33551 "https://transformptyoga.com/" "Mozilla/5.0 (Macintosh; Intel Mac OS X 10_15_7) AppleWebKit/605.1.15 (KHTML, like Gecko) Version/17.6 Safari/605.1.15"
217.150.82.140 - - [14/Jul/2026:13:00:44 -0400] "GET /modules/mod_maximenuck/themes/custom/css/maximenuck_maximenuck141.css HTTP/1.1" 200 35132 "https://transformptyoga.com/" "Mozilla/5.0 (Macintosh; Intel Mac OS X 10_15_7) AppleWebKit/605.1.15 (KHTML, like Gecko) Version/17.6 Safari/605.1.15"
66.249.65.32 - - [14/Jul/2026:13:00:44 -0400] "GET /shopbrand/703851057679 HTTP/1.1" 404 13928 "-" "Mozilla/5.0 (compatible; Googlebot/2.1; +http://www.google.com/bot.html)"
217.150.82.140 - - [14/Jul/2026:13:00:44 -0400] "POST /index.php?option=com_jrealtimeanalytics&format=json HTTP/1.1" 200 2505 "https://transformptyoga.com/" "Mozilla/5.0 (Macintosh; Intel Mac OS X 10_15_7) AppleWebKit/605.1.15 (KHTML, like Gecko) Version/17.6 Safari/605.1.15"
217.150.82.140 - - [14/Jul/2026:13:00:46 -0400] "POST /index.php?option=com_jrealtimeanalytics&format=json HTTP/1.1" 200 2 "https://transformptyoga.com/contact" "Mozilla/5.0 (Macintosh; Intel Mac OS X 10_15_7) AppleWebKit/605.1.15 (KHTML, like Gecko) Version/17.6 Safari/605.1.15"
217.150.82.140 - - [14/Jul/2026:13:00:50 -0400] "POST /index.php?option=com_jrealtimeanalytics&format=json HTTP/1.1" 200 2 "https://transformptyoga.com/" "Mozilla/5.0 (Macintosh; Intel Mac OS X 10_15_7) AppleWebKit/605.1.15 (KHTML, like Gecko) Version/17.6 Safari/605.1.15"
66.249.65.33 - - [14/Jul/2026:13:01:01 -0400] "GET /shopbrand/702881572254 HTTP/1.1" 404 13928 "-" "Mozilla/5.0 (compatible; Googlebot/2.1; +http://www.google.com/bot.html)"
66.249.65.46 - - [14/Jul/2026:13:01:16 -0400] "GET /items/693050205131 HTTP/1.1" 404 13926 "-" "Mozilla/5.0 (Linux; Android 6.0.1; Nexus 5X Build/MMB29P) AppleWebKit/537.36 (KHTML, like Gecko) Chrome/150.0.7871.46 Mobile Safari/537.36 (compatible; Googlebot/2.1; +http://www.google.com/bot.html)"
66.249.65.46 - - [14/Jul/2026:13:01:24 -0400] "GET /market/88155870690 HTTP/1.1" 404 13928 "-" "Mozilla/5.0 (compatible; Googlebot/2.1; +http://www.google.com/bot.html)"
66.249.65.46 - - [14/Jul/2026:13:01:25 -0400] "GET /goodscode/833804459907 HTTP/1.1" 404 13931 "-" "Mozilla/5.0 (compatible; Googlebot/2.1; +http://www.google.com/bot.html)"
66.249.65.46 - - [14/Jul/2026:13:01:26 -0400] "GET /item/743390599556 HTTP/1.1" 404 13930 "-" "Mozilla/5.0 (compatible; Googlebot/2.1; +http://www.google.com/bot.html)"
66.249.65.33 - - [14/Jul/2026:13:02:09 -0400] "GET /product/871610678288 HTTP/1.1" 404 13930 "-" "Mozilla/5.0 (compatible; Googlebot/2.1; +http://www.google.com/bot.html)"
66.249.65.32 - - [14/Jul/2026:13:02:09 -0400] "GET /special/743686108888 HTTP/1.1" 404 13926 "-" "Mozilla/5.0 (compatible; Googlebot/2.1; +http://www.google.com/bot.html)"
66.249.65.46 - - [14/Jul/2026:13:02:16 -0400] "GET /detail/681252339989 HTTP/1.1" 404 13928 "-" "Mozilla/5.0 (Linux; Android 6.0.1; Nexus 5X Build/MMB29P) AppleWebKit/537.36 (KHTML, like Gecko) Chrome/150.0.7871.46 Mobile Safari/537.36 (compatible; Googlebot/2.1; +http://www.google.com/bot.html)"
66.249.65.46 - - [14/Jul/2026:13:02:47 -0400] "GET / HTTP/1.1" 200 92873 "-" "Mozilla/5.0 (compatible; Googlebot/2.1; +http://www.google.com/bot.html)"
66.249.65.37 - - [14/Jul/2026:13:02:47 -0400] "GET / HTTP/1.1" 200 92876 "-" "Mozilla/5.0 (compatible; Googlebot/2.1; +http://www.google.com/bot.html)"
66.249.65.37 - - [14/Jul/2026:13:02:54 -0400] "GET /media/system/css/debug.css HTTP/1.1" 200 3434 "https://transformptyoga.com/" "Mozilla/5.0 (compatible; Googlebot/2.1; +http://www.google.com/bot.html)"
66.249.65.36 - - [14/Jul/2026:13:02:55 -0400] "GET /media/plg_system_jcepro/site/css/content.min.css?86aa0286b6232c4a5b58f892ce080277 HTTP/1.1" 200 8484 "https://transformptyoga.com/" "Mozilla/5.0 (compatible; Googlebot/2.1; +http://www.google.com/bot.html)"
66.249.65.37 - - [14/Jul/2026:13:02:55 -0400] "GET /media/smartslider3/src/SmartSlider3/Application/Frontend/Assets/dist/smartslider.min.css?ver=667fb12b HTTP/1.1" 200 22276 "https://transformptyoga.com/" "Mozilla/5.0 (compatible; Googlebot/2.1; +http://www.google.com/bot.html)"
66.249.65.37 - - [14/Jul/2026:13:02:55 -0400] "GET /media/system/js/core.min.js?37ffe4186289eba9c5df81bea44080aff77b9684 HTTP/1.1" 200 3135 "https://transformptyoga.com/" "Mozilla/5.0 (compatible; Googlebot/2.1; +http://www.google.com/bot.html)"
