216.73.216.88 - - [14/Jul/2026:13:33:24 -0400] "GET /robots.txt HTTP/1.1" 200 764 "-" "Mozilla/5.0 AppleWebKit/537.36 (KHTML, like Gecko; compatible; ClaudeBot/1.0; +claudebot@anthropic.com)"
66.249.65.46 - - [14/Jul/2026:13:33:30 -0400] "GET /detail/882505077493 HTTP/1.1" 404 13928 "-" "Mozilla/5.0 (compatible; Googlebot/2.1; +http://www.google.com/bot.html)"
216.73.216.88 - - [14/Jul/2026:13:33:30 -0400] "GET /sitemap.xml HTTP/1.1" 404 13928 "-" "Mozilla/5.0 AppleWebKit/537.36 (KHTML, like Gecko; compatible; ClaudeBot/1.0; +claudebot@anthropic.com)"
52.167.144.217 - - [14/Jul/2026:13:33:48 -0400] "GET /events/monthcalendar/2026/8/ HTTP/1.1" 200 116077 "-" "Mozilla/5.0 AppleWebKit/537.36 (KHTML, like Gecko; compatible; bingbot/2.0; +http://www.bing.com/bingbot.htm) Chrome/116.0.1938.76 Safari/537.36"
88.230.177.27 - - [14/Jul/2026:13:33:49 -0400] "GET / HTTP/1.1" 200 93383 "-" "Mozilla/5.0 (Macintosh; Intel Mac OS X 15.3; rv:127.0) Gecko/20100101 Firefox/127.0"
66.249.65.46 - - [14/Jul/2026:13:34:02 -0400] "GET /entity/72791626753 HTTP/1.1" 404 13930 "-" "Mozilla/5.0 (Linux; Android 6.0.1; Nexus 5X Build/MMB29P) AppleWebKit/537.36 (KHTML, like Gecko) Chrome/150.0.7871.46 Mobile Safari/537.36 (compatible; Googlebot/2.1; +http://www.google.com/bot.html)"
66.249.65.46 - - [14/Jul/2026:13:34:34 -0400] "GET /products/712056413316 HTTP/1.1" 404 13926 "-" "Mozilla/5.0 (Linux; Android 6.0.1; Nexus 5X Build/MMB29P) AppleWebKit/537.36 (KHTML, like Gecko) Chrome/150.0.7871.46 Mobile Safari/537.36 (compatible; Googlebot/2.1; +http://www.google.com/bot.html)"
66.249.65.46 - - [14/Jul/2026:13:34:41 -0400] "GET /special/793554488898 HTTP/1.1" 404 13928 "-" "Mozilla/5.0 (compatible; Googlebot/2.1; +http://www.google.com/bot.html)"
66.249.65.46 - - [14/Jul/2026:13:34:47 -0400] "GET /detail/74294628071 HTTP/1.1" 404 13931 "-" "Mozilla/5.0 (Linux; Android 6.0.1; Nexus 5X Build/MMB29P) AppleWebKit/537.36 (KHTML, like Gecko) Chrome/150.0.7871.46 Mobile Safari/537.36 (compatible; Googlebot/2.1; +http://www.google.com/bot.html)"
66.249.65.46 - - [14/Jul/2026:13:34:47 -0400] "GET /shopbrand/81571077470 HTTP/1.1" 404 13928 "-" "Mozilla/5.0 (Linux; Android 6.0.1; Nexus 5X Build/MMB29P) AppleWebKit/537.36 (KHTML, like Gecko) Chrome/150.0.7871.46 Mobile Safari/537.36 (compatible; Googlebot/2.1; +http://www.google.com/bot.html)"
66.249.65.46 - - [14/Jul/2026:13:34:59 -0400] "GET /goods/903661421211 HTTP/1.1" 404 13928 "-" "Mozilla/5.0 (Linux; Android 6.0.1; Nexus 5X Build/MMB29P) AppleWebKit/537.36 (KHTML, like Gecko) Chrome/150.0.7871.46 Mobile Safari/537.36 (compatible; Googlebot/2.1; +http://www.google.com/bot.html)"
66.249.65.46 - - [14/Jul/2026:13:35:03 -0400] "GET /product/802999588739 HTTP/1.1" 404 13928 "-" "Mozilla/5.0 (Linux; Android 6.0.1; Nexus 5X Build/MMB29P) AppleWebKit/537.36 (KHTML, like Gecko) Chrome/150.0.7871.46 Mobile Safari/537.36 (compatible; Googlebot/2.1; +http://www.google.com/bot.html)"
66.249.65.46 - - [14/Jul/2026:13:35:16 -0400] "GET /shopping/903338203637 HTTP/1.1" 404 13928 "-" "Mozilla/5.0 (Linux; Android 6.0.1; Nexus 5X Build/MMB29P) AppleWebKit/537.36 (KHTML, like Gecko) Chrome/150.0.7871.46 Mobile Safari/537.36 (compatible; Googlebot/2.1; +http://www.google.com/bot.html)"
66.249.65.46 - - [14/Jul/2026:13:35:27 -0400] "GET /detail/724069225273 HTTP/1.1" 404 13926 "-" "Mozilla/5.0 (compatible; Googlebot/2.1; +http://www.google.com/bot.html)"
66.249.65.46 - - [14/Jul/2026:13:35:40 -0400] "GET /shopbrand/842599260233 HTTP/1.1" 404 13928 "-" "Mozilla/5.0 (Linux; Android 6.0.1; Nexus 5X Build/MMB29P) AppleWebKit/537.36 (KHTML, like Gecko) Chrome/150.0.7871.46 Mobile Safari/537.36 (compatible; Googlebot/2.1; +http://www.google.com/bot.html)"
66.249.65.46 - - [14/Jul/2026:13:35:49 -0400] "GET /entity/714027397367 HTTP/1.1" 404 13926 "-" "Mozilla/5.0 (Linux; Android 6.0.1; Nexus 5X Build/MMB29P) AppleWebKit/537.36 (KHTML, like Gecko) Chrome/150.0.7871.46 Mobile Safari/537.36 (compatible; Googlebot/2.1; +http://www.google.com/bot.html)"
182.184.252.117 - - [14/Jul/2026:13:35:51 -0400] "GET /market/861915429916 HTTP/1.1" 404 13930 "-" "Mozilla/5.0 (Macintosh; Intel Mac OS X 10_14_5) AppleWebKit/537.36 (KHTML, like Gecko) Brave Chrome/79.0.3945.88 Safari/537.36"
66.249.65.46 - - [14/Jul/2026:13:35:52 -0400] "GET /entity/113513067923 HTTP/1.1" 404 13930 "-" "Mozilla/5.0 (compatible; Googlebot/2.1; +http://www.google.com/bot.html)"
66.249.65.46 - - [14/Jul/2026:13:35:53 -0400] "GET /entity/113513067923 HTTP/1.1" 404 13931 "-" "Mozilla/5.0 (Linux; Android 6.0.1; Nexus 5X Build/MMB29P) AppleWebKit/537.36 (KHTML, like Gecko) Chrome/150.0.7871.46 Mobile Safari/537.36 (compatible; Googlebot/2.1; +http://www.google.com/bot.html)"
66.249.65.32 - - [14/Jul/2026:13:36:02 -0400] "GET /goodscode/661070275475 HTTP/1.1" 404 13926 "-" "Mozilla/5.0 (compatible; Googlebot/2.1; +http://www.google.com/bot.html)"
66.249.65.46 - - [14/Jul/2026:13:36:05 -0400] "GET /goodscode/902147833251 HTTP/1.1" 404 13928 "-" "Mozilla/5.0 (Linux; Android 6.0.1; Nexus 5X Build/MMB29P) AppleWebKit/537.36 (KHTML, like Gecko) Chrome/150.0.7871.46 Mobile Safari/537.36 (compatible; Googlebot/2.1; +http://www.google.com/bot.html)"
73.217.9.144 - - [14/Jul/2026:13:36:15 -0400] "GET /?_ga=2.52448744.1365719474.1784048280-1106980356.1782416664 HTTP/1.1" 200 93383 "https://www.painreprocessingtherapy.com/" "Mozilla/5.0 (Macintosh; Intel Mac OS X 10_15_7) AppleWebKit/537.36 (KHTML, like Gecko) Chrome/150.0.0.0 Safari/537.36"
73.217.9.144 - - [14/Jul/2026:13:36:15 -0400] "GET /components/com_jrealtimeanalytics/css/mainstyle.css?96c48e0a72568bfb0c038bc5bb3c85cc HTTP/1.1" 200 587 "https://www.transformptyoga.com/?_ga=2.52448744.1365719474.1784048280-1106980356.1782416664" "Mozilla/5.0 (Macintosh; Intel Mac OS X 10_15_7) AppleWebKit/537.36 (KHTML, like Gecko) Chrome/150.0.0.0 Safari/537.36"
73.217.9.144 - - [14/Jul/2026:13:36:15 -0400] "GET /media/plg_system_jcepro/site/css/content.min.css?86aa0286b6232c4a5b58f892ce080277 HTTP/1.1" 200 8484 "https://www.transformptyoga.com/?_ga=2.52448744.1365719474.1784048280-1106980356.1782416664" "Mozilla/5.0 (Macintosh; Intel Mac OS X 10_15_7) AppleWebKit/537.36 (KHTML, like Gecko) Chrome/150.0.0.0 Safari/537.36"
73.217.9.144 - - [14/Jul/2026:13:36:15 -0400] "GET /modules/mod_maximenuck/themes/custom/css/maximenuck_maximenuck138.css HTTP/1.1" 200 35137 "https://www.transformptyoga.com/?_ga=2.52448744.1365719474.1784048280-1106980356.1782416664" "Mozilla/5.0 (Macintosh; Intel Mac OS X 10_15_7) AppleWebKit/537.36 (KHTML, like Gecko) Chrome/150.0.0.0 Safari/537.36"
73.217.9.144 - - [14/Jul/2026:13:36:15 -0400] "GET /modules/mod_maximenuck/themes/custom/css/maximenuck_maximenuck139.css HTTP/1.1" 200 33551 "https://www.transformptyoga.com/?_ga=2.52448744.1365719474.1784048280-1106980356.1782416664" "Mozilla/5.0 (Macintosh; Intel Mac OS X 10_15_7) AppleWebKit/537.36 (KHTML, like Gecko) Chrome/150.0.0.0 Safari/537.36"
73.217.9.144 - - [14/Jul/2026:13:36:15 -0400] "GET /modules/mod_maximenuck/themes/custom/css/maximenuck_maximenuck141.css HTTP/1.1" 200 35132 "https://www.transformptyoga.com/?_ga=2.52448744.1365719474.1784048280-1106980356.1782416664" "Mozilla/5.0 (Macintosh; Intel Mac OS X 10_15_7) AppleWebKit/537.36 (KHTML, like Gecko) Chrome/150.0.0.0 Safari/537.36"
73.217.9.144 - - [14/Jul/2026:13:36:15 -0400] "GET /media/com_convertforms/css/convertforms.css?96c48e0a72568bfb0c038bc5bb3c85cc HTTP/1.1" 200 24872 "https://www.transformptyoga.com/?_ga=2.52448744.1365719474.1784048280-1106980356.1782416664" "Mozilla/5.0 (Macintosh; Intel Mac OS X 10_15_7) AppleWebKit/537.36 (KHTML, like Gecko) Chrome/150.0.0.0 Safari/537.36"
73.217.9.144 - - [14/Jul/2026:13:36:15 -0400] "GET /templates/it_oxygen/uikit/css/uikit.min.css HTTP/1.1" 200 113947 "https://www.transformptyoga.com/?_ga=2.52448744.1365719474.1784048280-1106980356.1782416664" "Mozilla/5.0 (Macintosh; Intel Mac OS X 10_15_7) AppleWebKit/537.36 (KHTML, like Gecko) Chrome/150.0.0.0 Safari/537.36"
73.217.9.144 - - [14/Jul/2026:13:36:15 -0400] "GET /media/gantry5/engines/nucleus/css-compiled/nucleus.css HTTP/1.1" 200 20312 "https://www.transformptyoga.com/?_ga=2.52448744.1365719474.1784048280-1106980356.1782416664" "Mozilla/5.0 (Macintosh; Intel Mac OS X 10_15_7) AppleWebKit/537.36 (KHTML, like Gecko) Chrome/150.0.0.0 Safari/537.36"
73.217.9.144 - - [14/Jul/2026:13:36:15 -0400] "GET /templates/it_oxygen/custom/css-compiled/oxygen_12.css?6a52fe6f HTTP/1.1" 200 154665 "https://www.transformptyoga.com/?_ga=2.52448744.1365719474.1784048280-1106980356.1782416664" "Mozilla/5.0 (Macintosh; Intel Mac OS X 10_15_7) AppleWebKit/537.36 (KHTML, like Gecko) Chrome/150.0.0.0 Safari/537.36"
73.217.9.144 - - [14/Jul/2026:13:36:15 -0400] "GET /media/gantry5/engines/nucleus/css-compiled/bootstrap5.css HTTP/1.1" 200 173544 "https://www.transformptyoga.com/?_ga=2.52448744.1365719474.1784048280-1106980356.1782416664" "Mozilla/5.0 (Macintosh; Intel Mac OS X 10_15_7) AppleWebKit/537.36 (KHTML, like Gecko) Chrome/150.0.0.0 Safari/537.36"
73.217.9.144 - - [14/Jul/2026:13:36:15 -0400] "GET /media/system/css/joomla-fontawesome.min.css HTTP/1.1" 200 14993 "https://www.transformptyoga.com/?_ga=2.52448744.1365719474.1784048280-1106980356.1782416664" "Mozilla/5.0 (Macintosh; Intel Mac OS X 10_15_7) AppleWebKit/537.36 (KHTML, like Gecko) Chrome/150.0.0.0 Safari/537.36"
73.217.9.144 - - [14/Jul/2026:13:36:15 -0400] "GET /media/system/css/debug.css HTTP/1.1" 200 3434 "https://www.transformptyoga.com/?_ga=2.52448744.1365719474.1784048280-1106980356.1782416664" "Mozilla/5.0 (Macintosh; Intel Mac OS X 10_15_7) AppleWebKit/537.36 (KHTML, like Gecko) Chrome/150.0.0.0 Safari/537.36"
73.217.9.144 - - [14/Jul/2026:13:36:15 -0400] "GET /media/gantry5/assets/css/font-awesome.min.css HTTP/1.1" 200 31000 "https://www.transformptyoga.com/?_ga=2.52448744.1365719474.1784048280-1106980356.1782416664" "Mozilla/5.0 (Macintosh; Intel Mac OS X 10_15_7) AppleWebKit/537.36 (KHTML, like Gecko) Chrome/150.0.0.0 Safari/537.36"
73.217.9.144 - - [14/Jul/2026:13:36:15 -0400] "GET /templates/it_oxygen/custom/css-compiled/oxygen-joomla_12.css?6a52fe6f HTTP/1.1" 200 51398 "https://www.transformptyoga.com/?_ga=2.52448744.1365719474.1784048280-1106980356.1782416664" "Mozilla/5.0 (Macintosh; Intel Mac OS X 10_15_7) AppleWebKit/537.36 (KHTML, like Gecko) Chrome/150.0.0.0 Safari/537.36"
73.217.9.144 - - [14/Jul/2026:13:36:15 -0400] "GET /templates/it_oxygen/custom/css-compiled/custom_12.css?6a52fe6f HTTP/1.1" 200 335 "https://www.transformptyoga.com/?_ga=2.52448744.1365719474.1784048280-1106980356.1782416664" "Mozilla/5.0 (Macintosh; Intel Mac OS X 10_15_7) AppleWebKit/537.36 (KHTML, like Gecko) Chrome/150.0.0.0 Safari/537.36"
73.217.9.144 - - [14/Jul/2026:13:36:15 -0400] "GET /media/vendor/jquery/js/jquery.min.js?3.7.1 HTTP/1.1" 200 30342 "https://www.transformptyoga.com/?_ga=2.52448744.1365719474.1784048280-1106980356.1782416664" "Mozilla/5.0 (Macintosh; Intel Mac OS X 10_15_7) AppleWebKit/537.36 (KHTML, like Gecko) Chrome/150.0.0.0 Safari/537.36"
73.217.9.144 - - [14/Jul/2026:13:36:15 -0400] "GET /media/legacy/js/jquery-noconflict.min.js?647005fc12b79b3ca2bb30c059899d5994e3e34d HTTP/1.1" 200 47 "https://www.transformptyoga.com/?_ga=2.52448744.1365719474.1784048280-1106980356.1782416664" "Mozilla/5.0 (Macintosh; Intel Mac OS X 10_15_7) AppleWebKit/537.36 (KHTML, like Gecko) Chrome/150.0.0.0 Safari/537.36"
73.217.9.144 - - [14/Jul/2026:13:36:15 -0400] "GET /media/system/js/core.min.js?37ffe4186289eba9c5df81bea44080aff77b9684 HTTP/1.1" 200 3135 "https://www.transformptyoga.com/?_ga=2.52448744.1365719474.1784048280-1106980356.1782416664" "Mozilla/5.0 (Macintosh; Intel Mac OS X 10_15_7) AppleWebKit/537.36 (KHTML, like Gecko) Chrome/150.0.0.0 Safari/537.36"
73.217.9.144 - - [14/Jul/2026:13:36:15 -0400] "GET /media/system/js/keepalive.min.js?9f10654c2f49ca104ca0449def6eec3f06bd19c0 HTTP/1.1" 200 430 "https://www.transformptyoga.com/?_ga=2.52448744.1365719474.1784048280-1106980356.1782416664" "Mozilla/5.0 (Macintosh; Intel Mac OS X 10_15_7) AppleWebKit/537.36 (KHTML, like Gecko) Chrome/150.0.0.0 Safari/537.36"
73.217.9.144 - - [14/Jul/2026:13:36:15 -0400] "GET /modules/mod_maximenuck/assets/maximenuck.min.js HTTP/1.1" 200 17827 "https://www.transformptyoga.com/?_ga=2.52448744.1365719474.1784048280-1106980356.1782416664" "Mozilla/5.0 (Macintosh; Intel Mac OS X 10_15_7) AppleWebKit/537.36 (KHTML, like Gecko) Chrome/150.0.0.0 Safari/537.36"
73.217.9.144 - - [14/Jul/2026:13:36:15 -0400] "GET /media/plg_system_mobilemenuck/assets/mobilemenuck.js?ver=1.5.21 HTTP/1.1" 200 52003 "https://www.transformptyoga.com/?_ga=2.52448744.1365719474.1784048280-1106980356.1782416664" "Mozilla/5.0 (Macintosh; Intel Mac OS X 10_15_7) AppleWebKit/537.36 (KHTML, like Gecko) Chrome/150.0.0.0 Safari/537.36"
73.217.9.144 - - [14/Jul/2026:13:36:15 -0400] "GET /media/smartslider3/src/SmartSlider3/Application/Frontend/Assets/dist/smartslider.min.css?ver=667fb12b HTTP/1.1" 200 22276 "https://www.transformptyoga.com/?_ga=2.52448744.1365719474.1784048280-1106980356.1782416664" "Mozilla/5.0 (Macintosh; Intel Mac OS X 10_15_7) AppleWebKit/537.36 (KHTML, like Gecko) Chrome/150.0.0.0 Safari/537.36"
73.217.9.144 - - [14/Jul/2026:13:36:15 -0400] "GET /media/com_convertforms/js/site.js?96c48e0a72568bfb0c038bc5bb3c85cc HTTP/1.1" 200 13724 "https://www.transformptyoga.com/?_ga=2.52448744.1365719474.1784048280-1106980356.1782416664" "Mozilla/5.0 (Macintosh; Intel Mac OS X 10_15_7) AppleWebKit/537.36 (KHTML, like Gecko) Chrome/150.0.0.0 Safari/537.36"
73.217.9.144 - - [14/Jul/2026:13:36:15 -0400] "GET /images/content/primary/p_hand_back.png HTTP/1.1" 200 142134 "https://www.transformptyoga.com/?_ga=2.52448744.1365719474.1784048280-1106980356.1782416664" "Mozilla/5.0 (Macintosh; Intel Mac OS X 10_15_7) AppleWebKit/537.36 (KHTML, like Gecko) Chrome/150.0.0.0 Safari/537.36"
73.217.9.144 - - [14/Jul/2026:13:36:15 -0400] "GET /images/content/primary/TPTY_Logo.png HTTP/1.1" 200 284877 "https://www.transformptyoga.com/?_ga=2.52448744.1365719474.1784048280-1106980356.1782416664" "Mozilla/5.0 (Macintosh; Intel Mac OS X 10_15_7) AppleWebKit/537.36 (KHTML, like Gecko) Chrome/150.0.0.0 Safari/537.36"
73.217.9.144 - - [14/Jul/2026:13:36:15 -0400] "GET /images/content/primary/jjcalf.png HTTP/1.1" 200 120863 "https://www.transformptyoga.com/?_ga=2.52448744.1365719474.1784048280-1106980356.1782416664" "Mozilla/5.0 (Macintosh; Intel Mac OS X 10_15_7) AppleWebKit/537.36 (KHTML, like Gecko) Chrome/150.0.0.0 Safari/537.36"
73.217.9.144 - - [14/Jul/2026:13:36:15 -0400] "GET /images/content/primary/tptyogo_a.png HTTP/1.1" 200 275091 "https://www.transformptyoga.com/?_ga=2.52448744.1365719474.1784048280-1106980356.1782416664" "Mozilla/5.0 (Macintosh; Intel Mac OS X 10_15_7) AppleWebKit/537.36 (KHTML, like Gecko) Chrome/150.0.0.0 Safari/537.36"
73.217.9.144 - - [14/Jul/2026:13:36:15 -0400] "GET /media/gantry5/assets/js/main.js HTTP/1.1" 200 147174 "https://www.transformptyoga.com/?_ga=2.52448744.1365719474.1784048280-1106980356.1782416664" "Mozilla/5.0 (Macintosh; Intel Mac OS X 10_15_7) AppleWebKit/537.36 (KHTML, like Gecko) Chrome/150.0.0.0 Safari/537.36"
73.217.9.144 - - [14/Jul/2026:13:36:15 -0400] "GET /templates/it_oxygen/uikit/js/uikit.min.js HTTP/1.1" 200 121825 "https://www.transformptyoga.com/?_ga=2.52448744.1365719474.1784048280-1106980356.1782416664" "Mozilla/5.0 (Macintosh; Intel Mac OS X 10_15_7) AppleWebKit/537.36 (KHTML, like Gecko) Chrome/150.0.0.0 Safari/537.36"
73.217.9.144 - - [14/Jul/2026:13:36:15 -0400] "GET /templates/it_oxygen/js/template.js HTTP/1.1" 200 208 "https://www.transformptyoga.com/?_ga=2.52448744.1365719474.1784048280-1106980356.1782416664" "Mozilla/5.0 (Macintosh; Intel Mac OS X 10_15_7) AppleWebKit/537.36 (KHTML, like Gecko) Chrome/150.0.0.0 Safari/537.36"
73.217.9.144 - - [14/Jul/2026:13:36:15 -0400] "GET /templates/it_oxygen/js/scrollReveal.min.js HTTP/1.1" 200 8564 "https://www.transformptyoga.com/?_ga=2.52448744.1365719474.1784048280-1106980356.1782416664" "Mozilla/5.0 (Macintosh; Intel Mac OS X 10_15_7) AppleWebKit/537.36 (KHTML, like Gecko) Chrome/150.0.0.0 Safari/537.36"
73.217.9.144 - - [14/Jul/2026:13:36:15 -0400] "GET /components/com_jrealtimeanalytics/js/heatmap.js?96c48e0a72568bfb0c038bc5bb3c85cc HTTP/1.1" 200 2237 "https://www.transformptyoga.com/?_ga=2.52448744.1365719474.1784048280-1106980356.1782416664" "Mozilla/5.0 (Macintosh; Intel Mac OS X 10_15_7) AppleWebKit/537.36 (KHTML, like Gecko) Chrome/150.0.0.0 Safari/537.36"
73.217.9.144 - - [14/Jul/2026:13:36:15 -0400] "GET /components/com_jrealtimeanalytics/js/stream.js?96c48e0a72568bfb0c038bc5bb3c85cc HTTP/1.1" 200 6541 "https://www.transformptyoga.com/?_ga=2.52448744.1365719474.1784048280-1106980356.1782416664" "Mozilla/5.0 (Macintosh; Intel Mac OS X 10_15_7) AppleWebKit/537.36 (KHTML, like Gecko) Chrome/150.0.0.0 Safari/537.36"
73.217.9.144 - - [14/Jul/2026:13:36:15 -0400] "GET /media/smartslider3/src/SmartSlider3/Application/Frontend/Assets/dist/n2.min.js?ver=667fb12b HTTP/1.1" 200 91697 "https://www.transformptyoga.com/?_ga=2.52448744.1365719474.1784048280-1106980356.1782416664" "Mozilla/5.0 (Macintosh; Intel Mac OS X 10_15_7) AppleWebKit/537.36 (KHTML, like Gecko) Chrome/150.0.0.0 Safari/537.36"
73.217.9.144 - - [14/Jul/2026:13:36:15 -0400] "GET /media/smartslider3/src/SmartSlider3/Application/Frontend/Assets/dist/smartslider-frontend.min.js?ver=667fb12b HTTP/1.1" 200 221457 "https://www.transformptyoga.com/?_ga=2.52448744.1365719474.1784048280-1106980356.1782416664" "Mozilla/5.0 (Macintosh; Intel Mac OS X 10_15_7) AppleWebKit/537.36 (KHTML, like Gecko) Chrome/150.0.0.0 Safari/537.36"
73.217.9.144 - - [14/Jul/2026:13:36:15 -0400] "GET /media/smartslider3/src/SmartSlider3/Slider/SliderType/Simple/Assets/dist/smartslider-backgroundanimation.min.js?ver=667fb12b HTTP/1.1" 200 664528 "https://www.transformptyoga.com/?_ga=2.52448744.1365719474.1784048280-1106980356.1782416664" "Mozilla/5.0 (Macintosh; Intel Mac OS X 10_15_7) AppleWebKit/537.36 (KHTML, like Gecko) Chrome/150.0.0.0 Safari/537.36"
73.217.9.144 - - [14/Jul/2026:13:36:15 -0400] "GET /media/smartslider3/src/SmartSlider3/Slider/SliderType/Simple/Assets/dist/ss-simple.min.js?ver=667fb12b HTTP/1.1" 200 14134 "https://www.transformptyoga.com/?_ga=2.52448744.1365719474.1784048280-1106980356.1782416664" "Mozilla/5.0 (Macintosh; Intel Mac OS X 10_15_7) AppleWebKit/537.36 (KHTML, like Gecko) Chrome/150.0.0.0 Safari/537.36"
73.217.9.144 - - [14/Jul/2026:13:36:15 -0400] "GET /media/smartslider3/src/SmartSlider3/Widget/Arrow/ArrowImage/Assets/dist/w-arrow-image.min.js?ver=667fb12b HTTP/1.1" 200 1454 "https://www.transformptyoga.com/?_ga=2.52448744.1365719474.1784048280-1106980356.1782416664" "Mozilla/5.0 (Macintosh; Intel Mac OS X 10_15_7) AppleWebKit/537.36 (KHTML, like Gecko) Chrome/150.0.0.0 Safari/537.36"
73.217.9.144 - - [14/Jul/2026:13:36:15 -0400] "GET /media/smartslider3/src/SmartSlider3/Widget/Bullet/Assets/dist/w-bullet.min.js?ver=667fb12b HTTP/1.1" 200 5556 "https://www.transformptyoga.com/?_ga=2.52448744.1365719474.1784048280-1106980356.1782416664" "Mozilla/5.0 (Macintosh; Intel Mac OS X 10_15_7) AppleWebKit/537.36 (KHTML, like Gecko) Chrome/150.0.0.0 Safari/537.36"
73.217.9.144 - - [14/Jul/2026:13:36:15 -0400] "GET /media/gantry5/assets/fonts/fontawesome-webfont.woff2?v=4.7.0 HTTP/1.1" 200 77160 "https://www.transformptyoga.com/media/gantry5/assets/css/font-awesome.min.css" "Mozilla/5.0 (Macintosh; Intel Mac OS X 10_15_7) AppleWebKit/537.36 (KHTML, like Gecko) Chrome/150.0.0.0 Safari/537.36"
73.217.9.144 - - [14/Jul/2026:13:36:15 -0400] "GET /images/slider/cache/1660694ff72156cc2837874966195391/slidebg1.webp HTTP/1.1" 200 36784 "https://www.transformptyoga.com/?_ga=2.52448744.1365719474.1784048280-1106980356.1782416664" "Mozilla/5.0 (Macintosh; Intel Mac OS X 10_15_7) AppleWebKit/537.36 (KHTML, like Gecko) Chrome/150.0.0.0 Safari/537.36"
73.217.9.144 - - [14/Jul/2026:13:36:15 -0400] "GET /images/slider/cache/771b894941b41559866c6a8d3ed08e7b/slidebg0.webp HTTP/1.1" 200 12760 "https://www.transformptyoga.com/?_ga=2.52448744.1365719474.1784048280-1106980356.1782416664" "Mozilla/5.0 (Macintosh; Intel Mac OS X 10_15_7) AppleWebKit/537.36 (KHTML, like Gecko) Chrome/150.0.0.0 Safari/537.36"
73.217.9.144 - - [14/Jul/2026:13:36:15 -0400] "GET /images/slider/cache/e290c90a950bc47dccf0bb27434331cb/slidebg3.webp HTTP/1.1" 200 69130 "https://www.transformptyoga.com/?_ga=2.52448744.1365719474.1784048280-1106980356.1782416664" "Mozilla/5.0 (Macintosh; Intel Mac OS X 10_15_7) AppleWebKit/537.36 (KHTML, like Gecko) Chrome/150.0.0.0 Safari/537.36"
73.217.9.144 - - [14/Jul/2026:13:36:15 -0400] "GET /images/slider/cache/101762d149b1b65a22ef66914928803d/slidebg4.webp HTTP/1.1" 200 26670 "https://www.transformptyoga.com/?_ga=2.52448744.1365719474.1784048280-1106980356.1782416664" "Mozilla/5.0 (Macintosh; Intel Mac OS X 10_15_7) AppleWebKit/537.36 (KHTML, like Gecko) Chrome/150.0.0.0 Safari/537.36"
73.217.9.144 - - [14/Jul/2026:13:36:15 -0400] "GET /images/slider/cache/bf93afe142c93d62624635711a380665/slidebg6.webp HTTP/1.1" 200 27928 "https://www.transformptyoga.com/?_ga=2.52448744.1365719474.1784048280-1106980356.1782416664" "Mozilla/5.0 (Macintosh; Intel Mac OS X 10_15_7) AppleWebKit/537.36 (KHTML, like Gecko) Chrome/150.0.0.0 Safari/537.36"
73.217.9.144 - - [14/Jul/2026:13:36:16 -0400] "GET /templates/it_oxygen/favicon.ico HTTP/1.1" 200 15406 "https://www.transformptyoga.com/?_ga=2.52448744.1365719474.1784048280-1106980356.1782416664" "Mozilla/5.0 (Macintosh; Intel Mac OS X 10_15_7) AppleWebKit/537.36 (KHTML, like Gecko) Chrome/150.0.0.0 Safari/537.36"
73.217.9.144 - - [14/Jul/2026:13:36:16 -0400] "POST /index.php?option=com_jrealtimeanalytics&format=json HTTP/1.1" 200 2505 "https://www.transformptyoga.com/" "Mozilla/5.0 (Macintosh; Intel Mac OS X 10_15_7) AppleWebKit/537.36 (KHTML, like Gecko) Chrome/150.0.0.0 Safari/537.36"
66.249.65.33 - - [14/Jul/2026:13:37:14 -0400] "GET /shopping/692943925080 HTTP/1.1" 404 13928 "-" "Mozilla/5.0 (compatible; Googlebot/2.1; +http://www.google.com/bot.html)"
66.249.65.46 - - [14/Jul/2026:13:37:17 -0400] "GET /detail/882131094943 HTTP/1.1" 404 13926 "-" "Mozilla/5.0 (Linux; Android 6.0.1; Nexus 5X Build/MMB29P) AppleWebKit/537.36 (KHTML, like Gecko) Chrome/150.0.7871.46 Mobile Safari/537.36 (compatible; Googlebot/2.1; +http://www.google.com/bot.html)"
66.249.65.46 - - [14/Jul/2026:13:37:36 -0400] "GET /shopping/72499149549 HTTP/1.1" 404 13931 "-" "Mozilla/5.0 (Linux; Android 6.0.1; Nexus 5X Build/MMB29P) AppleWebKit/537.36 (KHTML, like Gecko) Chrome/150.0.7871.46 Mobile Safari/537.36 (compatible; Googlebot/2.1; +http://www.google.com/bot.html)"
66.249.65.46 - - [14/Jul/2026:13:37:49 -0400] "GET /shopbrand/781475224738 HTTP/1.1" 404 13928 "-" "Mozilla/5.0 (compatible; Googlebot/2.1; +http://www.google.com/bot.html)"
73.217.9.144 - - [14/Jul/2026:13:37:59 -0400] "GET /physical-therapy HTTP/1.1" 200 148337 "https://www.transformptyoga.com/?_ga=2.52448744.1365719474.1784048280-1106980356.1782416664" "Mozilla/5.0 (Macintosh; Intel Mac OS X 10_15_7) AppleWebKit/537.36 (KHTML, like Gecko) Chrome/150.0.0.0 Safari/537.36"
73.217.9.144 - - [14/Jul/2026:13:38:00 -0400] "GET /modules/mod_maximenuck/themes/custom/css/maximenuck_maximenuck138.css HTTP/1.1" 200 35137 "https://www.transformptyoga.com/physical-therapy" "Mozilla/5.0 (Macintosh; Intel Mac OS X 10_15_7) AppleWebKit/537.36 (KHTML, like Gecko) Chrome/150.0.0.0 Safari/537.36"
73.217.9.144 - - [14/Jul/2026:13:38:00 -0400] "GET /modules/mod_maximenuck/themes/custom/css/maximenuck_maximenuck139.css HTTP/1.1" 200 33551 "https://www.transformptyoga.com/physical-therapy" "Mozilla/5.0 (Macintosh; Intel Mac OS X 10_15_7) AppleWebKit/537.36 (KHTML, like Gecko) Chrome/150.0.0.0 Safari/537.36"
73.217.9.144 - - [14/Jul/2026:13:38:00 -0400] "GET /modules/mod_maximenuck/themes/custom/css/maximenuck_maximenuck141.css HTTP/1.1" 200 35132 "https://www.transformptyoga.com/physical-therapy" "Mozilla/5.0 (Macintosh; Intel Mac OS X 10_15_7) AppleWebKit/537.36 (KHTML, like Gecko) Chrome/150.0.0.0 Safari/537.36"
73.217.9.144 - - [14/Jul/2026:13:38:00 -0400] "GET /images/content/primary/p%20ball%20legs.png HTTP/1.1" 200 116715 "https://www.transformptyoga.com/physical-therapy" "Mozilla/5.0 (Macintosh; Intel Mac OS X 10_15_7) AppleWebKit/537.36 (KHTML, like Gecko) Chrome/150.0.0.0 Safari/537.36"
73.217.9.144 - - [14/Jul/2026:13:38:00 -0400] "GET /images/content/primary/p%20neck%20lady2.png HTTP/1.1" 200 95236 "https://www.transformptyoga.com/physical-therapy" "Mozilla/5.0 (Macintosh; Intel Mac OS X 10_15_7) AppleWebKit/537.36 (KHTML, like Gecko) Chrome/150.0.0.0 Safari/537.36"
73.217.9.144 - - [14/Jul/2026:13:38:00 -0400] "GET /images/content/b_member/TPTY%20Mark%20200.png HTTP/1.1" 200 20675 "https://www.transformptyoga.com/physical-therapy" "Mozilla/5.0 (Macintosh; Intel Mac OS X 10_15_7) AppleWebKit/537.36 (KHTML, like Gecko) Chrome/150.0.0.0 Safari/537.36"
73.217.9.144 - - [14/Jul/2026:13:38:00 -0400] "GET /media/smartslider3/src/SmartSlider3/Slider/SliderType/Block/Assets/dist/ss-block.min.js?ver=667fb12b HTTP/1.1" 200 3466 "https://www.transformptyoga.com/physical-therapy" "Mozilla/5.0 (Macintosh; Intel Mac OS X 10_15_7) AppleWebKit/537.36 (KHTML, like Gecko) Chrome/150.0.0.0 Safari/537.36"
73.217.9.144 - - [14/Jul/2026:13:38:00 -0400] "GET /media/smartslider3/src/SmartSlider3Pro/Slider/SliderType/Showcase/Assets/dist/ss-showcase.min.js?ver=667fb12b HTTP/1.1" 200 11123 "https://www.transformptyoga.com/physical-therapy" "Mozilla/5.0 (Macintosh; Intel Mac OS X 10_15_7) AppleWebKit/537.36 (KHTML, like Gecko) Chrome/150.0.0.0 Safari/537.36"
73.217.9.144 - - [14/Jul/2026:13:38:00 -0400] "GET /images/content/b_praise/praisebg.png HTTP/1.1" 200 2128473 "https://www.transformptyoga.com/physical-therapy" "Mozilla/5.0 (Macintosh; Intel Mac OS X 10_15_7) AppleWebKit/537.36 (KHTML, like Gecko) Chrome/150.0.0.0 Safari/537.36"
73.217.9.144 - - [14/Jul/2026:13:38:00 -0400] "POST /index.php?option=com_jrealtimeanalytics&format=json HTTP/1.1" 200 2505 "https://www.transformptyoga.com/" "Mozilla/5.0 (Macintosh; Intel Mac OS X 10_15_7) AppleWebKit/537.36 (KHTML, like Gecko) Chrome/150.0.0.0 Safari/537.36"
66.249.65.33 - - [14/Jul/2026:13:38:00 -0400] "GET /info/04618543479 HTTP/1.1" 404 13931 "-" "Mozilla/5.0 (compatible; Googlebot/2.1; +http://www.google.com/bot.html)"
66.249.65.46 - - [14/Jul/2026:13:38:05 -0400] "GET /market/693164756483 HTTP/1.1" 404 13928 "-" "Mozilla/5.0 (compatible; Googlebot/2.1; +http://www.google.com/bot.html)"
66.249.65.46 - - [14/Jul/2026:13:38:07 -0400] "GET /entity/872013378900 HTTP/1.1" 404 13928 "-" "Mozilla/5.0 (Linux; Android 6.0.1; Nexus 5X Build/MMB29P) AppleWebKit/537.36 (KHTML, like Gecko) Chrome/150.0.7871.46 Mobile Safari/537.36 (compatible; Googlebot/2.1; +http://www.google.com/bot.html)"
66.249.65.46 - - [14/Jul/2026:13:38:08 -0400] "GET /detail/66837711565 HTTP/1.1" 404 13928 "-" "Mozilla/5.0 (compatible; Googlebot/2.1; +http://www.google.com/bot.html)"
154.196.170.193 - - [14/Jul/2026:13:38:15 -0400] "GET /images/content/vblogs/blog_protein.png HTTP/1.1" 200 492266 "-" "Mozilla/5.0 (compatible; crawler)"
73.217.9.144 - - [14/Jul/2026:13:38:20 -0400] "GET /yoga-movement HTTP/1.1" 200 145697 "https://www.transformptyoga.com/physical-therapy" "Mozilla/5.0 (Macintosh; Intel Mac OS X 10_15_7) AppleWebKit/537.36 (KHTML, like Gecko) Chrome/150.0.0.0 Safari/537.36"
73.217.9.144 - - [14/Jul/2026:13:38:21 -0400] "GET /modules/mod_maximenuck/themes/custom/css/maximenuck_maximenuck138.css HTTP/1.1" 200 35137 "https://www.transformptyoga.com/yoga-movement" "Mozilla/5.0 (Macintosh; Intel Mac OS X 10_15_7) AppleWebKit/537.36 (KHTML, like Gecko) Chrome/150.0.0.0 Safari/537.36"
73.217.9.144 - - [14/Jul/2026:13:38:21 -0400] "GET /modules/mod_maximenuck/themes/custom/css/maximenuck_maximenuck139.css HTTP/1.1" 200 33551 "https://www.transformptyoga.com/yoga-movement" "Mozilla/5.0 (Macintosh; Intel Mac OS X 10_15_7) AppleWebKit/537.36 (KHTML, like Gecko) Chrome/150.0.0.0 Safari/537.36"
73.217.9.144 - - [14/Jul/2026:13:38:21 -0400] "GET /modules/mod_maximenuck/themes/custom/css/maximenuck_maximenuck141.css HTTP/1.1" 200 35132 "https://www.transformptyoga.com/yoga-movement" "Mozilla/5.0 (Macintosh; Intel Mac OS X 10_15_7) AppleWebKit/537.36 (KHTML, like Gecko) Chrome/150.0.0.0 Safari/537.36"
73.217.9.144 - - [14/Jul/2026:13:38:21 -0400] "GET /images/content/primary/p%20ball%20front.png HTTP/1.1" 200 114386 "https://www.transformptyoga.com/yoga-movement" "Mozilla/5.0 (Macintosh; Intel Mac OS X 10_15_7) AppleWebKit/537.36 (KHTML, like Gecko) Chrome/150.0.0.0 Safari/537.36"
73.217.9.144 - - [14/Jul/2026:13:38:21 -0400] "POST /index.php?option=com_jrealtimeanalytics&format=json HTTP/1.1" 200 2505 "https://www.transformptyoga.com/" "Mozilla/5.0 (Macintosh; Intel Mac OS X 10_15_7) AppleWebKit/537.36 (KHTML, like Gecko) Chrome/150.0.0.0 Safari/537.36"
73.217.9.144 - - [14/Jul/2026:13:38:23 -0400] "GET /virtual-care HTTP/1.1" 200 103929 "https://www.transformptyoga.com/yoga-movement" "Mozilla/5.0 (Macintosh; Intel Mac OS X 10_15_7) AppleWebKit/537.36 (KHTML, like Gecko) Chrome/150.0.0.0 Safari/537.36"
73.217.9.144 - - [14/Jul/2026:13:38:23 -0400] "GET /modules/mod_maximenuck/themes/custom/css/maximenuck_maximenuck139.css HTTP/1.1" 200 33551 "https://www.transformptyoga.com/virtual-care" "Mozilla/5.0 (Macintosh; Intel Mac OS X 10_15_7) AppleWebKit/537.36 (KHTML, like Gecko) Chrome/150.0.0.0 Safari/537.36"
73.217.9.144 - - [14/Jul/2026:13:38:23 -0400] "GET /modules/mod_maximenuck/themes/custom/css/maximenuck_maximenuck141.css HTTP/1.1" 200 35132 "https://www.transformptyoga.com/virtual-care" "Mozilla/5.0 (Macintosh; Intel Mac OS X 10_15_7) AppleWebKit/537.36 (KHTML, like Gecko) Chrome/150.0.0.0 Safari/537.36"
73.217.9.144 - - [14/Jul/2026:13:38:23 -0400] "GET /modules/mod_maximenuck/themes/custom/css/maximenuck_maximenuck138.css HTTP/1.1" 200 35137 "https://www.transformptyoga.com/virtual-care" "Mozilla/5.0 (Macintosh; Intel Mac OS X 10_15_7) AppleWebKit/537.36 (KHTML, like Gecko) Chrome/150.0.0.0 Safari/537.36"
73.217.9.144 - - [14/Jul/2026:13:38:23 -0400] "GET /images/content/primary/virtual2.png HTTP/1.1" 200 259263 "https://www.transformptyoga.com/virtual-care" "Mozilla/5.0 (Macintosh; Intel Mac OS X 10_15_7) AppleWebKit/537.36 (KHTML, like Gecko) Chrome/150.0.0.0 Safari/537.36"
73.217.9.144 - - [14/Jul/2026:13:38:23 -0400] "POST /index.php?option=com_jrealtimeanalytics&format=json HTTP/1.1" 200 2505 "https://www.transformptyoga.com/" "Mozilla/5.0 (Macintosh; Intel Mac OS X 10_15_7) AppleWebKit/537.36 (KHTML, like Gecko) Chrome/150.0.0.0 Safari/537.36"
73.217.9.144 - - [14/Jul/2026:13:38:29 -0400] "GET /membership HTTP/1.1" 200 106381 "https://www.transformptyoga.com/virtual-care" "Mozilla/5.0 (Macintosh; Intel Mac OS X 10_15_7) AppleWebKit/537.36 (KHTML, like Gecko) Chrome/150.0.0.0 Safari/537.36"
73.217.9.144 - - [14/Jul/2026:13:38:29 -0400] "GET /modules/mod_maximenuck/themes/custom/css/maximenuck_maximenuck138.css HTTP/1.1" 200 35137 "https://www.transformptyoga.com/membership" "Mozilla/5.0 (Macintosh; Intel Mac OS X 10_15_7) AppleWebKit/537.36 (KHTML, like Gecko) Chrome/150.0.0.0 Safari/537.36"
73.217.9.144 - - [14/Jul/2026:13:38:29 -0400] "GET /modules/mod_maximenuck/themes/custom/css/maximenuck_maximenuck139.css HTTP/1.1" 200 33551 "https://www.transformptyoga.com/membership" "Mozilla/5.0 (Macintosh; Intel Mac OS X 10_15_7) AppleWebKit/537.36 (KHTML, like Gecko) Chrome/150.0.0.0 Safari/537.36"
73.217.9.144 - - [14/Jul/2026:13:38:29 -0400] "GET /modules/mod_maximenuck/themes/custom/css/maximenuck_maximenuck141.css HTTP/1.1" 200 35132 "https://www.transformptyoga.com/membership" "Mozilla/5.0 (Macintosh; Intel Mac OS X 10_15_7) AppleWebKit/537.36 (KHTML, like Gecko) Chrome/150.0.0.0 Safari/537.36"
73.217.9.144 - - [14/Jul/2026:13:38:29 -0400] "GET /images/content/primary/membership.jpg HTTP/1.1" 200 38200 "https://www.transformptyoga.com/membership" "Mozilla/5.0 (Macintosh; Intel Mac OS X 10_15_7) AppleWebKit/537.36 (KHTML, like Gecko) Chrome/150.0.0.0 Safari/537.36"
73.217.9.144 - - [14/Jul/2026:13:38:29 -0400] "POST /index.php?option=com_jrealtimeanalytics&format=json HTTP/1.1" 200 2505 "https://www.transformptyoga.com/" "Mozilla/5.0 (Macintosh; Intel Mac OS X 10_15_7) AppleWebKit/537.36 (KHTML, like Gecko) Chrome/150.0.0.0 Safari/537.36"
66.249.65.46 - - [14/Jul/2026:13:38:48 -0400] "GET /shopbrand/873156840214 HTTP/1.1" 404 13926 "-" "Mozilla/5.0 (compatible; Googlebot/2.1; +http://www.google.com/bot.html)"
73.217.9.144 - - [14/Jul/2026:13:38:54 -0400] "GET /physical-therapy HTTP/1.1" 200 148339 "https://www.transformptyoga.com/membership" "Mozilla/5.0 (Macintosh; Intel Mac OS X 10_15_7) AppleWebKit/537.36 (KHTML, like Gecko) Chrome/150.0.0.0 Safari/537.36"
73.217.9.144 - - [14/Jul/2026:13:38:54 -0400] "GET /modules/mod_maximenuck/themes/custom/css/maximenuck_maximenuck138.css HTTP/1.1" 200 35137 "https://www.transformptyoga.com/physical-therapy" "Mozilla/5.0 (Macintosh; Intel Mac OS X 10_15_7) AppleWebKit/537.36 (KHTML, like Gecko) Chrome/150.0.0.0 Safari/537.36"
73.217.9.144 - - [14/Jul/2026:13:38:54 -0400] "GET /modules/mod_maximenuck/themes/custom/css/maximenuck_maximenuck141.css HTTP/1.1" 200 35132 "https://www.transformptyoga.com/physical-therapy" "Mozilla/5.0 (Macintosh; Intel Mac OS X 10_15_7) AppleWebKit/537.36 (KHTML, like Gecko) Chrome/150.0.0.0 Safari/537.36"
73.217.9.144 - - [14/Jul/2026:13:38:54 -0400] "GET /modules/mod_maximenuck/themes/custom/css/maximenuck_maximenuck139.css HTTP/1.1" 200 33551 "https://www.transformptyoga.com/physical-therapy" "Mozilla/5.0 (Macintosh; Intel Mac OS X 10_15_7) AppleWebKit/537.36 (KHTML, like Gecko) Chrome/150.0.0.0 Safari/537.36"
73.217.9.144 - - [14/Jul/2026:13:38:54 -0400] "POST /index.php?option=com_jrealtimeanalytics&format=json HTTP/1.1" 200 2505 "https://www.transformptyoga.com/" "Mozilla/5.0 (Macintosh; Intel Mac OS X 10_15_7) AppleWebKit/537.36 (KHTML, like Gecko) Chrome/150.0.0.0 Safari/537.36"
66.249.65.46 - - [14/Jul/2026:13:39:19 -0400] "GET /market/022676545443 HTTP/1.1" 404 13930 "-" "Mozilla/5.0 (compatible; Googlebot/2.1; +http://www.google.com/bot.html)"
66.249.65.46 - - [14/Jul/2026:13:39:37 -0400] "GET /product/703462574570 HTTP/1.1" 404 13931 "-" "Mozilla/5.0 (Linux; Android 6.0.1; Nexus 5X Build/MMB29P) AppleWebKit/537.36 (KHTML, like Gecko) Chrome/150.0.7871.46 Mobile Safari/537.36 (compatible; Googlebot/2.1; +http://www.google.com/bot.html)"
73.217.9.144 - - [14/Jul/2026:13:39:57 -0400] "GET /contact HTTP/1.1" 200 106576 "https://www.transformptyoga.com/physical-therapy" "Mozilla/5.0 (Macintosh; Intel Mac OS X 10_15_7) AppleWebKit/537.36 (KHTML, like Gecko) Chrome/150.0.0.0 Safari/537.36"
73.217.9.144 - - [14/Jul/2026:13:39:58 -0400] "GET /modules/mod_maximenuck/themes/custom/css/maximenuck_maximenuck138.css HTTP/1.1" 200 35137 "https://www.transformptyoga.com/contact" "Mozilla/5.0 (Macintosh; Intel Mac OS X 10_15_7) AppleWebKit/537.36 (KHTML, like Gecko) Chrome/150.0.0.0 Safari/537.36"
73.217.9.144 - - [14/Jul/2026:13:39:58 -0400] "GET /modules/mod_maximenuck/themes/custom/css/maximenuck_maximenuck139.css HTTP/1.1" 200 33551 "https://www.transformptyoga.com/contact" "Mozilla/5.0 (Macintosh; Intel Mac OS X 10_15_7) AppleWebKit/537.36 (KHTML, like Gecko) Chrome/150.0.0.0 Safari/537.36"
73.217.9.144 - - [14/Jul/2026:13:39:58 -0400] "GET /media/com_convertforms/js/recaptcha_v3.js?96c48e0a72568bfb0c038bc5bb3c85cc HTTP/1.1" 200 540 "https://www.transformptyoga.com/contact" "Mozilla/5.0 (Macintosh; Intel Mac OS X 10_15_7) AppleWebKit/537.36 (KHTML, like Gecko) Chrome/150.0.0.0 Safari/537.36"
73.217.9.144 - - [14/Jul/2026:13:39:58 -0400] "GET /modules/mod_maximenuck/themes/custom/css/maximenuck_maximenuck141.css HTTP/1.1" 200 35132 "https://www.transformptyoga.com/contact" "Mozilla/5.0 (Macintosh; Intel Mac OS X 10_15_7) AppleWebKit/537.36 (KHTML, like Gecko) Chrome/150.0.0.0 Safari/537.36"
73.217.9.144 - - [14/Jul/2026:13:39:58 -0400] "POST /index.php?option=com_jrealtimeanalytics&format=json HTTP/1.1" 200 2505 "https://www.transformptyoga.com/" "Mozilla/5.0 (Macintosh; Intel Mac OS X 10_15_7) AppleWebKit/537.36 (KHTML, like Gecko) Chrome/150.0.0.0 Safari/537.36"
66.249.65.32 - - [14/Jul/2026:13:40:33 -0400] "GET /goodscode/702280671662 HTTP/1.1" 404 13928 "-" "Mozilla/5.0 (compatible; Googlebot/2.1; +http://www.google.com/bot.html)"
66.249.65.32 - - [14/Jul/2026:13:40:38 -0400] "GET /entity/751504403229 HTTP/1.1" 404 13930 "-" "Mozilla/5.0 (compatible; Googlebot/2.1; +http://www.google.com/bot.html)"
73.217.9.144 - - [14/Jul/2026:13:40:38 -0400] "GET /physical-therapy HTTP/1.1" 200 148337 "https://www.transformptyoga.com/contact" "Mozilla/5.0 (Macintosh; Intel Mac OS X 10_15_7) AppleWebKit/537.36 (KHTML, like Gecko) Chrome/150.0.0.0 Safari/537.36"
73.217.9.144 - - [14/Jul/2026:13:40:38 -0400] "GET /modules/mod_maximenuck/themes/custom/css/maximenuck_maximenuck139.css HTTP/1.1" 200 33551 "https://www.transformptyoga.com/physical-therapy" "Mozilla/5.0 (Macintosh; Intel Mac OS X 10_15_7) AppleWebKit/537.36 (KHTML, like Gecko) Chrome/150.0.0.0 Safari/537.36"
73.217.9.144 - - [14/Jul/2026:13:40:38 -0400] "GET /modules/mod_maximenuck/themes/custom/css/maximenuck_maximenuck141.css HTTP/1.1" 200 35132 "https://www.transformptyoga.com/physical-therapy" "Mozilla/5.0 (Macintosh; Intel Mac OS X 10_15_7) AppleWebKit/537.36 (KHTML, like Gecko) Chrome/150.0.0.0 Safari/537.36"
73.217.9.144 - - [14/Jul/2026:13:40:38 -0400] "GET /modules/mod_maximenuck/themes/custom/css/maximenuck_maximenuck138.css HTTP/1.1" 200 35137 "https://www.transformptyoga.com/physical-therapy" "Mozilla/5.0 (Macintosh; Intel Mac OS X 10_15_7) AppleWebKit/537.36 (KHTML, like Gecko) Chrome/150.0.0.0 Safari/537.36"
73.217.9.144 - - [14/Jul/2026:13:40:38 -0400] "POST /index.php?option=com_jrealtimeanalytics&format=json HTTP/1.1" 200 2505 "https://www.transformptyoga.com/" "Mozilla/5.0 (Macintosh; Intel Mac OS X 10_15_7) AppleWebKit/537.36 (KHTML, like Gecko) Chrome/150.0.0.0 Safari/537.36"
66.249.65.46 - - [14/Jul/2026:13:40:52 -0400] "GET /shopping/743216285560 HTTP/1.1" 404 13926 "-" "Mozilla/5.0 (Linux; Android 6.0.1; Nexus 5X Build/MMB29P) AppleWebKit/537.36 (KHTML, like Gecko) Chrome/150.0.7871.46 Mobile Safari/537.36 (compatible; Googlebot/2.1; +http://www.google.com/bot.html)"
66.249.65.46 - - [14/Jul/2026:13:40:53 -0400] "GET /special/744131423497 HTTP/1.1" 404 13930 "-" "Mozilla/5.0 (Linux; Android 6.0.1; Nexus 5X Build/MMB29P) AppleWebKit/537.36 (KHTML, like Gecko) Chrome/150.0.7871.46 Mobile Safari/537.36 (compatible; Googlebot/2.1; +http://www.google.com/bot.html)"
66.249.65.46 - - [14/Jul/2026:13:41:35 -0400] "GET /items/08218958212 HTTP/1.1" 404 13926 "-" "Mozilla/5.0 (Linux; Android 6.0.1; Nexus 5X Build/MMB29P) AppleWebKit/537.36 (KHTML, like Gecko) Chrome/150.0.7871.46 Mobile Safari/537.36 (compatible; Googlebot/2.1; +http://www.google.com/bot.html)"
66.249.65.32 - - [14/Jul/2026:13:42:17 -0400] "GET /info/671326980151 HTTP/1.1" 404 13928 "-" "Mozilla/5.0 (compatible; Googlebot/2.1; +http://www.google.com/bot.html)"
66.249.65.46 - - [14/Jul/2026:13:42:54 -0400] "GET /detail/792936404741 HTTP/1.1" 404 13930 "-" "Mozilla/5.0 (Linux; Android 6.0.1; Nexus 5X Build/MMB29P) AppleWebKit/537.36 (KHTML, like Gecko) Chrome/150.0.7871.46 Mobile Safari/537.36 (compatible; Googlebot/2.1; +http://www.google.com/bot.html)"
66.249.65.32 - - [14/Jul/2026:13:42:55 -0400] "GET /detail/792936404741 HTTP/1.1" 404 13926 "-" "Mozilla/5.0 (compatible; Googlebot/2.1; +http://www.google.com/bot.html)"
73.217.9.144 - - [14/Jul/2026:13:42:58 -0400] "GET /yoga-movement HTTP/1.1" 200 145694 "https://www.transformptyoga.com/physical-therapy" "Mozilla/5.0 (Macintosh; Intel Mac OS X 10_15_7) AppleWebKit/537.36 (KHTML, like Gecko) Chrome/150.0.0.0 Safari/537.36"
73.217.9.144 - - [14/Jul/2026:13:42:58 -0400] "GET /modules/mod_maximenuck/themes/custom/css/maximenuck_maximenuck138.css HTTP/1.1" 200 35137 "https://www.transformptyoga.com/yoga-movement" "Mozilla/5.0 (Macintosh; Intel Mac OS X 10_15_7) AppleWebKit/537.36 (KHTML, like Gecko) Chrome/150.0.0.0 Safari/537.36"
73.217.9.144 - - [14/Jul/2026:13:42:58 -0400] "GET /modules/mod_maximenuck/themes/custom/css/maximenuck_maximenuck139.css HTTP/1.1" 200 33551 "https://www.transformptyoga.com/yoga-movement" "Mozilla/5.0 (Macintosh; Intel Mac OS X 10_15_7) AppleWebKit/537.36 (KHTML, like Gecko) Chrome/150.0.0.0 Safari/537.36"
73.217.9.144 - - [14/Jul/2026:13:42:58 -0400] "GET /modules/mod_maximenuck/themes/custom/css/maximenuck_maximenuck141.css HTTP/1.1" 200 35132 "https://www.transformptyoga.com/yoga-movement" "Mozilla/5.0 (Macintosh; Intel Mac OS X 10_15_7) AppleWebKit/537.36 (KHTML, like Gecko) Chrome/150.0.0.0 Safari/537.36"
73.217.9.144 - - [14/Jul/2026:13:42:59 -0400] "POST /index.php?option=com_jrealtimeanalytics&format=json HTTP/1.1" 200 2505 "https://www.transformptyoga.com/" "Mozilla/5.0 (Macintosh; Intel Mac OS X 10_15_7) AppleWebKit/537.36 (KHTML, like Gecko) Chrome/150.0.0.0 Safari/537.36"
66.249.65.46 - - [14/Jul/2026:13:43:12 -0400] "GET /info/841593846044 HTTP/1.1" 404 13928 "-" "Mozilla/5.0 (Linux; Android 6.0.1; Nexus 5X Build/MMB29P) AppleWebKit/537.36 (KHTML, like Gecko) Chrome/150.0.7871.46 Mobile Safari/537.36 (compatible; Googlebot/2.1; +http://www.google.com/bot.html)"
66.249.65.46 - - [14/Jul/2026:13:43:29 -0400] "GET /product/792930659772 HTTP/1.1" 404 13928 "-" "Mozilla/5.0 (Linux; Android 6.0.1; Nexus 5X Build/MMB29P) AppleWebKit/537.36 (KHTML, like Gecko) Chrome/150.0.7871.46 Mobile Safari/537.36 (compatible; Googlebot/2.1; +http://www.google.com/bot.html)"
66.249.65.32 - - [14/Jul/2026:13:43:33 -0400] "GET /products/68844880288 HTTP/1.1" 404 13925 "-" "Mozilla/5.0 (compatible; Googlebot/2.1; +http://www.google.com/bot.html)"
66.249.65.46 - - [14/Jul/2026:13:43:45 -0400] "GET /goods/82594933118 HTTP/1.1" 404 13925 "-" "Mozilla/5.0 (compatible; Googlebot/2.1; +http://www.google.com/bot.html)"
91.116.158.104 - - [14/Jul/2026:13:43:48 -0400] "GET / HTTP/1.1" 301 - "-" "Mozilla/5.0 (Macintosh; Intel Mac OS X 13.1; rv:132.0) Gecko/20100101 Firefox/132.0"
50.72.144.179 - - [14/Jul/2026:13:43:50 -0400] "GET / HTTP/1.1" 200 93383 "-" "Mozilla/5.0 (Macintosh; Intel Mac OS X 13.1; rv:132.0) Gecko/20100101 Firefox/132.0"
66.249.65.46 - - [14/Jul/2026:13:43:54 -0400] "GET /info/811681211810 HTTP/1.1" 404 13925 "-" "Mozilla/5.0 (Linux; Android 6.0.1; Nexus 5X Build/MMB29P) AppleWebKit/537.36 (KHTML, like Gecko) Chrome/150.0.7871.46 Mobile Safari/537.36 (compatible; Googlebot/2.1; +http://www.google.com/bot.html)"
66.249.65.33 - - [14/Jul/2026:13:44:43 -0400] "GET /entity/742324528939 HTTP/1.1" 404 13926 "-" "Mozilla/5.0 (compatible; Googlebot/2.1; +http://www.google.com/bot.html)"
66.249.65.32 - - [14/Jul/2026:13:44:51 -0400] "GET /shopping/693019817917 HTTP/1.1" 404 13930 "-" "Mozilla/5.0 (Linux; Android 6.0.1; Nexus 5X Build/MMB29P) AppleWebKit/537.36 (KHTML, like Gecko) Chrome/150.0.7871.46 Mobile Safari/537.36 (compatible; Googlebot/2.1; +http://www.google.com/bot.html)"
66.249.65.46 - - [14/Jul/2026:13:44:58 -0400] "GET /special/842702588533 HTTP/1.1" 404 13931 "-" "Mozilla/5.0 (Linux; Android 6.0.1; Nexus 5X Build/MMB29P) AppleWebKit/537.36 (KHTML, like Gecko) Chrome/150.0.7871.46 Mobile Safari/537.36 (compatible; Googlebot/2.1; +http://www.google.com/bot.html)"
41.78.184.234 - - [14/Jul/2026:13:45:00 -0400] "GET /item/102932951181 HTTP/1.1" 404 13926 "-" "Mozilla/5.0 (Windows NT 10.0; Win64; x64) AppleWebKit/537.36 (KHTML, like Gecko) Chrome/89.0.4389.82 Safari/537.36"
77.83.36.161 - - [14/Jul/2026:13:45:03 -0400] "GET /administrator/index.php HTTP/1.1" 200 12531 "-" "Mozilla/4.0 (compatible; MSIE 7.0; Windows NT 6.0)"
77.83.36.161 - - [14/Jul/2026:13:45:04 -0400] "POST /administrator/index.php HTTP/1.1" 303 - "-" "Mozilla/4.0 (compatible; MSIE 7.0; Windows NT 6.0)"
77.83.36.161 - - [14/Jul/2026:13:45:04 -0400] "GET /administrator/index.php HTTP/1.1" 200 12766 "-" "Mozilla/4.0 (compatible; MSIE 7.0; Windows NT 6.0)"
77.83.36.161 - - [14/Jul/2026:13:45:05 -0400] "POST /administrator/index.php HTTP/1.1" 303 - "-" "Mozilla/4.0 (compatible; MSIE 7.0; Windows NT 6.0)"
77.83.36.161 - - [14/Jul/2026:13:45:06 -0400] "GET /administrator/index.php HTTP/1.1" 200 12766 "-" "Mozilla/4.0 (compatible; MSIE 7.0; Windows NT 6.0)"
77.83.36.161 - - [14/Jul/2026:13:45:06 -0400] "POST /administrator/index.php HTTP/1.1" 303 - "-" "Mozilla/4.0 (compatible; MSIE 7.0; Windows NT 6.0)"
77.83.36.161 - - [14/Jul/2026:13:45:07 -0400] "GET /administrator/index.php HTTP/1.1" 200 12766 "-" "Mozilla/4.0 (compatible; MSIE 7.0; Windows NT 6.0)"
66.249.65.33 - - [14/Jul/2026:13:45:10 -0400] "GET /item/843167787248 HTTP/1.1" 404 13928 "-" "Mozilla/5.0 (Linux; Android 6.0.1; Nexus 5X Build/MMB29P) AppleWebKit/537.36 (KHTML, like Gecko) Chrome/150.0.7871.46 Mobile Safari/537.36 (compatible; Googlebot/2.1; +http://www.google.com/bot.html)"
66.249.65.32 - - [14/Jul/2026:13:45:18 -0400] "GET /product/873773271067 HTTP/1.1" 404 13925 "-" "Mozilla/5.0 (compatible; Googlebot/2.1; +http://www.google.com/bot.html)"
66.249.65.46 - - [14/Jul/2026:13:45:26 -0400] "GET /goodscode/722309108178 HTTP/1.1" 404 13930 "-" "Mozilla/5.0 (Linux; Android 6.0.1; Nexus 5X Build/MMB29P) AppleWebKit/537.36 (KHTML, like Gecko) Chrome/150.0.7871.46 Mobile Safari/537.36 (compatible; Googlebot/2.1; +http://www.google.com/bot.html)"
66.249.65.46 - - [14/Jul/2026:13:45:27 -0400] "GET /products/89203038393 HTTP/1.1" 404 13928 "-" "Mozilla/5.0 (compatible; Googlebot/2.1; +http://www.google.com/bot.html)"
39.52.253.232 - - [14/Jul/2026:13:45:44 -0400] "GET /product/674144034141 HTTP/1.1" 404 13930 "-" "Mozilla/5.0 (Macintosh; Intel Mac OS X 11_2_3) AppleWebKit/537.36 (KHTML, like Gecko) Brave Chrome/89.0.4389.114 Safari/537.36"
66.249.65.46 - - [14/Jul/2026:13:45:54 -0400] "GET /shopbrand/832701416617 HTTP/1.1" 404 13928 "-" "Mozilla/5.0 (Linux; Android 6.0.1; Nexus 5X Build/MMB29P) AppleWebKit/537.36 (KHTML, like Gecko) Chrome/150.0.7871.46 Mobile Safari/537.36 (compatible; Googlebot/2.1; +http://www.google.com/bot.html)"
66.249.65.46 - - [14/Jul/2026:13:46:22 -0400] "GET /special/713839706608 HTTP/1.1" 404 13931 "-" "Mozilla/5.0 (compatible; Googlebot/2.1; +http://www.google.com/bot.html)"
66.249.65.32 - - [14/Jul/2026:13:46:31 -0400] "GET /info/903468703045 HTTP/1.1" 404 13928 "-" "Mozilla/5.0 (Linux; Android 6.0.1; Nexus 5X Build/MMB29P) AppleWebKit/537.36 (KHTML, like Gecko) Chrome/150.0.7871.46 Mobile Safari/537.36 (compatible; Googlebot/2.1; +http://www.google.com/bot.html)"
66.249.65.46 - - [14/Jul/2026:13:46:50 -0400] "GET /special/84141641740 HTTP/1.1" 404 13930 "-" "Mozilla/5.0 (Linux; Android 6.0.1; Nexus 5X Build/MMB29P) AppleWebKit/537.36 (KHTML, like Gecko) Chrome/150.0.7871.46 Mobile Safari/537.36 (compatible; Googlebot/2.1; +http://www.google.com/bot.html)"
66.249.65.46 - - [14/Jul/2026:13:47:53 -0400] "GET /product/802588148380 HTTP/1.1" 404 13925 "-" "Mozilla/5.0 (compatible; Googlebot/2.1; +http://www.google.com/bot.html)"
66.249.65.33 - - [14/Jul/2026:13:48:58 -0400] "GET /product/864006267629 HTTP/1.1" 404 13925 "-" "Mozilla/5.0 (Linux; Android 6.0.1; Nexus 5X Build/MMB29P) AppleWebKit/537.36 (KHTML, like Gecko) Chrome/150.0.7871.46 Mobile Safari/537.36 (compatible; Googlebot/2.1; +http://www.google.com/bot.html)"
66.249.65.32 - - [14/Jul/2026:13:49:41 -0400] "GET /goods/701121729598 HTTP/1.1" 404 13925 "-" "Mozilla/5.0 (compatible; Googlebot/2.1; +http://www.google.com/bot.html)"
66.249.65.32 - - [14/Jul/2026:13:49:56 -0400] "GET /market/792557043266 HTTP/1.1" 404 13931 "-" "Mozilla/5.0 (compatible; Googlebot/2.1; +http://www.google.com/bot.html)"
66.249.65.46 - - [14/Jul/2026:13:49:57 -0400] "GET /market/792557043266 HTTP/1.1" 404 13926 "-" "Mozilla/5.0 (Linux; Android 6.0.1; Nexus 5X Build/MMB29P) AppleWebKit/537.36 (KHTML, like Gecko) Chrome/150.0.7871.46 Mobile Safari/537.36 (compatible; Googlebot/2.1; +http://www.google.com/bot.html)"
66.249.65.32 - - [14/Jul/2026:13:49:58 -0400] "GET /market/821678337512 HTTP/1.1" 404 13926 "-" "Mozilla/5.0 (compatible; Googlebot/2.1; +http://www.google.com/bot.html)"
66.249.65.33 - - [14/Jul/2026:13:51:02 -0400] "GET /market/001416588704 HTTP/1.1" 404 13928 "-" "Mozilla/5.0 (compatible; Googlebot/2.1; +http://www.google.com/bot.html)"
66.249.65.46 - - [14/Jul/2026:13:51:10 -0400] "GET /special/89291257815 HTTP/1.1" 404 13931 "-" "Mozilla/5.0 (compatible; Googlebot/2.1; +http://www.google.com/bot.html)"
66.249.65.32 - - [14/Jul/2026:13:51:13 -0400] "GET /product/823905680025 HTTP/1.1" 404 13928 "-" "Mozilla/5.0 (Linux; Android 6.0.1; Nexus 5X Build/MMB29P) AppleWebKit/537.36 (KHTML, like Gecko) Chrome/150.0.7871.46 Mobile Safari/537.36 (compatible; Googlebot/2.1; +http://www.google.com/bot.html)"
66.249.65.46 - - [14/Jul/2026:13:51:34 -0400] "GET /items/653748457146 HTTP/1.1" 404 13925 "-" "Mozilla/5.0 (Linux; Android 6.0.1; Nexus 5X Build/MMB29P) AppleWebKit/537.36 (KHTML, like Gecko) Chrome/150.0.7871.46 Mobile Safari/537.36 (compatible; Googlebot/2.1; +http://www.google.com/bot.html)"
66.249.65.46 - - [14/Jul/2026:13:51:51 -0400] "GET /goods/781295515825 HTTP/1.1" 404 13925 "-" "Mozilla/5.0 (compatible; Googlebot/2.1; +http://www.google.com/bot.html)"
66.249.65.46 - - [14/Jul/2026:13:52:18 -0400] "GET /shopping/681379478106 HTTP/1.1" 404 13931 "-" "Mozilla/5.0 (Linux; Android 6.0.1; Nexus 5X Build/MMB29P) AppleWebKit/537.36 (KHTML, like Gecko) Chrome/150.0.7871.46 Mobile Safari/537.36 (compatible; Googlebot/2.1; +http://www.google.com/bot.html)"
66.249.65.33 - - [14/Jul/2026:13:53:10 -0400] "GET /info/664024158851 HTTP/1.1" 404 13928 "-" "Mozilla/5.0 (compatible; Googlebot/2.1; +http://www.google.com/bot.html)"
66.249.65.32 - - [14/Jul/2026:13:53:32 -0400] "GET /shopbrand/762723008086 HTTP/1.1" 404 13928 "-" "Mozilla/5.0 (compatible; Googlebot/2.1; +http://www.google.com/bot.html)"
