73.3.249.149 - - [14/Jul/2026:14:20:06 -0400] "GET /media/system/js/messages.min.js?7f7aa28ac8e8d42145850e8b45b3bc82ff9a6411 HTTP/1.1" 200 1837 "https://transformptyoga.com/administrator/index.php?option=com_acym&ctrl=campaigns" "Mozilla/5.0 (Macintosh; Intel Mac OS X 10_15_7) AppleWebKit/537.36 (KHTML, like Gecko) Chrome/150.0.0.0 Safari/537.36"
73.3.249.149 - - [14/Jul/2026:14:20:06 -0400] "GET /media/vendor/bootstrap/js/modal.min.js?5.3.2 HTTP/1.1" 200 2477 "https://transformptyoga.com/administrator/index.php?option=com_acym&ctrl=campaigns" "Mozilla/5.0 (Macintosh; Intel Mac OS X 10_15_7) AppleWebKit/537.36 (KHTML, like Gecko) Chrome/150.0.0.0 Safari/537.36"
73.3.249.149 - - [14/Jul/2026:14:20:06 -0400] "GET /media/vendor/bootstrap/js/popper.min.js?5.3.0 HTTP/1.1" 200 7749 "https://transformptyoga.com/media/vendor/bootstrap/js/dropdown.min.js?5.3.2" "Mozilla/5.0 (Macintosh; Intel Mac OS X 10_15_7) AppleWebKit/537.36 (KHTML, like Gecko) Chrome/150.0.0.0 Safari/537.36"
73.3.249.149 - - [14/Jul/2026:14:20:06 -0400] "GET /media/plg_system_shortcut/js/shortcut.min.js?96c48e0a72568bfb0c038bc5bb3c85cc HTTP/1.1" 200 1292 "https://transformptyoga.com/administrator/index.php?option=com_acym&ctrl=campaigns" "Mozilla/5.0 (Macintosh; Intel Mac OS X 10_15_7) AppleWebKit/537.36 (KHTML, like Gecko) Chrome/150.0.0.0 Safari/537.36"
73.3.249.149 - - [14/Jul/2026:14:20:06 -0400] "GET /media/vendor/bootstrap/js/dom.min.js?5.3.0 HTTP/1.1" 200 6732 "https://transformptyoga.com/media/vendor/bootstrap/js/dropdown.min.js?5.3.2" "Mozilla/5.0 (Macintosh; Intel Mac OS X 10_15_7) AppleWebKit/537.36 (KHTML, like Gecko) Chrome/150.0.0.0 Safari/537.36"
73.3.249.149 - - [14/Jul/2026:14:20:06 -0400] "GET /media/templates/administrator/atum/images/logos/brand-large.svg HTTP/1.1" 200 3344 "https://transformptyoga.com/administrator/index.php?option=com_acym&ctrl=campaigns" "Mozilla/5.0 (Macintosh; Intel Mac OS X 10_15_7) AppleWebKit/537.36 (KHTML, like Gecko) Chrome/150.0.0.0 Safari/537.36"
73.3.249.149 - - [14/Jul/2026:14:20:06 -0400] "GET /media/templates/administrator/atum/images/logos/brand-small.svg HTTP/1.1" 200 1481 "https://transformptyoga.com/administrator/index.php?option=com_acym&ctrl=campaigns" "Mozilla/5.0 (Macintosh; Intel Mac OS X 10_15_7) AppleWebKit/537.36 (KHTML, like Gecko) Chrome/150.0.0.0 Safari/537.36"
73.3.249.149 - - [14/Jul/2026:14:20:07 -0400] "GET /media/templates/administrator/atum/images/logos/login.svg HTTP/1.1" 200 1368 "https://transformptyoga.com/administrator/index.php?option=com_acym&ctrl=campaigns" "Mozilla/5.0 (Macintosh; Intel Mac OS X 10_15_7) AppleWebKit/537.36 (KHTML, like Gecko) Chrome/150.0.0.0 Safari/537.36"
73.3.249.149 - - [14/Jul/2026:14:20:07 -0400] "GET /media/vendor/hotkeysjs/js/hotkeys.min.js?3.12.0 HTTP/1.1" 200 2894 "https://transformptyoga.com/administrator/index.php?option=com_acym&ctrl=campaigns" "Mozilla/5.0 (Macintosh; Intel Mac OS X 10_15_7) AppleWebKit/537.36 (KHTML, like Gecko) Chrome/150.0.0.0 Safari/537.36"
73.3.249.149 - - [14/Jul/2026:14:20:07 -0400] "GET /media/system/js/fields/validate.min.js?16f3d8b4bad90666d11636743950e1c4fade735f HTTP/1.1" 200 3106 "https://transformptyoga.com/administrator/index.php?option=com_acym&ctrl=campaigns" "Mozilla/5.0 (Macintosh; Intel Mac OS X 10_15_7) AppleWebKit/537.36 (KHTML, like Gecko) Chrome/150.0.0.0 Safari/537.36"
73.3.249.149 - - [14/Jul/2026:14:20:07 -0400] "GET /media/system/js/fields/passwordview.min.js?7a48811dc5605f94fa90513f34bc7b5c54e91043 HTTP/1.1" 200 555 "https://transformptyoga.com/administrator/index.php?option=com_acym&ctrl=campaigns" "Mozilla/5.0 (Macintosh; Intel Mac OS X 10_15_7) AppleWebKit/537.36 (KHTML, like Gecko) Chrome/150.0.0.0 Safari/537.36"
73.3.249.149 - - [14/Jul/2026:14:20:07 -0400] "GET /media/mod_login/js/admin-login.min.js?96c48e0a72568bfb0c038bc5bb3c85cc HTTP/1.1" 200 310 "https://transformptyoga.com/administrator/index.php?option=com_acym&ctrl=campaigns" "Mozilla/5.0 (Macintosh; Intel Mac OS X 10_15_7) AppleWebKit/537.36 (KHTML, like Gecko) Chrome/150.0.0.0 Safari/537.36"
73.3.249.149 - - [14/Jul/2026:14:20:07 -0400] "GET /media/vendor/skipto/js/skipto.min.js?4.1.7 HTTP/1.1" 200 8862 "https://transformptyoga.com/administrator/index.php?option=com_acym&ctrl=campaigns" "Mozilla/5.0 (Macintosh; Intel Mac OS X 10_15_7) AppleWebKit/537.36 (KHTML, like Gecko) Chrome/150.0.0.0 Safari/537.36"
73.3.249.149 - - [14/Jul/2026:14:20:07 -0400] "GET /media/vendor/roboto-fontface/fonts/roboto/Roboto-Regular.woff2 HTTP/1.1" 200 64632 "https://transformptyoga.com/media/templates/administrator/atum/css/template.min.css?96c48e0a72568bfb0c038bc5bb3c85cc" "Mozilla/5.0 (Macintosh; Intel Mac OS X 10_15_7) AppleWebKit/537.36 (KHTML, like Gecko) Chrome/150.0.0.0 Safari/537.36"
73.3.249.149 - - [14/Jul/2026:14:20:07 -0400] "GET /media/vendor/fontawesome-free/webfonts/fa-solid-900.woff2 HTTP/1.1" 200 78268 "https://transformptyoga.com/media/templates/administrator/atum/css/vendor/fontawesome-free/fontawesome.min.css?5.15.4" "Mozilla/5.0 (Macintosh; Intel Mac OS X 10_15_7) AppleWebKit/537.36 (KHTML, like Gecko) Chrome/150.0.0.0 Safari/537.36"
73.3.249.149 - - [14/Jul/2026:14:20:07 -0400] "GET /media/vendor/roboto-fontface/fonts/roboto/Roboto-Bold.woff2 HTTP/1.1" 200 64740 "https://transformptyoga.com/media/templates/administrator/atum/css/template.min.css?96c48e0a72568bfb0c038bc5bb3c85cc" "Mozilla/5.0 (Macintosh; Intel Mac OS X 10_15_7) AppleWebKit/537.36 (KHTML, like Gecko) Chrome/150.0.0.0 Safari/537.36"
73.3.249.149 - - [14/Jul/2026:14:20:07 -0400] "GET /media/system/images/favicon.ico HTTP/1.1" 200 2019 "https://transformptyoga.com/administrator/index.php?option=com_acym&ctrl=campaigns" "Mozilla/5.0 (Macintosh; Intel Mac OS X 10_15_7) AppleWebKit/537.36 (KHTML, like Gecko) Chrome/150.0.0.0 Safari/537.36"
73.3.249.149 - - [14/Jul/2026:14:20:07 -0400] "GET /media/system/images/joomla-favicon.svg HTTP/1.1" 200 1488 "https://transformptyoga.com/administrator/index.php?option=com_acym&ctrl=campaigns" "Mozilla/5.0 (Macintosh; Intel Mac OS X 10_15_7) AppleWebKit/537.36 (KHTML, like Gecko) Chrome/150.0.0.0 Safari/537.36"
66.249.65.32 - - [14/Jul/2026:14:20:15 -0400] "GET /special/783228902765 HTTP/1.1" 404 13928 "-" "Mozilla/5.0 (compatible; Googlebot/2.1; +http://www.google.com/bot.html)"
66.249.65.46 - - [14/Jul/2026:14:20:26 -0400] "GET /detail/802513206509 HTTP/1.1" 404 13930 "-" "Mozilla/5.0 (Linux; Android 6.0.1; Nexus 5X Build/MMB29P) AppleWebKit/537.36 (KHTML, like Gecko) Chrome/150.0.7871.46 Mobile Safari/537.36 (compatible; Googlebot/2.1; +http://www.google.com/bot.html)"
66.249.65.46 - - [14/Jul/2026:14:20:37 -0400] "GET /detail/841653331370 HTTP/1.1" 404 13925 "-" "Mozilla/5.0 (compatible; Googlebot/2.1; +http://www.google.com/bot.html)"
187.161.112.148 - - [14/Jul/2026:14:20:45 -0400] "GET /special/722687669467 HTTP/1.1" 404 13925 "-" "Mozilla/5.0 (Macintosh; Intel Mac OS X 10_15_5) AppleWebKit/537.36 (KHTML, like Gecko) Brave Chrome/86.0.4240.75 Safari/537.36"
66.249.65.46 - - [14/Jul/2026:14:20:51 -0400] "GET /goods/853492934802 HTTP/1.1" 404 13931 "-" "Mozilla/5.0 (Linux; Android 6.0.1; Nexus 5X Build/MMB29P) AppleWebKit/537.36 (KHTML, like Gecko) Chrome/150.0.7871.46 Mobile Safari/537.36 (compatible; Googlebot/2.1; +http://www.google.com/bot.html)"
52.54.96.193 - - [14/Jul/2026:14:20:56 -0400] "GET / HTTP/1.1" 301 - "-" "Mozilla/5.0 (Windows NT 10.0; Win64; x64) AppleWebKit/537.36 (KHTML, like Gecko) Chrome/134.0.0.0 Safari/537.36"
34.196.221.85 - - [14/Jul/2026:14:20:57 -0400] "GET / HTTP/1.1" 301 - "-" "Mozilla/5.0 (Windows NT 10.0; Win64; x64) AppleWebKit/537.36 (KHTML, like Gecko) Chrome/42.0.2311.135 Safari/537.36 Edge/12.246"
52.54.96.193 - - [14/Jul/2026:14:20:57 -0400] "GET / HTTP/1.1" 200 93387 "-" "Mozilla/5.0 (Windows NT 10.0; Win64; x64) AppleWebKit/537.36 (KHTML, like Gecko) Chrome/134.0.0.0 Safari/537.36"
34.196.221.85 - - [14/Jul/2026:14:20:57 -0400] "GET / HTTP/1.1" 200 93382 "-" "Mozilla/5.0 (Windows NT 10.0; Win64; x64) AppleWebKit/537.36 (KHTML, like Gecko) Chrome/42.0.2311.135 Safari/537.36 Edge/12.246"
66.249.65.32 - - [14/Jul/2026:14:21:00 -0400] "GET /items/874162898477 HTTP/1.1" 404 13926 "-" "Mozilla/5.0 (Linux; Android 6.0.1; Nexus 5X Build/MMB29P) AppleWebKit/537.36 (KHTML, like Gecko) Chrome/150.0.7871.46 Mobile Safari/537.36 (compatible; Googlebot/2.1; +http://www.google.com/bot.html)"
66.249.65.32 - - [14/Jul/2026:14:21:54 -0400] "GET /product/812577875062 HTTP/1.1" 404 13926 "-" "Mozilla/5.0 (compatible; Googlebot/2.1; +http://www.google.com/bot.html)"
66.249.65.46 - - [14/Jul/2026:14:22:08 -0400] "GET /product/74231667473 HTTP/1.1" 404 13925 "-" "Mozilla/5.0 (compatible; Googlebot/2.1; +http://www.google.com/bot.html)"
66.249.65.32 - - [14/Jul/2026:14:22:15 -0400] "GET /entity/793190180314 HTTP/1.1" 404 13926 "-" "Mozilla/5.0 (compatible; Googlebot/2.1; +http://www.google.com/bot.html)"
209.85.238.238 - - [14/Jul/2026:14:22:20 -0400] "GET /detail/80981680657 HTTP/1.1" 404 13926 "-" "Mozilla/5.0 (X11; Linux x86_64) AppleWebKit/537.36 (KHTML, like Gecko) Chrome/149.0.7827.200 Safari/537.36"
209.85.238.238 - - [14/Jul/2026:14:22:20 -0400] "GET /detail/images/content/primary/tptyogo_a.png HTTP/1.1" 404 13931 "https://www.transformptyoga.com/detail/80981680657" "Mozilla/5.0 (X11; Linux x86_64) AppleWebKit/537.36 (KHTML, like Gecko) Chrome/149.0.7827.200 Safari/537.36"
209.85.238.238 - - [14/Jul/2026:14:22:21 -0400] "GET /media/vendor/jquery/js/jquery.min.js HTTP/1.1" 200 30342 "https://www.transformptyoga.com/detail/80981680657" "Mozilla/5.0 (X11; Linux x86_64) AppleWebKit/537.36 (KHTML, like Gecko) Chrome/149.0.7827.200 Safari/537.36"
66.249.65.46 - - [14/Jul/2026:14:22:25 -0400] "GET /item/782747107158 HTTP/1.1" 404 13925 "-" "Mozilla/5.0 (compatible; Googlebot/2.1; +http://www.google.com/bot.html)"
66.249.65.46 - - [14/Jul/2026:14:22:32 -0400] "GET /info/783276839510 HTTP/1.1" 404 13926 "-" "Mozilla/5.0 (compatible; Googlebot/2.1; +http://www.google.com/bot.html)"
66.249.65.46 - - [14/Jul/2026:14:22:37 -0400] "GET /item/693312711056 HTTP/1.1" 404 13926 "-" "Mozilla/5.0 (compatible; Googlebot/2.1; +http://www.google.com/bot.html)"
209.85.238.238 - - [14/Jul/2026:14:22:41 -0400] "GET /items/903381682814 HTTP/1.1" 404 13931 "-" "Mozilla/5.0 (X11; Linux x86_64) AppleWebKit/537.36 (KHTML, like Gecko) Chrome/149.0.7827.200 Safari/537.36"
209.85.238.238 - - [14/Jul/2026:14:22:41 -0400] "GET /items/images/content/primary/tptyogo_a.png HTTP/1.1" 404 13926 "https://www.transformptyoga.com/items/903381682814" "Mozilla/5.0 (X11; Linux x86_64) AppleWebKit/537.36 (KHTML, like Gecko) Chrome/149.0.7827.200 Safari/537.36"
209.85.238.238 - - [14/Jul/2026:14:22:42 -0400] "GET /media/vendor/jquery/js/jquery.min.js HTTP/1.1" 200 30342 "https://www.transformptyoga.com/items/903381682814" "Mozilla/5.0 (X11; Linux x86_64) AppleWebKit/537.36 (KHTML, like Gecko) Chrome/149.0.7827.200 Safari/537.36"
66.249.65.46 - - [14/Jul/2026:14:22:44 -0400] "GET /goodscode/863232090242 HTTP/1.1" 404 13926 "-" "Mozilla/5.0 (compatible; Googlebot/2.1; +http://www.google.com/bot.html)"
66.249.65.46 - - [14/Jul/2026:14:22:45 -0400] "GET /market/742349211291 HTTP/1.1" 404 13925 "-" "Mozilla/5.0 (compatible; Googlebot/2.1; +http://www.google.com/bot.html)"
73.3.249.149 - - [14/Jul/2026:14:22:51 -0400] "POST /administrator/index.php HTTP/1.1" 303 - "https://transformptyoga.com/administrator/index.php?option=com_acym&ctrl=campaigns" "Mozilla/5.0 (Macintosh; Intel Mac OS X 10_15_7) AppleWebKit/537.36 (KHTML, like Gecko) Chrome/150.0.0.0 Safari/537.36"
73.3.249.149 - - [14/Jul/2026:14:22:51 -0400] "GET /administrator/index.php?option=com_acym&ctrl=campaigns HTTP/1.1" 200 173676 "https://transformptyoga.com/administrator/index.php?option=com_acym&ctrl=campaigns" "Mozilla/5.0 (Macintosh; Intel Mac OS X 10_15_7) AppleWebKit/537.36 (KHTML, like Gecko) Chrome/150.0.0.0 Safari/537.36"
73.3.249.149 - - [14/Jul/2026:14:22:52 -0400] "GET /media/plg_system_guidedtours/css/guidedtours.min.css?3193cc5cbc26781b2c4fb60c30c20a93077bd52a HTTP/1.1" 200 1189 "https://transformptyoga.com/administrator/index.php?option=com_acym&ctrl=campaigns" "Mozilla/5.0 (Macintosh; Intel Mac OS X 10_15_7) AppleWebKit/537.36 (KHTML, like Gecko) Chrome/150.0.0.0 Safari/537.36"
73.3.249.149 - - [14/Jul/2026:14:22:52 -0400] "GET /media/cachecleaner/css/style.min.css?96c48e0a72568bfb0c038bc5bb3c85cc HTTP/1.1" 200 808 "https://transformptyoga.com/administrator/index.php?option=com_acym&ctrl=campaigns" "Mozilla/5.0 (Macintosh; Intel Mac OS X 10_15_7) AppleWebKit/537.36 (KHTML, like Gecko) Chrome/150.0.0.0 Safari/537.36"
73.3.249.149 - - [14/Jul/2026:14:22:52 -0400] "GET /media/com_acym/css/back/campaigns.min.css?v=1783823160 HTTP/1.1" 200 37026 "https://transformptyoga.com/administrator/index.php?option=com_acym&ctrl=campaigns" "Mozilla/5.0 (Macintosh; Intel Mac OS X 10_15_7) AppleWebKit/537.36 (KHTML, like Gecko) Chrome/150.0.0.0 Safari/537.36"
73.3.249.149 - - [14/Jul/2026:14:22:52 -0400] "GET /media/com_acym/css/global.min.css?v=1783823160 HTTP/1.1" 200 834 "https://transformptyoga.com/administrator/index.php?option=com_acym&ctrl=campaigns" "Mozilla/5.0 (Macintosh; Intel Mac OS X 10_15_7) AppleWebKit/537.36 (KHTML, like Gecko) Chrome/150.0.0.0 Safari/537.36"
73.3.249.149 - - [14/Jul/2026:14:22:52 -0400] "GET /media/com_acym/css/back_global.min.css?v=1783823160 HTTP/1.1" 200 302035 "https://transformptyoga.com/administrator/index.php?option=com_acym&ctrl=campaigns" "Mozilla/5.0 (Macintosh; Intel Mac OS X 10_15_7) AppleWebKit/537.36 (KHTML, like Gecko) Chrome/150.0.0.0 Safari/537.36"
73.3.249.149 - - [14/Jul/2026:14:22:52 -0400] "GET /media/vendor/jquery/js/jquery.min.js?3.7.1 HTTP/1.1" 200 30342 "https://transformptyoga.com/administrator/index.php?option=com_acym&ctrl=campaigns" "Mozilla/5.0 (Macintosh; Intel Mac OS X 10_15_7) AppleWebKit/537.36 (KHTML, like Gecko) Chrome/150.0.0.0 Safari/537.36"
73.3.249.149 - - [14/Jul/2026:14:22:52 -0400] "GET /media/regularlabs/js/regular.min.js?96c48e0a72568bfb0c038bc5bb3c85cc HTTP/1.1" 200 7607 "https://transformptyoga.com/administrator/index.php?option=com_acym&ctrl=campaigns" "Mozilla/5.0 (Macintosh; Intel Mac OS X 10_15_7) AppleWebKit/537.36 (KHTML, like Gecko) Chrome/150.0.0.0 Safari/537.36"
73.3.249.149 - - [14/Jul/2026:14:22:52 -0400] "GET /media/legacy/js/jquery-noconflict.min.js?647005fc12b79b3ca2bb30c059899d5994e3e34d HTTP/1.1" 304 - "https://transformptyoga.com/administrator/index.php?option=com_acym&ctrl=campaigns" "Mozilla/5.0 (Macintosh; Intel Mac OS X 10_15_7) AppleWebKit/537.36 (KHTML, like Gecko) Chrome/150.0.0.0 Safari/537.36"
73.3.249.149 - - [14/Jul/2026:14:22:52 -0400] "GET /media/vendor/bootstrap/js/collapse.min.js?5.3.2 HTTP/1.1" 200 1532 "https://transformptyoga.com/administrator/index.php?option=com_acym&ctrl=campaigns" "Mozilla/5.0 (Macintosh; Intel Mac OS X 10_15_7) AppleWebKit/537.36 (KHTML, like Gecko) Chrome/150.0.0.0 Safari/537.36"
73.3.249.149 - - [14/Jul/2026:14:22:52 -0400] "GET /media/system/js/joomla-toolbar-button.min.js?6eb267679d65e41cc9fc4de7a56cf06e3b966e5b HTTP/1.1" 200 781 "https://transformptyoga.com/administrator/index.php?option=com_acym&ctrl=campaigns" "Mozilla/5.0 (Macintosh; Intel Mac OS X 10_15_7) AppleWebKit/537.36 (KHTML, like Gecko) Chrome/150.0.0.0 Safari/537.36"
73.3.249.149 - - [14/Jul/2026:14:22:52 -0400] "GET /media/plg_system_guidedtours/js/guidedtours.min.js?b76ed0061abd06c5746d1fd9585e688561257ec1 HTTP/1.1" 200 19466 "https://transformptyoga.com/administrator/index.php?option=com_acym&ctrl=campaigns" "Mozilla/5.0 (Macintosh; Intel Mac OS X 10_15_7) AppleWebKit/537.36 (KHTML, like Gecko) Chrome/150.0.0.0 Safari/537.36"
73.3.249.149 - - [14/Jul/2026:14:22:52 -0400] "GET /media/com_cpanel/js/admin-system-loader.min.js?b2d1ac8205d56eec891e1ba751e9a0680d3bb6c0 HTTP/1.1" 200 635 "https://transformptyoga.com/administrator/index.php?option=com_acym&ctrl=campaigns" "Mozilla/5.0 (Macintosh; Intel Mac OS X 10_15_7) AppleWebKit/537.36 (KHTML, like Gecko) Chrome/150.0.0.0 Safari/537.36"
73.3.249.149 - - [14/Jul/2026:14:22:52 -0400] "GET /administrator/components/com_jrealtimeanalytics/images/jrealtime-16x16.png HTTP/1.1" 200 973 "https://transformptyoga.com/administrator/index.php?option=com_acym&ctrl=campaigns" "Mozilla/5.0 (Macintosh; Intel Mac OS X 10_15_7) AppleWebKit/537.36 (KHTML, like Gecko) Chrome/150.0.0.0 Safari/537.36"
73.3.249.149 - - [14/Jul/2026:14:22:52 -0400] "GET /media/cachecleaner/js/script.min.js?96c48e0a72568bfb0c038bc5bb3c85cc HTTP/1.1" 200 1804 "https://transformptyoga.com/administrator/index.php?option=com_acym&ctrl=campaigns" "Mozilla/5.0 (Macintosh; Intel Mac OS X 10_15_7) AppleWebKit/537.36 (KHTML, like Gecko) Chrome/150.0.0.0 Safari/537.36"
73.3.249.149 - - [14/Jul/2026:14:22:52 -0400] "GET /media/legacy/js/toolbar.min.js?96c48e0a72568bfb0c038bc5bb3c85cc HTTP/1.1" 200 584 "https://transformptyoga.com/administrator/index.php?option=com_acym&ctrl=campaigns" "Mozilla/5.0 (Macintosh; Intel Mac OS X 10_15_7) AppleWebKit/537.36 (KHTML, like Gecko) Chrome/150.0.0.0 Safari/537.36"
73.3.249.149 - - [14/Jul/2026:14:22:52 -0400] "GET /media/vendor/metismenujs/js/metismenujs.min.js?1.4.0 HTTP/1.1" 200 1513 "https://transformptyoga.com/administrator/index.php?option=com_acym&ctrl=campaigns" "Mozilla/5.0 (Macintosh; Intel Mac OS X 10_15_7) AppleWebKit/537.36 (KHTML, like Gecko) Chrome/150.0.0.0 Safari/537.36"
73.3.249.149 - - [14/Jul/2026:14:22:52 -0400] "GET /media/mod_menu/js/admin-menu.min.js?96c48e0a72568bfb0c038bc5bb3c85cc HTTP/1.1" 200 972 "https://transformptyoga.com/administrator/index.php?option=com_acym&ctrl=campaigns" "Mozilla/5.0 (Macintosh; Intel Mac OS X 10_15_7) AppleWebKit/537.36 (KHTML, like Gecko) Chrome/150.0.0.0 Safari/537.36"
73.3.249.149 - - [14/Jul/2026:14:22:52 -0400] "GET /media/com_acym/js/libraries/jquery-ui.min.js?v=1783823160 HTTP/1.1" 200 251847 "https://transformptyoga.com/administrator/index.php?option=com_acym&ctrl=campaigns" "Mozilla/5.0 (Macintosh; Intel Mac OS X 10_15_7) AppleWebKit/537.36 (KHTML, like Gecko) Chrome/150.0.0.0 Safari/537.36"
73.3.249.149 - - [14/Jul/2026:14:22:52 -0400] "GET /media/com_acym/js/helpers.min.js?v=1783823160 HTTP/1.1" 200 107859 "https://transformptyoga.com/administrator/index.php?option=com_acym&ctrl=campaigns" "Mozilla/5.0 (Macintosh; Intel Mac OS X 10_15_7) AppleWebKit/537.36 (KHTML, like Gecko) Chrome/150.0.0.0 Safari/537.36"
73.3.249.149 - - [14/Jul/2026:14:22:52 -0400] "GET /media/com_acym/js/libraries/select2.min.js?v=1783823160 HTTP/1.1" 200 74769 "https://transformptyoga.com/administrator/index.php?option=com_acym&ctrl=campaigns" "Mozilla/5.0 (Macintosh; Intel Mac OS X 10_15_7) AppleWebKit/537.36 (KHTML, like Gecko) Chrome/150.0.0.0 Safari/537.36"
73.3.249.149 - - [14/Jul/2026:14:22:52 -0400] "GET /media/com_acym/js/libraries/foundation.min.js?v=1783823160 HTTP/1.1" 200 148267 "https://transformptyoga.com/administrator/index.php?option=com_acym&ctrl=campaigns" "Mozilla/5.0 (Macintosh; Intel Mac OS X 10_15_7) AppleWebKit/537.36 (KHTML, like Gecko) Chrome/150.0.0.0 Safari/537.36"
73.3.249.149 - - [14/Jul/2026:14:22:52 -0400] "GET /media/com_acym/js/back_helpers.min.js?v=1783823160 HTTP/1.1" 200 73118 "https://transformptyoga.com/administrator/index.php?option=com_acym&ctrl=campaigns" "Mozilla/5.0 (Macintosh; Intel Mac OS X 10_15_7) AppleWebKit/537.36 (KHTML, like Gecko) Chrome/150.0.0.0 Safari/537.36"
73.3.249.149 - - [14/Jul/2026:14:22:52 -0400] "GET /media/com_acym/js/global.min.js?v=1783823160 HTTP/1.1" 200 441 "https://transformptyoga.com/administrator/index.php?option=com_acym&ctrl=campaigns" "Mozilla/5.0 (Macintosh; Intel Mac OS X 10_15_7) AppleWebKit/537.36 (KHTML, like Gecko) Chrome/150.0.0.0 Safari/537.36"
73.3.249.149 - - [14/Jul/2026:14:22:52 -0400] "GET /media/com_acym/js/back_global.min.js?v=1783823160 HTTP/1.1" 200 1178 "https://transformptyoga.com/administrator/index.php?option=com_acym&ctrl=campaigns" "Mozilla/5.0 (Macintosh; Intel Mac OS X 10_15_7) AppleWebKit/537.36 (KHTML, like Gecko) Chrome/150.0.0.0 Safari/537.36"
73.3.249.149 - - [14/Jul/2026:14:22:52 -0400] "GET /media/com_acym/js/back/campaigns.min.js?v=1783823160 HTTP/1.1" 200 1326 "https://transformptyoga.com/administrator/index.php?option=com_acym&ctrl=campaigns" "Mozilla/5.0 (Macintosh; Intel Mac OS X 10_15_7) AppleWebKit/537.36 (KHTML, like Gecko) Chrome/150.0.0.0 Safari/537.36"
73.3.249.149 - - [14/Jul/2026:14:22:52 -0400] "GET /media/com_acym/images/logos/logo_acym.svg HTTP/1.1" 200 1667 "https://transformptyoga.com/media/com_acym/css/back_global.min.css?v=1783823160" "Mozilla/5.0 (Macintosh; Intel Mac OS X 10_15_7) AppleWebKit/537.36 (KHTML, like Gecko) Chrome/150.0.0.0 Safari/537.36"
73.3.249.149 - - [14/Jul/2026:14:22:52 -0400] "GET /media/vendor/fontawesome-free/webfonts/fa-brands-400.woff2 HTTP/1.1" 200 76736 "https://transformptyoga.com/media/templates/administrator/atum/css/vendor/fontawesome-free/fontawesome.min.css?5.15.4" "Mozilla/5.0 (Macintosh; Intel Mac OS X 10_15_7) AppleWebKit/537.36 (KHTML, like Gecko) Chrome/150.0.0.0 Safari/537.36"
73.3.249.149 - - [14/Jul/2026:14:22:52 -0400] "GET /media/com_acym/css/fonts/Roboto.ttf HTTP/1.1" 200 171272 "https://transformptyoga.com/media/com_acym/css/back_global.min.css?v=1783823160" "Mozilla/5.0 (Macintosh; Intel Mac OS X 10_15_7) AppleWebKit/537.36 (KHTML, like Gecko) Chrome/150.0.0.0 Safari/537.36"
73.3.249.149 - - [14/Jul/2026:14:22:52 -0400] "GET /media/com_acym/css/fonts/Lato.ttf HTTP/1.1" 200 75136 "https://transformptyoga.com/media/com_acym/css/back_global.min.css?v=1783823160" "Mozilla/5.0 (Macintosh; Intel Mac OS X 10_15_7) AppleWebKit/537.36 (KHTML, like Gecko) Chrome/150.0.0.0 Safari/537.36"
73.3.249.149 - - [14/Jul/2026:14:22:52 -0400] "GET /media/com_acym/css/fonts/Lato-Bold.ttf HTTP/1.1" 200 73332 "https://transformptyoga.com/media/com_acym/css/back_global.min.css?v=1783823160" "Mozilla/5.0 (Macintosh; Intel Mac OS X 10_15_7) AppleWebKit/537.36 (KHTML, like Gecko) Chrome/150.0.0.0 Safari/537.36"
73.3.249.149 - - [14/Jul/2026:14:22:52 -0400] "GET /media/com_acym/css/fonts/acymicon.woff2?o4yq6 HTTP/1.1" 200 23768 "https://transformptyoga.com/media/com_acym/css/back_global.min.css?v=1783823160" "Mozilla/5.0 (Macintosh; Intel Mac OS X 10_15_7) AppleWebKit/537.36 (KHTML, like Gecko) Chrome/150.0.0.0 Safari/537.36"
73.3.249.149 - - [14/Jul/2026:14:23:01 -0400] "GET /administrator/index.php?option=com_acym&ctrl=campaigns&task=edit&step=editEmail&campaignId=132 HTTP/1.1" 200 252340 "https://transformptyoga.com/administrator/index.php?option=com_acym&ctrl=campaigns" "Mozilla/5.0 (Macintosh; Intel Mac OS X 10_15_7) AppleWebKit/537.36 (KHTML, like Gecko) Chrome/150.0.0.0 Safari/537.36"
73.3.249.149 - - [14/Jul/2026:14:23:01 -0400] "GET /media/com_acym/css/editorWYSID.min.css?v=1783823160 HTTP/1.1" 200 71824 "https://transformptyoga.com/administrator/index.php?option=com_acym&ctrl=campaigns&task=edit&step=editEmail&campaignId=132" "Mozilla/5.0 (Macintosh; Intel Mac OS X 10_15_7) AppleWebKit/537.36 (KHTML, like Gecko) Chrome/150.0.0.0 Safari/537.36"
73.3.249.149 - - [14/Jul/2026:14:23:01 -0400] "GET /media/com_acym/css/libraries/foundation_email.min.css?v=1783823160 HTTP/1.1" 200 39502 "https://transformptyoga.com/administrator/index.php?option=com_acym&ctrl=campaigns&task=edit&step=editEmail&campaignId=132" "Mozilla/5.0 (Macintosh; Intel Mac OS X 10_15_7) AppleWebKit/537.36 (KHTML, like Gecko) Chrome/150.0.0.0 Safari/537.36"
73.3.249.149 - - [14/Jul/2026:14:23:01 -0400] "GET /media/com_acym/css/libraries/spectrum.min.css?v=1783823160 HTTP/1.1" 200 11188 "https://transformptyoga.com/administrator/index.php?option=com_acym&ctrl=campaigns&task=edit&step=editEmail&campaignId=132" "Mozilla/5.0 (Macintosh; Intel Mac OS X 10_15_7) AppleWebKit/537.36 (KHTML, like Gecko) Chrome/150.0.0.0 Safari/537.36"
73.3.249.149 - - [14/Jul/2026:14:23:01 -0400] "GET /media/com_acym/css/libraries/material-datetime-picker.min.css?v=1783823160 HTTP/1.1" 200 16605 "https://transformptyoga.com/administrator/index.php?option=com_acym&ctrl=campaigns&task=edit&step=editEmail&campaignId=132" "Mozilla/5.0 (Macintosh; Intel Mac OS X 10_15_7) AppleWebKit/537.36 (KHTML, like Gecko) Chrome/150.0.0.0 Safari/537.36"
73.3.249.149 - - [14/Jul/2026:14:23:01 -0400] "GET /media/com_acym/css/libraries/prism.min.css?v=1783823160 HTTP/1.1" 200 2792 "https://transformptyoga.com/administrator/index.php?option=com_acym&ctrl=campaigns&task=edit&step=editEmail&campaignId=132" "Mozilla/5.0 (Macintosh; Intel Mac OS X 10_15_7) AppleWebKit/537.36 (KHTML, like Gecko) Chrome/150.0.0.0 Safari/537.36"
73.3.249.149 - - [14/Jul/2026:14:23:01 -0400] "GET /images/content/special/movement585.png HTTP/1.1" 200 493215 "https://transformptyoga.com/administrator/index.php?option=com_acym&ctrl=campaigns&task=edit&step=editEmail&campaignId=132" "Mozilla/5.0 (Macintosh; Intel Mac OS X 10_15_7) AppleWebKit/537.36 (KHTML, like Gecko) Chrome/150.0.0.0 Safari/537.36"
73.3.249.149 - - [14/Jul/2026:14:23:01 -0400] "GET /images/content/nl_template/tpty_nl_top.png HTTP/1.1" 200 59157 "https://transformptyoga.com/" "Mozilla/5.0 (Macintosh; Intel Mac OS X 10_15_7) AppleWebKit/537.36 (KHTML, like Gecko) Chrome/150.0.0.0 Safari/537.36"
73.3.249.149 - - [14/Jul/2026:14:23:01 -0400] "GET /media/com_acym/js/back/campaigns/edit_email.min.js?v=1783823160 HTTP/1.1" 200 205 "https://transformptyoga.com/administrator/index.php?option=com_acym&ctrl=campaigns&task=edit&step=editEmail&campaignId=132" "Mozilla/5.0 (Macintosh; Intel Mac OS X 10_15_7) AppleWebKit/537.36 (KHTML, like Gecko) Chrome/150.0.0.0 Safari/537.36"
73.3.249.149 - - [14/Jul/2026:14:23:01 -0400] "GET /media/com_acym/js/libraries/spectrum.min.js?v=1783823160 HTTP/1.1" 200 28076 "https://transformptyoga.com/administrator/index.php?option=com_acym&ctrl=campaigns&task=edit&step=editEmail&campaignId=132" "Mozilla/5.0 (Macintosh; Intel Mac OS X 10_15_7) AppleWebKit/537.36 (KHTML, like Gecko) Chrome/150.0.0.0 Safari/537.36"
73.3.249.149 - - [14/Jul/2026:14:23:01 -0400] "GET /media/com_acym/js/libraries/moment.min.js?v=1783823160 HTTP/1.1" 200 51716 "https://transformptyoga.com/administrator/index.php?option=com_acym&ctrl=campaigns&task=edit&step=editEmail&campaignId=132" "Mozilla/5.0 (Macintosh; Intel Mac OS X 10_15_7) AppleWebKit/537.36 (KHTML, like Gecko) Chrome/150.0.0.0 Safari/537.36"
73.3.249.149 - - [14/Jul/2026:14:23:01 -0400] "GET /media/com_acym/js/libraries/rome.min.js?v=1783823160 HTTP/1.1" 200 35539 "https://transformptyoga.com/administrator/index.php?option=com_acym&ctrl=campaigns&task=edit&step=editEmail&campaignId=132" "Mozilla/5.0 (Macintosh; Intel Mac OS X 10_15_7) AppleWebKit/537.36 (KHTML, like Gecko) Chrome/150.0.0.0 Safari/537.36"
73.3.249.149 - - [14/Jul/2026:14:23:01 -0400] "GET /media/com_acym/js/libraries/material-datetime-picker.min.js?v=1783823160 HTTP/1.1" 200 16087 "https://transformptyoga.com/administrator/index.php?option=com_acym&ctrl=campaigns&task=edit&step=editEmail&campaignId=132" "Mozilla/5.0 (Macintosh; Intel Mac OS X 10_15_7) AppleWebKit/537.36 (KHTML, like Gecko) Chrome/150.0.0.0 Safari/537.36"
73.3.249.149 - - [14/Jul/2026:14:23:01 -0400] "GET /media/com_acym/js/libraries/html2canvas.min.js?v=1783823160 HTTP/1.1" 200 163683 "https://transformptyoga.com/administrator/index.php?option=com_acym&ctrl=campaigns&task=edit&step=editEmail&campaignId=132" "Mozilla/5.0 (Macintosh; Intel Mac OS X 10_15_7) AppleWebKit/537.36 (KHTML, like Gecko) Chrome/150.0.0.0 Safari/537.36"
73.3.249.149 - - [14/Jul/2026:14:23:01 -0400] "GET /media/com_acym/js/libraries/parse-css.min.js?v=1783823160 HTTP/1.1" 200 5093 "https://transformptyoga.com/administrator/index.php?option=com_acym&ctrl=campaigns&task=edit&step=editEmail&campaignId=132" "Mozilla/5.0 (Macintosh; Intel Mac OS X 10_15_7) AppleWebKit/537.36 (KHTML, like Gecko) Chrome/150.0.0.0 Safari/537.36"
73.3.249.149 - - [14/Jul/2026:14:23:01 -0400] "GET /media/com_acym/js/libraries/masonry.min.js?v=1783823160 HTTP/1.1" 200 23795 "https://transformptyoga.com/administrator/index.php?option=com_acym&ctrl=campaigns&task=edit&step=editEmail&campaignId=132" "Mozilla/5.0 (Macintosh; Intel Mac OS X 10_15_7) AppleWebKit/537.36 (KHTML, like Gecko) Chrome/150.0.0.0 Safari/537.36"
73.3.249.149 - - [14/Jul/2026:14:23:01 -0400] "GET /media/com_acym/js/libraries/vuejs.min.js?v=1783823160 HTTP/1.1" 200 91805 "https://transformptyoga.com/administrator/index.php?option=com_acym&ctrl=campaigns&task=edit&step=editEmail&campaignId=132" "Mozilla/5.0 (Macintosh; Intel Mac OS X 10_15_7) AppleWebKit/537.36 (KHTML, like Gecko) Chrome/150.0.0.0 Safari/537.36"
73.3.249.149 - - [14/Jul/2026:14:23:01 -0400] "GET /media/com_acym/js/libraries/vue-infinite-scroll.min.js?v=1783823160 HTTP/1.1" 200 2711 "https://transformptyoga.com/administrator/index.php?option=com_acym&ctrl=campaigns&task=edit&step=editEmail&campaignId=132" "Mozilla/5.0 (Macintosh; Intel Mac OS X 10_15_7) AppleWebKit/537.36 (KHTML, like Gecko) Chrome/150.0.0.0 Safari/537.36"
73.3.249.149 - - [14/Jul/2026:14:23:01 -0400] "GET /media/com_acym/js/vue/vue_components.min.js?v=1783823160 HTTP/1.1" 200 8428 "https://transformptyoga.com/administrator/index.php?option=com_acym&ctrl=campaigns&task=edit&step=editEmail&campaignId=132" "Mozilla/5.0 (Macintosh; Intel Mac OS X 10_15_7) AppleWebKit/537.36 (KHTML, like Gecko) Chrome/150.0.0.0 Safari/537.36"
73.3.249.149 - - [14/Jul/2026:14:23:01 -0400] "GET /media/com_acym/js/vue/code_editor.min.js?v=1783823160 HTTP/1.1" 200 1177 "https://transformptyoga.com/administrator/index.php?option=com_acym&ctrl=campaigns&task=edit&step=editEmail&campaignId=132" "Mozilla/5.0 (Macintosh; Intel Mac OS X 10_15_7) AppleWebKit/537.36 (KHTML, like Gecko) Chrome/150.0.0.0 Safari/537.36"
73.3.249.149 - - [14/Jul/2026:14:23:01 -0400] "GET /media/com_acym/js/vue/custom_view.min.js?v=1783823160 HTTP/1.1" 200 2524 "https://transformptyoga.com/administrator/index.php?option=com_acym&ctrl=campaigns&task=edit&step=editEmail&campaignId=132" "Mozilla/5.0 (Macintosh; Intel Mac OS X 10_15_7) AppleWebKit/537.36 (KHTML, like Gecko) Chrome/150.0.0.0 Safari/537.36"
73.3.249.149 - - [14/Jul/2026:14:23:01 -0400] "GET /media/com_acym/js/libraries/prism-editor.min.js?v=1783823160 HTTP/1.1" 200 27017 "https://transformptyoga.com/administrator/index.php?option=com_acym&ctrl=campaigns&task=edit&step=editEmail&campaignId=132" "Mozilla/5.0 (Macintosh; Intel Mac OS X 10_15_7) AppleWebKit/537.36 (KHTML, like Gecko) Chrome/150.0.0.0 Safari/537.36"
73.3.249.149 - - [14/Jul/2026:14:23:01 -0400] "GET /media/com_acym/js/libraries/prism.min.js?v=1783823160 HTTP/1.1" 200 14171 "https://transformptyoga.com/administrator/index.php?option=com_acym&ctrl=campaigns&task=edit&step=editEmail&campaignId=132" "Mozilla/5.0 (Macintosh; Intel Mac OS X 10_15_7) AppleWebKit/537.36 (KHTML, like Gecko) Chrome/150.0.0.0 Safari/537.36"
73.3.249.149 - - [14/Jul/2026:14:23:01 -0400] "GET /media/com_acym/js/libraries/beautify-html.min.js?v=1783823160 HTTP/1.1" 200 43785 "https://transformptyoga.com/administrator/index.php?option=com_acym&ctrl=campaigns&task=edit&step=editEmail&campaignId=132" "Mozilla/5.0 (Macintosh; Intel Mac OS X 10_15_7) AppleWebKit/537.36 (KHTML, like Gecko) Chrome/150.0.0.0 Safari/537.36"
73.3.249.149 - - [14/Jul/2026:14:23:01 -0400] "GET /media/com_acym/js/tinymce/tinymce.min.js?v=1783823160 HTTP/1.1" 200 469673 "https://transformptyoga.com/administrator/index.php?option=com_acym&ctrl=campaigns&task=edit&step=editEmail&campaignId=132" "Mozilla/5.0 (Macintosh; Intel Mac OS X 10_15_7) AppleWebKit/537.36 (KHTML, like Gecko) Chrome/150.0.0.0 Safari/537.36"
73.3.249.149 - - [14/Jul/2026:14:23:01 -0400] "GET /media/com_acym/images/poweredby_white.png HTTP/1.1" 200 8372 "https://transformptyoga.com/" "Mozilla/5.0 (Macintosh; Intel Mac OS X 10_15_7) AppleWebKit/537.36 (KHTML, like Gecko) Chrome/150.0.0.0 Safari/537.36"
73.3.249.149 - - [14/Jul/2026:14:23:01 -0400] "GET /images/content/nl_template/tpty_nl_bot.png HTTP/1.1" 200 63531 "https://transformptyoga.com/" "Mozilla/5.0 (Macintosh; Intel Mac OS X 10_15_7) AppleWebKit/537.36 (KHTML, like Gecko) Chrome/150.0.0.0 Safari/537.36"
73.3.249.149 - - [14/Jul/2026:14:23:01 -0400] "GET /media/com_acym/images/logo/twitter.png HTTP/1.1" 200 1881 "https://transformptyoga.com/" "Mozilla/5.0 (Macintosh; Intel Mac OS X 10_15_7) AppleWebKit/537.36 (KHTML, like Gecko) Chrome/150.0.0.0 Safari/537.36"
73.3.249.149 - - [14/Jul/2026:14:23:01 -0400] "GET /administrator/components/com_acym/dynamics/module/icon.png HTTP/1.1" 200 1417 "https://transformptyoga.com/administrator/index.php?option=com_acym&ctrl=campaigns&task=edit&step=editEmail&campaignId=132" "Mozilla/5.0 (Macintosh; Intel Mac OS X 10_15_7) AppleWebKit/537.36 (KHTML, like Gecko) Chrome/150.0.0.0 Safari/537.36"
73.3.249.149 - - [14/Jul/2026:14:23:01 -0400] "GET /media/com_acym/images/logo/instagram.png HTTP/1.1" 200 1796 "https://transformptyoga.com/" "Mozilla/5.0 (Macintosh; Intel Mac OS X 10_15_7) AppleWebKit/537.36 (KHTML, like Gecko) Chrome/150.0.0.0 Safari/537.36"
73.3.249.149 - - [14/Jul/2026:14:23:01 -0400] "GET /media/com_acym/images/logo/facebook.png HTTP/1.1" 200 1732 "https://transformptyoga.com/" "Mozilla/5.0 (Macintosh; Intel Mac OS X 10_15_7) AppleWebKit/537.36 (KHTML, like Gecko) Chrome/150.0.0.0 Safari/537.36"
73.3.249.149 - - [14/Jul/2026:14:23:01 -0400] "GET /media/com_acym/js/editor_wysid_utils.min.js?v=1783823160 HTTP/1.1" 200 174850 "https://transformptyoga.com/administrator/index.php?option=com_acym&ctrl=campaigns&task=edit&step=editEmail&campaignId=132" "Mozilla/5.0 (Macintosh; Intel Mac OS X 10_15_7) AppleWebKit/537.36 (KHTML, like Gecko) Chrome/150.0.0.0 Safari/537.36"
73.3.249.149 - - [14/Jul/2026:14:23:01 -0400] "GET /media/com_acym/images/logo/linkedin.png HTTP/1.1" 200 1643 "https://transformptyoga.com/" "Mozilla/5.0 (Macintosh; Intel Mac OS X 10_15_7) AppleWebKit/537.36 (KHTML, like Gecko) Chrome/150.0.0.0 Safari/537.36"
73.3.249.149 - - [14/Jul/2026:14:23:01 -0400] "GET /media/com_acym/images/logo/pinterest.png HTTP/1.1" 200 2084 "https://transformptyoga.com/" "Mozilla/5.0 (Macintosh; Intel Mac OS X 10_15_7) AppleWebKit/537.36 (KHTML, like Gecko) Chrome/150.0.0.0 Safari/537.36"
73.3.249.149 - - [14/Jul/2026:14:23:01 -0400] "GET /media/com_acym/images/logo/wordpress.png HTTP/1.1" 200 1787 "https://transformptyoga.com/" "Mozilla/5.0 (Macintosh; Intel Mac OS X 10_15_7) AppleWebKit/537.36 (KHTML, like Gecko) Chrome/150.0.0.0 Safari/537.36"
73.3.249.149 - - [14/Jul/2026:14:23:01 -0400] "GET /media/com_acym/images/logo/vimeo.png HTTP/1.1" 200 1823 "https://transformptyoga.com/" "Mozilla/5.0 (Macintosh; Intel Mac OS X 10_15_7) AppleWebKit/537.36 (KHTML, like Gecko) Chrome/150.0.0.0 Safari/537.36"
73.3.249.149 - - [14/Jul/2026:14:23:01 -0400] "GET /media/com_acym/images/logo/youtube.png HTTP/1.1" 200 1891 "https://transformptyoga.com/" "Mozilla/5.0 (Macintosh; Intel Mac OS X 10_15_7) AppleWebKit/537.36 (KHTML, like Gecko) Chrome/150.0.0.0 Safari/537.36"
73.3.249.149 - - [14/Jul/2026:14:23:01 -0400] "GET /media/com_acym/images/logo/x.png HTTP/1.1" 200 5816 "https://transformptyoga.com/" "Mozilla/5.0 (Macintosh; Intel Mac OS X 10_15_7) AppleWebKit/537.36 (KHTML, like Gecko) Chrome/150.0.0.0 Safari/537.36"
73.3.249.149 - - [14/Jul/2026:14:23:01 -0400] "GET /media/com_acym/images/logo/telegram.png HTTP/1.1" 200 4491 "https://transformptyoga.com/" "Mozilla/5.0 (Macintosh; Intel Mac OS X 10_15_7) AppleWebKit/537.36 (KHTML, like Gecko) Chrome/150.0.0.0 Safari/537.36"
73.3.249.149 - - [14/Jul/2026:14:23:01 -0400] "GET /administrator/index.php?option=com_acym&tmpl=component&1095e207ed73313ef0403db4bf9db954=1&nocache=1784053381&ctrl=lists&page=acymailing_lists&action=acymailing_router&noheader=1&task=setAjaxListing&listsPerPage=10&pagination_page_ajax=undefined&selectedLists=&alreadyLists=undefined&show_selected=false&search_lists=&needDisplaySub=0&nonActive=0 HTTP/1.1" 200 7660 "https://transformptyoga.com/administrator/index.php?option=com_acym&ctrl=campaigns&task=edit&step=editEmail&campaignId=132" "Mozilla/5.0 (Macintosh; Intel Mac OS X 10_15_7) AppleWebKit/537.36 (KHTML, like Gecko) Chrome/150.0.0.0 Safari/537.36"
73.3.249.149 - - [14/Jul/2026:14:23:01 -0400] "POST /administrator/index.php?option=com_acym&tmpl=component&1095e207ed73313ef0403db4bf9db954=1&nocache=1784053381&page=acymailing_mails&ctrl=mails&task=getTemplateAjax&search=undefined&tag=undefined&type=undefined&pagination_page_ajax=undefined&editor=undefined&automation=0&inmail=1&id=0&acym_pagination_element_per_page= HTTP/1.1" 200 2385 "https://transformptyoga.com/administrator/index.php?option=com_acym&ctrl=campaigns&task=edit&step=editEmail&campaignId=132" "Mozilla/5.0 (Macintosh; Intel Mac OS X 10_15_7) AppleWebKit/537.36 (KHTML, like Gecko) Chrome/150.0.0.0 Safari/537.36"
66.249.65.32 - - [14/Jul/2026:14:23:04 -0400] "GET /special/84636578200 HTTP/1.1" 404 13928 "-" "Mozilla/5.0 (Linux; Android 6.0.1; Nexus 5X Build/MMB29P) AppleWebKit/537.36 (KHTML, like Gecko) Chrome/150.0.7871.46 Mobile Safari/537.36 (compatible; Googlebot/2.1; +http://www.google.com/bot.html)"
73.3.249.149 - - [14/Jul/2026:14:23:12 -0400] "GET /media/com_acym/js/tinymce/plugins/textcolor/plugin.min.js HTTP/1.1" 200 5168 "https://transformptyoga.com/administrator/index.php?option=com_acym&ctrl=campaigns&task=edit&step=editEmail&campaignId=132" "Mozilla/5.0 (Macintosh; Intel Mac OS X 10_15_7) AppleWebKit/537.36 (KHTML, like Gecko) Chrome/150.0.0.0 Safari/537.36"
73.3.249.149 - - [14/Jul/2026:14:23:12 -0400] "GET /media/com_acym/js/tinymce/themes/modern/theme.min.js HTTP/1.1" 200 14360 "https://transformptyoga.com/administrator/index.php?option=com_acym&ctrl=campaigns&task=edit&step=editEmail&campaignId=132" "Mozilla/5.0 (Macintosh; Intel Mac OS X 10_15_7) AppleWebKit/537.36 (KHTML, like Gecko) Chrome/150.0.0.0 Safari/537.36"
73.3.249.149 - - [14/Jul/2026:14:23:12 -0400] "GET /media/com_acym/js/tinymce/plugins/colorpicker/plugin.min.js HTTP/1.1" 200 2143 "https://transformptyoga.com/administrator/index.php?option=com_acym&ctrl=campaigns&task=edit&step=editEmail&campaignId=132" "Mozilla/5.0 (Macintosh; Intel Mac OS X 10_15_7) AppleWebKit/537.36 (KHTML, like Gecko) Chrome/150.0.0.0 Safari/537.36"
73.3.249.149 - - [14/Jul/2026:14:23:12 -0400] "GET /media/com_acym/js/tinymce/plugins/lists/plugin.min.js HTTP/1.1" 200 16399 "https://transformptyoga.com/administrator/index.php?option=com_acym&ctrl=campaigns&task=edit&step=editEmail&campaignId=132" "Mozilla/5.0 (Macintosh; Intel Mac OS X 10_15_7) AppleWebKit/537.36 (KHTML, like Gecko) Chrome/150.0.0.0 Safari/537.36"
73.3.249.149 - - [14/Jul/2026:14:23:12 -0400] "GET /media/com_acym/js/tinymce/plugins/code/plugin.min.js HTTP/1.1" 200 1655 "https://transformptyoga.com/administrator/index.php?option=com_acym&ctrl=campaigns&task=edit&step=editEmail&campaignId=132" "Mozilla/5.0 (Macintosh; Intel Mac OS X 10_15_7) AppleWebKit/537.36 (KHTML, like Gecko) Chrome/150.0.0.0 Safari/537.36"
73.3.249.149 - - [14/Jul/2026:14:23:12 -0400] "GET /media/com_acym/js/tinymce/plugins/link/plugin.min.js HTTP/1.1" 200 11308 "https://transformptyoga.com/administrator/index.php?option=com_acym&ctrl=campaigns&task=edit&step=editEmail&campaignId=132" "Mozilla/5.0 (Macintosh; Intel Mac OS X 10_15_7) AppleWebKit/537.36 (KHTML, like Gecko) Chrome/150.0.0.0 Safari/537.36"
73.3.249.149 - - [14/Jul/2026:14:23:12 -0400] "GET /media/com_acym/js/tinymce/plugins/noneditable/plugin.min.js HTTP/1.1" 200 2190 "https://transformptyoga.com/administrator/index.php?option=com_acym&ctrl=campaigns&task=edit&step=editEmail&campaignId=132" "Mozilla/5.0 (Macintosh; Intel Mac OS X 10_15_7) AppleWebKit/537.36 (KHTML, like Gecko) Chrome/150.0.0.0 Safari/537.36"
73.3.249.149 - - [14/Jul/2026:14:23:12 -0400] "GET /media/com_acym/js/tinymce/plugins/lineheight/plugin.min.js HTTP/1.1" 200 2121 "https://transformptyoga.com/administrator/index.php?option=com_acym&ctrl=campaigns&task=edit&step=editEmail&campaignId=132" "Mozilla/5.0 (Macintosh; Intel Mac OS X 10_15_7) AppleWebKit/537.36 (KHTML, like Gecko) Chrome/150.0.0.0 Safari/537.36"
73.3.249.149 - - [14/Jul/2026:14:23:12 -0400] "GET /media/com_acym/js/tinymce/plugins/table/plugin.min.js HTTP/1.1" 200 47683 "https://transformptyoga.com/administrator/index.php?option=com_acym&ctrl=campaigns&task=edit&step=editEmail&campaignId=132" "Mozilla/5.0 (Macintosh; Intel Mac OS X 10_15_7) AppleWebKit/537.36 (KHTML, like Gecko) Chrome/150.0.0.0 Safari/537.36"
73.3.249.149 - - [14/Jul/2026:14:23:12 -0400] "GET /media/com_acym/js/tinymce/plugins/image/plugin.min.js HTTP/1.1" 200 11913 "https://transformptyoga.com/administrator/index.php?option=com_acym&ctrl=campaigns&task=edit&step=editEmail&campaignId=132" "Mozilla/5.0 (Macintosh; Intel Mac OS X 10_15_7) AppleWebKit/537.36 (KHTML, like Gecko) Chrome/150.0.0.0 Safari/537.36"
73.3.249.149 - - [14/Jul/2026:14:23:12 -0400] "GET /media/com_acym/js/tinymce/plugins/directionality/plugin.min.js HTTP/1.1" 200 1652 "https://transformptyoga.com/administrator/index.php?option=com_acym&ctrl=campaigns&task=edit&step=editEmail&campaignId=132" "Mozilla/5.0 (Macintosh; Intel Mac OS X 10_15_7) AppleWebKit/537.36 (KHTML, like Gecko) Chrome/150.0.0.0 Safari/537.36"
73.3.249.149 - - [14/Jul/2026:14:23:12 -0400] "GET /media/com_acym/js/tinymce/plugins/nonbreaking/plugin.min.js HTTP/1.1" 200 1572 "https://transformptyoga.com/administrator/index.php?option=com_acym&ctrl=campaigns&task=edit&step=editEmail&campaignId=132" "Mozilla/5.0 (Macintosh; Intel Mac OS X 10_15_7) AppleWebKit/537.36 (KHTML, like Gecko) Chrome/150.0.0.0 Safari/537.36"
73.3.249.149 - - [14/Jul/2026:14:23:12 -0400] "GET /media/com_acym/js/tinymce/skins/lightgray/skin.min.css HTTP/1.1" 200 40027 "https://transformptyoga.com/administrator/index.php?option=com_acym&ctrl=campaigns&task=edit&step=editEmail&campaignId=132" "Mozilla/5.0 (Macintosh; Intel Mac OS X 10_15_7) AppleWebKit/537.36 (KHTML, like Gecko) Chrome/150.0.0.0 Safari/537.36"
73.3.249.149 - - [14/Jul/2026:14:23:12 -0400] "GET /media/com_acym/js/tinymce/skins/lightgray/content.inline.min.css HTTP/1.1" 200 3165 "https://transformptyoga.com/administrator/index.php?option=com_acym&ctrl=campaigns&task=edit&step=editEmail&campaignId=132" "Mozilla/5.0 (Macintosh; Intel Mac OS X 10_15_7) AppleWebKit/537.36 (KHTML, like Gecko) Chrome/150.0.0.0 Safari/537.36"
73.3.249.149 - - [14/Jul/2026:14:23:14 -0400] "GET /media/com_acym/js/tinymce/skins/lightgray/fonts/tinymce.woff HTTP/1.1" 200 17484 "https://transformptyoga.com/media/com_acym/js/tinymce/skins/lightgray/skin.min.css" "Mozilla/5.0 (Macintosh; Intel Mac OS X 10_15_7) AppleWebKit/537.36 (KHTML, like Gecko) Chrome/150.0.0.0 Safari/537.36"
66.249.65.46 - - [14/Jul/2026:14:23:17 -0400] "GET /products/892312905990 HTTP/1.1" 404 13928 "-" "Mozilla/5.0 (compatible; Googlebot/2.1; +http://www.google.com/bot.html)"
73.3.249.149 - - [14/Jul/2026:14:23:45 -0400] "POST /administrator/index.php?option=com_acym&tmpl=component&1095e207ed73313ef0403db4bf9db954=1&nocache=1784053381 HTTP/1.1" 200 38 "https://transformptyoga.com/administrator/index.php?option=com_acym&ctrl=campaigns&task=edit&step=editEmail&campaignId=132" "Mozilla/5.0 (Macintosh; Intel Mac OS X 10_15_7) AppleWebKit/537.36 (KHTML, like Gecko) Chrome/150.0.0.0 Safari/537.36"
73.3.249.149 - - [14/Jul/2026:14:23:45 -0400] "POST /administrator/index.php?option=com_acym&tmpl=component&1095e207ed73313ef0403db4bf9db954=1&nocache=1784053381 HTTP/1.1" 200 38 "https://transformptyoga.com/administrator/index.php?option=com_acym&ctrl=campaigns&task=edit&step=editEmail&campaignId=132" "Mozilla/5.0 (Macintosh; Intel Mac OS X 10_15_7) AppleWebKit/537.36 (KHTML, like Gecko) Chrome/150.0.0.0 Safari/537.36"
66.249.65.46 - - [14/Jul/2026:14:23:48 -0400] "GET /info/843103625973 HTTP/1.1" 404 13926 "-" "Mozilla/5.0 (Linux; Android 6.0.1; Nexus 5X Build/MMB29P) AppleWebKit/537.36 (KHTML, like Gecko) Chrome/150.0.7871.46 Mobile Safari/537.36 (compatible; Googlebot/2.1; +http://www.google.com/bot.html)"
66.249.65.32 - - [14/Jul/2026:14:24:01 -0400] "GET /item/691679784508 HTTP/1.1" 404 13931 "-" "Mozilla/5.0 (Linux; Android 6.0.1; Nexus 5X Build/MMB29P) AppleWebKit/537.36 (KHTML, like Gecko) Chrome/150.0.7871.46 Mobile Safari/537.36 (compatible; Googlebot/2.1; +http://www.google.com/bot.html)"
66.249.65.46 - - [14/Jul/2026:14:24:31 -0400] "GET /goodscode/784181948488 HTTP/1.1" 404 13926 "-" "Mozilla/5.0 (Linux; Android 6.0.1; Nexus 5X Build/MMB29P) AppleWebKit/537.36 (KHTML, like Gecko) Chrome/150.0.7871.46 Mobile Safari/537.36 (compatible; Googlebot/2.1; +http://www.google.com/bot.html)"
66.249.65.33 - - [14/Jul/2026:14:25:06 -0400] "GET /detail/85250435275 HTTP/1.1" 404 13926 "-" "Mozilla/5.0 (Linux; Android 6.0.1; Nexus 5X Build/MMB29P) AppleWebKit/537.36 (KHTML, like Gecko) Chrome/150.0.7871.46 Mobile Safari/537.36 (compatible; Googlebot/2.1; +http://www.google.com/bot.html)"
66.249.65.46 - - [14/Jul/2026:14:25:35 -0400] "GET /item/893457926479 HTTP/1.1" 404 13928 "-" "Mozilla/5.0 (compatible; Googlebot/2.1; +http://www.google.com/bot.html)"
209.85.238.238 - - [14/Jul/2026:14:25:47 -0400] "GET /detail/823886965926 HTTP/1.1" 404 13928 "-" "Mozilla/5.0 (X11; Linux x86_64) AppleWebKit/537.36 (KHTML, like Gecko) Chrome/149.0.7827.200 Safari/537.36"
209.85.238.238 - - [14/Jul/2026:14:25:47 -0400] "GET /detail/images/content/primary/tptyogo_a.png HTTP/1.1" 404 13925 "https://www.transformptyoga.com/detail/823886965926" "Mozilla/5.0 (X11; Linux x86_64) AppleWebKit/537.36 (KHTML, like Gecko) Chrome/149.0.7827.200 Safari/537.36"
66.249.65.33 - - [14/Jul/2026:14:26:00 -0400] "GET /products/881542848841 HTTP/1.1" 404 13926 "-" "Mozilla/5.0 (Linux; Android 6.0.1; Nexus 5X Build/MMB29P) AppleWebKit/537.36 (KHTML, like Gecko) Chrome/150.0.7871.46 Mobile Safari/537.36 (compatible; Googlebot/2.1; +http://www.google.com/bot.html)"
66.249.65.46 - - [14/Jul/2026:14:26:20 -0400] "GET /goodscode/751178890198 HTTP/1.1" 404 13926 "-" "Mozilla/5.0 (Linux; Android 6.0.1; Nexus 5X Build/MMB29P) AppleWebKit/537.36 (KHTML, like Gecko) Chrome/150.0.7871.46 Mobile Safari/537.36 (compatible; Googlebot/2.1; +http://www.google.com/bot.html)"
66.249.65.46 - - [14/Jul/2026:14:26:20 -0400] "GET /goodscode/751178890198 HTTP/1.1" 404 13925 "-" "Mozilla/5.0 (compatible; Googlebot/2.1; +http://www.google.com/bot.html)"
86.99.48.72 - - [14/Jul/2026:14:26:36 -0400] "GET /shopping/712591627511 HTTP/1.1" 404 13928 "-" "Mozilla/5.0 (Windows NT 10.0; Win64; x64) AppleWebKit/537.36 (KHTML, like Gecko) Chrome/99.0.4844.84 Safari/537.36"
66.249.65.46 - - [14/Jul/2026:14:26:49 -0400] "GET /info/76228602974 HTTP/1.1" 404 13930 "-" "Mozilla/5.0 (Linux; Android 6.0.1; Nexus 5X Build/MMB29P) AppleWebKit/537.36 (KHTML, like Gecko) Chrome/150.0.7871.46 Mobile Safari/537.36 (compatible; Googlebot/2.1; +http://www.google.com/bot.html)"
66.249.65.33 - - [14/Jul/2026:14:27:29 -0400] "GET /special/702409307577 HTTP/1.1" 404 13931 "-" "Mozilla/5.0 (Linux; Android 6.0.1; Nexus 5X Build/MMB29P) AppleWebKit/537.36 (KHTML, like Gecko) Chrome/150.0.7871.46 Mobile Safari/537.36 (compatible; Googlebot/2.1; +http://www.google.com/bot.html)"
66.249.65.32 - - [14/Jul/2026:14:27:36 -0400] "GET /items/71644758286 HTTP/1.1" 404 13926 "-" "Mozilla/5.0 (compatible; Googlebot/2.1; +http://www.google.com/bot.html)"
123.21.231.111 - - [14/Jul/2026:14:27:49 -0400] "GET /products/711161527885 HTTP/1.1" 404 13926 "-" "Mozilla/5.0 (Macintosh; Intel Mac OS X 10_11_6) AppleWebKit/537.36 (KHTML, like Gecko) Chrome/101.0.4951.64 Safari/537.36"
73.3.249.149 - - [14/Jul/2026:14:27:51 -0400] "POST /administrator/index.php?option=com_acym&tmpl=component&1095e207ed73313ef0403db4bf9db954=1&nocache=1784053381 HTTP/1.1" 200 38 "https://transformptyoga.com/administrator/index.php?option=com_acym&ctrl=campaigns&task=edit&step=editEmail&campaignId=132" "Mozilla/5.0 (Macintosh; Intel Mac OS X 10_15_7) AppleWebKit/537.36 (KHTML, like Gecko) Chrome/150.0.0.0 Safari/537.36"
73.3.249.149 - - [14/Jul/2026:14:27:51 -0400] "POST /administrator/index.php?option=com_acym&tmpl=component&1095e207ed73313ef0403db4bf9db954=1&nocache=1784053381 HTTP/1.1" 200 38 "https://transformptyoga.com/administrator/index.php?option=com_acym&ctrl=campaigns&task=edit&step=editEmail&campaignId=132" "Mozilla/5.0 (Macintosh; Intel Mac OS X 10_15_7) AppleWebKit/537.36 (KHTML, like Gecko) Chrome/150.0.0.0 Safari/537.36"
73.3.249.149 - - [14/Jul/2026:14:27:57 -0400] "POST /administrator/index.php?option=com_acym&tmpl=component&1095e207ed73313ef0403db4bf9db954=1&nocache=1784053381 HTTP/1.1" 200 38 "https://transformptyoga.com/administrator/index.php?option=com_acym&ctrl=campaigns&task=edit&step=editEmail&campaignId=132" "Mozilla/5.0 (Macintosh; Intel Mac OS X 10_15_7) AppleWebKit/537.36 (KHTML, like Gecko) Chrome/150.0.0.0 Safari/537.36"
73.3.249.149 - - [14/Jul/2026:14:27:59 -0400] "POST /administrator/index.php?option=com_acym&tmpl=component&1095e207ed73313ef0403db4bf9db954=1&nocache=1784053381 HTTP/1.1" 200 38 "https://transformptyoga.com/administrator/index.php?option=com_acym&ctrl=campaigns&task=edit&step=editEmail&campaignId=132" "Mozilla/5.0 (Macintosh; Intel Mac OS X 10_15_7) AppleWebKit/537.36 (KHTML, like Gecko) Chrome/150.0.0.0 Safari/537.36"
73.3.249.149 - - [14/Jul/2026:14:28:07 -0400] "POST /administrator/index.php?option=com_acym&tmpl=component&1095e207ed73313ef0403db4bf9db954=1&nocache=1784053381 HTTP/1.1" 200 38 "https://transformptyoga.com/administrator/index.php?option=com_acym&ctrl=campaigns&task=edit&step=editEmail&campaignId=132" "Mozilla/5.0 (Macintosh; Intel Mac OS X 10_15_7) AppleWebKit/537.36 (KHTML, like Gecko) Chrome/150.0.0.0 Safari/537.36"
66.249.65.33 - - [14/Jul/2026:14:28:19 -0400] "GET /detail/874184060512 HTTP/1.1" 404 13925 "-" "Mozilla/5.0 (compatible; Googlebot/2.1; +http://www.google.com/bot.html)"
