66.249.65.46 - - [14/Jul/2026:19:15:40 -0400] "GET /shopbrand/82868977730 HTTP/1.1" 404 13930 "-" "Mozilla/5.0 (compatible; Googlebot/2.1; +http://www.google.com/bot.html)"
66.249.65.46 - - [14/Jul/2026:19:15:57 -0400] "GET /entity/901762505830 HTTP/1.1" 404 13926 "-" "Mozilla/5.0 (compatible; Googlebot/2.1; +http://www.google.com/bot.html)"
66.249.65.46 - - [14/Jul/2026:19:16:03 -0400] "GET /product/833858977179 HTTP/1.1" 404 13925 "-" "Mozilla/5.0 (compatible; Googlebot/2.1; +http://www.google.com/bot.html)"
74.7.230.3 - - [14/Jul/2026:19:16:07 -0400] "GET /robots.txt HTTP/1.1" 200 764 "-" "Mozilla/5.0 (Macintosh; Intel Mac OS X 10_15_7) AppleWebKit/537.36 (KHTML, like Gecko) Chrome/131.0.0.0 Safari/537.36; compatible; OAI-SearchBot/1.4; robots.txt; +https://openai.com/searchbot"
74.7.228.46 - - [14/Jul/2026:19:16:07 -0400] "GET /robots.txt HTTP/1.1" 200 764 "-" "Mozilla/5.0 (Macintosh; Intel Mac OS X 10_15_7) AppleWebKit/537.36 (KHTML, like Gecko) Chrome/131.0.0.0 Safari/537.36; compatible; OAI-SearchBot/1.4; robots.txt; +https://openai.com/searchbot"
74.7.241.53 - - [14/Jul/2026:19:16:07 -0400] "GET / HTTP/1.1" 200 93388 "-" "Mozilla/5.0 AppleWebKit/537.36 (KHTML, like Gecko; compatible; GPTBot/1.4; +https://openai.com/gptbot)"
66.249.65.32 - - [14/Jul/2026:19:16:09 -0400] "GET /entity/701785472921 HTTP/1.1" 404 13925 "-" "Mozilla/5.0 (compatible; Googlebot/2.1; +http://www.google.com/bot.html)"
66.249.65.32 - - [14/Jul/2026:19:16:11 -0400] "GET /shopbrand/791443541129 HTTP/1.1" 404 13928 "-" "Mozilla/5.0 (compatible; Googlebot/2.1; +http://www.google.com/bot.html)"
66.249.65.46 - - [14/Jul/2026:19:16:23 -0400] "GET /market/90489582112 HTTP/1.1" 404 13926 "-" "Mozilla/5.0 (Linux; Android 6.0.1; Nexus 5X Build/MMB29P) AppleWebKit/537.36 (KHTML, like Gecko) Chrome/150.0.7871.46 Mobile Safari/537.36 (compatible; Googlebot/2.1; +http://www.google.com/bot.html)"
66.249.65.46 - - [14/Jul/2026:19:16:43 -0400] "GET /detail/892080860425 HTTP/1.1" 404 13928 "-" "Mozilla/5.0 (compatible; Googlebot/2.1; +http://www.google.com/bot.html)"
66.249.65.46 - - [14/Jul/2026:19:16:46 -0400] "GET /detail/90832839170 HTTP/1.1" 404 13931 "-" "Mozilla/5.0 (compatible; Googlebot/2.1; +http://www.google.com/bot.html)"
66.249.65.33 - - [14/Jul/2026:19:17:07 -0400] "GET /shopbrand/873257428221 HTTP/1.1" 404 13931 "-" "Mozilla/5.0 (compatible; Googlebot/2.1; +http://www.google.com/bot.html)"
66.249.65.33 - - [14/Jul/2026:19:17:10 -0400] "GET /shopbrand/684073392922 HTTP/1.1" 404 13928 "-" "Mozilla/5.0 (compatible; Googlebot/2.1; +http://www.google.com/bot.html)"
66.249.65.32 - - [14/Jul/2026:19:17:19 -0400] "GET /goods/872279496689 HTTP/1.1" 404 13925 "-" "Mozilla/5.0 (Linux; Android 6.0.1; Nexus 5X Build/MMB29P) AppleWebKit/537.36 (KHTML, like Gecko) Chrome/150.0.7871.46 Mobile Safari/537.36 (compatible; Googlebot/2.1; +http://www.google.com/bot.html)"
77.83.36.161 - - [14/Jul/2026:19:17:31 -0400] "GET /administrator/index.php HTTP/1.1" 200 12531 "-" "Mozilla/4.0 (compatible; MSIE 7.0; Windows NT 6.0)"
77.83.36.161 - - [14/Jul/2026:19:17:31 -0400] "POST /administrator/index.php HTTP/1.1" 303 - "-" "Mozilla/4.0 (compatible; MSIE 7.0; Windows NT 6.0)"
77.83.36.161 - - [14/Jul/2026:19:17:32 -0400] "GET /administrator/index.php HTTP/1.1" 200 12766 "-" "Mozilla/4.0 (compatible; MSIE 7.0; Windows NT 6.0)"
77.83.36.161 - - [14/Jul/2026:19:17:33 -0400] "POST /administrator/index.php HTTP/1.1" 303 - "-" "Mozilla/4.0 (compatible; MSIE 7.0; Windows NT 6.0)"
77.83.36.161 - - [14/Jul/2026:19:17:33 -0400] "GET /administrator/index.php HTTP/1.1" 200 12766 "-" "Mozilla/4.0 (compatible; MSIE 7.0; Windows NT 6.0)"
77.83.36.161 - - [14/Jul/2026:19:17:34 -0400] "POST /administrator/index.php HTTP/1.1" 303 - "-" "Mozilla/4.0 (compatible; MSIE 7.0; Windows NT 6.0)"
77.83.36.161 - - [14/Jul/2026:19:17:35 -0400] "GET /administrator/index.php HTTP/1.1" 200 12766 "-" "Mozilla/4.0 (compatible; MSIE 7.0; Windows NT 6.0)"
66.249.65.46 - - [14/Jul/2026:19:17:35 -0400] "GET /product/843542925924 HTTP/1.1" 404 13928 "-" "Mozilla/5.0 (compatible; Googlebot/2.1; +http://www.google.com/bot.html)"
66.249.65.46 - - [14/Jul/2026:19:17:41 -0400] "GET /shopping/891054756755 HTTP/1.1" 404 13926 "-" "Mozilla/5.0 (Linux; Android 6.0.1; Nexus 5X Build/MMB29P) AppleWebKit/537.36 (KHTML, like Gecko) Chrome/150.0.7871.46 Mobile Safari/537.36 (compatible; Googlebot/2.1; +http://www.google.com/bot.html)"
66.249.65.46 - - [14/Jul/2026:19:17:53 -0400] "GET /goodscode/751449299241 HTTP/1.1" 404 13930 "-" "Mozilla/5.0 (compatible; Googlebot/2.1; +http://www.google.com/bot.html)"
66.249.65.32 - - [14/Jul/2026:19:18:15 -0400] "GET /goods/722172178804 HTTP/1.1" 404 13925 "-" "Mozilla/5.0 (compatible; Googlebot/2.1; +http://www.google.com/bot.html)"
66.249.65.33 - - [14/Jul/2026:19:18:17 -0400] "GET /shopbrand/851724737136 HTTP/1.1" 404 13931 "-" "Mozilla/5.0 (Linux; Android 6.0.1; Nexus 5X Build/MMB29P) AppleWebKit/537.36 (KHTML, like Gecko) Chrome/150.0.7871.46 Mobile Safari/537.36 (compatible; Googlebot/2.1; +http://www.google.com/bot.html)"
66.249.65.32 - - [14/Jul/2026:19:18:17 -0400] "GET /info/812480644516 HTTP/1.1" 404 13930 "-" "Mozilla/5.0 (Linux; Android 6.0.1; Nexus 5X Build/MMB29P) AppleWebKit/537.36 (KHTML, like Gecko) Chrome/150.0.7871.46 Mobile Safari/537.36 (compatible; Googlebot/2.1; +http://www.google.com/bot.html)"
66.249.65.46 - - [14/Jul/2026:19:18:30 -0400] "GET /shopping/72354083490 HTTP/1.1" 404 13930 "-" "Mozilla/5.0 (Linux; Android 6.0.1; Nexus 5X Build/MMB29P) AppleWebKit/537.36 (KHTML, like Gecko) Chrome/150.0.7871.46 Mobile Safari/537.36 (compatible; Googlebot/2.1; +http://www.google.com/bot.html)"
66.249.65.46 - - [14/Jul/2026:19:18:40 -0400] "GET /shopbrand/80593955900 HTTP/1.1" 404 13928 "-" "Mozilla/5.0 (compatible; Googlebot/2.1; +http://www.google.com/bot.html)"
47.82.50.8 - - [14/Jul/2026:19:19:24 -0400] "GET /items/013238223866 HTTP/1.1" 404 13926 "-" "Mozilla/5.0 (Macintosh; Intel Mac OS X 10_15_7) AppleWebKit/537.36 (KHTML, like Gecko) Chrome/147.0.0.0 Safari/537.36"
47.82.14.67 - - [14/Jul/2026:19:19:25 -0400] "GET /special/014005554764 HTTP/1.1" 404 13926 "-" "Mozilla/5.0 (Windows NT 10.0; Win64; x64) AppleWebKit/537.36 (KHTML, like Gecko) Chrome/142.0.0.0 Safari/537.36"
47.79.10.194 - - [14/Jul/2026:19:19:29 -0400] "GET /goods/012677928418 HTTP/1.1" 404 13930 "-" "Mozilla/5.0 (Windows NT 10.0; Win64; x64) AppleWebKit/537.36 (KHTML, like Gecko) Chrome/142.0.0.0 Safari/537.36"
47.79.10.194 - - [14/Jul/2026:19:19:29 -0400] "GET /shopbrand/013983447383 HTTP/1.1" 404 13926 "-" "Mozilla/5.0 (Macintosh; Intel Mac OS X 10_15_7) AppleWebKit/537.36 (KHTML, like Gecko) Chrome/145.0.0.0 Safari/537.36"
66.249.65.32 - - [14/Jul/2026:19:19:29 -0400] "GET /info/721293435863 HTTP/1.1" 404 13926 "-" "Mozilla/5.0 (Linux; Android 6.0.1; Nexus 5X Build/MMB29P) AppleWebKit/537.36 (KHTML, like Gecko) Chrome/150.0.7871.46 Mobile Safari/537.36 (compatible; Googlebot/2.1; +http://www.google.com/bot.html)"
66.249.65.33 - - [14/Jul/2026:19:19:30 -0400] "GET /market/762965723718 HTTP/1.1" 404 13926 "-" "Mozilla/5.0 (compatible; Googlebot/2.1; +http://www.google.com/bot.html)"
66.249.65.46 - - [14/Jul/2026:19:19:55 -0400] "GET /shopbrand/061904269569 HTTP/1.1" 404 13926 "-" "Mozilla/5.0 (compatible; Googlebot/2.1; +http://www.google.com/bot.html)"
66.249.65.46 - - [14/Jul/2026:19:20:09 -0400] "GET /market/082053535075 HTTP/1.1" 404 13928 "-" "Mozilla/5.0 (Linux; Android 6.0.1; Nexus 5X Build/MMB29P) AppleWebKit/537.36 (KHTML, like Gecko) Chrome/150.0.7871.46 Mobile Safari/537.36 (compatible; Googlebot/2.1; +http://www.google.com/bot.html)"
66.249.65.46 - - [14/Jul/2026:19:20:09 -0400] "GET /shopbrand/784142464926 HTTP/1.1" 404 13925 "-" "Mozilla/5.0 (compatible; Googlebot/2.1; +http://www.google.com/bot.html)"
66.249.65.33 - - [14/Jul/2026:19:20:12 -0400] "GET /items/841388490847 HTTP/1.1" 404 13930 "-" "Mozilla/5.0 (Linux; Android 6.0.1; Nexus 5X Build/MMB29P) AppleWebKit/537.36 (KHTML, like Gecko) Chrome/150.0.7871.46 Mobile Safari/537.36 (compatible; Googlebot/2.1; +http://www.google.com/bot.html)"
66.249.65.33 - - [14/Jul/2026:19:20:12 -0400] "GET /info/732596115487 HTTP/1.1" 404 13925 "-" "Mozilla/5.0 (compatible; Googlebot/2.1; +http://www.google.com/bot.html)"
66.249.65.46 - - [14/Jul/2026:19:20:46 -0400] "GET /special/841495062130 HTTP/1.1" 404 13925 "-" "Mozilla/5.0 (Linux; Android 6.0.1; Nexus 5X Build/MMB29P) AppleWebKit/537.36 (KHTML, like Gecko) Chrome/150.0.7871.46 Mobile Safari/537.36 (compatible; Googlebot/2.1; +http://www.google.com/bot.html)"
66.249.65.32 - - [14/Jul/2026:19:21:05 -0400] "GET /products/743014731103 HTTP/1.1" 404 13930 "-" "Mozilla/5.0 (Linux; Android 6.0.1; Nexus 5X Build/MMB29P) AppleWebKit/537.36 (KHTML, like Gecko) Chrome/150.0.7871.46 Mobile Safari/537.36 (compatible; Googlebot/2.1; +http://www.google.com/bot.html)"
66.249.65.46 - - [14/Jul/2026:19:21:12 -0400] "GET /detail/812561548296 HTTP/1.1" 404 13925 "-" "Mozilla/5.0 (Linux; Android 6.0.1; Nexus 5X Build/MMB29P) AppleWebKit/537.36 (KHTML, like Gecko) Chrome/150.0.7871.46 Mobile Safari/537.36 (compatible; Googlebot/2.1; +http://www.google.com/bot.html)"
66.249.65.32 - - [14/Jul/2026:19:21:12 -0400] "GET /detail/83493483224 HTTP/1.1" 404 13926 "-" "Mozilla/5.0 (compatible; Googlebot/2.1; +http://www.google.com/bot.html)"
66.249.65.46 - - [14/Jul/2026:19:21:33 -0400] "GET /goods/673175033411 HTTP/1.1" 404 13925 "-" "Mozilla/5.0 (Linux; Android 6.0.1; Nexus 5X Build/MMB29P) AppleWebKit/537.36 (KHTML, like Gecko) Chrome/150.0.7871.46 Mobile Safari/537.36 (compatible; Googlebot/2.1; +http://www.google.com/bot.html)"
66.249.65.33 - - [14/Jul/2026:19:22:09 -0400] "GET /items/873718736677 HTTP/1.1" 404 13925 "-" "Mozilla/5.0 (Linux; Android 6.0.1; Nexus 5X Build/MMB29P) AppleWebKit/537.36 (KHTML, like Gecko) Chrome/150.0.7871.46 Mobile Safari/537.36 (compatible; Googlebot/2.1; +http://www.google.com/bot.html)"
66.249.65.46 - - [14/Jul/2026:19:22:19 -0400] "GET /special/723753152204 HTTP/1.1" 404 13928 "-" "Mozilla/5.0 (Linux; Android 6.0.1; Nexus 5X Build/MMB29P) AppleWebKit/537.36 (KHTML, like Gecko) Chrome/150.0.7871.46 Mobile Safari/537.36 (compatible; Googlebot/2.1; +http://www.google.com/bot.html)"
66.249.65.46 - - [14/Jul/2026:19:22:30 -0400] "GET /products/741588933450 HTTP/1.1" 404 13926 "-" "Mozilla/5.0 (compatible; Googlebot/2.1; +http://www.google.com/bot.html)"
17.246.23.117 - - [14/Jul/2026:19:22:34 -0400] "GET /events/eventsbyday/2025/9/5/- HTTP/1.1" 200 106025 "-" "Mozilla/5.0 (Macintosh; Intel Mac OS X 10_15_7) AppleWebKit/605.1.15 (KHTML, like Gecko) Version/17.4 Safari/605.1.15 (Applebot/0.1; +http://www.apple.com/go/applebot)"
66.249.65.46 - - [14/Jul/2026:19:22:41 -0400] "GET /special/671245260771 HTTP/1.1" 404 13928 "-" "Mozilla/5.0 (Linux; Android 6.0.1; Nexus 5X Build/MMB29P) AppleWebKit/537.36 (KHTML, like Gecko) Chrome/150.0.7871.46 Mobile Safari/537.36 (compatible; Googlebot/2.1; +http://www.google.com/bot.html)"
66.249.65.46 - - [14/Jul/2026:19:23:24 -0400] "GET /market/872842651596 HTTP/1.1" 404 13931 "-" "Mozilla/5.0 (Linux; Android 6.0.1; Nexus 5X Build/MMB29P) AppleWebKit/537.36 (KHTML, like Gecko) Chrome/150.0.7871.46 Mobile Safari/537.36 (compatible; Googlebot/2.1; +http://www.google.com/bot.html)"
66.249.65.46 - - [14/Jul/2026:19:23:45 -0400] "GET /items/711177430370 HTTP/1.1" 404 13925 "-" "Mozilla/5.0 (Linux; Android 6.0.1; Nexus 5X Build/MMB29P) AppleWebKit/537.36 (KHTML, like Gecko) Chrome/150.0.7871.46 Mobile Safari/537.36 (compatible; Googlebot/2.1; +http://www.google.com/bot.html)"
66.249.65.46 - - [14/Jul/2026:19:23:51 -0400] "GET /goods/67350248580 HTTP/1.1" 404 13930 "-" "Mozilla/5.0 (Linux; Android 6.0.1; Nexus 5X Build/MMB29P) AppleWebKit/537.36 (KHTML, like Gecko) Chrome/150.0.7871.46 Mobile Safari/537.36 (compatible; Googlebot/2.1; +http://www.google.com/bot.html)"
66.249.65.32 - - [14/Jul/2026:19:24:01 -0400] "GET /entity/721180738655 HTTP/1.1" 404 13928 "-" "Mozilla/5.0 (compatible; Googlebot/2.1; +http://www.google.com/bot.html)"
66.249.65.46 - - [14/Jul/2026:19:24:19 -0400] "GET /items/664265845456 HTTP/1.1" 404 13928 "-" "Mozilla/5.0 (Linux; Android 6.0.1; Nexus 5X Build/MMB29P) AppleWebKit/537.36 (KHTML, like Gecko) Chrome/150.0.7871.46 Mobile Safari/537.36 (compatible; Googlebot/2.1; +http://www.google.com/bot.html)"
66.249.65.46 - - [14/Jul/2026:19:24:43 -0400] "GET /shopping/893293908412 HTTP/1.1" 404 13926 "-" "Mozilla/5.0 (Linux; Android 6.0.1; Nexus 5X Build/MMB29P) AppleWebKit/537.36 (KHTML, like Gecko) Chrome/150.0.7871.46 Mobile Safari/537.36 (compatible; Googlebot/2.1; +http://www.google.com/bot.html)"
66.249.65.46 - - [14/Jul/2026:19:25:09 -0400] "GET /special/79775040245 HTTP/1.1" 404 13926 "-" "Mozilla/5.0 (compatible; Googlebot/2.1; +http://www.google.com/bot.html)"
66.249.65.32 - - [14/Jul/2026:19:25:40 -0400] "GET /goods/792018856013 HTTP/1.1" 404 13928 "-" "Mozilla/5.0 (compatible; Googlebot/2.1; +http://www.google.com/bot.html)"
209.85.238.238 - - [14/Jul/2026:19:26:12 -0400] "GET /detail/80981680657 HTTP/1.1" 404 13926 "-" "Mozilla/5.0 (X11; Linux x86_64) AppleWebKit/537.36 (KHTML, like Gecko) Chrome/149.0.7827.200 Safari/537.36"
209.85.238.224 - - [14/Jul/2026:19:26:12 -0400] "GET /detail/images/content/primary/tptyogo_a.png HTTP/1.1" 404 13928 "https://www.transformptyoga.com/detail/80981680657" "Mozilla/5.0 (X11; Linux x86_64) AppleWebKit/537.36 (KHTML, like Gecko) Chrome/149.0.7827.200 Safari/537.36"
209.85.238.224 - - [14/Jul/2026:19:26:31 -0400] "GET /items/903381682814 HTTP/1.1" 404 13926 "-" "Mozilla/5.0 (X11; Linux x86_64) AppleWebKit/537.36 (KHTML, like Gecko) Chrome/149.0.7827.200 Safari/537.36"
209.85.238.238 - - [14/Jul/2026:19:26:31 -0400] "GET /templates/it_oxygen/custom/css-compiled/oxygen__error.css?6a52feb5 HTTP/1.1" 200 154669 "https://www.transformptyoga.com/items/903381682814" "Mozilla/5.0 (X11; Linux x86_64) AppleWebKit/537.36 (KHTML, like Gecko) Chrome/149.0.7827.200 Safari/537.36"
209.85.238.238 - - [14/Jul/2026:19:26:31 -0400] "GET /media/gantry5/engines/nucleus/css-compiled/nucleus.css HTTP/1.1" 200 20312 "https://www.transformptyoga.com/items/903381682814" "Mozilla/5.0 (X11; Linux x86_64) AppleWebKit/537.36 (KHTML, like Gecko) Chrome/149.0.7827.200 Safari/537.36"
209.85.238.224 - - [14/Jul/2026:19:26:32 -0400] "GET /templates/it_oxygen/uikit/css/uikit.min.css HTTP/1.1" 200 113947 "https://www.transformptyoga.com/items/903381682814" "Mozilla/5.0 (X11; Linux x86_64) AppleWebKit/537.36 (KHTML, like Gecko) Chrome/149.0.7827.200 Safari/537.36"
209.85.238.238 - - [14/Jul/2026:19:26:32 -0400] "GET /media/gantry5/engines/nucleus/css-compiled/bootstrap5.css HTTP/1.1" 200 173544 "https://www.transformptyoga.com/items/903381682814" "Mozilla/5.0 (X11; Linux x86_64) AppleWebKit/537.36 (KHTML, like Gecko) Chrome/149.0.7827.200 Safari/537.36"
209.85.238.238 - - [14/Jul/2026:19:26:32 -0400] "GET /templates/it_oxygen/custom/css-compiled/oxygen-joomla__error.css?6a52feb5 HTTP/1.1" 200 51402 "https://www.transformptyoga.com/items/903381682814" "Mozilla/5.0 (X11; Linux x86_64) AppleWebKit/537.36 (KHTML, like Gecko) Chrome/149.0.7827.200 Safari/537.36"
209.85.238.224 - - [14/Jul/2026:19:26:32 -0400] "GET /media/legacy/js/jquery-noconflict.min.js HTTP/1.1" 200 47 "https://www.transformptyoga.com/items/903381682814" "Mozilla/5.0 (X11; Linux x86_64) AppleWebKit/537.36 (KHTML, like Gecko) Chrome/149.0.7827.200 Safari/537.36"
209.85.238.238 - - [14/Jul/2026:19:26:33 -0400] "GET /templates/it_oxygen/custom/css-compiled/custom__error.css?6a52feb5 HTTP/1.1" 200 335 "https://www.transformptyoga.com/items/903381682814" "Mozilla/5.0 (X11; Linux x86_64) AppleWebKit/537.36 (KHTML, like Gecko) Chrome/149.0.7827.200 Safari/537.36"
209.85.238.238 - - [14/Jul/2026:19:26:33 -0400] "GET /media/system/css/debug.css HTTP/1.1" 200 3434 "https://www.transformptyoga.com/items/903381682814" "Mozilla/5.0 (X11; Linux x86_64) AppleWebKit/537.36 (KHTML, like Gecko) Chrome/149.0.7827.200 Safari/537.36"
209.85.238.224 - - [14/Jul/2026:19:26:33 -0400] "GET /media/vendor/jquery/js/jquery.min.js HTTP/1.1" 200 30342 "https://www.transformptyoga.com/items/903381682814" "Mozilla/5.0 (X11; Linux x86_64) AppleWebKit/537.36 (KHTML, like Gecko) Chrome/149.0.7827.200 Safari/537.36"
209.85.238.238 - - [14/Jul/2026:19:26:33 -0400] "GET /items/images/content/primary/tptyogo_a.png HTTP/1.1" 404 13928 "https://www.transformptyoga.com/items/903381682814" "Mozilla/5.0 (X11; Linux x86_64) AppleWebKit/537.36 (KHTML, like Gecko) Chrome/149.0.7827.200 Safari/537.36"
209.85.238.224 - - [14/Jul/2026:19:26:34 -0400] "GET /templates/it_oxygen/images/logo.png HTTP/1.1" 200 5153 "https://www.transformptyoga.com/items/903381682814" "Mozilla/5.0 (X11; Linux x86_64) AppleWebKit/537.36 (KHTML, like Gecko) Chrome/149.0.7827.200 Safari/537.36"
209.85.238.224 - - [14/Jul/2026:19:26:34 -0400] "GET /media/gantry5/assets/css/font-awesome.min.css HTTP/1.1" 200 31000 "https://www.transformptyoga.com/items/903381682814" "Mozilla/5.0 (X11; Linux x86_64) AppleWebKit/537.36 (KHTML, like Gecko) Chrome/149.0.7827.200 Safari/537.36"
209.85.238.238 - - [14/Jul/2026:19:26:34 -0400] "GET /media/system/css/joomla-fontawesome.min.css HTTP/1.1" 200 14993 "https://www.transformptyoga.com/items/903381682814" "Mozilla/5.0 (X11; Linux x86_64) AppleWebKit/537.36 (KHTML, like Gecko) Chrome/149.0.7827.200 Safari/537.36"
209.85.238.224 - - [14/Jul/2026:19:26:34 -0400] "GET /media/gantry5/assets/js/main.js HTTP/1.1" 200 147174 "https://www.transformptyoga.com/items/903381682814" "Mozilla/5.0 (X11; Linux x86_64) AppleWebKit/537.36 (KHTML, like Gecko) Chrome/149.0.7827.200 Safari/537.36"
209.85.238.224 - - [14/Jul/2026:19:26:35 -0400] "GET /templates/it_oxygen/uikit/js/uikit.min.js HTTP/1.1" 200 121825 "https://www.transformptyoga.com/items/903381682814" "Mozilla/5.0 (X11; Linux x86_64) AppleWebKit/537.36 (KHTML, like Gecko) Chrome/149.0.7827.200 Safari/537.36"
209.85.238.238 - - [14/Jul/2026:19:26:35 -0400] "GET /templates/it_oxygen/js/template.js HTTP/1.1" 200 208 "https://www.transformptyoga.com/items/903381682814" "Mozilla/5.0 (X11; Linux x86_64) AppleWebKit/537.36 (KHTML, like Gecko) Chrome/149.0.7827.200 Safari/537.36"
209.85.238.238 - - [14/Jul/2026:19:26:35 -0400] "GET /templates/it_oxygen/js/scrollReveal.min.js HTTP/1.1" 200 8564 "https://www.transformptyoga.com/items/903381682814" "Mozilla/5.0 (X11; Linux x86_64) AppleWebKit/537.36 (KHTML, like Gecko) Chrome/149.0.7827.200 Safari/537.36"
209.85.238.238 - - [14/Jul/2026:19:26:35 -0400] "GET /media/gantry5/assets/fonts/fontawesome-webfont.woff2?v=4.7.0 HTTP/1.1" 200 77160 "https://www.transformptyoga.com/media/gantry5/assets/css/font-awesome.min.css" "Mozilla/5.0 (X11; Linux x86_64) AppleWebKit/537.36 (KHTML, like Gecko) Chrome/149.0.7827.200 Safari/537.36"
66.249.65.46 - - [14/Jul/2026:19:26:39 -0400] "GET /items/831038613800 HTTP/1.1" 404 13931 "-" "Mozilla/5.0 (compatible; Googlebot/2.1; +http://www.google.com/bot.html)"
66.249.65.46 - - [14/Jul/2026:19:26:44 -0400] "GET /detail/892571841902 HTTP/1.1" 404 13926 "-" "Mozilla/5.0 (Linux; Android 6.0.1; Nexus 5X Build/MMB29P) AppleWebKit/537.36 (KHTML, like Gecko) Chrome/150.0.7871.46 Mobile Safari/537.36 (compatible; Googlebot/2.1; +http://www.google.com/bot.html)"
66.249.65.46 - - [14/Jul/2026:19:27:01 -0400] "GET /product/8140696308 HTTP/1.1" 404 13926 "-" "Mozilla/5.0 (Linux; Android 6.0.1; Nexus 5X Build/MMB29P) AppleWebKit/537.36 (KHTML, like Gecko) Chrome/150.0.7871.46 Mobile Safari/537.36 (compatible; Googlebot/2.1; +http://www.google.com/bot.html)"
66.249.65.33 - - [14/Jul/2026:19:27:01 -0400] "GET /item/78607630995 HTTP/1.1" 404 13926 "-" "Mozilla/5.0 (Linux; Android 6.0.1; Nexus 5X Build/MMB29P) AppleWebKit/537.36 (KHTML, like Gecko) Chrome/150.0.7871.46 Mobile Safari/537.36 (compatible; Googlebot/2.1; +http://www.google.com/bot.html)"
66.249.65.32 - - [14/Jul/2026:19:27:47 -0400] "GET /item/771184536467 HTTP/1.1" 404 13925 "-" "Mozilla/5.0 (compatible; Googlebot/2.1; +http://www.google.com/bot.html)"
66.249.65.46 - - [14/Jul/2026:19:27:52 -0400] "GET /goods/793935409399 HTTP/1.1" 404 13931 "-" "Mozilla/5.0 (Linux; Android 6.0.1; Nexus 5X Build/MMB29P) AppleWebKit/537.36 (KHTML, like Gecko) Chrome/150.0.7871.46 Mobile Safari/537.36 (compatible; Googlebot/2.1; +http://www.google.com/bot.html)"
66.249.65.32 - - [14/Jul/2026:19:28:13 -0400] "GET /goods/793801994262 HTTP/1.1" 404 13931 "-" "Mozilla/5.0 (compatible; Googlebot/2.1; +http://www.google.com/bot.html)"
66.249.65.46 - - [14/Jul/2026:19:28:14 -0400] "GET /goodscode/761394973745 HTTP/1.1" 404 13930 "-" "Mozilla/5.0 (Linux; Android 6.0.1; Nexus 5X Build/MMB29P) AppleWebKit/537.36 (KHTML, like Gecko) Chrome/150.0.7871.46 Mobile Safari/537.36 (compatible; Googlebot/2.1; +http://www.google.com/bot.html)"
5.230.153.125 - - [14/Jul/2026:19:28:55 -0400] "POST /assets/images/w.php HTTP/1.1" 200 24879 "-" "Mozilla/5.0 (Windows NT 10.0; Win64; x64) AppleWebKit/537.36 (KHTML, like Gecko) Chrome/127.0.0.0 Safari/537.36"
5.230.153.168 - - [14/Jul/2026:19:28:55 -0400] "GET /assets/images/w.php HTTP/1.1" 200 24879 "-" "-"
66.249.65.33 - - [14/Jul/2026:19:29:26 -0400] "GET /shopping/663396466617 HTTP/1.1" 404 13926 "-" "Mozilla/5.0 (compatible; Googlebot/2.1; +http://www.google.com/bot.html)"
66.249.65.32 - - [14/Jul/2026:19:29:33 -0400] "GET /items/893967945341 HTTP/1.1" 404 13930 "-" "Mozilla/5.0 (compatible; Googlebot/2.1; +http://www.google.com/bot.html)"
209.85.238.238 - - [14/Jul/2026:19:29:34 -0400] "GET /detail/823886965926 HTTP/1.1" 404 13926 "-" "Mozilla/5.0 (X11; Linux x86_64) AppleWebKit/537.36 (KHTML, like Gecko) Chrome/149.0.7827.200 Safari/537.36"
209.85.238.238 - - [14/Jul/2026:19:29:35 -0400] "GET /detail/images/content/primary/tptyogo_a.png HTTP/1.1" 404 13926 "https://www.transformptyoga.com/detail/823886965926" "Mozilla/5.0 (X11; Linux x86_64) AppleWebKit/537.36 (KHTML, like Gecko) Chrome/149.0.7827.200 Safari/537.36"
66.249.65.32 - - [14/Jul/2026:19:29:41 -0400] "GET /market/81822380367 HTTP/1.1" 404 13926 "-" "Mozilla/5.0 (Linux; Android 6.0.1; Nexus 5X Build/MMB29P) AppleWebKit/537.36 (KHTML, like Gecko) Chrome/150.0.7871.46 Mobile Safari/537.36 (compatible; Googlebot/2.1; +http://www.google.com/bot.html)"
66.249.65.46 - - [14/Jul/2026:19:29:48 -0400] "GET /goods/821446549989 HTTP/1.1" 404 13926 "-" "Mozilla/5.0 (compatible; Googlebot/2.1; +http://www.google.com/bot.html)"
66.249.65.32 - - [14/Jul/2026:19:30:11 -0400] "GET /info/75213918351 HTTP/1.1" 404 13926 "-" "Mozilla/5.0 (compatible; Googlebot/2.1; +http://www.google.com/bot.html)"
66.249.65.33 - - [14/Jul/2026:19:31:21 -0400] "GET /info/762784926327 HTTP/1.1" 404 13926 "-" "Mozilla/5.0 (Linux; Android 6.0.1; Nexus 5X Build/MMB29P) AppleWebKit/537.36 (KHTML, like Gecko) Chrome/150.0.7871.46 Mobile Safari/537.36 (compatible; Googlebot/2.1; +http://www.google.com/bot.html)"
66.249.65.32 - - [14/Jul/2026:19:31:28 -0400] "GET /market/692158544021 HTTP/1.1" 404 13930 "-" "Mozilla/5.0 (compatible; Googlebot/2.1; +http://www.google.com/bot.html)"
66.249.65.32 - - [14/Jul/2026:19:31:32 -0400] "GET /entity/843825776721 HTTP/1.1" 404 13928 "-" "Mozilla/5.0 (Linux; Android 6.0.1; Nexus 5X Build/MMB29P) AppleWebKit/537.36 (KHTML, like Gecko) Chrome/150.0.7871.46 Mobile Safari/537.36 (compatible; Googlebot/2.1; +http://www.google.com/bot.html)"
66.249.65.46 - - [14/Jul/2026:19:31:48 -0400] "GET /goodscode/821152075289 HTTP/1.1" 404 13931 "-" "Mozilla/5.0 (compatible; Googlebot/2.1; +http://www.google.com/bot.html)"
66.249.65.32 - - [14/Jul/2026:19:32:19 -0400] "GET /market/683223855334 HTTP/1.1" 404 13928 "-" "Mozilla/5.0 (Linux; Android 6.0.1; Nexus 5X Build/MMB29P) AppleWebKit/537.36 (KHTML, like Gecko) Chrome/150.0.7871.46 Mobile Safari/537.36 (compatible; Googlebot/2.1; +http://www.google.com/bot.html)"
66.249.65.33 - - [14/Jul/2026:19:32:23 -0400] "GET /shopbrand/68155329105 HTTP/1.1" 404 13926 "-" "Mozilla/5.0 (compatible; Googlebot/2.1; +http://www.google.com/bot.html)"
66.249.65.46 - - [14/Jul/2026:19:32:39 -0400] "GET /entity/891225386762 HTTP/1.1" 404 13930 "-" "Mozilla/5.0 (compatible; Googlebot/2.1; +http://www.google.com/bot.html)"
66.249.65.46 - - [14/Jul/2026:19:32:52 -0400] "GET /item/842832993546 HTTP/1.1" 404 13925 "-" "Mozilla/5.0 (compatible; Googlebot/2.1; +http://www.google.com/bot.html)"
66.249.65.33 - - [14/Jul/2026:19:32:52 -0400] "GET /shopping/84693201991 HTTP/1.1" 404 13928 "-" "Mozilla/5.0 (Linux; Android 6.0.1; Nexus 5X Build/MMB29P) AppleWebKit/537.36 (KHTML, like Gecko) Chrome/150.0.7871.46 Mobile Safari/537.36 (compatible; Googlebot/2.1; +http://www.google.com/bot.html)"
66.249.65.32 - - [14/Jul/2026:19:33:09 -0400] "GET /shopping/743881594737 HTTP/1.1" 404 13925 "-" "Mozilla/5.0 (Linux; Android 6.0.1; Nexus 5X Build/MMB29P) AppleWebKit/537.36 (KHTML, like Gecko) Chrome/150.0.7871.46 Mobile Safari/537.36 (compatible; Googlebot/2.1; +http://www.google.com/bot.html)"
66.249.65.32 - - [14/Jul/2026:19:33:27 -0400] "GET /item/843571362967 HTTP/1.1" 404 13928 "-" "Mozilla/5.0 (compatible; Googlebot/2.1; +http://www.google.com/bot.html)"
66.249.65.46 - - [14/Jul/2026:19:34:15 -0400] "GET /goodscode/873567682631 HTTP/1.1" 404 13928 "-" "Mozilla/5.0 (Linux; Android 6.0.1; Nexus 5X Build/MMB29P) AppleWebKit/537.36 (KHTML, like Gecko) Chrome/150.0.7871.46 Mobile Safari/537.36 (compatible; Googlebot/2.1; +http://www.google.com/bot.html)"
66.249.65.46 - - [14/Jul/2026:19:34:16 -0400] "GET /shopping/731920509799 HTTP/1.1" 404 13930 "-" "Mozilla/5.0 (Linux; Android 6.0.1; Nexus 5X Build/MMB29P) AppleWebKit/537.36 (KHTML, like Gecko) Chrome/150.0.7871.46 Mobile Safari/537.36 (compatible; Googlebot/2.1; +http://www.google.com/bot.html)"
66.249.65.46 - - [14/Jul/2026:19:34:41 -0400] "GET /special/743027767762 HTTP/1.1" 404 13925 "-" "Mozilla/5.0 (Linux; Android 6.0.1; Nexus 5X Build/MMB29P) AppleWebKit/537.36 (KHTML, like Gecko) Chrome/150.0.7871.46 Mobile Safari/537.36 (compatible; Googlebot/2.1; +http://www.google.com/bot.html)"
66.249.65.46 - - [14/Jul/2026:19:34:51 -0400] "GET /shopbrand/002190462408 HTTP/1.1" 404 13926 "-" "Mozilla/5.0 (Linux; Android 6.0.1; Nexus 5X Build/MMB29P) AppleWebKit/537.36 (KHTML, like Gecko) Chrome/150.0.7871.46 Mobile Safari/537.36 (compatible; Googlebot/2.1; +http://www.google.com/bot.html)"
17.246.23.249 - - [14/Jul/2026:19:35:00 -0400] "GET /media/system/css/joomla-fontawesome.min.css HTTP/1.1" 200 14993 "https://www.transformptyoga.com/events/eventsbyday/2025/9/5/-" "Mozilla/5.0 (Macintosh; Intel Mac OS X 10_15_7) AppleWebKit/605.1.15 (KHTML, like Gecko) Version/17.4 Safari/605.1.15 (Applebot/0.1; +http://www.apple.com/go/applebot)"
17.246.23.249 - - [14/Jul/2026:19:35:02 -0400] "GET /media/com_jevents/lib_jevmodal/css/jevmodal.css HTTP/1.1" 200 4451 "https://www.transformptyoga.com/events/eventsbyday/2025/9/5/-" "Mozilla/5.0 (Macintosh; Intel Mac OS X 10_15_7) AppleWebKit/605.1.15 (KHTML, like Gecko) Version/17.4 Safari/605.1.15 (Applebot/0.1; +http://www.apple.com/go/applebot)"
17.246.23.249 - - [14/Jul/2026:19:35:03 -0400] "GET /media/vendor/joomla-custom-elements/css/joomla-alert.min.css?0.2.0 HTTP/1.1" 200 955 "https://www.transformptyoga.com/events/eventsbyday/2025/9/5/-" "Mozilla/5.0 (Macintosh; Intel Mac OS X 10_15_7) AppleWebKit/605.1.15 (KHTML, like Gecko) Version/17.4 Safari/605.1.15 (Applebot/0.1; +http://www.apple.com/go/applebot)"
17.246.23.249 - - [14/Jul/2026:19:35:05 -0400] "GET /media/plg_system_jcepro/site/css/content.min.css?86aa0286b6232c4a5b58f892ce080277 HTTP/1.1" 200 8484 "https://www.transformptyoga.com/events/eventsbyday/2025/9/5/-" "Mozilla/5.0 (Macintosh; Intel Mac OS X 10_15_7) AppleWebKit/605.1.15 (KHTML, like Gecko) Version/17.4 Safari/605.1.15 (Applebot/0.1; +http://www.apple.com/go/applebot)"
17.246.23.249 - - [14/Jul/2026:19:35:06 -0400] "GET /media/com_convertforms/css/convertforms.css?96c48e0a72568bfb0c038bc5bb3c85cc HTTP/1.1" 200 24872 "https://www.transformptyoga.com/events/eventsbyday/2025/9/5/-" "Mozilla/5.0 (Macintosh; Intel Mac OS X 10_15_7) AppleWebKit/605.1.15 (KHTML, like Gecko) Version/17.4 Safari/605.1.15 (Applebot/0.1; +http://www.apple.com/go/applebot)"
17.246.23.249 - - [14/Jul/2026:19:35:08 -0400] "GET /media/gantry5/engines/nucleus/css-compiled/nucleus.css HTTP/1.1" 200 20312 "https://www.transformptyoga.com/events/eventsbyday/2025/9/5/-" "Mozilla/5.0 (Macintosh; Intel Mac OS X 10_15_7) AppleWebKit/605.1.15 (KHTML, like Gecko) Version/17.4 Safari/605.1.15 (Applebot/0.1; +http://www.apple.com/go/applebot)"
17.246.23.249 - - [14/Jul/2026:19:35:09 -0400] "GET /templates/it_oxygen/custom/css-compiled/oxygen_12.css?6a52fe6f HTTP/1.1" 200 154665 "https://www.transformptyoga.com/events/eventsbyday/2025/9/5/-" "Mozilla/5.0 (Macintosh; Intel Mac OS X 10_15_7) AppleWebKit/605.1.15 (KHTML, like Gecko) Version/17.4 Safari/605.1.15 (Applebot/0.1; +http://www.apple.com/go/applebot)"
17.246.23.249 - - [14/Jul/2026:19:35:11 -0400] "GET /templates/it_oxygen/uikit/css/uikit.min.css HTTP/1.1" 200 113947 "https://www.transformptyoga.com/events/eventsbyday/2025/9/5/-" "Mozilla/5.0 (Macintosh; Intel Mac OS X 10_15_7) AppleWebKit/605.1.15 (KHTML, like Gecko) Version/17.4 Safari/605.1.15 (Applebot/0.1; +http://www.apple.com/go/applebot)"
17.246.23.249 - - [14/Jul/2026:19:35:12 -0400] "GET /media/gantry5/engines/nucleus/css-compiled/bootstrap5.css HTTP/1.1" 200 173544 "https://www.transformptyoga.com/events/eventsbyday/2025/9/5/-" "Mozilla/5.0 (Macintosh; Intel Mac OS X 10_15_7) AppleWebKit/605.1.15 (KHTML, like Gecko) Version/17.4 Safari/605.1.15 (Applebot/0.1; +http://www.apple.com/go/applebot)"
17.246.23.249 - - [14/Jul/2026:19:35:14 -0400] "GET /media/system/css/debug.css HTTP/1.1" 200 3434 "https://www.transformptyoga.com/events/eventsbyday/2025/9/5/-" "Mozilla/5.0 (Macintosh; Intel Mac OS X 10_15_7) AppleWebKit/605.1.15 (KHTML, like Gecko) Version/17.4 Safari/605.1.15 (Applebot/0.1; +http://www.apple.com/go/applebot)"
17.246.23.249 - - [14/Jul/2026:19:35:15 -0400] "GET /media/gantry5/assets/css/font-awesome.min.css HTTP/1.1" 200 31000 "https://www.transformptyoga.com/events/eventsbyday/2025/9/5/-" "Mozilla/5.0 (Macintosh; Intel Mac OS X 10_15_7) AppleWebKit/605.1.15 (KHTML, like Gecko) Version/17.4 Safari/605.1.15 (Applebot/0.1; +http://www.apple.com/go/applebot)"
17.246.23.249 - - [14/Jul/2026:19:35:17 -0400] "GET /templates/it_oxygen/custom/css-compiled/oxygen-joomla_12.css?6a52fe6f HTTP/1.1" 200 51398 "https://www.transformptyoga.com/events/eventsbyday/2025/9/5/-" "Mozilla/5.0 (Macintosh; Intel Mac OS X 10_15_7) AppleWebKit/605.1.15 (KHTML, like Gecko) Version/17.4 Safari/605.1.15 (Applebot/0.1; +http://www.apple.com/go/applebot)"
17.246.23.249 - - [14/Jul/2026:19:35:18 -0400] "GET /templates/it_oxygen/custom/css-compiled/custom_12.css?6a52fe6f HTTP/1.1" 200 335 "https://www.transformptyoga.com/events/eventsbyday/2025/9/5/-" "Mozilla/5.0 (Macintosh; Intel Mac OS X 10_15_7) AppleWebKit/605.1.15 (KHTML, like Gecko) Version/17.4 Safari/605.1.15 (Applebot/0.1; +http://www.apple.com/go/applebot)"
17.246.23.249 - - [14/Jul/2026:19:35:20 -0400] "GET /media/system/js/core.min.js?37ffe4186289eba9c5df81bea44080aff77b9684 HTTP/1.1" 200 3135 "https://www.transformptyoga.com/events/eventsbyday/2025/9/5/-" "Mozilla/5.0 (Macintosh; Intel Mac OS X 10_15_7) AppleWebKit/605.1.15 (KHTML, like Gecko) Version/17.4 Safari/605.1.15 (Applebot/0.1; +http://www.apple.com/go/applebot)"
17.246.23.249 - - [14/Jul/2026:19:35:21 -0400] "GET /media/vendor/jquery/js/jquery.min.js?3.7.1 HTTP/1.1" 200 30342 "https://www.transformptyoga.com/events/eventsbyday/2025/9/5/-" "Mozilla/5.0 (Macintosh; Intel Mac OS X 10_15_7) AppleWebKit/605.1.15 (KHTML, like Gecko) Version/17.4 Safari/605.1.15 (Applebot/0.1; +http://www.apple.com/go/applebot)"
17.246.23.249 - - [14/Jul/2026:19:35:23 -0400] "GET /media/legacy/js/jquery-noconflict.min.js?647005fc12b79b3ca2bb30c059899d5994e3e34d HTTP/1.1" 200 47 "https://www.transformptyoga.com/events/eventsbyday/2025/9/5/-" "Mozilla/5.0 (Macintosh; Intel Mac OS X 10_15_7) AppleWebKit/605.1.15 (KHTML, like Gecko) Version/17.4 Safari/605.1.15 (Applebot/0.1; +http://www.apple.com/go/applebot)"
17.246.23.249 - - [14/Jul/2026:19:35:24 -0400] "GET /media/vendor/bootstrap/js/modal.min.js?5.3.2 HTTP/1.1" 200 2477 "https://www.transformptyoga.com/events/eventsbyday/2025/9/5/-" "Mozilla/5.0 (Macintosh; Intel Mac OS X 10_15_7) AppleWebKit/605.1.15 (KHTML, like Gecko) Version/17.4 Safari/605.1.15 (Applebot/0.1; +http://www.apple.com/go/applebot)"
17.246.23.249 - - [14/Jul/2026:19:35:25 -0400] "GET /media/vendor/bootstrap/js/popover.min.js?5.3.2 HTTP/1.1" 200 3430 "https://www.transformptyoga.com/events/eventsbyday/2025/9/5/-" "Mozilla/5.0 (Macintosh; Intel Mac OS X 10_15_7) AppleWebKit/605.1.15 (KHTML, like Gecko) Version/17.4 Safari/605.1.15 (Applebot/0.1; +http://www.apple.com/go/applebot)"
17.246.23.249 - - [14/Jul/2026:19:35:27 -0400] "GET /media/system/js/keepalive.min.js?9f10654c2f49ca104ca0449def6eec3f06bd19c0 HTTP/1.1" 200 430 "https://www.transformptyoga.com/events/eventsbyday/2025/9/5/-" "Mozilla/5.0 (Macintosh; Intel Mac OS X 10_15_7) AppleWebKit/605.1.15 (KHTML, like Gecko) Version/17.4 Safari/605.1.15 (Applebot/0.1; +http://www.apple.com/go/applebot)"
17.246.23.249 - - [14/Jul/2026:19:35:28 -0400] "GET /media/system/js/messages.min.js?7f7aa28ac8e8d42145850e8b45b3bc82ff9a6411 HTTP/1.1" 200 1837 "https://www.transformptyoga.com/events/eventsbyday/2025/9/5/-" "Mozilla/5.0 (Macintosh; Intel Mac OS X 10_15_7) AppleWebKit/605.1.15 (KHTML, like Gecko) Version/17.4 Safari/605.1.15 (Applebot/0.1; +http://www.apple.com/go/applebot)"
17.246.23.249 - - [14/Jul/2026:19:35:30 -0400] "GET /media/com_jevents/lib_jevmodal/js/jevmodal.min.js HTTP/1.1" 200 10360 "https://www.transformptyoga.com/events/eventsbyday/2025/9/5/-" "Mozilla/5.0 (Macintosh; Intel Mac OS X 10_15_7) AppleWebKit/605.1.15 (KHTML, like Gecko) Version/17.4 Safari/605.1.15 (Applebot/0.1; +http://www.apple.com/go/applebot)"
17.246.23.249 - - [14/Jul/2026:19:35:31 -0400] "GET /media/plg_system_mobilemenuck/assets/mobilemenuck.js?ver=1.5.21 HTTP/1.1" 200 52003 "https://www.transformptyoga.com/events/eventsbyday/2025/9/5/-" "Mozilla/5.0 (Macintosh; Intel Mac OS X 10_15_7) AppleWebKit/605.1.15 (KHTML, like Gecko) Version/17.4 Safari/605.1.15 (Applebot/0.1; +http://www.apple.com/go/applebot)"
17.246.23.249 - - [14/Jul/2026:19:35:33 -0400] "GET /media/com_convertforms/js/site.js?96c48e0a72568bfb0c038bc5bb3c85cc HTTP/1.1" 200 13724 "https://www.transformptyoga.com/events/eventsbyday/2025/9/5/-" "Mozilla/5.0 (Macintosh; Intel Mac OS X 10_15_7) AppleWebKit/605.1.15 (KHTML, like Gecko) Version/17.4 Safari/605.1.15 (Applebot/0.1; +http://www.apple.com/go/applebot)"
66.249.65.46 - - [14/Jul/2026:19:35:33 -0400] "GET /products/792809853836 HTTP/1.1" 404 13928 "-" "Mozilla/5.0 (compatible; Googlebot/2.1; +http://www.google.com/bot.html)"
17.246.23.249 - - [14/Jul/2026:19:35:34 -0400] "GET /media/smartslider3/src/SmartSlider3/Application/Frontend/Assets/dist/smartslider.min.css?ver=667fb12b HTTP/1.1" 200 22276 "https://www.transformptyoga.com/events/eventsbyday/2025/9/5/-" "Mozilla/5.0 (Macintosh; Intel Mac OS X 10_15_7) AppleWebKit/605.1.15 (KHTML, like Gecko) Version/17.4 Safari/605.1.15 (Applebot/0.1; +http://www.apple.com/go/applebot)"
17.246.23.249 - - [14/Jul/2026:19:35:36 -0400] "GET /media/gantry5/assets/js/main.js HTTP/1.1" 200 147174 "https://www.transformptyoga.com/events/eventsbyday/2025/9/5/-" "Mozilla/5.0 (Macintosh; Intel Mac OS X 10_15_7) AppleWebKit/605.1.15 (KHTML, like Gecko) Version/17.4 Safari/605.1.15 (Applebot/0.1; +http://www.apple.com/go/applebot)"
17.246.23.249 - - [14/Jul/2026:19:35:37 -0400] "GET /templates/it_oxygen/uikit/js/uikit.min.js HTTP/1.1" 200 121825 "https://www.transformptyoga.com/events/eventsbyday/2025/9/5/-" "Mozilla/5.0 (Macintosh; Intel Mac OS X 10_15_7) AppleWebKit/605.1.15 (KHTML, like Gecko) Version/17.4 Safari/605.1.15 (Applebot/0.1; +http://www.apple.com/go/applebot)"
17.246.23.249 - - [14/Jul/2026:19:35:39 -0400] "GET /templates/it_oxygen/js/template.js HTTP/1.1" 200 208 "https://www.transformptyoga.com/events/eventsbyday/2025/9/5/-" "Mozilla/5.0 (Macintosh; Intel Mac OS X 10_15_7) AppleWebKit/605.1.15 (KHTML, like Gecko) Version/17.4 Safari/605.1.15 (Applebot/0.1; +http://www.apple.com/go/applebot)"
17.246.23.249 - - [14/Jul/2026:19:35:40 -0400] "GET /templates/it_oxygen/js/scrollReveal.min.js HTTP/1.1" 200 8564 "https://www.transformptyoga.com/events/eventsbyday/2025/9/5/-" "Mozilla/5.0 (Macintosh; Intel Mac OS X 10_15_7) AppleWebKit/605.1.15 (KHTML, like Gecko) Version/17.4 Safari/605.1.15 (Applebot/0.1; +http://www.apple.com/go/applebot)"
17.246.23.249 - - [14/Jul/2026:19:35:42 -0400] "GET /media/vendor/bootstrap/js/dom.min.js?5.3.0 HTTP/1.1" 200 6732 "https://www.transformptyoga.com/events/eventsbyday/2025/9/5/-" "Mozilla/5.0 (Macintosh; Intel Mac OS X 10_15_7) AppleWebKit/605.1.15 (KHTML, like Gecko) Version/17.4 Safari/605.1.15 (Applebot/0.1; +http://www.apple.com/go/applebot)"
17.246.23.249 - - [14/Jul/2026:19:35:43 -0400] "GET /media/vendor/bootstrap/js/popper.min.js?5.3.0 HTTP/1.1" 200 7749 "https://www.transformptyoga.com/events/eventsbyday/2025/9/5/-" "Mozilla/5.0 (Macintosh; Intel Mac OS X 10_15_7) AppleWebKit/605.1.15 (KHTML, like Gecko) Version/17.4 Safari/605.1.15 (Applebot/0.1; +http://www.apple.com/go/applebot)"
17.246.23.249 - - [14/Jul/2026:19:35:45 -0400] "GET /media/smartslider3/src/SmartSlider3/Application/Frontend/Assets/dist/n2.min.js?ver=667fb12b HTTP/1.1" 200 91697 "https://www.transformptyoga.com/events/eventsbyday/2025/9/5/-" "Mozilla/5.0 (Macintosh; Intel Mac OS X 10_15_7) AppleWebKit/605.1.15 (KHTML, like Gecko) Version/17.4 Safari/605.1.15 (Applebot/0.1; +http://www.apple.com/go/applebot)"
17.246.23.249 - - [14/Jul/2026:19:35:46 -0400] "GET /media/smartslider3/src/SmartSlider3/Application/Frontend/Assets/dist/smartslider-frontend.min.js?ver=667fb12b HTTP/1.1" 200 221457 "https://www.transformptyoga.com/events/eventsbyday/2025/9/5/-" "Mozilla/5.0 (Macintosh; Intel Mac OS X 10_15_7) AppleWebKit/605.1.15 (KHTML, like Gecko) Version/17.4 Safari/605.1.15 (Applebot/0.1; +http://www.apple.com/go/applebot)"
17.246.23.249 - - [14/Jul/2026:19:35:48 -0400] "GET /media/smartslider3/src/SmartSlider3/Slider/SliderType/Simple/Assets/dist/ss-simple.min.js?ver=667fb12b HTTP/1.1" 200 14134 "https://www.transformptyoga.com/events/eventsbyday/2025/9/5/-" "Mozilla/5.0 (Macintosh; Intel Mac OS X 10_15_7) AppleWebKit/605.1.15 (KHTML, like Gecko) Version/17.4 Safari/605.1.15 (Applebot/0.1; +http://www.apple.com/go/applebot)"
17.246.23.249 - - [14/Jul/2026:19:35:49 -0400] "GET /media/smartslider3/src/SmartSlider3/Slider/SliderType/Simple/Assets/dist/smartslider-backgroundanimation.min.js?ver=667fb12b HTTP/1.1" 200 664528 "https://www.transformptyoga.com/events/eventsbyday/2025/9/5/-" "Mozilla/5.0 (Macintosh; Intel Mac OS X 10_15_7) AppleWebKit/605.1.15 (KHTML, like Gecko) Version/17.4 Safari/605.1.15 (Applebot/0.1; +http://www.apple.com/go/applebot)"
17.246.23.249 - - [14/Jul/2026:19:35:51 -0400] "GET /media/smartslider3/src/SmartSlider3/Widget/Arrow/ArrowImage/Assets/dist/w-arrow-image.min.js?ver=667fb12b HTTP/1.1" 200 1454 "https://www.transformptyoga.com/events/eventsbyday/2025/9/5/-" "Mozilla/5.0 (Macintosh; Intel Mac OS X 10_15_7) AppleWebKit/605.1.15 (KHTML, like Gecko) Version/17.4 Safari/605.1.15 (Applebot/0.1; +http://www.apple.com/go/applebot)"
17.246.23.249 - - [14/Jul/2026:19:35:52 -0400] "GET /media/smartslider3/src/SmartSlider3/Widget/Bullet/Assets/dist/w-bullet.min.js?ver=667fb12b HTTP/1.1" 200 5556 "https://www.transformptyoga.com/events/eventsbyday/2025/9/5/-" "Mozilla/5.0 (Macintosh; Intel Mac OS X 10_15_7) AppleWebKit/605.1.15 (KHTML, like Gecko) Version/17.4 Safari/605.1.15 (Applebot/0.1; +http://www.apple.com/go/applebot)"
17.246.23.249 - - [14/Jul/2026:19:35:54 -0400] "GET /media/smartslider3/src/SmartSlider3/Slider/SliderType/Block/Assets/dist/ss-block.min.js?ver=667fb12b HTTP/1.1" 200 3466 "https://www.transformptyoga.com/events/eventsbyday/2025/9/5/-" "Mozilla/5.0 (Macintosh; Intel Mac OS X 10_15_7) AppleWebKit/605.1.15 (KHTML, like Gecko) Version/17.4 Safari/605.1.15 (Applebot/0.1; +http://www.apple.com/go/applebot)"
66.249.65.46 - - [14/Jul/2026:19:35:55 -0400] "GET /special/901645887454 HTTP/1.1" 404 13928 "-" "Mozilla/5.0 (Linux; Android 6.0.1; Nexus 5X Build/MMB29P) AppleWebKit/537.36 (KHTML, like Gecko) Chrome/150.0.7871.46 Mobile Safari/537.36 (compatible; Googlebot/2.1; +http://www.google.com/bot.html)"
66.249.65.46 - - [14/Jul/2026:19:35:57 -0400] "GET /market/862418287979 HTTP/1.1" 404 13928 "-" "Mozilla/5.0 (compatible; Googlebot/2.1; +http://www.google.com/bot.html)"
66.249.65.33 - - [14/Jul/2026:19:36:13 -0400] "GET /info/67528146904 HTTP/1.1" 404 13931 "-" "Mozilla/5.0 (compatible; Googlebot/2.1; +http://www.google.com/bot.html)"
66.249.65.33 - - [14/Jul/2026:19:36:13 -0400] "GET /special/66590562125 HTTP/1.1" 404 13931 "-" "Mozilla/5.0 (Linux; Android 6.0.1; Nexus 5X Build/MMB29P) AppleWebKit/537.36 (KHTML, like Gecko) Chrome/150.0.7871.46 Mobile Safari/537.36 (compatible; Googlebot/2.1; +http://www.google.com/bot.html)"
89.254.195.176 - - [14/Jul/2026:19:36:22 -0400] "GET /goods/011796443474 HTTP/1.1" 301 - "-" "Mozilla/5.0 (Windows NT 10.0; Win64; x64) AppleWebKit/537.36 (KHTML, like Gecko) Chrome/130.0.6723.69 Safari/537.36"
66.249.65.46 - - [14/Jul/2026:19:36:25 -0400] "GET /entity/783431057356 HTTP/1.1" 404 13930 "-" "Mozilla/5.0 (compatible; Googlebot/2.1; +http://www.google.com/bot.html)"
196.131.193.243 - - [14/Jul/2026:19:36:27 -0400] "GET /goods/011796443474 HTTP/1.1" 404 13925 "-" "Mozilla/5.0 (Windows NT 10.0; Win64; x64) AppleWebKit/537.36 (KHTML, like Gecko) Chrome/130.0.6723.69 Safari/537.36"
66.249.65.46 - - [14/Jul/2026:19:36:48 -0400] "GET /product/781407398961 HTTP/1.1" 404 13928 "-" "Mozilla/5.0 (compatible; Googlebot/2.1; +http://www.google.com/bot.html)"
66.249.65.46 - - [14/Jul/2026:19:37:11 -0400] "GET /detail/823744447085 HTTP/1.1" 404 13928 "-" "Mozilla/5.0 (Linux; Android 6.0.1; Nexus 5X Build/MMB29P) AppleWebKit/537.36 (KHTML, like Gecko) Chrome/150.0.7871.46 Mobile Safari/537.36 (compatible; Googlebot/2.1; +http://www.google.com/bot.html)"
66.249.65.32 - - [14/Jul/2026:19:37:19 -0400] "GET /info/822363138224 HTTP/1.1" 404 13926 "-" "Mozilla/5.0 (compatible; Googlebot/2.1; +http://www.google.com/bot.html)"
66.249.65.46 - - [14/Jul/2026:19:37:21 -0400] "GET /info/681895349551 HTTP/1.1" 404 13931 "-" "Mozilla/5.0 (Linux; Android 6.0.1; Nexus 5X Build/MMB29P) AppleWebKit/537.36 (KHTML, like Gecko) Chrome/150.0.7871.46 Mobile Safari/537.36 (compatible; Googlebot/2.1; +http://www.google.com/bot.html)"
66.249.65.46 - - [14/Jul/2026:19:37:44 -0400] "GET /products/901790480272 HTTP/1.1" 404 13928 "-" "Mozilla/5.0 (compatible; Googlebot/2.1; +http://www.google.com/bot.html)"
66.249.65.46 - - [14/Jul/2026:19:37:53 -0400] "GET /items/803556874409 HTTP/1.1" 404 13928 "-" "Mozilla/5.0 (Linux; Android 6.0.1; Nexus 5X Build/MMB29P) AppleWebKit/537.36 (KHTML, like Gecko) Chrome/150.0.7871.46 Mobile Safari/537.36 (compatible; Googlebot/2.1; +http://www.google.com/bot.html)"
66.249.65.32 - - [14/Jul/2026:19:38:52 -0400] "GET /goodscode/663536634786 HTTP/1.1" 404 13928 "-" "Mozilla/5.0 (Linux; Android 6.0.1; Nexus 5X Build/MMB29P) AppleWebKit/537.36 (KHTML, like Gecko) Chrome/150.0.7871.46 Mobile Safari/537.36 (compatible; Googlebot/2.1; +http://www.google.com/bot.html)"
179.40.45.151 - - [14/Jul/2026:19:39:03 -0400] "GET /market/694251817507 HTTP/1.1" 404 13928 "-" "Mozilla/5.0 (Macintosh; Intel Mac OS X 10_15_3) AppleWebKit/537.36 (KHTML, like Gecko) Chrome/98.0.4758.80 Safari/537.36"
66.249.65.32 - - [14/Jul/2026:19:39:05 -0400] "GET /shopbrand/701405757224 HTTP/1.1" 404 13926 "-" "Mozilla/5.0 (compatible; Googlebot/2.1; +http://www.google.com/bot.html)"
66.249.65.46 - - [14/Jul/2026:19:39:24 -0400] "GET /entity/662099760434 HTTP/1.1" 404 13926 "-" "Mozilla/5.0 (compatible; Googlebot/2.1; +http://www.google.com/bot.html)"
66.249.65.46 - - [14/Jul/2026:19:39:34 -0400] "GET /goods/901603454928 HTTP/1.1" 404 13926 "-" "Mozilla/5.0 (Linux; Android 6.0.1; Nexus 5X Build/MMB29P) AppleWebKit/537.36 (KHTML, like Gecko) Chrome/150.0.7871.46 Mobile Safari/537.36 (compatible; Googlebot/2.1; +http://www.google.com/bot.html)"
66.249.65.46 - - [14/Jul/2026:19:39:35 -0400] "GET /items/714114665607 HTTP/1.1" 404 13930 "-" "Mozilla/5.0 (Linux; Android 6.0.1; Nexus 5X Build/MMB29P) AppleWebKit/537.36 (KHTML, like Gecko) Chrome/150.0.7871.46 Mobile Safari/537.36 (compatible; Googlebot/2.1; +http://www.google.com/bot.html)"
80.94.95.173 - - [14/Jul/2026:19:39:40 -0400] "GET / HTTP/1.1" 301 - "http://transformptyoga.com/" "Mozilla/5.0 (Windows NT 10.0; Win64; x64) AppleWebKit/537.36 (KHTML, like Gecko) Chrome/129.0.0.0 Safari/537.36"
80.94.95.173 - - [14/Jul/2026:19:39:41 -0400] "GET / HTTP/1.1" 200 93382 "https://transformptyoga.com/" "Mozilla/5.0 (Windows NT 10.0; Win64; x64) AppleWebKit/537.36 (KHTML, like Gecko) Chrome/129.0.0.0 Safari/537.36"
80.94.95.173 - - [14/Jul/2026:19:39:42 -0400] "GET /contact HTTP/1.1" 200 110127 "https://transformptyoga.com/contact" "Mozilla/5.0 (Windows NT 10.0; Win64; x64) AppleWebKit/537.36 (KHTML, like Gecko) Chrome/129.0.0.0 Safari/537.36"
80.94.95.173 - - [14/Jul/2026:19:39:43 -0400] "POST /component/convertforms?task=submit HTTP/1.1" 200 97 "https://transformptyoga.com/contact" "Mozilla/5.0 (Windows NT 10.0; Win64; x64) AppleWebKit/537.36 (KHTML, like Gecko) Chrome/129.0.0.0 Safari/537.36"
66.249.65.32 - - [14/Jul/2026:19:39:49 -0400] "GET /special/042713250680 HTTP/1.1" 404 13930 "-" "Mozilla/5.0 (compatible; Googlebot/2.1; +http://www.google.com/bot.html)"
66.249.65.46 - - [14/Jul/2026:19:39:52 -0400] "GET /goods/781911773666 HTTP/1.1" 404 13928 "-" "Mozilla/5.0 (compatible; Googlebot/2.1; +http://www.google.com/bot.html)"
66.249.65.32 - - [14/Jul/2026:19:39:58 -0400] "GET /special/782664959491 HTTP/1.1" 404 13930 "-" "Mozilla/5.0 (Linux; Android 6.0.1; Nexus 5X Build/MMB29P) AppleWebKit/537.36 (KHTML, like Gecko) Chrome/150.0.7871.46 Mobile Safari/537.36 (compatible; Googlebot/2.1; +http://www.google.com/bot.html)"
66.249.65.33 - - [14/Jul/2026:19:40:06 -0400] "GET /market/792701565662 HTTP/1.1" 404 13928 "-" "Mozilla/5.0 (compatible; Googlebot/2.1; +http://www.google.com/bot.html)"
66.249.65.32 - - [14/Jul/2026:19:40:08 -0400] "GET /product/712165074031 HTTP/1.1" 404 13928 "-" "Mozilla/5.0 (Linux; Android 6.0.1; Nexus 5X Build/MMB29P) AppleWebKit/537.36 (KHTML, like Gecko) Chrome/150.0.7871.46 Mobile Safari/537.36 (compatible; Googlebot/2.1; +http://www.google.com/bot.html)"
66.249.65.32 - - [14/Jul/2026:19:40:10 -0400] "GET /market/783542444156 HTTP/1.1" 404 13928 "-" "Mozilla/5.0 (Linux; Android 6.0.1; Nexus 5X Build/MMB29P) AppleWebKit/537.36 (KHTML, like Gecko) Chrome/150.0.7871.46 Mobile Safari/537.36 (compatible; Googlebot/2.1; +http://www.google.com/bot.html)"
66.249.65.46 - - [14/Jul/2026:19:40:55 -0400] "GET /item/853144963974 HTTP/1.1" 404 13925 "-" "Mozilla/5.0 (Linux; Android 6.0.1; Nexus 5X Build/MMB29P) AppleWebKit/537.36 (KHTML, like Gecko) Chrome/150.0.7871.46 Mobile Safari/537.36 (compatible; Googlebot/2.1; +http://www.google.com/bot.html)"
113.172.102.142 - - [14/Jul/2026:19:41:05 -0400] "GET /product/69187161988 HTTP/1.1" 404 13926 "-" "Mozilla/5.0 (Macintosh; Intel Mac OS X 10_15_5) AppleWebKit/537.36 (KHTML, like Gecko) Chrome/101.0.4951.54 Safari/537.36"
66.249.65.32 - - [14/Jul/2026:19:41:12 -0400] "GET /entity/012473366715 HTTP/1.1" 404 13930 "-" "Mozilla/5.0 (compatible; Googlebot/2.1; +http://www.google.com/bot.html)"
66.249.65.46 - - [14/Jul/2026:19:41:15 -0400] "GET /product/701589773194 HTTP/1.1" 404 13930 "-" "Mozilla/5.0 (Linux; Android 6.0.1; Nexus 5X Build/MMB29P) AppleWebKit/537.36 (KHTML, like Gecko) Chrome/150.0.7871.46 Mobile Safari/537.36 (compatible; Googlebot/2.1; +http://www.google.com/bot.html)"
66.249.65.32 - - [14/Jul/2026:19:41:23 -0400] "GET /shopping/691731630022 HTTP/1.1" 404 13926 "-" "Mozilla/5.0 (Linux; Android 6.0.1; Nexus 5X Build/MMB29P) AppleWebKit/537.36 (KHTML, like Gecko) Chrome/150.0.7871.46 Mobile Safari/537.36 (compatible; Googlebot/2.1; +http://www.google.com/bot.html)"
66.249.65.46 - - [14/Jul/2026:19:41:49 -0400] "GET /product/762539779608 HTTP/1.1" 404 13928 "-" "Mozilla/5.0 (compatible; Googlebot/2.1; +http://www.google.com/bot.html)"
66.249.65.46 - - [14/Jul/2026:19:41:52 -0400] "GET /shopbrand/904272053274 HTTP/1.1" 404 13926 "-" "Mozilla/5.0 (compatible; Googlebot/2.1; +http://www.google.com/bot.html)"
66.249.65.46 - - [14/Jul/2026:19:42:16 -0400] "GET /market/761651482043 HTTP/1.1" 404 13928 "-" "Mozilla/5.0 (compatible; Googlebot/2.1; +http://www.google.com/bot.html)"
66.249.65.32 - - [14/Jul/2026:19:42:30 -0400] "GET /products/873820756723 HTTP/1.1" 404 13926 "-" "Mozilla/5.0 (compatible; Googlebot/2.1; +http://www.google.com/bot.html)"
216.73.216.75 - - [14/Jul/2026:19:42:34 -0400] "GET /robots.txt HTTP/1.1" 200 764 "-" "Mozilla/5.0 AppleWebKit/537.36 (KHTML, like Gecko; compatible; ClaudeBot/1.0; +claudebot@anthropic.com)"
216.73.216.75 - - [14/Jul/2026:19:42:35 -0400] "GET /sitemap.xml HTTP/1.1" 404 13928 "-" "Mozilla/5.0 AppleWebKit/537.36 (KHTML, like Gecko; compatible; ClaudeBot/1.0; +claudebot@anthropic.com)"
66.249.65.46 - - [14/Jul/2026:19:42:47 -0400] "GET /item/794290408788 HTTP/1.1" 404 13926 "-" "Mozilla/5.0 (compatible; Googlebot/2.1; +http://www.google.com/bot.html)"
66.249.65.46 - - [14/Jul/2026:19:42:57 -0400] "GET /info/801230489336 HTTP/1.1" 404 13931 "-" "Mozilla/5.0 (Linux; Android 6.0.1; Nexus 5X Build/MMB29P) AppleWebKit/537.36 (KHTML, like Gecko) Chrome/150.0.7871.46 Mobile Safari/537.36 (compatible; Googlebot/2.1; +http://www.google.com/bot.html)"
