73.181.91.7 - - [14/Jul/2026:15:13:33 -0400] "GET /media/gantry5/assets/js/main.js HTTP/1.1" 200 147174 "https://transformptyoga.com/" "Mozilla/5.0 (iPhone; CPU iPhone OS 18_7 like Mac OS X) AppleWebKit/605.1.15 (KHTML, like Gecko) Version/26.5 Mobile/15E148 Safari/604.1"
73.181.91.7 - - [14/Jul/2026:15:13:33 -0400] "GET /templates/it_oxygen/uikit/js/uikit.min.js HTTP/1.1" 200 121825 "https://transformptyoga.com/" "Mozilla/5.0 (iPhone; CPU iPhone OS 18_7 like Mac OS X) AppleWebKit/605.1.15 (KHTML, like Gecko) Version/26.5 Mobile/15E148 Safari/604.1"
73.181.91.7 - - [14/Jul/2026:15:13:33 -0400] "GET /templates/it_oxygen/js/scrollReveal.min.js HTTP/1.1" 200 8564 "https://transformptyoga.com/" "Mozilla/5.0 (iPhone; CPU iPhone OS 18_7 like Mac OS X) AppleWebKit/605.1.15 (KHTML, like Gecko) Version/26.5 Mobile/15E148 Safari/604.1"
73.181.91.7 - - [14/Jul/2026:15:13:33 -0400] "GET /images/content/primary/TPTY_Logo.png HTTP/1.1" 200 284877 "https://transformptyoga.com/" "Mozilla/5.0 (iPhone; CPU iPhone OS 18_7 like Mac OS X) AppleWebKit/605.1.15 (KHTML, like Gecko) Version/26.5 Mobile/15E148 Safari/604.1"
73.181.91.7 - - [14/Jul/2026:15:13:33 -0400] "GET /images/slider/cache/124d0e5908e89d6b4c5918bf9181a68b/slidebg1.webp HTTP/1.1" 200 22090 "https://transformptyoga.com/" "Mozilla/5.0 (iPhone; CPU iPhone OS 18_7 like Mac OS X) AppleWebKit/605.1.15 (KHTML, like Gecko) Version/26.5 Mobile/15E148 Safari/604.1"
73.181.91.7 - - [14/Jul/2026:15:13:33 -0400] "GET /images/slider/cache/35ebcecf4753438939b32160aac00178/slidebg0.webp HTTP/1.1" 200 7174 "https://transformptyoga.com/" "Mozilla/5.0 (iPhone; CPU iPhone OS 18_7 like Mac OS X) AppleWebKit/605.1.15 (KHTML, like Gecko) Version/26.5 Mobile/15E148 Safari/604.1"
73.181.91.7 - - [14/Jul/2026:15:13:33 -0400] "GET /images/slider/cache/873e03211f027c3f1a804aa080e34e58/slidebg4.webp HTTP/1.1" 200 13350 "https://transformptyoga.com/" "Mozilla/5.0 (iPhone; CPU iPhone OS 18_7 like Mac OS X) AppleWebKit/605.1.15 (KHTML, like Gecko) Version/26.5 Mobile/15E148 Safari/604.1"
73.181.91.7 - - [14/Jul/2026:15:13:33 -0400] "GET /images/content/primary/p_hand_back.png HTTP/1.1" 200 142134 "https://transformptyoga.com/" "Mozilla/5.0 (iPhone; CPU iPhone OS 18_7 like Mac OS X) AppleWebKit/605.1.15 (KHTML, like Gecko) Version/26.5 Mobile/15E148 Safari/604.1"
73.181.91.7 - - [14/Jul/2026:15:13:33 -0400] "GET /images/slider/cache/c733668551551cde0b8901693e5b40a0/slidebg6.webp HTTP/1.1" 200 20636 "https://transformptyoga.com/" "Mozilla/5.0 (iPhone; CPU iPhone OS 18_7 like Mac OS X) AppleWebKit/605.1.15 (KHTML, like Gecko) Version/26.5 Mobile/15E148 Safari/604.1"
73.181.91.7 - - [14/Jul/2026:15:13:33 -0400] "GET /images/content/primary/jjcalf.png HTTP/1.1" 200 120863 "https://transformptyoga.com/" "Mozilla/5.0 (iPhone; CPU iPhone OS 18_7 like Mac OS X) AppleWebKit/605.1.15 (KHTML, like Gecko) Version/26.5 Mobile/15E148 Safari/604.1"
73.181.91.7 - - [14/Jul/2026:15:13:33 -0400] "GET /images/content/primary/tptyogo_a.png HTTP/1.1" 200 275091 "https://transformptyoga.com/" "Mozilla/5.0 (iPhone; CPU iPhone OS 18_7 like Mac OS X) AppleWebKit/605.1.15 (KHTML, like Gecko) Version/26.5 Mobile/15E148 Safari/604.1"
73.181.91.7 - - [14/Jul/2026:15:13:33 -0400] "GET /images/slider/cache/124d0e5908e89d6b4c5918bf9181a68b/slidebg1.webp HTTP/1.1" 200 22090 "https://transformptyoga.com/" "Mozilla/5.0 (iPhone; CPU iPhone OS 18_7 like Mac OS X) AppleWebKit/605.1.15 (KHTML, like Gecko) Version/26.5 Mobile/15E148 Safari/604.1"
73.181.91.7 - - [14/Jul/2026:15:13:33 -0400] "GET /images/slider/cache/35ebcecf4753438939b32160aac00178/slidebg0.webp HTTP/1.1" 200 7174 "https://transformptyoga.com/" "Mozilla/5.0 (iPhone; CPU iPhone OS 18_7 like Mac OS X) AppleWebKit/605.1.15 (KHTML, like Gecko) Version/26.5 Mobile/15E148 Safari/604.1"
73.181.91.7 - - [14/Jul/2026:15:13:33 -0400] "GET /images/slider/cache/de49e5c0a900eb2e33e0778866f0a85f/slidebg3.webp HTTP/1.1" 200 33696 "https://transformptyoga.com/" "Mozilla/5.0 (iPhone; CPU iPhone OS 18_7 like Mac OS X) AppleWebKit/605.1.15 (KHTML, like Gecko) Version/26.5 Mobile/15E148 Safari/604.1"
73.181.91.7 - - [14/Jul/2026:15:13:33 -0400] "GET /images/slider/cache/873e03211f027c3f1a804aa080e34e58/slidebg4.webp HTTP/1.1" 200 13350 "https://transformptyoga.com/" "Mozilla/5.0 (iPhone; CPU iPhone OS 18_7 like Mac OS X) AppleWebKit/605.1.15 (KHTML, like Gecko) Version/26.5 Mobile/15E148 Safari/604.1"
73.181.91.7 - - [14/Jul/2026:15:13:33 -0400] "GET /images/slider/cache/c733668551551cde0b8901693e5b40a0/slidebg6.webp HTTP/1.1" 200 20636 "https://transformptyoga.com/" "Mozilla/5.0 (iPhone; CPU iPhone OS 18_7 like Mac OS X) AppleWebKit/605.1.15 (KHTML, like Gecko) Version/26.5 Mobile/15E148 Safari/604.1"
73.181.91.7 - - [14/Jul/2026:15:13:33 -0400] "GET /images/slider/cache/de49e5c0a900eb2e33e0778866f0a85f/slidebg3.webp HTTP/1.1" 200 33696 "https://transformptyoga.com/" "Mozilla/5.0 (iPhone; CPU iPhone OS 18_7 like Mac OS X) AppleWebKit/605.1.15 (KHTML, like Gecko) Version/26.5 Mobile/15E148 Safari/604.1"
73.181.91.7 - - [14/Jul/2026:15:13:33 -0400] "GET /templates/it_oxygen/favicon.ico HTTP/1.1" 200 15406 "https://transformptyoga.com/" "Mozilla/5.0 (iPhone; CPU iPhone OS 18_7 like Mac OS X) AppleWebKit/605.1.15 (KHTML, like Gecko) Version/26.5 Mobile/15E148 Safari/604.1"
73.181.91.7 - - [14/Jul/2026:15:13:33 -0400] "POST /index.php?option=com_jrealtimeanalytics&format=json HTTP/1.1" 200 2505 "https://transformptyoga.com/" "Mozilla/5.0 (iPhone; CPU iPhone OS 18_7 like Mac OS X) AppleWebKit/605.1.15 (KHTML, like Gecko) Version/26.5 Mobile/15E148 Safari/604.1"
73.181.91.7 - - [14/Jul/2026:15:13:34 -0400] "POST /index.php?option=com_jrealtimeanalytics&task=stream.saveEntity&format=json HTTP/1.1" 200 2 "https://transformptyoga.com/" "Mozilla/5.0 (iPhone; CPU iPhone OS 18_7 like Mac OS X) AppleWebKit/605.1.15 (KHTML, like Gecko) Version/26.5 Mobile/15E148 Safari/604.1"
73.181.91.7 - - [14/Jul/2026:15:13:39 -0400] "POST /index.php?option=com_jrealtimeanalytics&format=json HTTP/1.1" 200 2 "https://transformptyoga.com/" "Mozilla/5.0 (iPhone; CPU iPhone OS 18_7 like Mac OS X) AppleWebKit/605.1.15 (KHTML, like Gecko) Version/26.5 Mobile/15E148 Safari/604.1"
66.249.65.46 - - [14/Jul/2026:15:13:44 -0400] "GET /item/811976830993 HTTP/1.1" 404 13926 "-" "Mozilla/5.0 (Linux; Android 6.0.1; Nexus 5X Build/MMB29P) AppleWebKit/537.36 (KHTML, like Gecko) Chrome/150.0.7871.46 Mobile Safari/537.36 (compatible; Googlebot/2.1; +http://www.google.com/bot.html)"
73.181.91.7 - - [14/Jul/2026:15:13:45 -0400] "POST /index.php?option=com_jrealtimeanalytics&task=stream.saveEntity&format=json HTTP/1.1" 200 2 "https://transformptyoga.com/" "Mozilla/5.0 (iPhone; CPU iPhone OS 18_7 like Mac OS X) AppleWebKit/605.1.15 (KHTML, like Gecko) Version/26.5 Mobile/15E148 Safari/604.1"
73.181.91.7 - - [14/Jul/2026:15:13:45 -0400] "POST /index.php?option=com_jrealtimeanalytics&format=json HTTP/1.1" 200 2 "https://transformptyoga.com/" "Mozilla/5.0 (iPhone; CPU iPhone OS 18_7 like Mac OS X) AppleWebKit/605.1.15 (KHTML, like Gecko) Version/26.5 Mobile/15E148 Safari/604.1"
73.181.91.7 - - [14/Jul/2026:15:13:50 -0400] "POST /index.php?option=com_jrealtimeanalytics&task=stream.saveEntity&format=json HTTP/1.1" 200 2 "https://transformptyoga.com/" "Mozilla/5.0 (iPhone; CPU iPhone OS 18_7 like Mac OS X) AppleWebKit/605.1.15 (KHTML, like Gecko) Version/26.5 Mobile/15E148 Safari/604.1"
73.181.91.7 - - [14/Jul/2026:15:13:50 -0400] "GET /discovery-call HTTP/1.1" 200 108553 "https://transformptyoga.com/" "Mozilla/5.0 (iPhone; CPU iPhone OS 18_7 like Mac OS X) AppleWebKit/605.1.15 (KHTML, like Gecko) Version/26.5 Mobile/15E148 Safari/604.1"
73.181.91.7 - - [14/Jul/2026:15:13:50 -0400] "GET /modules/mod_maximenuck/themes/custom/css/maximenuck_maximenuck139.css HTTP/1.1" 200 33551 "https://transformptyoga.com/discovery-call" "Mozilla/5.0 (iPhone; CPU iPhone OS 18_7 like Mac OS X) AppleWebKit/605.1.15 (KHTML, like Gecko) Version/26.5 Mobile/15E148 Safari/604.1"
73.181.91.7 - - [14/Jul/2026:15:13:50 -0400] "GET /modules/mod_maximenuck/themes/custom/css/maximenuck_maximenuck138.css HTTP/1.1" 200 35137 "https://transformptyoga.com/discovery-call" "Mozilla/5.0 (iPhone; CPU iPhone OS 18_7 like Mac OS X) AppleWebKit/605.1.15 (KHTML, like Gecko) Version/26.5 Mobile/15E148 Safari/604.1"
73.181.91.7 - - [14/Jul/2026:15:13:50 -0400] "GET /modules/mod_maximenuck/themes/custom/css/maximenuck_maximenuck141.css HTTP/1.1" 200 35132 "https://transformptyoga.com/discovery-call" "Mozilla/5.0 (iPhone; CPU iPhone OS 18_7 like Mac OS X) AppleWebKit/605.1.15 (KHTML, like Gecko) Version/26.5 Mobile/15E148 Safari/604.1"
73.181.91.7 - - [14/Jul/2026:15:13:50 -0400] "GET /media/com_convertforms/js/recaptcha_v3.js?96c48e0a72568bfb0c038bc5bb3c85cc HTTP/1.1" 200 540 "https://transformptyoga.com/discovery-call" "Mozilla/5.0 (iPhone; CPU iPhone OS 18_7 like Mac OS X) AppleWebKit/605.1.15 (KHTML, like Gecko) Version/26.5 Mobile/15E148 Safari/604.1"
73.181.91.7 - - [14/Jul/2026:15:13:50 -0400] "GET /media/smartslider3/src/SmartSlider3/Slider/SliderType/Block/Assets/dist/ss-block.min.js?ver=667fb12b HTTP/1.1" 200 3466 "https://transformptyoga.com/discovery-call" "Mozilla/5.0 (iPhone; CPU iPhone OS 18_7 like Mac OS X) AppleWebKit/605.1.15 (KHTML, like Gecko) Version/26.5 Mobile/15E148 Safari/604.1"
73.181.91.7 - - [14/Jul/2026:15:13:50 -0400] "POST /index.php?option=com_jrealtimeanalytics&format=json HTTP/1.1" 200 2505 "https://transformptyoga.com/discovery-call" "Mozilla/5.0 (iPhone; CPU iPhone OS 18_7 like Mac OS X) AppleWebKit/605.1.15 (KHTML, like Gecko) Version/26.5 Mobile/15E148 Safari/604.1"
73.181.91.7 - - [14/Jul/2026:15:13:56 -0400] "POST /index.php?option=com_jrealtimeanalytics&format=json HTTP/1.1" 200 2 "https://transformptyoga.com/discovery-call" "Mozilla/5.0 (iPhone; CPU iPhone OS 18_7 like Mac OS X) AppleWebKit/605.1.15 (KHTML, like Gecko) Version/26.5 Mobile/15E148 Safari/604.1"
73.181.91.7 - - [14/Jul/2026:15:14:00 -0400] "POST /index.php?option=com_jrealtimeanalytics&task=stream.saveEntity&format=json HTTP/1.1" 200 2 "https://transformptyoga.com/discovery-call" "Mozilla/5.0 (iPhone; CPU iPhone OS 18_7 like Mac OS X) AppleWebKit/605.1.15 (KHTML, like Gecko) Version/26.5 Mobile/15E148 Safari/604.1"
73.181.91.7 - - [14/Jul/2026:15:14:03 -0400] "POST /index.php?option=com_jrealtimeanalytics&format=json HTTP/1.1" 200 2 "https://transformptyoga.com/discovery-call" "Mozilla/5.0 (iPhone; CPU iPhone OS 18_7 like Mac OS X) AppleWebKit/605.1.15 (KHTML, like Gecko) Version/26.5 Mobile/15E148 Safari/604.1"
66.249.65.46 - - [14/Jul/2026:15:14:06 -0400] "GET /shopping/721329541881 HTTP/1.1" 404 13931 "-" "Mozilla/5.0 (compatible; Googlebot/2.1; +http://www.google.com/bot.html)"
73.181.91.7 - - [14/Jul/2026:15:14:08 -0400] "POST /index.php?option=com_jrealtimeanalytics&task=stream.saveEntity&format=json HTTP/1.1" 200 201 "https://transformptyoga.com/discovery-call" "Mozilla/5.0 (iPhone; CPU iPhone OS 18_7 like Mac OS X) AppleWebKit/605.1.15 (KHTML, like Gecko) Version/26.5 Mobile/15E148 Safari/604.1"
73.181.91.7 - - [14/Jul/2026:15:14:09 -0400] "POST /index.php?option=com_jrealtimeanalytics&format=json HTTP/1.1" 200 2 "https://transformptyoga.com/discovery-call" "Mozilla/5.0 (iPhone; CPU iPhone OS 18_7 like Mac OS X) AppleWebKit/605.1.15 (KHTML, like Gecko) Version/26.5 Mobile/15E148 Safari/604.1"
73.181.91.7 - - [14/Jul/2026:15:14:15 -0400] "POST /index.php?option=com_jrealtimeanalytics&format=json HTTP/1.1" 200 2 "https://transformptyoga.com/discovery-call" "Mozilla/5.0 (iPhone; CPU iPhone OS 18_7 like Mac OS X) AppleWebKit/605.1.15 (KHTML, like Gecko) Version/26.5 Mobile/15E148 Safari/604.1"
66.249.65.46 - - [14/Jul/2026:15:14:15 -0400] "GET /goodscode/713670158856 HTTP/1.1" 404 13930 "-" "Mozilla/5.0 (Linux; Android 6.0.1; Nexus 5X Build/MMB29P) AppleWebKit/537.36 (KHTML, like Gecko) Chrome/150.0.7871.46 Mobile Safari/537.36 (compatible; Googlebot/2.1; +http://www.google.com/bot.html)"
73.181.91.7 - - [14/Jul/2026:15:14:17 -0400] "POST /index.php?option=com_jrealtimeanalytics&task=stream.saveEntity&format=json HTTP/1.1" 200 201 "https://transformptyoga.com/discovery-call" "Mozilla/5.0 (iPhone; CPU iPhone OS 18_7 like Mac OS X) AppleWebKit/605.1.15 (KHTML, like Gecko) Version/26.5 Mobile/15E148 Safari/604.1"
66.249.65.32 - - [14/Jul/2026:15:14:18 -0400] "GET /entity/661213061530 HTTP/1.1" 404 13925 "-" "Mozilla/5.0 (Linux; Android 6.0.1; Nexus 5X Build/MMB29P) AppleWebKit/537.36 (KHTML, like Gecko) Chrome/150.0.7871.46 Mobile Safari/537.36 (compatible; Googlebot/2.1; +http://www.google.com/bot.html)"
73.181.91.7 - - [14/Jul/2026:15:14:21 -0400] "POST /index.php?option=com_jrealtimeanalytics&format=json HTTP/1.1" 200 2 "https://transformptyoga.com/discovery-call" "Mozilla/5.0 (iPhone; CPU iPhone OS 18_7 like Mac OS X) AppleWebKit/605.1.15 (KHTML, like Gecko) Version/26.5 Mobile/15E148 Safari/604.1"
73.181.91.7 - - [14/Jul/2026:15:14:27 -0400] "POST /index.php?option=com_jrealtimeanalytics&format=json HTTP/1.1" 200 2 "https://transformptyoga.com/discovery-call" "Mozilla/5.0 (iPhone; CPU iPhone OS 18_7 like Mac OS X) AppleWebKit/605.1.15 (KHTML, like Gecko) Version/26.5 Mobile/15E148 Safari/604.1"
73.181.91.7 - - [14/Jul/2026:15:14:33 -0400] "POST /index.php?option=com_jrealtimeanalytics&format=json HTTP/1.1" 200 2 "https://transformptyoga.com/discovery-call" "Mozilla/5.0 (iPhone; CPU iPhone OS 18_7 like Mac OS X) AppleWebKit/605.1.15 (KHTML, like Gecko) Version/26.5 Mobile/15E148 Safari/604.1"
66.249.65.46 - - [14/Jul/2026:15:14:35 -0400] "GET /special/76162857971 HTTP/1.1" 404 13930 "-" "Mozilla/5.0 (compatible; Googlebot/2.1; +http://www.google.com/bot.html)"
66.249.65.46 - - [14/Jul/2026:15:14:36 -0400] "GET /shopping/881954292434 HTTP/1.1" 404 13928 "-" "Mozilla/5.0 (compatible; Googlebot/2.1; +http://www.google.com/bot.html)"
73.181.91.7 - - [14/Jul/2026:15:14:39 -0400] "POST /index.php?option=com_jrealtimeanalytics&format=json HTTP/1.1" 200 2 "https://transformptyoga.com/discovery-call" "Mozilla/5.0 (iPhone; CPU iPhone OS 18_7 like Mac OS X) AppleWebKit/605.1.15 (KHTML, like Gecko) Version/26.5 Mobile/15E148 Safari/604.1"
73.181.91.7 - - [14/Jul/2026:15:14:45 -0400] "POST /index.php?option=com_jrealtimeanalytics&format=json HTTP/1.1" 200 2 "https://transformptyoga.com/discovery-call" "Mozilla/5.0 (iPhone; CPU iPhone OS 18_7 like Mac OS X) AppleWebKit/605.1.15 (KHTML, like Gecko) Version/26.5 Mobile/15E148 Safari/604.1"
73.181.91.7 - - [14/Jul/2026:15:14:52 -0400] "POST /index.php?option=com_jrealtimeanalytics&format=json HTTP/1.1" 200 2 "https://transformptyoga.com/discovery-call" "Mozilla/5.0 (iPhone; CPU iPhone OS 18_7 like Mac OS X) AppleWebKit/605.1.15 (KHTML, like Gecko) Version/26.5 Mobile/15E148 Safari/604.1"
14.191.169.162 - - [14/Jul/2026:15:14:52 -0400] "GET /products/741673396543 HTTP/1.1" 404 13926 "-" "Mozilla/5.0 (Macintosh; Intel Mac OS X 10_15_4) AppleWebKit/537.36 (KHTML, like Gecko) Chrome/100.0.4896.127 Safari/537.36"
73.181.91.7 - - [14/Jul/2026:15:14:58 -0400] "POST /index.php?option=com_jrealtimeanalytics&format=json HTTP/1.1" 200 2 "https://transformptyoga.com/discovery-call" "Mozilla/5.0 (iPhone; CPU iPhone OS 18_7 like Mac OS X) AppleWebKit/605.1.15 (KHTML, like Gecko) Version/26.5 Mobile/15E148 Safari/604.1"
73.181.91.7 - - [14/Jul/2026:15:15:04 -0400] "POST /index.php?option=com_jrealtimeanalytics&format=json HTTP/1.1" 200 2 "https://transformptyoga.com/discovery-call" "Mozilla/5.0 (iPhone; CPU iPhone OS 18_7 like Mac OS X) AppleWebKit/605.1.15 (KHTML, like Gecko) Version/26.5 Mobile/15E148 Safari/604.1"
73.181.91.7 - - [14/Jul/2026:15:15:10 -0400] "POST /index.php?option=com_jrealtimeanalytics&format=json HTTP/1.1" 200 2 "https://transformptyoga.com/discovery-call" "Mozilla/5.0 (iPhone; CPU iPhone OS 18_7 like Mac OS X) AppleWebKit/605.1.15 (KHTML, like Gecko) Version/26.5 Mobile/15E148 Safari/604.1"
73.181.91.7 - - [14/Jul/2026:15:15:16 -0400] "POST /index.php?option=com_jrealtimeanalytics&format=json HTTP/1.1" 200 2 "https://transformptyoga.com/discovery-call" "Mozilla/5.0 (iPhone; CPU iPhone OS 18_7 like Mac OS X) AppleWebKit/605.1.15 (KHTML, like Gecko) Version/26.5 Mobile/15E148 Safari/604.1"
66.249.65.33 - - [14/Jul/2026:15:15:19 -0400] "GET /special/671341563466 HTTP/1.1" 404 13926 "-" "Mozilla/5.0 (compatible; Googlebot/2.1; +http://www.google.com/bot.html)"
73.181.91.7 - - [14/Jul/2026:15:15:22 -0400] "POST /index.php?option=com_jrealtimeanalytics&format=json HTTP/1.1" 200 2 "https://transformptyoga.com/discovery-call" "Mozilla/5.0 (iPhone; CPU iPhone OS 18_7 like Mac OS X) AppleWebKit/605.1.15 (KHTML, like Gecko) Version/26.5 Mobile/15E148 Safari/604.1"
66.249.65.32 - - [14/Jul/2026:15:15:24 -0400] "GET /entity/821491685441 HTTP/1.1" 404 13928 "-" "Mozilla/5.0 (compatible; Googlebot/2.1; +http://www.google.com/bot.html)"
73.181.91.7 - - [14/Jul/2026:15:15:28 -0400] "POST /index.php?option=com_jrealtimeanalytics&format=json HTTP/1.1" 200 2 "https://transformptyoga.com/discovery-call" "Mozilla/5.0 (iPhone; CPU iPhone OS 18_7 like Mac OS X) AppleWebKit/605.1.15 (KHTML, like Gecko) Version/26.5 Mobile/15E148 Safari/604.1"
190.218.7.140 - - [14/Jul/2026:15:15:34 -0400] "GET /shopping/881995593309 HTTP/1.1" 404 13931 "-" "Mozilla/5.0 (Windows NT 6.2; WOW64) AppleWebKit/537.15 (KHTML, like Gecko) Chrome/24.0.1295.0 Safari/537.15"
73.181.91.7 - - [14/Jul/2026:15:15:34 -0400] "POST /index.php?option=com_jrealtimeanalytics&format=json HTTP/1.1" 200 2 "https://transformptyoga.com/discovery-call" "Mozilla/5.0 (iPhone; CPU iPhone OS 18_7 like Mac OS X) AppleWebKit/605.1.15 (KHTML, like Gecko) Version/26.5 Mobile/15E148 Safari/604.1"
73.181.91.7 - - [14/Jul/2026:15:15:41 -0400] "POST /index.php?option=com_jrealtimeanalytics&format=json HTTP/1.1" 200 2 "https://transformptyoga.com/discovery-call" "Mozilla/5.0 (iPhone; CPU iPhone OS 18_7 like Mac OS X) AppleWebKit/605.1.15 (KHTML, like Gecko) Version/26.5 Mobile/15E148 Safari/604.1"
73.181.91.7 - - [14/Jul/2026:15:15:47 -0400] "POST /index.php?option=com_jrealtimeanalytics&format=json HTTP/1.1" 200 2 "https://transformptyoga.com/discovery-call" "Mozilla/5.0 (iPhone; CPU iPhone OS 18_7 like Mac OS X) AppleWebKit/605.1.15 (KHTML, like Gecko) Version/26.5 Mobile/15E148 Safari/604.1"
73.181.91.7 - - [14/Jul/2026:15:15:53 -0400] "POST /index.php?option=com_jrealtimeanalytics&format=json HTTP/1.1" 200 2 "https://transformptyoga.com/discovery-call" "Mozilla/5.0 (iPhone; CPU iPhone OS 18_7 like Mac OS X) AppleWebKit/605.1.15 (KHTML, like Gecko) Version/26.5 Mobile/15E148 Safari/604.1"
73.181.91.7 - - [14/Jul/2026:15:15:59 -0400] "POST /index.php?option=com_jrealtimeanalytics&format=json HTTP/1.1" 200 2 "https://transformptyoga.com/discovery-call" "Mozilla/5.0 (iPhone; CPU iPhone OS 18_7 like Mac OS X) AppleWebKit/605.1.15 (KHTML, like Gecko) Version/26.5 Mobile/15E148 Safari/604.1"
73.181.91.7 - - [14/Jul/2026:15:16:05 -0400] "POST /index.php?option=com_jrealtimeanalytics&format=json HTTP/1.1" 200 2 "https://transformptyoga.com/discovery-call" "Mozilla/5.0 (iPhone; CPU iPhone OS 18_7 like Mac OS X) AppleWebKit/605.1.15 (KHTML, like Gecko) Version/26.5 Mobile/15E148 Safari/604.1"
73.181.91.7 - - [14/Jul/2026:15:16:11 -0400] "POST /index.php?option=com_jrealtimeanalytics&format=json HTTP/1.1" 200 2 "https://transformptyoga.com/discovery-call" "Mozilla/5.0 (iPhone; CPU iPhone OS 18_7 like Mac OS X) AppleWebKit/605.1.15 (KHTML, like Gecko) Version/26.5 Mobile/15E148 Safari/604.1"
66.249.65.46 - - [14/Jul/2026:15:16:14 -0400] "GET /items/88640083646 HTTP/1.1" 404 13928 "-" "Mozilla/5.0 (compatible; Googlebot/2.1; +http://www.google.com/bot.html)"
73.181.91.7 - - [14/Jul/2026:15:16:17 -0400] "POST /index.php?option=com_jrealtimeanalytics&format=json HTTP/1.1" 200 2 "https://transformptyoga.com/discovery-call" "Mozilla/5.0 (iPhone; CPU iPhone OS 18_7 like Mac OS X) AppleWebKit/605.1.15 (KHTML, like Gecko) Version/26.5 Mobile/15E148 Safari/604.1"
73.181.91.7 - - [14/Jul/2026:15:16:23 -0400] "POST /index.php?option=com_jrealtimeanalytics&format=json HTTP/1.1" 200 2 "https://transformptyoga.com/discovery-call" "Mozilla/5.0 (iPhone; CPU iPhone OS 18_7 like Mac OS X) AppleWebKit/605.1.15 (KHTML, like Gecko) Version/26.5 Mobile/15E148 Safari/604.1"
73.181.91.7 - - [14/Jul/2026:15:16:30 -0400] "POST /index.php?option=com_jrealtimeanalytics&format=json HTTP/1.1" 200 2 "https://transformptyoga.com/discovery-call" "Mozilla/5.0 (iPhone; CPU iPhone OS 18_7 like Mac OS X) AppleWebKit/605.1.15 (KHTML, like Gecko) Version/26.5 Mobile/15E148 Safari/604.1"
73.181.91.7 - - [14/Jul/2026:15:16:36 -0400] "POST /index.php?option=com_jrealtimeanalytics&format=json HTTP/1.1" 200 2 "https://transformptyoga.com/discovery-call" "Mozilla/5.0 (iPhone; CPU iPhone OS 18_7 like Mac OS X) AppleWebKit/605.1.15 (KHTML, like Gecko) Version/26.5 Mobile/15E148 Safari/604.1"
73.181.91.7 - - [14/Jul/2026:15:16:42 -0400] "POST /index.php?option=com_jrealtimeanalytics&format=json HTTP/1.1" 200 2 "https://transformptyoga.com/discovery-call" "Mozilla/5.0 (iPhone; CPU iPhone OS 18_7 like Mac OS X) AppleWebKit/605.1.15 (KHTML, like Gecko) Version/26.5 Mobile/15E148 Safari/604.1"
73.181.91.7 - - [14/Jul/2026:15:16:48 -0400] "POST /index.php?option=com_jrealtimeanalytics&format=json HTTP/1.1" 200 2 "https://transformptyoga.com/discovery-call" "Mozilla/5.0 (iPhone; CPU iPhone OS 18_7 like Mac OS X) AppleWebKit/605.1.15 (KHTML, like Gecko) Version/26.5 Mobile/15E148 Safari/604.1"
73.181.91.7 - - [14/Jul/2026:15:16:54 -0400] "POST /index.php?option=com_jrealtimeanalytics&format=json HTTP/1.1" 200 2 "https://transformptyoga.com/discovery-call" "Mozilla/5.0 (iPhone; CPU iPhone OS 18_7 like Mac OS X) AppleWebKit/605.1.15 (KHTML, like Gecko) Version/26.5 Mobile/15E148 Safari/604.1"
73.181.91.7 - - [14/Jul/2026:15:17:00 -0400] "POST /index.php?option=com_jrealtimeanalytics&format=json HTTP/1.1" 200 2 "https://transformptyoga.com/discovery-call" "Mozilla/5.0 (iPhone; CPU iPhone OS 18_7 like Mac OS X) AppleWebKit/605.1.15 (KHTML, like Gecko) Version/26.5 Mobile/15E148 Safari/604.1"
73.181.91.7 - - [14/Jul/2026:15:17:06 -0400] "POST /index.php?option=com_jrealtimeanalytics&format=json HTTP/1.1" 200 2 "https://transformptyoga.com/discovery-call" "Mozilla/5.0 (iPhone; CPU iPhone OS 18_7 like Mac OS X) AppleWebKit/605.1.15 (KHTML, like Gecko) Version/26.5 Mobile/15E148 Safari/604.1"
73.181.91.7 - - [14/Jul/2026:15:17:10 -0400] "POST /index.php?option=com_jrealtimeanalytics&task=stream.saveEntity&format=json HTTP/1.1" 200 201 "https://transformptyoga.com/discovery-call" "Mozilla/5.0 (iPhone; CPU iPhone OS 18_7 like Mac OS X) AppleWebKit/605.1.15 (KHTML, like Gecko) Version/26.5 Mobile/15E148 Safari/604.1"
73.181.91.7 - - [14/Jul/2026:15:17:11 -0400] "POST /component/convertforms?task=submit HTTP/1.1" 200 202 "https://transformptyoga.com/discovery-call" "Mozilla/5.0 (iPhone; CPU iPhone OS 18_7 like Mac OS X) AppleWebKit/605.1.15 (KHTML, like Gecko) Version/26.5 Mobile/15E148 Safari/604.1"
73.181.91.7 - - [14/Jul/2026:15:17:13 -0400] "POST /index.php?option=com_jrealtimeanalytics&format=json HTTP/1.1" 200 2 "https://transformptyoga.com/discovery-call" "Mozilla/5.0 (iPhone; CPU iPhone OS 18_7 like Mac OS X) AppleWebKit/605.1.15 (KHTML, like Gecko) Version/26.5 Mobile/15E148 Safari/604.1"
73.181.91.7 - - [14/Jul/2026:15:17:19 -0400] "POST /index.php?option=com_jrealtimeanalytics&format=json HTTP/1.1" 200 2 "https://transformptyoga.com/discovery-call" "Mozilla/5.0 (iPhone; CPU iPhone OS 18_7 like Mac OS X) AppleWebKit/605.1.15 (KHTML, like Gecko) Version/26.5 Mobile/15E148 Safari/604.1"
73.181.91.7 - - [14/Jul/2026:15:17:25 -0400] "POST /index.php?option=com_jrealtimeanalytics&format=json HTTP/1.1" 200 2 "https://transformptyoga.com/discovery-call" "Mozilla/5.0 (iPhone; CPU iPhone OS 18_7 like Mac OS X) AppleWebKit/605.1.15 (KHTML, like Gecko) Version/26.5 Mobile/15E148 Safari/604.1"
73.181.91.7 - - [14/Jul/2026:15:17:27 -0400] "POST /index.php?option=com_jrealtimeanalytics&task=stream.saveEntity&format=json HTTP/1.1" 200 2 "https://transformptyoga.com/discovery-call" "Mozilla/5.0 (iPhone; CPU iPhone OS 18_7 like Mac OS X) AppleWebKit/605.1.15 (KHTML, like Gecko) Version/26.5 Mobile/15E148 Safari/604.1"
73.181.91.7 - - [14/Jul/2026:15:17:27 -0400] "GET /membership HTTP/1.1" 200 106371 "https://transformptyoga.com/discovery-call" "Mozilla/5.0 (iPhone; CPU iPhone OS 18_7 like Mac OS X) AppleWebKit/605.1.15 (KHTML, like Gecko) Version/26.5 Mobile/15E148 Safari/604.1"
73.181.91.7 - - [14/Jul/2026:15:17:28 -0400] "GET /modules/mod_maximenuck/themes/custom/css/maximenuck_maximenuck141.css HTTP/1.1" 200 35132 "https://transformptyoga.com/membership" "Mozilla/5.0 (iPhone; CPU iPhone OS 18_7 like Mac OS X) AppleWebKit/605.1.15 (KHTML, like Gecko) Version/26.5 Mobile/15E148 Safari/604.1"
73.181.91.7 - - [14/Jul/2026:15:17:28 -0400] "GET /modules/mod_maximenuck/themes/custom/css/maximenuck_maximenuck138.css HTTP/1.1" 200 35137 "https://transformptyoga.com/membership" "Mozilla/5.0 (iPhone; CPU iPhone OS 18_7 like Mac OS X) AppleWebKit/605.1.15 (KHTML, like Gecko) Version/26.5 Mobile/15E148 Safari/604.1"
73.181.91.7 - - [14/Jul/2026:15:17:28 -0400] "GET /modules/mod_maximenuck/themes/custom/css/maximenuck_maximenuck139.css HTTP/1.1" 200 33551 "https://transformptyoga.com/membership" "Mozilla/5.0 (iPhone; CPU iPhone OS 18_7 like Mac OS X) AppleWebKit/605.1.15 (KHTML, like Gecko) Version/26.5 Mobile/15E148 Safari/604.1"
73.181.91.7 - - [14/Jul/2026:15:17:28 -0400] "GET /images/content/primary/membership.jpg HTTP/1.1" 200 38200 "https://transformptyoga.com/membership" "Mozilla/5.0 (iPhone; CPU iPhone OS 18_7 like Mac OS X) AppleWebKit/605.1.15 (KHTML, like Gecko) Version/26.5 Mobile/15E148 Safari/604.1"
73.181.91.7 - - [14/Jul/2026:15:17:28 -0400] "POST /index.php?option=com_jrealtimeanalytics&format=json HTTP/1.1" 200 2505 "https://transformptyoga.com/membership" "Mozilla/5.0 (iPhone; CPU iPhone OS 18_7 like Mac OS X) AppleWebKit/605.1.15 (KHTML, like Gecko) Version/26.5 Mobile/15E148 Safari/604.1"
66.249.65.32 - - [14/Jul/2026:15:17:30 -0400] "GET /goodscode/702234300637 HTTP/1.1" 404 13928 "-" "Mozilla/5.0 (compatible; Googlebot/2.1; +http://www.google.com/bot.html)"
73.181.91.7 - - [14/Jul/2026:15:17:34 -0400] "POST /index.php?option=com_jrealtimeanalytics&format=json HTTP/1.1" 200 2 "https://transformptyoga.com/membership" "Mozilla/5.0 (iPhone; CPU iPhone OS 18_7 like Mac OS X) AppleWebKit/605.1.15 (KHTML, like Gecko) Version/26.5 Mobile/15E148 Safari/604.1"
66.249.65.32 - - [14/Jul/2026:15:17:40 -0400] "GET /shopbrand/832137824728 HTTP/1.1" 404 13928 "-" "Mozilla/5.0 (Linux; Android 6.0.1; Nexus 5X Build/MMB29P) AppleWebKit/537.36 (KHTML, like Gecko) Chrome/150.0.7871.46 Mobile Safari/537.36 (compatible; Googlebot/2.1; +http://www.google.com/bot.html)"
66.249.65.46 - - [14/Jul/2026:15:17:40 -0400] "GET /shopbrand/832137824728 HTTP/1.1" 404 13925 "-" "Mozilla/5.0 (Linux; Android 6.0.1; Nexus 5X Build/MMB29P) AppleWebKit/537.36 (KHTML, like Gecko) Chrome/150.0.7871.46 Mobile Safari/537.36 (compatible; Googlebot/2.1; +http://www.google.com/bot.html)"
73.181.91.7 - - [14/Jul/2026:15:17:40 -0400] "POST /index.php?option=com_jrealtimeanalytics&format=json HTTP/1.1" 200 2 "https://transformptyoga.com/membership" "Mozilla/5.0 (iPhone; CPU iPhone OS 18_7 like Mac OS X) AppleWebKit/605.1.15 (KHTML, like Gecko) Version/26.5 Mobile/15E148 Safari/604.1"
66.249.65.46 - - [14/Jul/2026:15:17:41 -0400] "GET /market/822462521351 HTTP/1.1" 404 13926 "-" "Mozilla/5.0 (compatible; Googlebot/2.1; +http://www.google.com/bot.html)"
73.181.91.7 - - [14/Jul/2026:15:17:46 -0400] "POST /index.php?option=com_jrealtimeanalytics&format=json HTTP/1.1" 200 2 "https://transformptyoga.com/membership" "Mozilla/5.0 (iPhone; CPU iPhone OS 18_7 like Mac OS X) AppleWebKit/605.1.15 (KHTML, like Gecko) Version/26.5 Mobile/15E148 Safari/604.1"
66.249.65.46 - - [14/Jul/2026:15:17:50 -0400] "GET /info/743050781250 HTTP/1.1" 404 13926 "-" "Mozilla/5.0 (Linux; Android 6.0.1; Nexus 5X Build/MMB29P) AppleWebKit/537.36 (KHTML, like Gecko) Chrome/150.0.7871.46 Mobile Safari/537.36 (compatible; Googlebot/2.1; +http://www.google.com/bot.html)"
73.181.91.7 - - [14/Jul/2026:15:17:52 -0400] "POST /index.php?option=com_jrealtimeanalytics&format=json HTTP/1.1" 200 2 "https://transformptyoga.com/membership" "Mozilla/5.0 (iPhone; CPU iPhone OS 18_7 like Mac OS X) AppleWebKit/605.1.15 (KHTML, like Gecko) Version/26.5 Mobile/15E148 Safari/604.1"
73.181.91.7 - - [14/Jul/2026:15:17:54 -0400] "POST /index.php?option=com_jrealtimeanalytics&task=stream.saveEntity&format=json HTTP/1.1" 200 2 "https://transformptyoga.com/membership" "Mozilla/5.0 (iPhone; CPU iPhone OS 18_7 like Mac OS X) AppleWebKit/605.1.15 (KHTML, like Gecko) Version/26.5 Mobile/15E148 Safari/604.1"
73.181.91.7 - - [14/Jul/2026:15:17:59 -0400] "POST /index.php?option=com_jrealtimeanalytics&format=json HTTP/1.1" 200 2 "https://transformptyoga.com/membership" "Mozilla/5.0 (iPhone; CPU iPhone OS 18_7 like Mac OS X) AppleWebKit/605.1.15 (KHTML, like Gecko) Version/26.5 Mobile/15E148 Safari/604.1"
73.181.91.7 - - [14/Jul/2026:15:18:01 -0400] "POST /index.php?option=com_jrealtimeanalytics&task=stream.saveEntity&format=json HTTP/1.1" 200 2 "https://transformptyoga.com/membership" "Mozilla/5.0 (iPhone; CPU iPhone OS 18_7 like Mac OS X) AppleWebKit/605.1.15 (KHTML, like Gecko) Version/26.5 Mobile/15E148 Safari/604.1"
73.181.91.7 - - [14/Jul/2026:15:18:01 -0400] "GET /about HTTP/1.1" 200 103055 "https://transformptyoga.com/membership" "Mozilla/5.0 (iPhone; CPU iPhone OS 18_7 like Mac OS X) AppleWebKit/605.1.15 (KHTML, like Gecko) Version/26.5 Mobile/15E148 Safari/604.1"
73.181.91.7 - - [14/Jul/2026:15:18:01 -0400] "GET /modules/mod_maximenuck/themes/custom/css/maximenuck_maximenuck139.css HTTP/1.1" 200 33551 "https://transformptyoga.com/about" "Mozilla/5.0 (iPhone; CPU iPhone OS 18_7 like Mac OS X) AppleWebKit/605.1.15 (KHTML, like Gecko) Version/26.5 Mobile/15E148 Safari/604.1"
73.181.91.7 - - [14/Jul/2026:15:18:01 -0400] "GET /modules/mod_maximenuck/themes/custom/css/maximenuck_maximenuck141.css HTTP/1.1" 200 35132 "https://transformptyoga.com/about" "Mozilla/5.0 (iPhone; CPU iPhone OS 18_7 like Mac OS X) AppleWebKit/605.1.15 (KHTML, like Gecko) Version/26.5 Mobile/15E148 Safari/604.1"
73.181.91.7 - - [14/Jul/2026:15:18:01 -0400] "GET /modules/mod_maximenuck/themes/custom/css/maximenuck_maximenuck138.css HTTP/1.1" 200 35137 "https://transformptyoga.com/about" "Mozilla/5.0 (iPhone; CPU iPhone OS 18_7 like Mac OS X) AppleWebKit/605.1.15 (KHTML, like Gecko) Version/26.5 Mobile/15E148 Safari/604.1"
73.181.91.7 - - [14/Jul/2026:15:18:01 -0400] "GET /images/content/primary/jill_getty.png HTTP/1.1" 200 1218316 "https://transformptyoga.com/about" "Mozilla/5.0 (iPhone; CPU iPhone OS 18_7 like Mac OS X) AppleWebKit/605.1.15 (KHTML, like Gecko) Version/26.5 Mobile/15E148 Safari/604.1"
73.181.91.7 - - [14/Jul/2026:15:18:01 -0400] "POST /index.php?option=com_jrealtimeanalytics&format=json HTTP/1.1" 200 2505 "https://transformptyoga.com/about" "Mozilla/5.0 (iPhone; CPU iPhone OS 18_7 like Mac OS X) AppleWebKit/605.1.15 (KHTML, like Gecko) Version/26.5 Mobile/15E148 Safari/604.1"
66.249.65.33 - - [14/Jul/2026:15:18:06 -0400] "GET /shopping/782753021460 HTTP/1.1" 404 13928 "-" "Mozilla/5.0 (compatible; Googlebot/2.1; +http://www.google.com/bot.html)"
73.181.91.7 - - [14/Jul/2026:15:18:08 -0400] "POST /index.php?option=com_jrealtimeanalytics&format=json HTTP/1.1" 200 2 "https://transformptyoga.com/about" "Mozilla/5.0 (iPhone; CPU iPhone OS 18_7 like Mac OS X) AppleWebKit/605.1.15 (KHTML, like Gecko) Version/26.5 Mobile/15E148 Safari/604.1"
66.249.65.33 - - [14/Jul/2026:15:18:08 -0400] "GET /entity/683469190432 HTTP/1.1" 404 13926 "-" "Mozilla/5.0 (Linux; Android 6.0.1; Nexus 5X Build/MMB29P) AppleWebKit/537.36 (KHTML, like Gecko) Chrome/150.0.7871.46 Mobile Safari/537.36 (compatible; Googlebot/2.1; +http://www.google.com/bot.html)"
66.249.65.46 - - [14/Jul/2026:15:18:11 -0400] "GET /detail/711145492001 HTTP/1.1" 404 13930 "-" "Mozilla/5.0 (Linux; Android 6.0.1; Nexus 5X Build/MMB29P) AppleWebKit/537.36 (KHTML, like Gecko) Chrome/150.0.7871.46 Mobile Safari/537.36 (compatible; Googlebot/2.1; +http://www.google.com/bot.html)"
73.181.91.7 - - [14/Jul/2026:15:18:14 -0400] "POST /index.php?option=com_jrealtimeanalytics&format=json HTTP/1.1" 200 2 "https://transformptyoga.com/about" "Mozilla/5.0 (iPhone; CPU iPhone OS 18_7 like Mac OS X) AppleWebKit/605.1.15 (KHTML, like Gecko) Version/26.5 Mobile/15E148 Safari/604.1"
73.181.91.7 - - [14/Jul/2026:15:18:20 -0400] "POST /index.php?option=com_jrealtimeanalytics&format=json HTTP/1.1" 200 2 "https://transformptyoga.com/about" "Mozilla/5.0 (iPhone; CPU iPhone OS 18_7 like Mac OS X) AppleWebKit/605.1.15 (KHTML, like Gecko) Version/26.5 Mobile/15E148 Safari/604.1"
73.181.91.7 - - [14/Jul/2026:15:18:26 -0400] "POST /index.php?option=com_jrealtimeanalytics&format=json HTTP/1.1" 200 2 "https://transformptyoga.com/about" "Mozilla/5.0 (iPhone; CPU iPhone OS 18_7 like Mac OS X) AppleWebKit/605.1.15 (KHTML, like Gecko) Version/26.5 Mobile/15E148 Safari/604.1"
73.181.91.7 - - [14/Jul/2026:15:18:32 -0400] "POST /index.php?option=com_jrealtimeanalytics&format=json HTTP/1.1" 200 2 "https://transformptyoga.com/about" "Mozilla/5.0 (iPhone; CPU iPhone OS 18_7 like Mac OS X) AppleWebKit/605.1.15 (KHTML, like Gecko) Version/26.5 Mobile/15E148 Safari/604.1"
73.181.91.7 - - [14/Jul/2026:15:18:38 -0400] "POST /index.php?option=com_jrealtimeanalytics&format=json HTTP/1.1" 200 2 "https://transformptyoga.com/about" "Mozilla/5.0 (iPhone; CPU iPhone OS 18_7 like Mac OS X) AppleWebKit/605.1.15 (KHTML, like Gecko) Version/26.5 Mobile/15E148 Safari/604.1"
73.181.91.7 - - [14/Jul/2026:15:18:44 -0400] "POST /index.php?option=com_jrealtimeanalytics&format=json HTTP/1.1" 200 2 "https://transformptyoga.com/about" "Mozilla/5.0 (iPhone; CPU iPhone OS 18_7 like Mac OS X) AppleWebKit/605.1.15 (KHTML, like Gecko) Version/26.5 Mobile/15E148 Safari/604.1"
66.249.65.46 - - [14/Jul/2026:15:18:55 -0400] "GET /shopping/843344017404 HTTP/1.1" 404 13926 "-" "Mozilla/5.0 (Linux; Android 6.0.1; Nexus 5X Build/MMB29P) AppleWebKit/537.36 (KHTML, like Gecko) Chrome/150.0.7871.46 Mobile Safari/537.36 (compatible; Googlebot/2.1; +http://www.google.com/bot.html)"
66.249.65.32 - - [14/Jul/2026:15:19:01 -0400] "GET /shopping/773239497032 HTTP/1.1" 404 13931 "-" "Mozilla/5.0 (Linux; Android 6.0.1; Nexus 5X Build/MMB29P) AppleWebKit/537.36 (KHTML, like Gecko) Chrome/150.0.7871.46 Mobile Safari/537.36 (compatible; Googlebot/2.1; +http://www.google.com/bot.html)"
66.249.65.46 - - [14/Jul/2026:15:19:07 -0400] "GET /special/724047005119 HTTP/1.1" 404 13931 "-" "Mozilla/5.0 (compatible; Googlebot/2.1; +http://www.google.com/bot.html)"
66.249.65.46 - - [14/Jul/2026:15:19:11 -0400] "GET /goodscode/671247992937 HTTP/1.1" 404 13928 "-" "Mozilla/5.0 (Linux; Android 6.0.1; Nexus 5X Build/MMB29P) AppleWebKit/537.36 (KHTML, like Gecko) Chrome/150.0.7871.46 Mobile Safari/537.36 (compatible; Googlebot/2.1; +http://www.google.com/bot.html)"
66.249.65.46 - - [14/Jul/2026:15:19:26 -0400] "GET /goodscode/883049414517 HTTP/1.1" 404 13926 "-" "Mozilla/5.0 (compatible; Googlebot/2.1; +http://www.google.com/bot.html)"
177.12.220.102 - - [14/Jul/2026:15:19:38 -0400] "GET /goods/014091101819 HTTP/1.1" 301 - "-" "Mozilla/5.0 (Macintosh; Intel Mac OS X 11_3_1) AppleWebKit/537.36 (KHTML, like Gecko) Chrome/130.0.6723.116 Safari/537.36"
66.249.65.46 - - [14/Jul/2026:15:19:40 -0400] "GET /shopping/683495723859 HTTP/1.1" 404 13925 "-" "Mozilla/5.0 (compatible; Googlebot/2.1; +http://www.google.com/bot.html)"
151.250.205.180 - - [14/Jul/2026:15:19:40 -0400] "GET /goods/014091101819 HTTP/1.1" 404 13926 "-" "Mozilla/5.0 (Macintosh; Intel Mac OS X 11_3_1) AppleWebKit/537.36 (KHTML, like Gecko) Chrome/130.0.6723.116 Safari/537.36"
66.249.65.46 - - [14/Jul/2026:15:19:42 -0400] "GET /items/851391485213 HTTP/1.1" 404 13928 "-" "Mozilla/5.0 (Linux; Android 6.0.1; Nexus 5X Build/MMB29P) AppleWebKit/537.36 (KHTML, like Gecko) Chrome/150.0.7871.46 Mobile Safari/537.36 (compatible; Googlebot/2.1; +http://www.google.com/bot.html)"
66.249.65.46 - - [14/Jul/2026:15:19:53 -0400] "GET /market/893251260715 HTTP/1.1" 404 13926 "-" "Mozilla/5.0 (compatible; Googlebot/2.1; +http://www.google.com/bot.html)"
66.249.65.32 - - [14/Jul/2026:15:20:26 -0400] "GET /item/652087996767 HTTP/1.1" 404 13928 "-" "Mozilla/5.0 (compatible; Googlebot/2.1; +http://www.google.com/bot.html)"
73.181.91.7 - - [14/Jul/2026:15:20:35 -0400] "POST /index.php?option=com_jrealtimeanalytics&format=json HTTP/1.1" 200 2 "https://transformptyoga.com/about" "Mozilla/5.0 (iPhone; CPU iPhone OS 18_7 like Mac OS X) AppleWebKit/605.1.15 (KHTML, like Gecko) Version/26.5 Mobile/15E148 Safari/604.1"
66.249.65.46 - - [14/Jul/2026:15:20:45 -0400] "GET /entity/6661692141 HTTP/1.1" 404 13928 "-" "Mozilla/5.0 (Linux; Android 6.0.1; Nexus 5X Build/MMB29P) AppleWebKit/537.36 (KHTML, like Gecko) Chrome/150.0.7871.46 Mobile Safari/537.36 (compatible; Googlebot/2.1; +http://www.google.com/bot.html)"
66.249.65.46 - - [14/Jul/2026:15:21:00 -0400] "GET /products/042968947435 HTTP/1.1" 404 13931 "-" "Mozilla/5.0 (Linux; Android 6.0.1; Nexus 5X Build/MMB29P) AppleWebKit/537.36 (KHTML, like Gecko) Chrome/150.0.7871.46 Mobile Safari/537.36 (compatible; Googlebot/2.1; +http://www.google.com/bot.html)"
209.85.238.225 - - [14/Jul/2026:15:21:02 -0400] "GET /detail/80981680657 HTTP/1.1" 404 13926 "-" "Mozilla/5.0 (X11; Linux x86_64) AppleWebKit/537.36 (KHTML, like Gecko) Chrome/149.0.7827.200 Safari/537.36"
209.85.238.224 - - [14/Jul/2026:15:21:02 -0400] "GET /media/system/css/joomla-fontawesome.min.css HTTP/1.1" 200 14993 "https://www.transformptyoga.com/detail/80981680657" "Mozilla/5.0 (X11; Linux x86_64) AppleWebKit/537.36 (KHTML, like Gecko) Chrome/149.0.7827.200 Safari/537.36"
209.85.238.224 - - [14/Jul/2026:15:21:02 -0400] "GET /detail/images/content/primary/tptyogo_a.png HTTP/1.1" 404 13926 "https://www.transformptyoga.com/detail/80981680657" "Mozilla/5.0 (X11; Linux x86_64) AppleWebKit/537.36 (KHTML, like Gecko) Chrome/149.0.7827.200 Safari/537.36"
209.85.238.224 - - [14/Jul/2026:15:21:03 -0400] "GET /media/system/css/debug.css HTTP/1.1" 200 3434 "https://www.transformptyoga.com/detail/80981680657" "Mozilla/5.0 (X11; Linux x86_64) AppleWebKit/537.36 (KHTML, like Gecko) Chrome/149.0.7827.200 Safari/537.36"
209.85.238.224 - - [14/Jul/2026:15:21:03 -0400] "GET /templates/it_oxygen/custom/css-compiled/oxygen__error.css?6a52feb5 HTTP/1.1" 200 154669 "https://www.transformptyoga.com/detail/80981680657" "Mozilla/5.0 (X11; Linux x86_64) AppleWebKit/537.36 (KHTML, like Gecko) Chrome/149.0.7827.200 Safari/537.36"
209.85.238.238 - - [14/Jul/2026:15:21:03 -0400] "GET /templates/it_oxygen/uikit/css/uikit.min.css HTTP/1.1" 200 113947 "https://www.transformptyoga.com/detail/80981680657" "Mozilla/5.0 (X11; Linux x86_64) AppleWebKit/537.36 (KHTML, like Gecko) Chrome/149.0.7827.200 Safari/537.36"
209.85.238.224 - - [14/Jul/2026:15:21:03 -0400] "GET /templates/it_oxygen/images/logo.png HTTP/1.1" 200 5153 "https://www.transformptyoga.com/detail/80981680657" "Mozilla/5.0 (X11; Linux x86_64) AppleWebKit/537.36 (KHTML, like Gecko) Chrome/149.0.7827.200 Safari/537.36"
209.85.238.225 - - [14/Jul/2026:15:21:04 -0400] "GET /media/gantry5/engines/nucleus/css-compiled/bootstrap5.css HTTP/1.1" 200 173544 "https://www.transformptyoga.com/detail/80981680657" "Mozilla/5.0 (X11; Linux x86_64) AppleWebKit/537.36 (KHTML, like Gecko) Chrome/149.0.7827.200 Safari/537.36"
209.85.238.224 - - [14/Jul/2026:15:21:04 -0400] "GET /templates/it_oxygen/custom/css-compiled/custom__error.css?6a52feb5 HTTP/1.1" 200 335 "https://www.transformptyoga.com/detail/80981680657" "Mozilla/5.0 (X11; Linux x86_64) AppleWebKit/537.36 (KHTML, like Gecko) Chrome/149.0.7827.200 Safari/537.36"
209.85.238.224 - - [14/Jul/2026:15:21:04 -0400] "GET /templates/it_oxygen/custom/css-compiled/oxygen-joomla__error.css?6a52feb5 HTTP/1.1" 200 51402 "https://www.transformptyoga.com/detail/80981680657" "Mozilla/5.0 (X11; Linux x86_64) AppleWebKit/537.36 (KHTML, like Gecko) Chrome/149.0.7827.200 Safari/537.36"
209.85.238.224 - - [14/Jul/2026:15:21:04 -0400] "GET /media/gantry5/engines/nucleus/css-compiled/nucleus.css HTTP/1.1" 200 20312 "https://www.transformptyoga.com/detail/80981680657" "Mozilla/5.0 (X11; Linux x86_64) AppleWebKit/537.36 (KHTML, like Gecko) Chrome/149.0.7827.200 Safari/537.36"
209.85.238.238 - - [14/Jul/2026:15:21:05 -0400] "GET /media/legacy/js/jquery-noconflict.min.js HTTP/1.1" 200 47 "https://www.transformptyoga.com/detail/80981680657" "Mozilla/5.0 (X11; Linux x86_64) AppleWebKit/537.36 (KHTML, like Gecko) Chrome/149.0.7827.200 Safari/537.36"
209.85.238.238 - - [14/Jul/2026:15:21:05 -0400] "GET /media/gantry5/assets/css/font-awesome.min.css HTTP/1.1" 200 31000 "https://www.transformptyoga.com/detail/80981680657" "Mozilla/5.0 (X11; Linux x86_64) AppleWebKit/537.36 (KHTML, like Gecko) Chrome/149.0.7827.200 Safari/537.36"
209.85.238.238 - - [14/Jul/2026:15:21:05 -0400] "GET /media/gantry5/assets/js/main.js HTTP/1.1" 200 147174 "https://www.transformptyoga.com/detail/80981680657" "Mozilla/5.0 (X11; Linux x86_64) AppleWebKit/537.36 (KHTML, like Gecko) Chrome/149.0.7827.200 Safari/537.36"
209.85.238.238 - - [14/Jul/2026:15:21:05 -0400] "GET /templates/it_oxygen/uikit/js/uikit.min.js HTTP/1.1" 200 121825 "https://www.transformptyoga.com/detail/80981680657" "Mozilla/5.0 (X11; Linux x86_64) AppleWebKit/537.36 (KHTML, like Gecko) Chrome/149.0.7827.200 Safari/537.36"
209.85.238.238 - - [14/Jul/2026:15:21:06 -0400] "GET /templates/it_oxygen/js/template.js HTTP/1.1" 200 208 "https://www.transformptyoga.com/detail/80981680657" "Mozilla/5.0 (X11; Linux x86_64) AppleWebKit/537.36 (KHTML, like Gecko) Chrome/149.0.7827.200 Safari/537.36"
209.85.238.238 - - [14/Jul/2026:15:21:06 -0400] "GET /templates/it_oxygen/js/scrollReveal.min.js HTTP/1.1" 200 8564 "https://www.transformptyoga.com/detail/80981680657" "Mozilla/5.0 (X11; Linux x86_64) AppleWebKit/537.36 (KHTML, like Gecko) Chrome/149.0.7827.200 Safari/537.36"
209.85.238.238 - - [14/Jul/2026:15:21:06 -0400] "GET /media/gantry5/assets/fonts/fontawesome-webfont.woff2?v=4.7.0 HTTP/1.1" 200 77160 "https://www.transformptyoga.com/media/gantry5/assets/css/font-awesome.min.css" "Mozilla/5.0 (X11; Linux x86_64) AppleWebKit/537.36 (KHTML, like Gecko) Chrome/149.0.7827.200 Safari/537.36"
181.46.9.249 - - [14/Jul/2026:15:21:11 -0400] "GET /shopdetail/803214830957 HTTP/1.1" 404 13926 "-" "Mozilla/5.0 (Windows NT 6.3; Win64; x64) AppleWebKit/537.36 (KHTML, like Gecko) Chrome/100.0.4896.127 Safari/537.36"
66.249.65.46 - - [14/Jul/2026:15:21:11 -0400] "GET /entity/762456343746 HTTP/1.1" 404 13926 "-" "Mozilla/5.0 (compatible; Googlebot/2.1; +http://www.google.com/bot.html)"
66.249.65.46 - - [14/Jul/2026:15:21:19 -0400] "GET /goods/682449146424 HTTP/1.1" 404 13926 "-" "Mozilla/5.0 (compatible; Googlebot/2.1; +http://www.google.com/bot.html)"
209.85.238.238 - - [14/Jul/2026:15:21:19 -0400] "GET /items/903381682814 HTTP/1.1" 404 13925 "-" "Mozilla/5.0 (X11; Linux x86_64) AppleWebKit/537.36 (KHTML, like Gecko) Chrome/149.0.7827.200 Safari/537.36"
209.85.238.238 - - [14/Jul/2026:15:21:19 -0400] "GET /items/images/content/primary/tptyogo_a.png HTTP/1.1" 404 13928 "https://www.transformptyoga.com/items/903381682814" "Mozilla/5.0 (X11; Linux x86_64) AppleWebKit/537.36 (KHTML, like Gecko) Chrome/149.0.7827.200 Safari/537.36"
66.249.65.46 - - [14/Jul/2026:15:21:39 -0400] "GET /product/692776831935 HTTP/1.1" 404 13928 "-" "Mozilla/5.0 (Linux; Android 6.0.1; Nexus 5X Build/MMB29P) AppleWebKit/537.36 (KHTML, like Gecko) Chrome/150.0.7871.46 Mobile Safari/537.36 (compatible; Googlebot/2.1; +http://www.google.com/bot.html)"
66.249.65.32 - - [14/Jul/2026:15:23:00 -0400] "GET /products/823703298236 HTTP/1.1" 404 13930 "-" "Mozilla/5.0 (compatible; Googlebot/2.1; +http://www.google.com/bot.html)"
66.249.65.32 - - [14/Jul/2026:15:23:01 -0400] "GET /products/823703298236 HTTP/1.1" 404 13928 "-" "Mozilla/5.0 (Linux; Android 6.0.1; Nexus 5X Build/MMB29P) AppleWebKit/537.36 (KHTML, like Gecko) Chrome/150.0.7871.46 Mobile Safari/537.36 (compatible; Googlebot/2.1; +http://www.google.com/bot.html)"
66.249.65.46 - - [14/Jul/2026:15:23:19 -0400] "GET /info/022593605437 HTTP/1.1" 404 13931 "-" "Mozilla/5.0 (compatible; Googlebot/2.1; +http://www.google.com/bot.html)"
66.249.65.46 - - [14/Jul/2026:15:23:23 -0400] "GET /shopping/0137399882 HTTP/1.1" 404 13926 "-" "Mozilla/5.0 (Linux; Android 6.0.1; Nexus 5X Build/MMB29P) AppleWebKit/537.36 (KHTML, like Gecko) Chrome/150.0.7871.46 Mobile Safari/537.36 (compatible; Googlebot/2.1; +http://www.google.com/bot.html)"
66.249.65.46 - - [14/Jul/2026:15:23:24 -0400] "GET /special/884183227259 HTTP/1.1" 404 13930 "-" "Mozilla/5.0 (Linux; Android 6.0.1; Nexus 5X Build/MMB29P) AppleWebKit/537.36 (KHTML, like Gecko) Chrome/150.0.7871.46 Mobile Safari/537.36 (compatible; Googlebot/2.1; +http://www.google.com/bot.html)"
66.249.65.46 - - [14/Jul/2026:15:23:30 -0400] "GET /shopbrand/651455863423 HTTP/1.1" 404 13930 "-" "Mozilla/5.0 (compatible; Googlebot/2.1; +http://www.google.com/bot.html)"
66.249.65.46 - - [14/Jul/2026:15:23:38 -0400] "GET /shopbrand/76260133068 HTTP/1.1" 404 13926 "-" "Mozilla/5.0 (compatible; Googlebot/2.1; +http://www.google.com/bot.html)"
66.249.65.46 - - [14/Jul/2026:15:23:44 -0400] "GET /items/883897582665 HTTP/1.1" 404 13928 "-" "Mozilla/5.0 (compatible; Googlebot/2.1; +http://www.google.com/bot.html)"
66.249.65.46 - - [14/Jul/2026:15:23:52 -0400] "GET /goodscode/65832973732 HTTP/1.1" 404 13926 "-" "Mozilla/5.0 (Linux; Android 6.0.1; Nexus 5X Build/MMB29P) AppleWebKit/537.36 (KHTML, like Gecko) Chrome/150.0.7871.46 Mobile Safari/537.36 (compatible; Googlebot/2.1; +http://www.google.com/bot.html)"
66.249.65.46 - - [14/Jul/2026:15:23:56 -0400] "GET /items/652343268390 HTTP/1.1" 404 13926 "-" "Mozilla/5.0 (compatible; Googlebot/2.1; +http://www.google.com/bot.html)"
66.249.65.46 - - [14/Jul/2026:15:24:12 -0400] "GET /detail/752741718867 HTTP/1.1" 404 13926 "-" "Mozilla/5.0 (Linux; Android 6.0.1; Nexus 5X Build/MMB29P) AppleWebKit/537.36 (KHTML, like Gecko) Chrome/150.0.7871.46 Mobile Safari/537.36 (compatible; Googlebot/2.1; +http://www.google.com/bot.html)"
209.85.238.224 - - [14/Jul/2026:15:24:24 -0400] "GET /detail/823886965926 HTTP/1.1" 404 13925 "-" "Mozilla/5.0 (X11; Linux x86_64) AppleWebKit/537.36 (KHTML, like Gecko) Chrome/149.0.7827.200 Safari/537.36"
209.85.238.238 - - [14/Jul/2026:15:24:25 -0400] "GET /detail/images/content/primary/tptyogo_a.png HTTP/1.1" 404 13926 "https://www.transformptyoga.com/detail/823886965926" "Mozilla/5.0 (X11; Linux x86_64) AppleWebKit/537.36 (KHTML, like Gecko) Chrome/149.0.7827.200 Safari/537.36"
104.210.140.133 - - [14/Jul/2026:15:25:04 -0400] "GET /robots.txt HTTP/1.1" 200 764 "-" "Mozilla/5.0 (Macintosh; Intel Mac OS X 10_15_7) AppleWebKit/537.36 (KHTML, like Gecko) Chrome/131.0.0.0 Safari/537.36; compatible; OAI-SearchBot/1.0; +https://openai.com/searchbot"
74.7.175.170 - - [14/Jul/2026:15:25:13 -0400] "GET /robots.txt HTTP/1.1" 404 555 "-" "Mozilla/5.0 (Macintosh; Intel Mac OS X 10_15_7) AppleWebKit/537.36 (KHTML, like Gecko) Chrome/131.0.0.0 Safari/537.36; compatible; OAI-SearchBot/1.4; robots.txt; +https://openai.com/searchbot"
54.223.88.14 - - [14/Jul/2026:15:25:33 -0400] "GET /events/eventsbyday/2028/2/22/- HTTP/1.1" 200 106011 "-" "Mozilla/5.0 (Linux; Android 5.0; SM-G900P Build/LRX21T) AppleWebKit/537.36 (KHTML, like Gecko) Chrome/54.0.6976.1117 Mobile Safari/537.36"
54.223.88.14 - - [14/Jul/2026:15:25:34 -0400] "GET /media/legacy/js/jquery-noconflict.min.js?647005fc12b79b3ca2bb30c059899d5994e3e34d HTTP/1.1" 200 47 "https://transformptyoga.com/events/eventsbyday/2028/2/22/-" "Mozilla/5.0 (Linux; Android 5.0; SM-G900P Build/LRX21T) AppleWebKit/537.36 (KHTML, like Gecko) Chrome/54.0.6976.1117 Mobile Safari/537.36"
66.249.65.46 - - [14/Jul/2026:15:25:57 -0400] "GET /product/74736382498 HTTP/1.1" 404 13930 "-" "Mozilla/5.0 (compatible; Googlebot/2.1; +http://www.google.com/bot.html)"
66.249.65.32 - - [14/Jul/2026:15:26:01 -0400] "GET /goods/821702900876 HTTP/1.1" 404 13930 "-" "Mozilla/5.0 (compatible; Googlebot/2.1; +http://www.google.com/bot.html)"
81.26.130.147 - - [14/Jul/2026:15:26:39 -0400] "GET / HTTP/1.1" 301 - "-" "Mozilla/5.0 (Windows NT 6.2; Win64; x64; rv:51.0) Gecko/20100101 Firefox/51.0"
81.26.130.147 - - [14/Jul/2026:15:26:40 -0400] "GET / HTTP/1.1" 200 93383 "-" "Mozilla/5.0 (Windows NT 6.2; Win64; x64; rv:51.0) Gecko/20100101 Firefox/51.0"
66.249.65.46 - - [14/Jul/2026:15:26:45 -0400] "GET /goods/084239772781 HTTP/1.1" 404 13928 "-" "Mozilla/5.0 (compatible; Googlebot/2.1; +http://www.google.com/bot.html)"
54.223.63.3 - - [14/Jul/2026:15:26:47 -0400] "GET / HTTP/1.1" 200 93373 "-" "Mozilla/5.0 (iPhone; CPU iPhone OS 11_0 like Mac OS X) AppleWebKit/537.36 (KHTML, like Gecko) Chrome/58.0.2125.1983 Mobile Safari/537.36"
54.223.63.3 - - [14/Jul/2026:15:26:48 -0400] "GET /media/legacy/js/jquery-noconflict.min.js?647005fc12b79b3ca2bb30c059899d5994e3e34d HTTP/1.1" 200 47 "https://transformptyoga.com/" "Mozilla/5.0 (iPhone; CPU iPhone OS 11_0 like Mac OS X) AppleWebKit/537.36 (KHTML, like Gecko) Chrome/58.0.2125.1983 Mobile Safari/537.36"
66.249.65.46 - - [14/Jul/2026:15:26:49 -0400] "GET /goodscode/902481220651 HTTP/1.1" 404 13930 "-" "Mozilla/5.0 (Linux; Android 6.0.1; Nexus 5X Build/MMB29P) AppleWebKit/537.36 (KHTML, like Gecko) Chrome/150.0.7871.46 Mobile Safari/537.36 (compatible; Googlebot/2.1; +http://www.google.com/bot.html)"
14.191.38.236 - - [14/Jul/2026:15:27:01 -0400] "GET /market/68449405823 HTTP/1.1" 404 13926 "-" "Mozilla/5.0 (Windows NT 6.1; WOW64) AppleWebKit/537.36 (KHTML, like Gecko) Chrome/90.0.4430.93 Safari/537.36"
