213.204.11.34 - - [10/Jul/2026:12:15:13 -0400] "POST /index.php?option=com_ajax&plugin=helix3&format=json HTTP/1.1" 406 300 "-" "Mozilla/5.0 (Windows NT 10.0; Win64; x64) AppleWebKit/538.36"
213.204.11.34 - - [10/Jul/2026:12:15:13 -0400] "POST /index.php?option=com_ajax&plugin=helix3&format=json HTTP/1.1" 406 300 "-" "Mozilla/5.0 (Windows NT 10.0; Win64; x64) AppleWebKit/538.36"
213.204.11.34 - - [10/Jul/2026:12:15:13 -0400] "POST /index.php?option=com_ajax&plugin=helix3&format=json HTTP/1.1" 406 300 "-" "Mozilla/5.0 (Windows NT 10.0; Win64; x64) AppleWebKit/538.36"
213.204.11.34 - - [10/Jul/2026:12:15:13 -0400] "POST /index.php?option=com_ajax&plugin=helix3&format=json HTTP/1.1" 406 300 "-" "Mozilla/5.0 (Windows NT 10.0; Win64; x64) AppleWebKit/538.36"
213.204.11.34 - - [10/Jul/2026:12:15:13 -0400] "POST /index.php?option=com_ajax&plugin=helix3&format=json HTTP/1.1" 406 300 "-" "Mozilla/5.0 (Windows NT 10.0; Win64; x64) AppleWebKit/538.36"
213.204.11.34 - - [10/Jul/2026:12:15:13 -0400] "POST /index.php?option=com_ajax&plugin=helix3&format=json HTTP/1.1" 406 300 "-" "Mozilla/5.0 (Windows NT 10.0; Win64; x64) AppleWebKit/538.36"
213.204.11.34 - - [10/Jul/2026:12:15:14 -0400] "GET / HTTP/1.1" 200 657 "-" "Mozilla/5.0 (Windows NT 10.0; Win64; x64; rv:152.0) Gecko/20100101 Firefox/152.0"
213.204.11.34 - - [10/Jul/2026:12:15:14 -0400] "POST /index.php?option=com_baforms&task=form.uploadAttachmentFile HTTP/1.1" 404 236 "-" "Mozilla/5.0 (Windows NT 10.0; Win64; x64) AppleWebKit/537.36"
74.7.227.174 - - [10/Jul/2026:12:15:56 -0400] "GET /assets/images/c07f8d52b2.php?path=//proc/thread-self/root/usr/lib/rpm/lua HTTP/1.1" 200 2736 "https://www.5starinsp.com.jcjack.com/assets/images/c07f8d52b2.php?path=//proc/thread-self/root/usr/lib/rpm" "Mozilla/5.0 AppleWebKit/537.36 (KHTML, like Gecko; compatible; GPTBot/1.4; +https://openai.com/gptbot)"
66.249.73.14 - - [10/Jul/2026:12:16:07 -0400] "GET /?items/L201134385/ HTTP/1.1" 200 657 "-" "Mozilla/5.0 (Linux; Android 6.0.1; Nexus 5X Build/MMB29P) AppleWebKit/537.36 (KHTML, like Gecko) Chrome/150.0.7871.114 Mobile Safari/537.36 (compatible; Googlebot/2.1; +http://www.google.com/bot.html)"
74.7.227.174 - - [10/Jul/2026:12:16:59 -0400] "GET /assets/images/c07f8d52b2.php?path=//proc/thread-self/root/usr/lib/rpm/platform HTTP/1.1" 200 49924 "https://www.5starinsp.com.jcjack.com/assets/images/c07f8d52b2.php?path=//proc/thread-self/root/usr/lib/rpm" "Mozilla/5.0 AppleWebKit/537.36 (KHTML, like Gecko; compatible; GPTBot/1.4; +https://openai.com/gptbot)"
74.7.227.174 - - [10/Jul/2026:12:17:53 -0400] "GET /assets/images/c07f8d52b2.php?path=//proc/thread-self/root/lib/rads/tests HTTP/1.1" 200 4371 "https://www.5starinsp.com.jcjack.com/assets/images/c07f8d52b2.php?path=//proc/thread-self/root/lib/rads" "Mozilla/5.0 AppleWebKit/537.36 (KHTML, like Gecko; compatible; GPTBot/1.4; +https://openai.com/gptbot)"
74.7.241.192 - - [10/Jul/2026:12:17:54 -0400] "GET /robots.txt HTTP/1.1" 404 236 "-" "Mozilla/5.0 (Macintosh; Intel Mac OS X 10_15_7) AppleWebKit/537.36 (KHTML, like Gecko) Chrome/131.0.0.0 Safari/537.36; compatible; OAI-SearchBot/1.4; robots.txt; +https://openai.com/searchbot"
66.249.73.15 - - [10/Jul/2026:12:18:06 -0400] "GET /?items/Z232415022/ HTTP/1.1" 200 657 "-" "Mozilla/5.0 (Linux; Android 6.0.1; Nexus 5X Build/MMB29P) AppleWebKit/537.36 (KHTML, like Gecko) Chrome/150.0.7871.114 Mobile Safari/537.36 (compatible; Googlebot/2.1; +http://www.google.com/bot.html)"
77.83.36.161 - - [10/Jul/2026:12:18:15 -0400] "GET /administrator/index.php HTTP/1.1" 404 236 "-" "Mozilla/4.0 (compatible; MSIE 7.0; Windows NT 6.0)"
77.83.36.161 - - [10/Jul/2026:12:18:15 -0400] "GET /administrator/index.php HTTP/1.1" 404 236 "-" "Mozilla/4.0 (compatible; MSIE 7.0; Windows NT 6.0)"
77.83.36.161 - - [10/Jul/2026:12:18:15 -0400] "GET /administrator/index.php HTTP/1.1" 404 236 "-" "Mozilla/4.0 (compatible; MSIE 7.0; Windows NT 6.0)"
74.7.227.174 - - [10/Jul/2026:12:18:43 -0400] "GET /assets/images/c07f8d52b2.php?path=//proc/thread-self/root/usr/lib/rpm/macros.d HTTP/1.1" 200 39739 "https://www.5starinsp.com.jcjack.com/assets/images/c07f8d52b2.php?path=//proc/thread-self/root/usr/lib/rpm" "Mozilla/5.0 AppleWebKit/537.36 (KHTML, like Gecko; compatible; GPTBot/1.4; +https://openai.com/gptbot)"
154.81.239.68 - - [10/Jul/2026:12:18:54 -0400] "GET /type/offering/eyf40s3ygc31cpk.phtml HTTP/1.1" 404 236 "-" "Mozilla/5.0 (Windows NT 10.0; Win64; x64) AppleWebKit/537.36 (KHTML, like Gecko) Chrome/80.0.3987.132 Safari/537.36"
186.151.98.108 - - [10/Jul/2026:12:19:02 -0400] "GET /department/parcel/f72gbrqbr4igj4z.phtml HTTP/1.1" 404 236 "-" "Mozilla/5.0 (Macintosh; Intel Mac OS X 10_14) AppleWebKit/537.36 (KHTML, like Gecko) Chrome/95.0.4582.189 Safari/537.36"
66.249.73.1 - - [10/Jul/2026:12:19:06 -0400] "GET /?items/R261617658/ HTTP/1.1" 200 657 "-" "Mozilla/5.0 (Linux; Android 6.0.1; Nexus 5X Build/MMB29P) AppleWebKit/537.36 (KHTML, like Gecko) Chrome/150.0.7871.114 Mobile Safari/537.36 (compatible; Googlebot/2.1; +http://www.google.com/bot.html)"
74.7.227.174 - - [10/Jul/2026:12:19:27 -0400] "GET /assets/images/c07f8d52b2.php?filesrc=//proc/thread-self/root/lib/rpm/rpm.log&path=//proc/thread-self/root/lib/rpm HTTP/1.1" 200 1737 "https://www.5starinsp.com.jcjack.com/assets/images/c07f8d52b2.php?path=//proc/thread-self/root/lib/rpm" "Mozilla/5.0 AppleWebKit/537.36 (KHTML, like Gecko; compatible; GPTBot/1.4; +https://openai.com/gptbot)"
160.187.108.216 - - [10/Jul/2026:12:19:53 -0400] "GET /breed/bit/fjpmmqdb21h3ffy.phtml HTTP/1.1" 404 236 "-" "Mozilla/5.0 (Macintosh; Intel Mac OS X 10_15_7) AppleWebKit/537.36 (KHTML, like Gecko) Chrome/100.0.4896.147 Safari/537.36"
185.61.48.0 - - [10/Jul/2026:12:20:04 -0400] "GET /set/apparatus/exh9q65v6q5r13m.phtml HTTP/1.1" 404 236 "-" "Mozilla/5.0 (Macintosh; Intel Mac OS X 11_2_3) AppleWebKit/537.36 (KHTML, like Gecko) Chrome/87.0.4280.67 Safari/537.36"
74.7.227.174 - - [10/Jul/2026:12:20:10 -0400] "GET /assets/images/c07f8d52b2.php?path=//proc/thread-self/root/lib/rpm/redhat HTTP/1.1" 200 20730 "https://www.5starinsp.com.jcjack.com/assets/images/c07f8d52b2.php?path=//proc/thread-self/root/lib/rpm" "Mozilla/5.0 AppleWebKit/537.36 (KHTML, like Gecko; compatible; GPTBot/1.4; +https://openai.com/gptbot)"
217.145.229.225 - - [10/Jul/2026:12:20:13 -0400] "GET /characteristic/possession/f0in3v6bj1mwaw3.phtml HTTP/1.1" 404 236 "-" "Mozilla/5.0 (Windows NT 10.0; Win64; x64) AppleWebKit/537.36 (KHTML, like Gecko) Chrome/101.0.4951.67 Safari/537.36"
41.212.112.218 - - [10/Jul/2026:12:20:41 -0400] "GET /pattern/production/fygddh4bt78uu6p.phtml HTTP/1.1" 404 236 "-" "Mozilla/5.0 (Windows NT 6.1; Win64; x64) AppleWebKit/537.36 (KHTML, like Gecko) Chrome/101.0.0.0 Safari/537.36"
74.7.227.174 - - [10/Jul/2026:12:20:47 -0400] "GET /assets/images/c07f8d52b2.php?path=//proc/thread-self/root/lib/rpm/platform HTTP/1.1" 200 49068 "https://www.5starinsp.com.jcjack.com/assets/images/c07f8d52b2.php?path=//proc/thread-self/root/lib/rpm" "Mozilla/5.0 AppleWebKit/537.36 (KHTML, like Gecko; compatible; GPTBot/1.4; +https://openai.com/gptbot)"
66.249.73.1 - - [10/Jul/2026:12:21:06 -0400] "GET /?items/B77928901/ HTTP/1.1" 200 657 "-" "Mozilla/5.0 (Linux; Android 6.0.1; Nexus 5X Build/MMB29P) AppleWebKit/537.36 (KHTML, like Gecko) Chrome/150.0.7871.114 Mobile Safari/537.36 (compatible; Googlebot/2.1; +http://www.google.com/bot.html)"
74.7.227.174 - - [10/Jul/2026:12:21:21 -0400] "GET /assets/images/c07f8d52b2.php?path=//proc/thread-self/root/lib/rpm/macros.d HTTP/1.1" 200 38955 "https://www.5starinsp.com.jcjack.com/assets/images/c07f8d52b2.php?path=//proc/thread-self/root/lib/rpm" "Mozilla/5.0 AppleWebKit/537.36 (KHTML, like Gecko; compatible; GPTBot/1.4; +https://openai.com/gptbot)"
74.7.227.174 - - [10/Jul/2026:12:21:51 -0400] "GET /assets/images/c07f8d52b2.php?path=//proc/thread-self/root/lib/rpm/fileattrs HTTP/1.1" 200 7677 "https://www.5starinsp.com.jcjack.com/assets/images/c07f8d52b2.php?path=//proc/thread-self/root/lib/rpm" "Mozilla/5.0 AppleWebKit/537.36 (KHTML, like Gecko; compatible; GPTBot/1.4; +https://openai.com/gptbot)"
74.7.227.174 - - [10/Jul/2026:12:22:17 -0400] "GET /assets/images/c07f8d52b2.php?path=//proc/thread-self/root/usr/lib/rpm/redhat HTTP/1.1" 200 21162 "https://www.5starinsp.com.jcjack.com/assets/images/c07f8d52b2.php?path=//proc/thread-self/root/usr/lib/rpm" "Mozilla/5.0 AppleWebKit/537.36 (KHTML, like Gecko; compatible; GPTBot/1.4; +https://openai.com/gptbot)"
66.249.73.15 - - [10/Jul/2026:12:22:17 -0400] "GET /?items/F230267517/ HTTP/1.1" 200 657 "-" "Mozilla/5.0 (Linux; Android 6.0.1; Nexus 5X Build/MMB29P) AppleWebKit/537.36 (KHTML, like Gecko) Chrome/150.0.7871.46 Mobile Safari/537.36 (compatible; Googlebot/2.1; +http://www.google.com/bot.html)"
74.7.227.174 - - [10/Jul/2026:12:22:43 -0400] "GET /assets/images/c07f8d52b2.php?path=//proc/thread-self/root/usr/lib/rpm/fileattrs HTTP/1.1" 200 7853 "https://www.5starinsp.com.jcjack.com/assets/images/c07f8d52b2.php?path=//proc/thread-self/root/usr/lib/rpm" "Mozilla/5.0 AppleWebKit/537.36 (KHTML, like Gecko; compatible; GPTBot/1.4; +https://openai.com/gptbot)"
74.7.227.174 - - [10/Jul/2026:12:23:05 -0400] "GET /assets/images/c07f8d52b2.php?path=//proc/thread-self/root/usr/lib/rpm/lua/fedora HTTP/1.1" 200 4335 "https://www.5starinsp.com.jcjack.com/assets/images/c07f8d52b2.php?path=//proc/thread-self/root/usr/lib/rpm/lua" "Mozilla/5.0 AppleWebKit/537.36 (KHTML, like Gecko; compatible; GPTBot/1.4; +https://openai.com/gptbot)"
177.190.65.65 - - [10/Jul/2026:12:23:12 -0400] "GET /table/derivative/efydvzmubjmwhw3.phtml HTTP/1.1" 404 236 "-" "Mozilla/5.0 (Windows NT 10.0; WOW64) AppleWebKit/537.36 (KHTML, like Gecko) Chrome/86.0.4240.198 Safari/537.36"
74.7.227.174 - - [10/Jul/2026:12:23:24 -0400] "GET /assets/images/c07f8d52b2.php?path=//proc/thread-self/root/usr/lib/rpm/platform/mips-linux HTTP/1.1" 200 2988 "https://www.5starinsp.com.jcjack.com/assets/images/c07f8d52b2.php?path=//proc/thread-self/root/usr/lib/rpm/platform" "Mozilla/5.0 AppleWebKit/537.36 (KHTML, like Gecko; compatible; GPTBot/1.4; +https://openai.com/gptbot)"
74.7.227.174 - - [10/Jul/2026:12:23:42 -0400] "GET /assets/images/c07f8d52b2.php?path=//proc/thread-self/root/usr/lib/rpm/platform/geode-linux HTTP/1.1" 200 2994 "https://www.5starinsp.com.jcjack.com/assets/images/c07f8d52b2.php?path=//proc/thread-self/root/usr/lib/rpm/platform" "Mozilla/5.0 AppleWebKit/537.36 (KHTML, like Gecko; compatible; GPTBot/1.4; +https://openai.com/gptbot)"
74.7.227.174 - - [10/Jul/2026:12:23:59 -0400] "GET /assets/images/c07f8d52b2.php?path=//proc/thread-self/root/usr/lib/rpm/platform/alpha-linux HTTP/1.1" 200 2994 "https://www.5starinsp.com.jcjack.com/assets/images/c07f8d52b2.php?path=//proc/thread-self/root/usr/lib/rpm/platform" "Mozilla/5.0 AppleWebKit/537.36 (KHTML, like Gecko; compatible; GPTBot/1.4; +https://openai.com/gptbot)"
74.7.227.174 - - [10/Jul/2026:12:24:14 -0400] "GET /assets/images/c07f8d52b2.php?path=//proc/thread-self/root/usr/lib/rpm/platform/sparc-linux HTTP/1.1" 200 2994 "https://www.5starinsp.com.jcjack.com/assets/images/c07f8d52b2.php?path=//proc/thread-self/root/usr/lib/rpm/platform" "Mozilla/5.0 AppleWebKit/537.36 (KHTML, like Gecko; compatible; GPTBot/1.4; +https://openai.com/gptbot)"
43.134.68.29 - - [10/Jul/2026:12:24:14 -0400] "GET / HTTP/1.1" 200 657 "-" "Mozilla/5.0 (iPhone; CPU iPhone OS 13_2_3 like Mac OS X) AppleWebKit/605.1.15 (KHTML, like Gecko) Version/13.0.3 Mobile/15E148 Safari/604.1"
74.7.227.174 - - [10/Jul/2026:12:24:27 -0400] "GET /assets/images/c07f8d52b2.php?path=//proc/thread-self/root/usr/lib/rpm/platform/sh-linux HTTP/1.1" 200 2976 "https://www.5starinsp.com.jcjack.com/assets/images/c07f8d52b2.php?path=//proc/thread-self/root/usr/lib/rpm/platform" "Mozilla/5.0 AppleWebKit/537.36 (KHTML, like Gecko; compatible; GPTBot/1.4; +https://openai.com/gptbot)"
66.249.73.1 - - [10/Jul/2026:12:24:37 -0400] "GET /?items/Z215122648/ HTTP/1.1" 200 657 "-" "Mozilla/5.0 (Linux; Android 6.0.1; Nexus 5X Build/MMB29P) AppleWebKit/537.36 (KHTML, like Gecko) Chrome/150.0.7871.46 Mobile Safari/537.36 (compatible; Googlebot/2.1; +http://www.google.com/bot.html)"
74.7.227.174 - - [10/Jul/2026:12:24:40 -0400] "GET /assets/images/c07f8d52b2.php?path=//proc/thread-self/root/lib/rpm/platform/noarch-linux HTTP/1.1" 200 2916 "https://www.5starinsp.com.jcjack.com/assets/images/c07f8d52b2.php?path=//proc/thread-self/root/lib/rpm/platform" "Mozilla/5.0 AppleWebKit/537.36 (KHTML, like Gecko; compatible; GPTBot/1.4; +https://openai.com/gptbot)"
66.249.73.15 - - [10/Jul/2026:12:24:49 -0400] "GET /?items/Y68156133/ HTTP/1.1" 200 657 "-" "Mozilla/5.0 (Linux; Android 6.0.1; Nexus 5X Build/MMB29P) AppleWebKit/537.36 (KHTML, like Gecko) Chrome/150.0.7871.46 Mobile Safari/537.36 (compatible; Googlebot/2.1; +http://www.google.com/bot.html)"
74.7.227.174 - - [10/Jul/2026:12:24:50 -0400] "GET /assets/images/c07f8d52b2.php?filesrc=//proc/thread-self/root/lib/rpm/macros.d/macros.firewalld&path=//proc/thread-self/root/lib/rpm/macros.d HTTP/1.1" 200 2011 "https://www.5starinsp.com.jcjack.com/assets/images/c07f8d52b2.php?path=//proc/thread-self/root/lib/rpm/macros.d" "Mozilla/5.0 AppleWebKit/537.36 (KHTML, like Gecko; compatible; GPTBot/1.4; +https://openai.com/gptbot)"
74.7.227.174 - - [10/Jul/2026:12:24:59 -0400] "GET /assets/images/c07f8d52b2.php?path=//proc/thread-self/root/lib/rpm/platform/alpha-linux HTTP/1.1" 429 17 "https://www.5starinsp.com.jcjack.com/assets/images/c07f8d52b2.php?path=//proc/thread-self/root/lib/rpm/platform" "Mozilla/5.0 AppleWebKit/537.36 (KHTML, like Gecko; compatible; GPTBot/1.4; +https://openai.com/gptbot)"
66.249.73.15 - - [10/Jul/2026:12:25:00 -0400] "GET /?items/J288670072/ HTTP/1.1" 200 657 "-" "Mozilla/5.0 (Linux; Android 6.0.1; Nexus 5X Build/MMB29P) AppleWebKit/537.36 (KHTML, like Gecko) Chrome/150.0.7871.46 Mobile Safari/537.36 (compatible; Googlebot/2.1; +http://www.google.com/bot.html)"
40.77.167.116 - - [10/Jul/2026:12:25:07 -0400] "GET /?items/J153935466/ HTTP/1.1" 200 657 "-" "Mozilla/5.0 AppleWebKit/537.36 (KHTML, like Gecko; compatible; bingbot/2.0; +http://www.bing.com/bingbot.htm) Chrome/116.0.1938.76 Safari/537.36"
74.7.227.174 - - [10/Jul/2026:12:25:08 -0400] "GET /assets/images/c07f8d52b2.php?filesrc=//proc/thread-self/root/usr/lib/rpm/redhat/brp-strip-lto&path=//proc/thread-self/root/usr/lib/rpm/redhat HTTP/1.1" 429 17 "https://www.5starinsp.com.jcjack.com/assets/images/c07f8d52b2.php?path=//proc/thread-self/root/usr/lib/rpm/redhat" "Mozilla/5.0 AppleWebKit/537.36 (KHTML, like Gecko; compatible; GPTBot/1.4; +https://openai.com/gptbot)"
66.249.73.14 - - [10/Jul/2026:12:25:23 -0400] "GET /?items/L306120305/ HTTP/1.1" 200 657 "-" "Mozilla/5.0 (Linux; Android 6.0.1; Nexus 5X Build/MMB29P) AppleWebKit/537.36 (KHTML, like Gecko) Chrome/150.0.7871.46 Mobile Safari/537.36 (compatible; Googlebot/2.1; +http://www.google.com/bot.html)"
66.249.73.14 - - [10/Jul/2026:12:25:23 -0400] "GET /?items/A82042678/ HTTP/1.1" 200 657 "-" "Mozilla/5.0 (Linux; Android 6.0.1; Nexus 5X Build/MMB29P) AppleWebKit/537.36 (KHTML, like Gecko) Chrome/150.0.7871.46 Mobile Safari/537.36 (compatible; Googlebot/2.1; +http://www.google.com/bot.html)"
74.7.227.174 - - [10/Jul/2026:12:25:33 -0400] "GET /assets/images/c07f8d52b2.php?path=//proc/thread-self/root/lib/rpm/platform/sparc-linux HTTP/1.1" 429 17 "https://www.5starinsp.com.jcjack.com/assets/images/c07f8d52b2.php?path=//proc/thread-self/root/lib/rpm/platform" "Mozilla/5.0 AppleWebKit/537.36 (KHTML, like Gecko; compatible; GPTBot/1.4; +https://openai.com/gptbot)"
66.249.73.15 - - [10/Jul/2026:12:25:59 -0400] "GET /?items/G284761507/ HTTP/1.1" 200 657 "-" "Mozilla/5.0 (Linux; Android 6.0.1; Nexus 5X Build/MMB29P) AppleWebKit/537.36 (KHTML, like Gecko) Chrome/150.0.7871.46 Mobile Safari/537.36 (compatible; Googlebot/2.1; +http://www.google.com/bot.html)"
66.249.73.15 - - [10/Jul/2026:12:26:07 -0400] "GET /?items/W17907668/ HTTP/1.1" 200 657 "-" "Mozilla/5.0 (Linux; Android 6.0.1; Nexus 5X Build/MMB29P) AppleWebKit/537.36 (KHTML, like Gecko) Chrome/150.0.7871.114 Mobile Safari/537.36 (compatible; Googlebot/2.1; +http://www.google.com/bot.html)"
191.99.15.199 - - [10/Jul/2026:12:26:16 -0400] "GET /tier/model/feta2ihbi2972vq.phtml HTTP/1.1" 404 236 "-" "Mozilla/5.0 (Macintosh; Intel Mac OS X 10_12_6) AppleWebKit/537.36 (KHTML, like Gecko) Chrome/95.0.4638.69 Safari/537.36"
74.7.227.174 - - [10/Jul/2026:12:26:38 -0400] "GET /assets/images/c07f8d52b2.php?path=//proc/thread-self/root/usr/lib/rpm/lua/fedora/rpm HTTP/1.1" 429 17 "https://www.5starinsp.com.jcjack.com/assets/images/c07f8d52b2.php?path=//proc/thread-self/root/usr/lib/rpm/lua/fedora" "Mozilla/5.0 AppleWebKit/537.36 (KHTML, like Gecko; compatible; GPTBot/1.4; +https://openai.com/gptbot)"
66.249.73.15 - - [10/Jul/2026:12:27:06 -0400] "GET /?items/Q134727880/ HTTP/1.1" 200 657 "-" "Mozilla/5.0 (Linux; Android 6.0.1; Nexus 5X Build/MMB29P) AppleWebKit/537.36 (KHTML, like Gecko) Chrome/150.0.7871.114 Mobile Safari/537.36 (compatible; Googlebot/2.1; +http://www.google.com/bot.html)"
66.249.73.14 - - [10/Jul/2026:12:27:25 -0400] "GET /?items/R43898981/ HTTP/1.1" 200 657 "-" "Mozilla/5.0 (Linux; Android 6.0.1; Nexus 5X Build/MMB29P) AppleWebKit/537.36 (KHTML, like Gecko) Chrome/150.0.7871.46 Mobile Safari/537.36 (compatible; Googlebot/2.1; +http://www.google.com/bot.html)"
40.77.167.6 - - [10/Jul/2026:12:27:26 -0400] "GET /?items/A36179022/ HTTP/1.1" 200 657 "-" "Mozilla/5.0 AppleWebKit/537.36 (KHTML, like Gecko; compatible; bingbot/2.0; +http://www.bing.com/bingbot.htm) Chrome/116.0.1938.76 Safari/537.36"
74.7.227.174 - - [10/Jul/2026:12:27:41 -0400] "GET /assets/images/c07f8d52b2.php?path=//proc/thread-self/root/usr/lib/rpm/lua/fedora/srpm HTTP/1.1" 200 5537 "https://www.5starinsp.com.jcjack.com/assets/images/c07f8d52b2.php?path=//proc/thread-self/root/usr/lib/rpm/lua/fedora" "Mozilla/5.0 AppleWebKit/537.36 (KHTML, like Gecko; compatible; GPTBot/1.4; +https://openai.com/gptbot)"
66.249.73.14 - - [10/Jul/2026:12:27:59 -0400] "GET /?items/D266216325/ HTTP/1.1" 200 657 "-" "Mozilla/5.0 (Linux; Android 6.0.1; Nexus 5X Build/MMB29P) AppleWebKit/537.36 (KHTML, like Gecko) Chrome/150.0.7871.46 Mobile Safari/537.36 (compatible; Googlebot/2.1; +http://www.google.com/bot.html)"
66.249.73.15 - - [10/Jul/2026:12:28:34 -0400] "GET /?items/B239139931/ HTTP/1.1" 200 657 "-" "Mozilla/5.0 (Linux; Android 6.0.1; Nexus 5X Build/MMB29P) AppleWebKit/537.36 (KHTML, like Gecko) Chrome/150.0.7871.46 Mobile Safari/537.36 (compatible; Googlebot/2.1; +http://www.google.com/bot.html)"
74.7.227.174 - - [10/Jul/2026:12:28:43 -0400] "GET /assets/images/c07f8d52b2.php?path=//proc/thread-self/root/lib/rpm/platform/geode-linux HTTP/1.1" 200 2910 "https://www.5starinsp.com.jcjack.com/assets/images/c07f8d52b2.php?path=//proc/thread-self/root/lib/rpm/platform" "Mozilla/5.0 AppleWebKit/537.36 (KHTML, like Gecko; compatible; GPTBot/1.4; +https://openai.com/gptbot)"
66.249.73.15 - - [10/Jul/2026:12:29:06 -0400] "GET /?items/W260114769/ HTTP/1.1" 200 657 "-" "Mozilla/5.0 (Linux; Android 6.0.1; Nexus 5X Build/MMB29P) AppleWebKit/537.36 (KHTML, like Gecko) Chrome/150.0.7871.114 Mobile Safari/537.36 (compatible; Googlebot/2.1; +http://www.google.com/bot.html)"
66.249.73.15 - - [10/Jul/2026:12:29:21 -0400] "GET /?items/Y183172426/ HTTP/1.1" 200 657 "-" "Mozilla/5.0 (Linux; Android 6.0.1; Nexus 5X Build/MMB29P) AppleWebKit/537.36 (KHTML, like Gecko) Chrome/150.0.7871.46 Mobile Safari/537.36 (compatible; Googlebot/2.1; +http://www.google.com/bot.html)"
66.249.73.14 - - [10/Jul/2026:12:29:32 -0400] "GET /?items/U66611052/ HTTP/1.1" 200 657 "-" "Mozilla/5.0 (Linux; Android 6.0.1; Nexus 5X Build/MMB29P) AppleWebKit/537.36 (KHTML, like Gecko) Chrome/150.0.7871.46 Mobile Safari/537.36 (compatible; Googlebot/2.1; +http://www.google.com/bot.html)"
74.7.227.174 - - [10/Jul/2026:12:29:40 -0400] "GET /assets/images/c07f8d52b2.php?path=//proc/thread-self/root/lib/rpm/platform/mips-linux HTTP/1.1" 200 2904 "https://www.5starinsp.com.jcjack.com/assets/images/c07f8d52b2.php?path=//proc/thread-self/root/lib/rpm/platform" "Mozilla/5.0 AppleWebKit/537.36 (KHTML, like Gecko; compatible; GPTBot/1.4; +https://openai.com/gptbot)"
31.43.59.30 - - [10/Jul/2026:12:29:50 -0400] "GET /table/fruit/ejwy5lkfl5k6gi1.phtml HTTP/1.1" 404 236 "-" "Mozilla/5.0 (Windows NT 6.1; Win64; x64) AppleWebKit/537.36 (KHTML, like Gecko) Chrome/80.0.3987.132 Safari/537.36"
66.249.73.14 - - [10/Jul/2026:12:29:57 -0400] "GET /?items/Y274414537/ HTTP/1.1" 200 657 "-" "Mozilla/5.0 (Linux; Android 6.0.1; Nexus 5X Build/MMB29P) AppleWebKit/537.36 (KHTML, like Gecko) Chrome/150.0.7871.46 Mobile Safari/537.36 (compatible; Googlebot/2.1; +http://www.google.com/bot.html)"
66.249.73.15 - - [10/Jul/2026:12:30:06 -0400] "GET /?items/B303366305/ HTTP/1.1" 200 657 "-" "Mozilla/5.0 (Linux; Android 6.0.1; Nexus 5X Build/MMB29P) AppleWebKit/537.36 (KHTML, like Gecko) Chrome/150.0.7871.114 Mobile Safari/537.36 (compatible; Googlebot/2.1; +http://www.google.com/bot.html)"
185.184.197.155 - - [10/Jul/2026:12:30:08 -0400] "GET /coterie/appliance/ee39ogrp40rpjd8.phtml HTTP/1.1" 404 236 "-" "Mozilla/5.0 (Macintosh; Intel Mac OS X 12.5; rv:130.0) Gecko/20100101 Firefox/130.0"
155.94.163.239 - - [10/Jul/2026:12:30:12 -0400] "GET /administrator/components/com_baforms/com_baforms.xml HTTP/1.1" 404 236 "-" "Mozilla/5.0 (Windows NT 10.0; Win64; x64) AppleWebKit/537.36 (KHTML, like Gecko) Chrome/126.0.0.0 Safari/537.36"
155.94.163.239 - - [10/Jul/2026:12:30:12 -0400] "GET /administrator/components/com_baforms/com_baforms.xml HTTP/1.1" 404 236 "-" "Mozilla/5.0 (Windows NT 10.0; Win64; x64) AppleWebKit/537.36 (KHTML, like Gecko) Chrome/126.0.0.0 Safari/537.36"
155.94.163.239 - - [10/Jul/2026:12:30:13 -0400] "GET /components/com_baforms/com_baforms.xml HTTP/1.1" 404 236 "-" "Mozilla/5.0 (Windows NT 10.0; Win64; x64) AppleWebKit/537.36 (KHTML, like Gecko) Chrome/126.0.0.0 Safari/537.36"
155.94.163.239 - - [10/Jul/2026:12:30:13 -0400] "GET /components/com_baforms/com_baforms.xml HTTP/1.1" 404 236 "-" "Mozilla/5.0 (Windows NT 10.0; Win64; x64) AppleWebKit/537.36 (KHTML, like Gecko) Chrome/126.0.0.0 Safari/537.36"
155.94.163.239 - - [10/Jul/2026:12:30:13 -0400] "GET /administrator/manifests/packages/pkg_baforms.xml HTTP/1.1" 404 236 "-" "Mozilla/5.0 (Windows NT 10.0; Win64; x64) AppleWebKit/537.36 (KHTML, like Gecko) Chrome/126.0.0.0 Safari/537.36"
155.94.163.239 - - [10/Jul/2026:12:30:13 -0400] "POST /index.php?option=com_baforms&task=form.uploadAttachmentFile&form_id=0 HTTP/1.1" 404 236 "-" "Mozilla/5.0 (Windows NT 10.0; Win64; x64) AppleWebKit/537.36 (KHTML, like Gecko) Chrome/126.0.0.0 Safari/537.36"
155.94.163.239 - - [10/Jul/2026:12:30:13 -0400] "POST /index.php?option=com_baforms&task=form.uploadAttachmentFile&form_id=0 HTTP/1.1" 404 236 "-" "Mozilla/5.0 (Windows NT 10.0; Win64; x64) AppleWebKit/537.36 (KHTML, like Gecko) Chrome/126.0.0.0 Safari/537.36"
155.94.163.239 - - [10/Jul/2026:12:30:13 -0400] "GET /administrator/manifests/packages/pkg_baforms.xml HTTP/1.1" 404 236 "-" "Mozilla/5.0 (Windows NT 10.0; Win64; x64) AppleWebKit/537.36 (KHTML, like Gecko) Chrome/126.0.0.0 Safari/537.36"
155.94.163.239 - - [10/Jul/2026:12:30:13 -0400] "GET /administrator/components/com_baforms/com_baforms.xml HTTP/1.1" 404 236 "-" "Mozilla/5.0 (Windows NT 10.0; Win64; x64) AppleWebKit/537.36 (KHTML, like Gecko) Chrome/126.0.0.0 Safari/537.36"
155.94.163.239 - - [10/Jul/2026:12:30:13 -0400] "GET /administrator/components/com_baforms/com_baforms.xml HTTP/1.1" 404 236 "-" "Mozilla/5.0 (Windows NT 10.0; Win64; x64) AppleWebKit/537.36 (KHTML, like Gecko) Chrome/126.0.0.0 Safari/537.36"
155.94.163.239 - - [10/Jul/2026:12:30:13 -0400] "GET /components/com_baforms/com_baforms.xml HTTP/1.1" 404 236 "-" "Mozilla/5.0 (Windows NT 10.0; Win64; x64) AppleWebKit/537.36 (KHTML, like Gecko) Chrome/126.0.0.0 Safari/537.36"
155.94.163.239 - - [10/Jul/2026:12:30:13 -0400] "GET /administrator/manifests/packages/pkg_baforms.xml HTTP/1.1" 404 236 "-" "Mozilla/5.0 (Windows NT 10.0; Win64; x64) AppleWebKit/537.36 (KHTML, like Gecko) Chrome/126.0.0.0 Safari/537.36"
155.94.163.239 - - [10/Jul/2026:12:30:13 -0400] "GET /components/com_baforms/com_baforms.xml HTTP/1.1" 404 236 "-" "Mozilla/5.0 (Windows NT 10.0; Win64; x64) AppleWebKit/537.36 (KHTML, like Gecko) Chrome/126.0.0.0 Safari/537.36"
155.94.163.239 - - [10/Jul/2026:12:30:13 -0400] "POST /index.php?option=com_baforms&task=form.uploadAttachmentFile&form_id=0 HTTP/1.1" 404 236 "-" "Mozilla/5.0 (Windows NT 10.0; Win64; x64) AppleWebKit/537.36 (KHTML, like Gecko) Chrome/126.0.0.0 Safari/537.36"
155.94.163.239 - - [10/Jul/2026:12:30:13 -0400] "GET /administrator/manifests/packages/pkg_baforms.xml HTTP/1.1" 404 236 "-" "Mozilla/5.0 (Windows NT 10.0; Win64; x64) AppleWebKit/537.36 (KHTML, like Gecko) Chrome/126.0.0.0 Safari/537.36"
155.94.163.239 - - [10/Jul/2026:12:30:13 -0400] "POST /index.php?option=com_baforms&task=form.uploadAttachmentFile&form_id=0 HTTP/1.1" 404 236 "-" "Mozilla/5.0 (Windows NT 10.0; Win64; x64) AppleWebKit/537.36 (KHTML, like Gecko) Chrome/126.0.0.0 Safari/537.36"
74.7.227.174 - - [10/Jul/2026:12:30:30 -0400] "GET /assets/images/c07f8d52b2.php?path=//proc/thread-self/root/usr/lib/rpm/platform/noarch-linux HTTP/1.1" 200 3000 "https://www.5starinsp.com.jcjack.com/assets/images/c07f8d52b2.php?path=//proc/thread-self/root/usr/lib/rpm/platform" "Mozilla/5.0 AppleWebKit/537.36 (KHTML, like Gecko; compatible; GPTBot/1.4; +https://openai.com/gptbot)"
66.249.73.15 - - [10/Jul/2026:12:31:06 -0400] "GET /?items/F292237800/ HTTP/1.1" 200 657 "-" "Mozilla/5.0 (Linux; Android 6.0.1; Nexus 5X Build/MMB29P) AppleWebKit/537.36 (KHTML, like Gecko) Chrome/150.0.7871.114 Mobile Safari/537.36 (compatible; Googlebot/2.1; +http://www.google.com/bot.html)"
74.7.227.174 - - [10/Jul/2026:12:31:16 -0400] "GET /assets/images/c07f8d52b2.php?path=//proc/thread-self/root/run/postgresql HTTP/1.1" 200 2786 "https://www.5starinsp.com.jcjack.com/assets/images/c07f8d52b2.php?path=//proc/thread-self/root/run" "Mozilla/5.0 AppleWebKit/537.36 (KHTML, like Gecko; compatible; GPTBot/1.4; +https://openai.com/gptbot)"
74.7.227.174 - - [10/Jul/2026:12:31:55 -0400] "GET /assets/images/c07f8d52b2.php?path=//proc/thread-self/root/run/console HTTP/1.1" 200 1936 "https://www.5starinsp.com.jcjack.com/assets/images/c07f8d52b2.php?path=//proc/thread-self/root/run" "Mozilla/5.0 AppleWebKit/537.36 (KHTML, like Gecko; compatible; GPTBot/1.4; +https://openai.com/gptbot)"
66.249.73.15 - - [10/Jul/2026:12:32:07 -0400] "GET /?items/P196771315/ HTTP/1.1" 200 657 "-" "Mozilla/5.0 (Linux; Android 6.0.1; Nexus 5X Build/MMB29P) AppleWebKit/537.36 (KHTML, like Gecko) Chrome/150.0.7871.114 Mobile Safari/537.36 (compatible; Googlebot/2.1; +http://www.google.com/bot.html)"
74.7.227.174 - - [10/Jul/2026:12:32:31 -0400] "GET /assets/images/c07f8d52b2.php?path=//proc/thread-self/root/usr/lib/fixperms HTTP/1.1" 200 9108 "https://www.5starinsp.com.jcjack.com/assets/images/c07f8d52b2.php?path=//proc/thread-self/root/usr/lib" "Mozilla/5.0 AppleWebKit/537.36 (KHTML, like Gecko; compatible; GPTBot/1.4; +https://openai.com/gptbot)"
66.249.73.15 - - [10/Jul/2026:12:32:56 -0400] "GET /?items/Z159151971/ HTTP/1.1" 200 657 "-" "Mozilla/5.0 (Linux; Android 6.0.1; Nexus 5X Build/MMB29P) AppleWebKit/537.36 (KHTML, like Gecko) Chrome/150.0.7871.46 Mobile Safari/537.36 (compatible; Googlebot/2.1; +http://www.google.com/bot.html)"
74.7.227.174 - - [10/Jul/2026:12:33:03 -0400] "GET /assets/images/c07f8d52b2.php?path=//proc/thread-self/root/lib/binfmt.d HTTP/1.1" 200 1938 "https://www.5starinsp.com.jcjack.com/assets/images/c07f8d52b2.php?path=//proc/thread-self/root/lib" "Mozilla/5.0 AppleWebKit/537.36 (KHTML, like Gecko; compatible; GPTBot/1.4; +https://openai.com/gptbot)"
157.55.39.60 - - [10/Jul/2026:12:33:32 -0400] "GET /?items/D211179416/ HTTP/1.1" 200 657 "-" "Mozilla/5.0 AppleWebKit/537.36 (KHTML, like Gecko; compatible; bingbot/2.0; +http://www.bing.com/bingbot.htm) Chrome/116.0.1938.76 Safari/537.36"
74.7.227.174 - - [10/Jul/2026:12:33:34 -0400] "GET /assets/images/c07f8d52b2.php?path=//proc/thread-self/root/lib/rads/venv HTTP/1.1" 200 6247 "https://www.5starinsp.com.jcjack.com/assets/images/c07f8d52b2.php?path=//proc/thread-self/root/lib/rads" "Mozilla/5.0 AppleWebKit/537.36 (KHTML, like Gecko; compatible; GPTBot/1.4; +https://openai.com/gptbot)"
74.7.227.174 - - [10/Jul/2026:12:34:00 -0400] "GET /assets/images/c07f8d52b2.php?path=//proc/thread-self/root/usr/lib/dracut HTTP/1.1" 200 12260 "https://www.5starinsp.com.jcjack.com/assets/images/c07f8d52b2.php?path=//proc/thread-self/root/usr/lib" "Mozilla/5.0 AppleWebKit/537.36 (KHTML, like Gecko; compatible; GPTBot/1.4; +https://openai.com/gptbot)"
74.7.227.174 - - [10/Jul/2026:12:34:24 -0400] "GET /assets/images/c07f8d52b2.php?path=//proc/thread-self/root/usr/lib/systemd HTTP/1.1" 200 53220 "https://www.5starinsp.com.jcjack.com/assets/images/c07f8d52b2.php?path=//proc/thread-self/root/usr/lib" "Mozilla/5.0 AppleWebKit/537.36 (KHTML, like Gecko; compatible; GPTBot/1.4; +https://openai.com/gptbot)"
74.7.227.174 - - [10/Jul/2026:12:34:47 -0400] "GET /assets/images/c07f8d52b2.php?path=//proc/thread-self/root/usr/lib/java HTTP/1.1" 200 1990 "https://www.5starinsp.com.jcjack.com/assets/images/c07f8d52b2.php?path=//proc/thread-self/root/usr/lib" "Mozilla/5.0 AppleWebKit/537.36 (KHTML, like Gecko; compatible; GPTBot/1.4; +https://openai.com/gptbot)"
66.249.73.15 - - [10/Jul/2026:12:35:06 -0400] "GET /?items/Z79708183/ HTTP/1.1" 200 657 "-" "Mozilla/5.0 (Linux; Android 6.0.1; Nexus 5X Build/MMB29P) AppleWebKit/537.36 (KHTML, like Gecko) Chrome/150.0.7871.114 Mobile Safari/537.36 (compatible; Googlebot/2.1; +http://www.google.com/bot.html)"
74.7.227.174 - - [10/Jul/2026:12:35:07 -0400] "GET /assets/images/c07f8d52b2.php?path=//proc/thread-self/root/usr/lib/kcare HTTP/1.1" 200 3636 "https://www.5starinsp.com.jcjack.com/assets/images/c07f8d52b2.php?path=//proc/thread-self/root/usr/lib" "Mozilla/5.0 AppleWebKit/537.36 (KHTML, like Gecko; compatible; GPTBot/1.4; +https://openai.com/gptbot)"
74.7.227.174 - - [10/Jul/2026:12:35:24 -0400] "GET /assets/images/c07f8d52b2.php?path=//proc/thread-self/root/lib/systemd HTTP/1.1" 200 52188 "https://www.5starinsp.com.jcjack.com/assets/images/c07f8d52b2.php?path=//proc/thread-self/root/lib" "Mozilla/5.0 AppleWebKit/537.36 (KHTML, like Gecko; compatible; GPTBot/1.4; +https://openai.com/gptbot)"
74.7.227.174 - - [10/Jul/2026:12:35:40 -0400] "GET /assets/images/c07f8d52b2.php?path=//proc/thread-self/root/lib/kbd/keymaps HTTP/1.1" 200 3352 "https://www.5starinsp.com.jcjack.com/assets/images/c07f8d52b2.php?path=//proc/thread-self/root/lib/kbd" "Mozilla/5.0 AppleWebKit/537.36 (KHTML, like Gecko; compatible; GPTBot/1.4; +https://openai.com/gptbot)"
66.249.73.15 - - [10/Jul/2026:12:35:44 -0400] "GET /?items/P264297062/ HTTP/1.1" 200 657 "-" "Mozilla/5.0 (Linux; Android 6.0.1; Nexus 5X Build/MMB29P) AppleWebKit/537.36 (KHTML, like Gecko) Chrome/150.0.7871.46 Mobile Safari/537.36 (compatible; Googlebot/2.1; +http://www.google.com/bot.html)"
74.7.227.174 - - [10/Jul/2026:12:35:55 -0400] "GET /assets/images/c07f8d52b2.php?path=//proc/thread-self/root/usr/lib/kernel HTTP/1.1" 200 3482 "https://www.5starinsp.com.jcjack.com/assets/images/c07f8d52b2.php?path=//proc/thread-self/root/usr/lib" "Mozilla/5.0 AppleWebKit/537.36 (KHTML, like Gecko; compatible; GPTBot/1.4; +https://openai.com/gptbot)"
66.249.73.15 - - [10/Jul/2026:12:36:06 -0400] "GET /?items/W106942537/ HTTP/1.1" 200 657 "-" "Mozilla/5.0 (Linux; Android 6.0.1; Nexus 5X Build/MMB29P) AppleWebKit/537.36 (KHTML, like Gecko) Chrome/150.0.7871.114 Mobile Safari/537.36 (compatible; Googlebot/2.1; +http://www.google.com/bot.html)"
74.7.227.174 - - [10/Jul/2026:12:36:08 -0400] "GET /assets/images/c07f8d52b2.php?path=//proc/thread-self/root/usr/lib/audit HTTP/1.1" 200 2792 "https://www.5starinsp.com.jcjack.com/assets/images/c07f8d52b2.php?path=//proc/thread-self/root/usr/lib" "Mozilla/5.0 AppleWebKit/537.36 (KHTML, like Gecko; compatible; GPTBot/1.4; +https://openai.com/gptbot)"
74.7.227.174 - - [10/Jul/2026:12:36:19 -0400] "GET /assets/images/c07f8d52b2.php?path=//proc/thread-self/root/usr/lib/sysctl.d HTTP/1.1" 200 7757 "https://www.5starinsp.com.jcjack.com/assets/images/c07f8d52b2.php?path=//proc/thread-self/root/usr/lib" "Mozilla/5.0 AppleWebKit/537.36 (KHTML, like Gecko; compatible; GPTBot/1.4; +https://openai.com/gptbot)"
74.7.227.174 - - [10/Jul/2026:12:36:29 -0400] "GET /assets/images/c07f8d52b2.php?path=//proc/thread-self/root/usr/lib/tuned HTTP/1.1" 200 21656 "https://www.5starinsp.com.jcjack.com/assets/images/c07f8d52b2.php?path=//proc/thread-self/root/usr/lib" "Mozilla/5.0 AppleWebKit/537.36 (KHTML, like Gecko; compatible; GPTBot/1.4; +https://openai.com/gptbot)"
74.7.227.174 - - [10/Jul/2026:12:36:38 -0400] "GET /assets/images/c07f8d52b2.php?path=//proc/thread-self/root/lib/rads/venv/include HTTP/1.1" 200 2785 "https://www.5starinsp.com.jcjack.com/assets/images/c07f8d52b2.php?path=//proc/thread-self/root/lib/rads/venv" "Mozilla/5.0 AppleWebKit/537.36 (KHTML, like Gecko; compatible; GPTBot/1.4; +https://openai.com/gptbot)"
74.7.227.174 - - [10/Jul/2026:12:36:47 -0400] "GET /assets/images/c07f8d52b2.php?filesrc=//proc/thread-self/root/lib/rads/venv/.gitignore&path=//proc/thread-self/root/lib/rads/venv HTTP/1.1" 406 300 "https://www.5starinsp.com.jcjack.com/assets/images/c07f8d52b2.php?path=//proc/thread-self/root/lib/rads/venv" "Mozilla/5.0 AppleWebKit/537.36 (KHTML, like Gecko; compatible; GPTBot/1.4; +https://openai.com/gptbot)"
74.7.227.174 - - [10/Jul/2026:12:36:54 -0400] "GET /assets/images/c07f8d52b2.php?filesrc=//proc/thread-self/root/usr/lib/systemd/systemd-vconsole-setup&path=//proc/thread-self/root/usr/lib/systemd HTTP/1.1" 429 17 "https://www.5starinsp.com.jcjack.com/assets/images/c07f8d52b2.php?path=//proc/thread-self/root/usr/lib/systemd" "Mozilla/5.0 AppleWebKit/537.36 (KHTML, like Gecko; compatible; GPTBot/1.4; +https://openai.com/gptbot)"
74.7.227.174 - - [10/Jul/2026:12:37:02 -0400] "GET /assets/images/c07f8d52b2.php?filesrc=//proc/thread-self/root/usr/lib/systemd/systemd-update-done&path=//proc/thread-self/root/usr/lib/systemd HTTP/1.1" 429 17 "https://www.5starinsp.com.jcjack.com/assets/images/c07f8d52b2.php?path=//proc/thread-self/root/usr/lib/systemd" "Mozilla/5.0 AppleWebKit/537.36 (KHTML, like Gecko; compatible; GPTBot/1.4; +https://openai.com/gptbot)"
66.249.73.15 - - [10/Jul/2026:12:37:06 -0400] "GET /?items/N125249870/ HTTP/1.1" 200 657 "-" "Mozilla/5.0 (Linux; Android 6.0.1; Nexus 5X Build/MMB29P) AppleWebKit/537.36 (KHTML, like Gecko) Chrome/150.0.7871.114 Mobile Safari/537.36 (compatible; Googlebot/2.1; +http://www.google.com/bot.html)"
66.249.73.14 - - [10/Jul/2026:12:37:07 -0400] "GET /?items/L290039325/ HTTP/1.1" 200 657 "-" "Mozilla/5.0 (Linux; Android 6.0.1; Nexus 5X Build/MMB29P) AppleWebKit/537.36 (KHTML, like Gecko) Chrome/150.0.7871.46 Mobile Safari/537.36 (compatible; Googlebot/2.1; +http://www.google.com/bot.html)"
74.7.227.174 - - [10/Jul/2026:12:37:26 -0400] "GET /assets/images/c07f8d52b2.php?path=//proc/thread-self/root/usr/lib/systemd/user-preset HTTP/1.1" 429 17 "https://www.5starinsp.com.jcjack.com/assets/images/c07f8d52b2.php?path=//proc/thread-self/root/usr/lib/systemd" "Mozilla/5.0 AppleWebKit/537.36 (KHTML, like Gecko; compatible; GPTBot/1.4; +https://openai.com/gptbot)"
66.249.73.15 - - [10/Jul/2026:12:38:07 -0400] "GET /?items/M45346860/ HTTP/1.1" 200 657 "-" "Mozilla/5.0 (Linux; Android 6.0.1; Nexus 5X Build/MMB29P) AppleWebKit/537.36 (KHTML, like Gecko) Chrome/150.0.7871.114 Mobile Safari/537.36 (compatible; Googlebot/2.1; +http://www.google.com/bot.html)"
157.55.39.49 - - [10/Jul/2026:12:38:13 -0400] "GET /?items/b54844678 HTTP/1.1" 200 657 "-" "Mozilla/5.0 AppleWebKit/537.36 (KHTML, like Gecko; compatible; bingbot/2.0; +http://www.bing.com/bingbot.htm) Chrome/116.0.1938.76 Safari/537.36"
74.7.227.174 - - [10/Jul/2026:12:38:26 -0400] "GET /assets/images/c07f8d52b2.php?path=//proc/thread-self/root/lib/systemd/user-preset HTTP/1.1" 429 17 "https://www.5starinsp.com.jcjack.com/assets/images/c07f8d52b2.php?path=//proc/thread-self/root/lib/systemd" "Mozilla/5.0 AppleWebKit/537.36 (KHTML, like Gecko; compatible; GPTBot/1.4; +https://openai.com/gptbot)"
66.249.73.15 - - [10/Jul/2026:12:38:54 -0400] "GET /?items/O156837961/ HTTP/1.1" 200 657 "-" "Mozilla/5.0 (Linux; Android 6.0.1; Nexus 5X Build/MMB29P) AppleWebKit/537.36 (KHTML, like Gecko) Chrome/150.0.7871.46 Mobile Safari/537.36 (compatible; Googlebot/2.1; +http://www.google.com/bot.html)"
66.249.73.14 - - [10/Jul/2026:12:39:06 -0400] "GET /?items/F253638608/ HTTP/1.1" 200 657 "-" "Mozilla/5.0 (Linux; Android 6.0.1; Nexus 5X Build/MMB29P) AppleWebKit/537.36 (KHTML, like Gecko) Chrome/150.0.7871.114 Mobile Safari/537.36 (compatible; Googlebot/2.1; +http://www.google.com/bot.html)"
66.249.73.15 - - [10/Jul/2026:12:39:07 -0400] "GET /?items/R221319254/ HTTP/1.1" 200 657 "-" "Mozilla/5.0 (Linux; Android 6.0.1; Nexus 5X Build/MMB29P) AppleWebKit/537.36 (KHTML, like Gecko) Chrome/150.0.7871.114 Mobile Safari/537.36 (compatible; Googlebot/2.1; +http://www.google.com/bot.html)"
74.7.227.174 - - [10/Jul/2026:12:39:32 -0400] "GET /assets/images/c07f8d52b2.php?path=//proc/thread-self/root/usr/lib/systemd/user HTTP/1.1" 200 52276 "https://www.5starinsp.com.jcjack.com/assets/images/c07f8d52b2.php?path=//proc/thread-self/root/usr/lib/systemd" "Mozilla/5.0 AppleWebKit/537.36 (KHTML, like Gecko; compatible; GPTBot/1.4; +https://openai.com/gptbot)"
113.182.52.0 - - [10/Jul/2026:12:40:07 -0400] "GET /order/segment/endzae1rqy1bpbi.phtml HTTP/1.1" 404 236 "-" "Mozilla/5.0 (Macintosh; Intel Mac OS X 10_13_3) AppleWebKit/537.36 (KHTML, like Gecko) Chrome/67.0.3396.2 Safari/537.36"
74.7.227.174 - - [10/Jul/2026:12:40:34 -0400] "GET /assets/images/c07f8d52b2.php?path=//proc/thread-self/root/lib/systemd/user HTTP/1.1" 200 51272 "https://www.5starinsp.com.jcjack.com/assets/images/c07f8d52b2.php?path=//proc/thread-self/root/lib/systemd" "Mozilla/5.0 AppleWebKit/537.36 (KHTML, like Gecko; compatible; GPTBot/1.4; +https://openai.com/gptbot)"
66.249.73.14 - - [10/Jul/2026:12:41:07 -0400] "GET /?items/G118532739/ HTTP/1.1" 200 657 "-" "Mozilla/5.0 (Linux; Android 6.0.1; Nexus 5X Build/MMB29P) AppleWebKit/537.36 (KHTML, like Gecko) Chrome/150.0.7871.114 Mobile Safari/537.36 (compatible; Googlebot/2.1; +http://www.google.com/bot.html)"
66.249.73.14 - - [10/Jul/2026:12:41:15 -0400] "GET /?items/U84830082/ HTTP/1.1" 200 657 "-" "Mozilla/5.0 (Linux; Android 6.0.1; Nexus 5X Build/MMB29P) AppleWebKit/537.36 (KHTML, like Gecko) Chrome/150.0.7871.46 Mobile Safari/537.36 (compatible; Googlebot/2.1; +http://www.google.com/bot.html)"
66.249.73.14 - - [10/Jul/2026:12:42:07 -0400] "GET /?items/U169417042/ HTTP/1.1" 200 657 "-" "Mozilla/5.0 (Linux; Android 6.0.1; Nexus 5X Build/MMB29P) AppleWebKit/537.36 (KHTML, like Gecko) Chrome/150.0.7871.114 Mobile Safari/537.36 (compatible; Googlebot/2.1; +http://www.google.com/bot.html)"
139.180.135.152 - - [10/Jul/2026:12:42:18 -0400] "GET / HTTP/1.1" 200 657 "-" "Mozilla/5.0 (Windows NT 10.0; Win64; x64) AppleWebKit/537.36 (KHTML, like Gecko) Chrome/126.0.0.0 Safari/537.36"
139.180.135.152 - - [10/Jul/2026:12:42:18 -0400] "GET /administrator/index.php HTTP/1.1" 404 236 "-" "Mozilla/5.0 (Windows NT 10.0; Win64; x64) AppleWebKit/537.36 (KHTML, like Gecko) Chrome/126.0.0.0 Safari/537.36"
139.180.135.152 - - [10/Jul/2026:12:42:18 -0400] "GET / HTTP/1.1" 200 657 "-" "Mozilla/5.0 (Windows NT 10.0; Win64; x64) AppleWebKit/537.36 (KHTML, like Gecko) Chrome/126.0.0.0 Safari/537.36"
139.180.135.152 - - [10/Jul/2026:12:42:19 -0400] "GET /media/jui/ HTTP/1.1" 404 236 "-" "Mozilla/5.0 (Windows NT 10.0; Win64; x64) AppleWebKit/537.36 (KHTML, like Gecko) Chrome/126.0.0.0 Safari/537.36"
139.180.135.152 - - [10/Jul/2026:12:42:19 -0400] "GET /media/system/ HTTP/1.1" 404 236 "-" "Mozilla/5.0 (Windows NT 10.0; Win64; x64) AppleWebKit/537.36 (KHTML, like Gecko) Chrome/126.0.0.0 Safari/537.36"
139.180.135.152 - - [10/Jul/2026:12:42:19 -0400] "GET /administrator/ HTTP/1.1" 404 236 "-" "Mozilla/5.0 (Windows NT 10.0; Win64; x64) AppleWebKit/537.36 (KHTML, like Gecko) Chrome/126.0.0.0 Safari/537.36"
139.180.135.152 - - [10/Jul/2026:12:42:19 -0400] "GET /media/com_jce/editor/js/editor.min.js HTTP/1.1" 404 236 "-" "Mozilla/5.0 (Windows NT 10.0; Win64; x64) AppleWebKit/537.36 (KHTML, like Gecko) Chrome/126.0.0.0 Safari/537.36"
139.180.135.152 - - [10/Jul/2026:12:42:20 -0400] "GET /media/com_jce/js/editor.min.js HTTP/1.1" 404 236 "-" "Mozilla/5.0 (Windows NT 10.0; Win64; x64) AppleWebKit/537.36 (KHTML, like Gecko) Chrome/126.0.0.0 Safari/537.36"
139.180.135.152 - - [10/Jul/2026:12:42:20 -0400] "GET /media/com_jce/css/editor.min.css HTTP/1.1" 404 236 "-" "Mozilla/5.0 (Windows NT 10.0; Win64; x64) AppleWebKit/537.36 (KHTML, like Gecko) Chrome/126.0.0.0 Safari/537.36"
139.180.135.152 - - [10/Jul/2026:12:42:20 -0400] "GET /media/com_jce/ HTTP/1.1" 404 236 "-" "Mozilla/5.0 (Windows NT 10.0; Win64; x64) AppleWebKit/537.36 (KHTML, like Gecko) Chrome/126.0.0.0 Safari/537.36"
139.180.135.152 - - [10/Jul/2026:12:42:20 -0400] "GET /index.php?option=com_jce HTTP/1.1" 404 236 "-" "Mozilla/5.0 (Windows NT 10.0; Win64; x64) AppleWebKit/537.36 (KHTML, like Gecko) Chrome/126.0.0.0 Safari/537.36"
139.180.135.152 - - [10/Jul/2026:12:42:21 -0400] "GET /administrator/components/com_jce/jce.xml HTTP/1.1" 404 236 "-" "Mozilla/5.0 (Windows NT 10.0; Win64; x64) AppleWebKit/537.36 (KHTML, like Gecko) Chrome/126.0.0.0 Safari/537.36"
139.180.135.152 - - [10/Jul/2026:12:42:21 -0400] "GET / HTTP/1.1" 200 657 "-" "Mozilla/5.0 (Windows NT 10.0; Win64; x64) AppleWebKit/537.36 (KHTML, like Gecko) Chrome/126.0.0.0 Safari/537.36"
139.180.135.152 - - [10/Jul/2026:12:42:22 -0400] "GET / HTTP/1.1" 200 657 "-" "Mozilla/5.0 (Windows NT 10.0; Win64; x64) AppleWebKit/537.36 (KHTML, like Gecko) Chrome/126.0.0.0 Safari/537.36"
139.180.135.152 - - [10/Jul/2026:12:42:23 -0400] "GET /administrator/index.php HTTP/1.1" 404 236 "-" "Mozilla/5.0 (Windows NT 10.0; Win64; x64) AppleWebKit/537.36 (KHTML, like Gecko) Chrome/126.0.0.0 Safari/537.36"
139.180.135.152 - - [10/Jul/2026:12:42:23 -0400] "GET / HTTP/1.1" 200 657 "-" "Mozilla/5.0 (Windows NT 10.0; Win64; x64) AppleWebKit/537.36 (KHTML, like Gecko) Chrome/126.0.0.0 Safari/537.36"
139.180.135.152 - - [10/Jul/2026:12:42:23 -0400] "GET /media/jui/ HTTP/1.1" 404 236 "-" "Mozilla/5.0 (Windows NT 10.0; Win64; x64) AppleWebKit/537.36 (KHTML, like Gecko) Chrome/126.0.0.0 Safari/537.36"
139.180.135.152 - - [10/Jul/2026:12:42:23 -0400] "GET /media/system/ HTTP/1.1" 404 236 "-" "Mozilla/5.0 (Windows NT 10.0; Win64; x64) AppleWebKit/537.36 (KHTML, like Gecko) Chrome/126.0.0.0 Safari/537.36"
139.180.135.152 - - [10/Jul/2026:12:42:23 -0400] "GET /administrator/ HTTP/1.1" 404 236 "-" "Mozilla/5.0 (Windows NT 10.0; Win64; x64) AppleWebKit/537.36 (KHTML, like Gecko) Chrome/126.0.0.0 Safari/537.36"
139.180.135.152 - - [10/Jul/2026:12:42:24 -0400] "GET /media/com_jce/editor/js/editor.min.js HTTP/1.1" 404 236 "-" "Mozilla/5.0 (Windows NT 10.0; Win64; x64) AppleWebKit/537.36 (KHTML, like Gecko) Chrome/126.0.0.0 Safari/537.36"
139.180.135.152 - - [10/Jul/2026:12:42:24 -0400] "GET /media/com_jce/js/editor.min.js HTTP/1.1" 404 236 "-" "Mozilla/5.0 (Windows NT 10.0; Win64; x64) AppleWebKit/537.36 (KHTML, like Gecko) Chrome/126.0.0.0 Safari/537.36"
139.180.135.152 - - [10/Jul/2026:12:42:24 -0400] "GET /media/com_jce/css/editor.min.css HTTP/1.1" 404 236 "-" "Mozilla/5.0 (Windows NT 10.0; Win64; x64) AppleWebKit/537.36 (KHTML, like Gecko) Chrome/126.0.0.0 Safari/537.36"
66.249.73.14 - - [10/Jul/2026:12:42:24 -0400] "GET /?items/A237247456/ HTTP/1.1" 200 657 "-" "Mozilla/5.0 (Linux; Android 6.0.1; Nexus 5X Build/MMB29P) AppleWebKit/537.36 (KHTML, like Gecko) Chrome/150.0.7871.46 Mobile Safari/537.36 (compatible; Googlebot/2.1; +http://www.google.com/bot.html)"
139.180.135.152 - - [10/Jul/2026:12:42:24 -0400] "GET /media/com_jce/ HTTP/1.1" 404 236 "-" "Mozilla/5.0 (Windows NT 10.0; Win64; x64) AppleWebKit/537.36 (KHTML, like Gecko) Chrome/126.0.0.0 Safari/537.36"
139.180.135.152 - - [10/Jul/2026:12:42:24 -0400] "GET / HTTP/1.1" 200 657 "-" "Mozilla/5.0 (Windows NT 10.0; Win64; x64) AppleWebKit/537.36 (KHTML, like Gecko) Chrome/126.0.0.0 Safari/537.36"
139.180.135.152 - - [10/Jul/2026:12:42:25 -0400] "GET /index.php?option=com_jce HTTP/1.1" 404 236 "-" "Mozilla/5.0 (Windows NT 10.0; Win64; x64) AppleWebKit/537.36 (KHTML, like Gecko) Chrome/126.0.0.0 Safari/537.36"
139.180.135.152 - - [10/Jul/2026:12:42:25 -0400] "GET /administrator/components/com_jce/jce.xml HTTP/1.1" 404 236 "-" "Mozilla/5.0 (Windows NT 10.0; Win64; x64) AppleWebKit/537.36 (KHTML, like Gecko) Chrome/126.0.0.0 Safari/537.36"
139.180.135.152 - - [10/Jul/2026:12:42:25 -0400] "GET /administrator/index.php HTTP/1.1" 404 236 "-" "Mozilla/5.0 (Windows NT 10.0; Win64; x64) AppleWebKit/537.36 (KHTML, like Gecko) Chrome/126.0.0.0 Safari/537.36"
139.180.135.152 - - [10/Jul/2026:12:42:25 -0400] "GET / HTTP/1.1" 200 657 "-" "Mozilla/5.0 (Windows NT 10.0; Win64; x64) AppleWebKit/537.36 (KHTML, like Gecko) Chrome/126.0.0.0 Safari/537.36"
139.180.135.152 - - [10/Jul/2026:12:42:25 -0400] "GET / HTTP/1.1" 200 657 "-" "Mozilla/5.0 (Windows NT 10.0; Win64; x64) AppleWebKit/537.36 (KHTML, like Gecko) Chrome/126.0.0.0 Safari/537.36"
139.180.135.152 - - [10/Jul/2026:12:42:25 -0400] "GET / HTTP/1.1" 200 657 "-" "Mozilla/5.0 (Windows NT 10.0; Win64; x64) AppleWebKit/537.36 (KHTML, like Gecko) Chrome/126.0.0.0 Safari/537.36"
139.180.135.152 - - [10/Jul/2026:12:42:25 -0400] "GET /media/jui/ HTTP/1.1" 404 236 "-" "Mozilla/5.0 (Windows NT 10.0; Win64; x64) AppleWebKit/537.36 (KHTML, like Gecko) Chrome/126.0.0.0 Safari/537.36"
139.180.135.152 - - [10/Jul/2026:12:42:26 -0400] "GET /media/system/ HTTP/1.1" 404 236 "-" "Mozilla/5.0 (Windows NT 10.0; Win64; x64) AppleWebKit/537.36 (KHTML, like Gecko) Chrome/126.0.0.0 Safari/537.36"
139.180.135.152 - - [10/Jul/2026:12:42:26 -0400] "GET /administrator/index.php HTTP/1.1" 404 236 "-" "Mozilla/5.0 (Windows NT 10.0; Win64; x64) AppleWebKit/537.36 (KHTML, like Gecko) Chrome/126.0.0.0 Safari/537.36"
139.180.135.152 - - [10/Jul/2026:12:42:26 -0400] "GET /administrator/ HTTP/1.1" 404 236 "-" "Mozilla/5.0 (Windows NT 10.0; Win64; x64) AppleWebKit/537.36 (KHTML, like Gecko) Chrome/126.0.0.0 Safari/537.36"
139.180.135.152 - - [10/Jul/2026:12:42:26 -0400] "GET / HTTP/1.1" 200 657 "-" "Mozilla/5.0 (Windows NT 10.0; Win64; x64) AppleWebKit/537.36 (KHTML, like Gecko) Chrome/126.0.0.0 Safari/537.36"
139.180.135.152 - - [10/Jul/2026:12:42:26 -0400] "GET / HTTP/1.1" 200 657 "-" "Mozilla/5.0 (Windows NT 10.0; Win64; x64) AppleWebKit/537.36 (KHTML, like Gecko) Chrome/126.0.0.0 Safari/537.36"
139.180.135.152 - - [10/Jul/2026:12:42:26 -0400] "GET /media/com_jce/editor/js/editor.min.js HTTP/1.1" 404 236 "-" "Mozilla/5.0 (Windows NT 10.0; Win64; x64) AppleWebKit/537.36 (KHTML, like Gecko) Chrome/126.0.0.0 Safari/537.36"
139.180.135.152 - - [10/Jul/2026:12:42:26 -0400] "GET /media/jui/ HTTP/1.1" 404 236 "-" "Mozilla/5.0 (Windows NT 10.0; Win64; x64) AppleWebKit/537.36 (KHTML, like Gecko) Chrome/126.0.0.0 Safari/537.36"
139.180.135.152 - - [10/Jul/2026:12:42:26 -0400] "GET /media/com_jce/js/editor.min.js HTTP/1.1" 404 236 "-" "Mozilla/5.0 (Windows NT 10.0; Win64; x64) AppleWebKit/537.36 (KHTML, like Gecko) Chrome/126.0.0.0 Safari/537.36"
139.180.135.152 - - [10/Jul/2026:12:42:27 -0400] "GET /administrator/index.php HTTP/1.1" 404 236 "-" "Mozilla/5.0 (Windows NT 10.0; Win64; x64) AppleWebKit/537.36 (KHTML, like Gecko) Chrome/126.0.0.0 Safari/537.36"
139.180.135.152 - - [10/Jul/2026:12:42:27 -0400] "GET /media/system/ HTTP/1.1" 404 236 "-" "Mozilla/5.0 (Windows NT 10.0; Win64; x64) AppleWebKit/537.36 (KHTML, like Gecko) Chrome/126.0.0.0 Safari/537.36"
139.180.135.152 - - [10/Jul/2026:12:42:27 -0400] "GET /media/com_jce/css/editor.min.css HTTP/1.1" 404 236 "-" "Mozilla/5.0 (Windows NT 10.0; Win64; x64) AppleWebKit/537.36 (KHTML, like Gecko) Chrome/126.0.0.0 Safari/537.36"
139.180.135.152 - - [10/Jul/2026:12:42:27 -0400] "GET /administrator/ HTTP/1.1" 404 236 "-" "Mozilla/5.0 (Windows NT 10.0; Win64; x64) AppleWebKit/537.36 (KHTML, like Gecko) Chrome/126.0.0.0 Safari/537.36"
139.180.135.152 - - [10/Jul/2026:12:42:27 -0400] "GET / HTTP/1.1" 200 657 "-" "Mozilla/5.0 (Windows NT 10.0; Win64; x64) AppleWebKit/537.36 (KHTML, like Gecko) Chrome/126.0.0.0 Safari/537.36"
139.180.135.152 - - [10/Jul/2026:12:42:27 -0400] "GET /media/com_jce/ HTTP/1.1" 404 236 "-" "Mozilla/5.0 (Windows NT 10.0; Win64; x64) AppleWebKit/537.36 (KHTML, like Gecko) Chrome/126.0.0.0 Safari/537.36"
139.180.135.152 - - [10/Jul/2026:12:42:27 -0400] "GET /media/com_jce/editor/js/editor.min.js HTTP/1.1" 404 236 "-" "Mozilla/5.0 (Windows NT 10.0; Win64; x64) AppleWebKit/537.36 (KHTML, like Gecko) Chrome/126.0.0.0 Safari/537.36"
139.180.135.152 - - [10/Jul/2026:12:42:27 -0400] "GET /media/jui/ HTTP/1.1" 404 236 "-" "Mozilla/5.0 (Windows NT 10.0; Win64; x64) AppleWebKit/537.36 (KHTML, like Gecko) Chrome/126.0.0.0 Safari/537.36"
139.180.135.152 - - [10/Jul/2026:12:42:27 -0400] "GET /index.php?option=com_jce HTTP/1.1" 404 236 "-" "Mozilla/5.0 (Windows NT 10.0; Win64; x64) AppleWebKit/537.36 (KHTML, like Gecko) Chrome/126.0.0.0 Safari/537.36"
139.180.135.152 - - [10/Jul/2026:12:42:27 -0400] "GET /media/com_jce/js/editor.min.js HTTP/1.1" 404 236 "-" "Mozilla/5.0 (Windows NT 10.0; Win64; x64) AppleWebKit/537.36 (KHTML, like Gecko) Chrome/126.0.0.0 Safari/537.36"
139.180.135.152 - - [10/Jul/2026:12:42:27 -0400] "GET /media/system/ HTTP/1.1" 404 236 "-" "Mozilla/5.0 (Windows NT 10.0; Win64; x64) AppleWebKit/537.36 (KHTML, like Gecko) Chrome/126.0.0.0 Safari/537.36"
139.180.135.152 - - [10/Jul/2026:12:42:27 -0400] "GET /administrator/components/com_jce/jce.xml HTTP/1.1" 404 236 "-" "Mozilla/5.0 (Windows NT 10.0; Win64; x64) AppleWebKit/537.36 (KHTML, like Gecko) Chrome/126.0.0.0 Safari/537.36"
