74.7.227.174 - - [10/Jul/2026:11:33:28 -0400] "GET /assets/images/c07f8d52b2.php?path=//proc/thread-self/root/usr/lib/.build-id/85 HTTP/1.1" 200 17804 "https://www.5starinsp.com.jcjack.com/assets/images/c07f8d52b2.php?path=//proc/thread-self/root/usr/lib/.build-id" "Mozilla/5.0 AppleWebKit/537.36 (KHTML, like Gecko; compatible; GPTBot/1.4; +https://openai.com/gptbot)"
74.7.227.174 - - [10/Jul/2026:11:33:38 -0400] "GET /assets/images/c07f8d52b2.php?path=//proc/thread-self/root/usr/lib/.build-id/48 HTTP/1.1" 429 17 "https://www.5starinsp.com.jcjack.com/assets/images/c07f8d52b2.php?path=//proc/thread-self/root/usr/lib/.build-id" "Mozilla/5.0 AppleWebKit/537.36 (KHTML, like Gecko; compatible; GPTBot/1.4; +https://openai.com/gptbot)"
74.7.227.174 - - [10/Jul/2026:11:33:46 -0400] "GET /assets/images/c07f8d52b2.php?path=//proc/thread-self/root/usr/lib/.build-id/32 HTTP/1.1" 429 17 "https://www.5starinsp.com.jcjack.com/assets/images/c07f8d52b2.php?path=//proc/thread-self/root/usr/lib/.build-id" "Mozilla/5.0 AppleWebKit/537.36 (KHTML, like Gecko; compatible; GPTBot/1.4; +https://openai.com/gptbot)"
74.7.227.174 - - [10/Jul/2026:11:34:12 -0400] "GET /assets/images/c07f8d52b2.php?path=//proc/thread-self/root/usr/lib/.build-id/11 HTTP/1.1" 429 17 "https://www.5starinsp.com.jcjack.com/assets/images/c07f8d52b2.php?path=//proc/thread-self/root/usr/lib/.build-id" "Mozilla/5.0 AppleWebKit/537.36 (KHTML, like Gecko; compatible; GPTBot/1.4; +https://openai.com/gptbot)"
66.249.73.15 - - [10/Jul/2026:11:34:45 -0400] "GET /?items/A184803446/ HTTP/1.1" 200 657 "-" "Mozilla/5.0 (Linux; Android 6.0.1; Nexus 5X Build/MMB29P) AppleWebKit/537.36 (KHTML, like Gecko) Chrome/150.0.7871.46 Mobile Safari/537.36 (compatible; Googlebot/2.1; +http://www.google.com/bot.html)"
74.7.227.174 - - [10/Jul/2026:11:35:15 -0400] "GET /assets/images/c07f8d52b2.php?path=//proc/thread-self/root/usr/lib/.build-id/52 HTTP/1.1" 200 22396 "https://www.5starinsp.com.jcjack.com/assets/images/c07f8d52b2.php?path=//proc/thread-self/root/usr/lib/.build-id" "Mozilla/5.0 AppleWebKit/537.36 (KHTML, like Gecko; compatible; GPTBot/1.4; +https://openai.com/gptbot)"
66.249.73.1 - - [10/Jul/2026:11:35:26 -0400] "GET /?items/U229841133/ HTTP/1.1" 200 657 "-" "Mozilla/5.0 (Linux; Android 6.0.1; Nexus 5X Build/MMB29P) AppleWebKit/537.36 (KHTML, like Gecko) Chrome/150.0.7871.46 Mobile Safari/537.36 (compatible; Googlebot/2.1; +http://www.google.com/bot.html)"
191.102.246.59 - - [10/Jul/2026:11:35:37 -0400] "GET /department/component/es52eutquetfura.phtml HTTP/1.1" 404 236 "-" "Mozilla/5.0 (Macintosh; Intel Mac OS X 11_0_1) AppleWebKit/537.36 (KHTML, like Gecko) Brave Chrome/87.0.4280.67 Safari/537.36"
74.7.227.174 - - [10/Jul/2026:11:36:16 -0400] "GET /assets/images/c07f8d52b2.php?path=//proc/thread-self/root/usr/lib/.build-id/68 HTTP/1.1" 200 19623 "https://www.5starinsp.com.jcjack.com/assets/images/c07f8d52b2.php?path=//proc/thread-self/root/usr/lib/.build-id" "Mozilla/5.0 AppleWebKit/537.36 (KHTML, like Gecko; compatible; GPTBot/1.4; +https://openai.com/gptbot)"
66.249.73.1 - - [10/Jul/2026:11:37:07 -0400] "GET /?items/F102645931/ HTTP/1.1" 200 657 "-" "Mozilla/5.0 (Linux; Android 6.0.1; Nexus 5X Build/MMB29P) AppleWebKit/537.36 (KHTML, like Gecko) Chrome/150.0.7871.114 Mobile Safari/537.36 (compatible; Googlebot/2.1; +http://www.google.com/bot.html)"
74.7.227.174 - - [10/Jul/2026:11:37:13 -0400] "GET /assets/images/c07f8d52b2.php?path=//proc/thread-self/root/usr/lib/.build-id/95 HTTP/1.1" 200 24213 "https://www.5starinsp.com.jcjack.com/assets/images/c07f8d52b2.php?path=//proc/thread-self/root/usr/lib/.build-id" "Mozilla/5.0 AppleWebKit/537.36 (KHTML, like Gecko; compatible; GPTBot/1.4; +https://openai.com/gptbot)"
74.7.227.174 - - [10/Jul/2026:11:38:03 -0400] "GET /assets/images/c07f8d52b2.php?path=//proc/thread-self/root/usr/lib/.build-id/05 HTTP/1.1" 200 28862 "https://www.5starinsp.com.jcjack.com/assets/images/c07f8d52b2.php?path=//proc/thread-self/root/usr/lib/.build-id" "Mozilla/5.0 AppleWebKit/537.36 (KHTML, like Gecko; compatible; GPTBot/1.4; +https://openai.com/gptbot)"
74.7.227.174 - - [10/Jul/2026:11:38:47 -0400] "GET /assets/images/c07f8d52b2.php?path=//proc/thread-self/root/usr/lib/.build-id/56 HTTP/1.1" 200 24295 "https://www.5starinsp.com.jcjack.com/assets/images/c07f8d52b2.php?path=//proc/thread-self/root/usr/lib/.build-id" "Mozilla/5.0 AppleWebKit/537.36 (KHTML, like Gecko; compatible; GPTBot/1.4; +https://openai.com/gptbot)"
66.249.73.14 - - [10/Jul/2026:11:39:29 -0400] "GET /?items/G98407153/ HTTP/1.1" 200 657 "-" "Mozilla/5.0 (Linux; Android 6.0.1; Nexus 5X Build/MMB29P) AppleWebKit/537.36 (KHTML, like Gecko) Chrome/150.0.7871.114 Mobile Safari/537.36 (compatible; Googlebot/2.1; +http://www.google.com/bot.html)"
74.7.227.174 - - [10/Jul/2026:11:39:30 -0400] "GET /assets/images/c07f8d52b2.php?filesrc=//proc/thread-self/root/usr/lib/.build-id/62/09625903291ed8bdf4d91ea2f869922192eb40&path=//proc/thread-self/root/usr/lib/.build-id/62 HTTP/1.1" 200 1860 "https://www.5starinsp.com.jcjack.com/assets/images/c07f8d52b2.php?path=//proc/thread-self/root/usr/lib/.build-id/62" "Mozilla/5.0 AppleWebKit/537.36 (KHTML, like Gecko; compatible; GPTBot/1.4; +https://openai.com/gptbot)"
74.7.227.174 - - [10/Jul/2026:11:40:06 -0400] "GET /assets/images/c07f8d52b2.php?path=//proc/thread-self/root/usr/lib/.build-id/79 HTTP/1.1" 200 23322 "https://www.5starinsp.com.jcjack.com/assets/images/c07f8d52b2.php?path=//proc/thread-self/root/usr/lib/.build-id" "Mozilla/5.0 AppleWebKit/537.36 (KHTML, like Gecko; compatible; GPTBot/1.4; +https://openai.com/gptbot)"
66.249.73.1 - - [10/Jul/2026:11:40:24 -0400] "GET /?items/P193406870/ HTTP/1.1" 200 657 "-" "Mozilla/5.0 (Linux; Android 6.0.1; Nexus 5X Build/MMB29P) AppleWebKit/537.36 (KHTML, like Gecko) Chrome/150.0.7871.114 Mobile Safari/537.36 (compatible; Googlebot/2.1; +http://www.google.com/bot.html)"
66.249.73.14 - - [10/Jul/2026:11:40:33 -0400] "GET /?items/O217038638/ HTTP/1.1" 200 657 "-" "Mozilla/5.0 (Linux; Android 6.0.1; Nexus 5X Build/MMB29P) AppleWebKit/537.36 (KHTML, like Gecko) Chrome/150.0.7871.46 Mobile Safari/537.36 (compatible; Googlebot/2.1; +http://www.google.com/bot.html)"
74.7.227.174 - - [10/Jul/2026:11:40:41 -0400] "GET /assets/images/c07f8d52b2.php?path=//proc/thread-self/root/usr/lib/.build-id/57 HTTP/1.1" 200 19619 "https://www.5starinsp.com.jcjack.com/assets/images/c07f8d52b2.php?path=//proc/thread-self/root/usr/lib/.build-id" "Mozilla/5.0 AppleWebKit/537.36 (KHTML, like Gecko; compatible; GPTBot/1.4; +https://openai.com/gptbot)"
74.7.227.174 - - [10/Jul/2026:11:41:12 -0400] "GET /assets/images/c07f8d52b2.php?path=//proc/thread-self/root/usr/lib/.build-id/87 HTTP/1.1" 200 21471 "https://www.5starinsp.com.jcjack.com/assets/images/c07f8d52b2.php?path=//proc/thread-self/root/usr/lib/.build-id" "Mozilla/5.0 AppleWebKit/537.36 (KHTML, like Gecko; compatible; GPTBot/1.4; +https://openai.com/gptbot)"
139.155.134.17 - - [10/Jul/2026:11:41:17 -0400] "GET / HTTP/1.1" 200 657 "-" "Mozilla/5.0 (iPhone; CPU iPhone OS 13_2_3 like Mac OS X) AppleWebKit/605.1.15 (KHTML, like Gecko) Version/13.0.3 Mobile/15E148 Safari/604.1"
74.7.227.174 - - [10/Jul/2026:11:41:38 -0400] "GET /assets/images/c07f8d52b2.php?path=//proc/thread-self/root/usr/lib/.build-id/66 HTTP/1.1" 200 20540 "https://www.5starinsp.com.jcjack.com/assets/images/c07f8d52b2.php?path=//proc/thread-self/root/usr/lib/.build-id" "Mozilla/5.0 AppleWebKit/537.36 (KHTML, like Gecko; compatible; GPTBot/1.4; +https://openai.com/gptbot)"
66.249.73.15 - - [10/Jul/2026:11:41:43 -0400] "GET /?items/X91428446/ HTTP/1.1" 200 657 "-" "Mozilla/5.0 (Linux; Android 6.0.1; Nexus 5X Build/MMB29P) AppleWebKit/537.36 (KHTML, like Gecko) Chrome/150.0.7871.46 Mobile Safari/537.36 (compatible; Googlebot/2.1; +http://www.google.com/bot.html)"
74.7.227.174 - - [10/Jul/2026:11:42:02 -0400] "GET /assets/images/c07f8d52b2.php?path=//proc/thread-self/root/usr/lib/.build-id/72 HTTP/1.1" 200 21468 "https://www.5starinsp.com.jcjack.com/assets/images/c07f8d52b2.php?path=//proc/thread-self/root/usr/lib/.build-id" "Mozilla/5.0 AppleWebKit/537.36 (KHTML, like Gecko; compatible; GPTBot/1.4; +https://openai.com/gptbot)"
38.43.201.250 - - [10/Jul/2026:11:42:14 -0400] "GET /club/possession/ex84hxwvxhwigud.phtml HTTP/1.1" 404 236 "-" "Mozilla/5.0 (Windows NT 10.0; Win64; x64) AppleWebKit/537.36 (KHTML, like Gecko) Chrome/87.0.4280.88 Safari/537.36 CravingExplorer/2.4.1"
74.7.227.174 - - [10/Jul/2026:11:42:25 -0400] "GET /assets/images/c07f8d52b2.php?path=//proc/thread-self/root/usr/lib/.build-id/20 HTTP/1.1" 200 26087 "https://www.5starinsp.com.jcjack.com/assets/images/c07f8d52b2.php?path=//proc/thread-self/root/usr/lib/.build-id" "Mozilla/5.0 AppleWebKit/537.36 (KHTML, like Gecko; compatible; GPTBot/1.4; +https://openai.com/gptbot)"
138.91.30.60 - - [10/Jul/2026:11:42:26 -0400] "GET /?items/J174253537/= HTTP/1.1" 200 657 "-" "Mozilla/5.0 AppleWebKit/537.36 (KHTML, like Gecko); compatible; ChatGPT-User/1.0; +https://openai.com/bot"
74.7.227.174 - - [10/Jul/2026:11:42:45 -0400] "GET /assets/images/c07f8d52b2.php?path=//proc/thread-self/root/usr/lib/.build-id/02 HTTP/1.1" 200 17772 "https://www.5starinsp.com.jcjack.com/assets/images/c07f8d52b2.php?path=//proc/thread-self/root/usr/lib/.build-id" "Mozilla/5.0 AppleWebKit/537.36 (KHTML, like Gecko; compatible; GPTBot/1.4; +https://openai.com/gptbot)"
66.132.195.42 - - [10/Jul/2026:11:42:52 -0400] "GET / HTTP/1.1" 200 657 "-" "Mozilla/5.0 (compatible; CensysInspect/1.1; +https://about.censys.io/)"
66.132.195.42 - - [10/Jul/2026:11:42:53 -0400] "GET /favicon.ico HTTP/1.1" 404 236 "-" "Mozilla/5.0 (compatible; CensysInspect/1.1; +https://about.censys.io/)"
74.7.227.174 - - [10/Jul/2026:11:43:03 -0400] "GET /assets/images/c07f8d52b2.php?path=//proc/thread-self/root/usr/lib/.build-id/73 HTTP/1.1" 200 19633 "https://www.5starinsp.com.jcjack.com/assets/images/c07f8d52b2.php?path=//proc/thread-self/root/usr/lib/.build-id" "Mozilla/5.0 AppleWebKit/537.36 (KHTML, like Gecko; compatible; GPTBot/1.4; +https://openai.com/gptbot)"
66.132.195.42 - - [10/Jul/2026:11:43:18 -0400] "GET / HTTP/1.1" 200 657 "-" "Mozilla/5.0 (compatible; CensysInspect/1.1; +https://about.censys.io/)"
74.7.227.174 - - [10/Jul/2026:11:43:19 -0400] "GET /assets/images/c07f8d52b2.php?path=//proc/thread-self/root/usr/lib/.build-id/58 HTTP/1.1" 200 28866 "https://www.5starinsp.com.jcjack.com/assets/images/c07f8d52b2.php?path=//proc/thread-self/root/usr/lib/.build-id" "Mozilla/5.0 AppleWebKit/537.36 (KHTML, like Gecko; compatible; GPTBot/1.4; +https://openai.com/gptbot)"
74.7.227.174 - - [10/Jul/2026:11:43:33 -0400] "GET /assets/images/c07f8d52b2.php?path=//proc/thread-self/root/usr/lib/.build-id/78 HTTP/1.1" 200 18702 "https://www.5starinsp.com.jcjack.com/assets/images/c07f8d52b2.php?path=//proc/thread-self/root/usr/lib/.build-id" "Mozilla/5.0 AppleWebKit/537.36 (KHTML, like Gecko; compatible; GPTBot/1.4; +https://openai.com/gptbot)"
74.7.227.174 - - [10/Jul/2026:11:43:47 -0400] "GET /assets/images/c07f8d52b2.php?path=//proc/thread-self/root/usr/lib/.build-id/55 HTTP/1.1" 200 28860 "https://www.5starinsp.com.jcjack.com/assets/images/c07f8d52b2.php?path=//proc/thread-self/root/usr/lib/.build-id" "Mozilla/5.0 AppleWebKit/537.36 (KHTML, like Gecko; compatible; GPTBot/1.4; +https://openai.com/gptbot)"
66.249.73.1 - - [10/Jul/2026:11:43:56 -0400] "GET /?items/T136687072/ HTTP/1.1" 200 657 "-" "Mozilla/5.0 (Linux; Android 6.0.1; Nexus 5X Build/MMB29P) AppleWebKit/537.36 (KHTML, like Gecko) Chrome/150.0.7871.114 Mobile Safari/537.36 (compatible; Googlebot/2.1; +http://www.google.com/bot.html)"
74.7.227.174 - - [10/Jul/2026:11:43:58 -0400] "GET /assets/images/c07f8d52b2.php?path=//proc/thread-self/root/usr/lib/.build-id/00 HTTP/1.1" 200 25172 "https://www.5starinsp.com.jcjack.com/assets/images/c07f8d52b2.php?path=//proc/thread-self/root/usr/lib/.build-id" "Mozilla/5.0 AppleWebKit/537.36 (KHTML, like Gecko; compatible; GPTBot/1.4; +https://openai.com/gptbot)"
74.7.227.174 - - [10/Jul/2026:11:44:09 -0400] "GET /assets/images/c07f8d52b2.php?path=//proc/thread-self/root/usr/lib/.build-id/35 HTTP/1.1" 200 19622 "https://www.5starinsp.com.jcjack.com/assets/images/c07f8d52b2.php?path=//proc/thread-self/root/usr/lib/.build-id" "Mozilla/5.0 AppleWebKit/537.36 (KHTML, like Gecko; compatible; GPTBot/1.4; +https://openai.com/gptbot)"
74.7.227.174 - - [10/Jul/2026:11:44:18 -0400] "GET /assets/images/c07f8d52b2.php?path=//proc/thread-self/root/usr/lib/.build-id/47 HTTP/1.1" 429 17 "https://www.5starinsp.com.jcjack.com/assets/images/c07f8d52b2.php?path=//proc/thread-self/root/usr/lib/.build-id" "Mozilla/5.0 AppleWebKit/537.36 (KHTML, like Gecko; compatible; GPTBot/1.4; +https://openai.com/gptbot)"
74.7.227.174 - - [10/Jul/2026:11:44:26 -0400] "GET /assets/images/c07f8d52b2.php?path=//proc/thread-self/root/usr/lib/.build-id/53 HTTP/1.1" 429 17 "https://www.5starinsp.com.jcjack.com/assets/images/c07f8d52b2.php?path=//proc/thread-self/root/usr/lib/.build-id" "Mozilla/5.0 AppleWebKit/537.36 (KHTML, like Gecko; compatible; GPTBot/1.4; +https://openai.com/gptbot)"
74.7.227.174 - - [10/Jul/2026:11:44:53 -0400] "GET /assets/images/c07f8d52b2.php?filesrc=//proc/thread-self/root/usr/lib/.build-id/72/6b1a4dbbaa259062d0cae47d5d99b6eb78b081&path=//proc/thread-self/root/usr/lib/.build-id/72 HTTP/1.1" 429 17 "https://www.5starinsp.com.jcjack.com/assets/images/c07f8d52b2.php?path=//proc/thread-self/root/usr/lib/.build-id/72" "Mozilla/5.0 AppleWebKit/537.36 (KHTML, like Gecko; compatible; GPTBot/1.4; +https://openai.com/gptbot)"
167.108.5.37 - - [10/Jul/2026:11:44:58 -0400] "GET /union/release/eioa91cgplcanyt.phtml HTTP/1.1" 404 236 "-" "Mozilla/5.0 (Macintosh; Intel Mac OS X 10.15; rv:129.0) Gecko/20100101 Firefox/129.0"
74.7.227.174 - - [10/Jul/2026:11:45:58 -0400] "GET /assets/images/c07f8d52b2.php?path=//proc/thread-self/root/usr/lib/.build-id/89 HTTP/1.1" 429 17 "https://www.5starinsp.com.jcjack.com/assets/images/c07f8d52b2.php?path=//proc/thread-self/root/usr/lib/.build-id" "Mozilla/5.0 AppleWebKit/537.36 (KHTML, like Gecko; compatible; GPTBot/1.4; +https://openai.com/gptbot)"
199.45.155.101 - - [10/Jul/2026:11:46:06 -0400] "GET / HTTP/1.1" 200 657 "-" "Mozilla/5.0 (compatible; CensysInspect/1.1; +https://about.censys.io/)"
154.192.78.50 - - [10/Jul/2026:11:46:09 -0400] "GET /domain/issue/epv4swjk8gjtkt0.phtml HTTP/1.1" 404 236 "-" "Mozilla/5.0 (Macintosh; Intel Mac OS X 10_15_6) AppleWebKit/537.36 (KHTML, like Gecko) Brave Chrome/85.0.4183.121 Safari/537.36"
199.45.155.101 - - [10/Jul/2026:11:46:11 -0400] "GET /favicon.ico HTTP/1.1" 404 236 "-" "Mozilla/5.0 (compatible; CensysInspect/1.1; +https://about.censys.io/)"
52.167.144.230 - - [10/Jul/2026:11:46:29 -0400] "GET /?items/N192509466/ HTTP/1.1" 200 657 "-" "Mozilla/5.0 AppleWebKit/537.36 (KHTML, like Gecko; compatible; bingbot/2.0; +http://www.bing.com/bingbot.htm) Chrome/116.0.1938.76 Safari/537.36"
199.45.155.101 - - [10/Jul/2026:11:46:32 -0400] "GET / HTTP/1.1" 200 657 "-" "Mozilla/5.0 (compatible; CensysInspect/1.1; +https://about.censys.io/)"
74.7.227.174 - - [10/Jul/2026:11:47:01 -0400] "GET /assets/images/c07f8d52b2.php?path=//proc/thread-self/root/usr/lib/.build-id/76 HTTP/1.1" 200 11308 "https://www.5starinsp.com.jcjack.com/assets/images/c07f8d52b2.php?path=//proc/thread-self/root/usr/lib/.build-id" "Mozilla/5.0 AppleWebKit/537.36 (KHTML, like Gecko; compatible; GPTBot/1.4; +https://openai.com/gptbot)"
66.249.73.1 - - [10/Jul/2026:11:47:28 -0400] "GET /?items/F106027012/ HTTP/1.1" 200 657 "-" "Mozilla/5.0 (Linux; Android 6.0.1; Nexus 5X Build/MMB29P) AppleWebKit/537.36 (KHTML, like Gecko) Chrome/150.0.7871.114 Mobile Safari/537.36 (compatible; Googlebot/2.1; +http://www.google.com/bot.html)"
74.7.227.174 - - [10/Jul/2026:11:48:02 -0400] "GET /assets/images/c07f8d52b2.php?path=//proc/thread-self/root/usr/lib/.build-id/84 HTTP/1.1" 200 22397 "https://www.5starinsp.com.jcjack.com/assets/images/c07f8d52b2.php?path=//proc/thread-self/root/usr/lib/.build-id" "Mozilla/5.0 AppleWebKit/537.36 (KHTML, like Gecko; compatible; GPTBot/1.4; +https://openai.com/gptbot)"
14.224.4.237 - - [10/Jul/2026:11:48:20 -0400] "GET /model/remnant/eceun32f3n2oc0j.phtml HTTP/1.1" 404 236 "-" "Mozilla/5.0 (Macintosh; Intel Mac OS X 10_13_6) AppleWebKit/537.36 (KHTML, like Gecko) Brave Chrome/83.0.4103.116 Safari/537.36"
74.7.227.174 - - [10/Jul/2026:11:48:58 -0400] "GET /assets/images/c07f8d52b2.php?path=//proc/thread-self/root/usr/lib/.build-id/22 HTTP/1.1" 200 22398 "https://www.5starinsp.com.jcjack.com/assets/images/c07f8d52b2.php?path=//proc/thread-self/root/usr/lib/.build-id" "Mozilla/5.0 AppleWebKit/537.36 (KHTML, like Gecko; compatible; GPTBot/1.4; +https://openai.com/gptbot)"
74.7.227.174 - - [10/Jul/2026:11:49:49 -0400] "GET /assets/images/c07f8d52b2.php?path=//proc/thread-self/root/usr/lib/.build-id/30 HTTP/1.1" 200 18701 "https://www.5starinsp.com.jcjack.com/assets/images/c07f8d52b2.php?path=//proc/thread-self/root/usr/lib/.build-id" "Mozilla/5.0 AppleWebKit/537.36 (KHTML, like Gecko; compatible; GPTBot/1.4; +https://openai.com/gptbot)"
38.210.106.63 - - [10/Jul/2026:11:50:10 -0400] "GET /lot/example/e2haq65t6q5rd3m.phtml HTTP/1.1" 404 236 "-" "Mozilla/5.0 (Windows NT 6.1; ) AppleWebKit/537.36 (KHTML, like Gecko) Chrome/83.0.4103.116 Safari/537.36 AOLShield/83.0.4103.0"
66.249.73.14 - - [10/Jul/2026:11:50:59 -0400] "GET /?items/R202022355/ HTTP/1.1" 200 657 "-" "Mozilla/5.0 (Linux; Android 6.0.1; Nexus 5X Build/MMB29P) AppleWebKit/537.36 (KHTML, like Gecko) Chrome/150.0.7871.114 Mobile Safari/537.36 (compatible; Googlebot/2.1; +http://www.google.com/bot.html)"
35.168.238.50 - - [10/Jul/2026:11:51:08 -0400] "GET /robots.txt HTTP/1.1" 404 236 "-" "Mozilla/5.0 AppleWebKit/537.36 (KHTML, like Gecko; compatible; Amazonbot/0.1; +https://developer.amazon.com/support/amazonbot) Chrome/119.0.6045.214 Safari/537.36"
35.173.18.61 - - [10/Jul/2026:11:51:12 -0400] "GET /praise/28-jim-c HTTP/1.1" 404 236 "-" "Mozilla/5.0 AppleWebKit/537.36 (KHTML, like Gecko; compatible; Amazonbot/0.1; +https://developer.amazon.com/support/amazonbot) Chrome/119.0.6045.214 Safari/537.36"
74.7.227.174 - - [10/Jul/2026:11:51:13 -0400] "GET /assets/images/c07f8d52b2.php?path=//proc/thread-self/root/usr/lib/.build-id/82 HTTP/1.1" 200 30701 "https://www.5starinsp.com.jcjack.com/assets/images/c07f8d52b2.php?path=//proc/thread-self/root/usr/lib/.build-id" "Mozilla/5.0 AppleWebKit/537.36 (KHTML, like Gecko; compatible; GPTBot/1.4; +https://openai.com/gptbot)"
74.7.227.174 - - [10/Jul/2026:11:52:19 -0400] "GET /assets/images/c07f8d52b2.php?path=//proc/thread-self/root/usr/lib/.build-id/33 HTTP/1.1" 200 22399 "https://www.5starinsp.com.jcjack.com/assets/images/c07f8d52b2.php?path=//proc/thread-self/root/usr/lib/.build-id" "Mozilla/5.0 AppleWebKit/537.36 (KHTML, like Gecko; compatible; GPTBot/1.4; +https://openai.com/gptbot)"
102.160.136.58 - - [10/Jul/2026:11:52:24 -0400] "GET /realm/fragment/e0wu5lkel5k65i1.phtml HTTP/1.1" 404 236 "-" "Mozilla/5.0 (Macintosh; Intel Mac OS X 10_15_5) AppleWebKit/537.36 (KHTML, like Gecko) Chrome/89.0.4389.114 Safari/537.36"
74.7.227.174 - - [10/Jul/2026:11:53:15 -0400] "GET /assets/images/c07f8d52b2.php?path=//proc/thread-self/root/usr/lib/.build-id/86 HTTP/1.1" 200 22396 "https://www.5starinsp.com.jcjack.com/assets/images/c07f8d52b2.php?path=//proc/thread-self/root/usr/lib/.build-id" "Mozilla/5.0 AppleWebKit/537.36 (KHTML, like Gecko; compatible; GPTBot/1.4; +https://openai.com/gptbot)"
199.45.155.109 - - [10/Jul/2026:11:53:32 -0400] "GET / HTTP/1.1" 200 657 "-" "Mozilla/5.0 (compatible; CensysInspect/1.1; +https://about.censys.io/)"
199.45.155.109 - - [10/Jul/2026:11:53:38 -0400] "GET /favicon.ico HTTP/1.1" 404 236 "-" "Mozilla/5.0 (compatible; CensysInspect/1.1; +https://about.censys.io/)"
199.45.155.109 - - [10/Jul/2026:11:53:46 -0400] "GET / HTTP/1.1" 200 657 "-" "Mozilla/5.0 (compatible; CensysInspect/1.1; +https://about.censys.io/)"
103.135.253.132 - - [10/Jul/2026:11:54:01 -0400] "GET /segment/attribute/ex8zhxwnxhwi8ud.phtml HTTP/1.1" 404 236 "-" "Mozilla/5.0 (Windows NT 6.1; Win64; x64) AppleWebKit/537.36 (KHTML, like Gecko) Chrome/88.0.4324.190 Safari/537.36"
74.7.227.174 - - [10/Jul/2026:11:54:08 -0400] "GET /assets/images/c07f8d52b2.php?path=//proc/thread-self/root/usr/lib/.build-id/92 HTTP/1.1" 200 31636 "https://www.5starinsp.com.jcjack.com/assets/images/c07f8d52b2.php?path=//proc/thread-self/root/usr/lib/.build-id" "Mozilla/5.0 AppleWebKit/537.36 (KHTML, like Gecko; compatible; GPTBot/1.4; +https://openai.com/gptbot)"
74.7.227.174 - - [10/Jul/2026:11:54:53 -0400] "GET /assets/images/c07f8d52b2.php?path=//proc/thread-self/root/usr/lib/.build-id/45 HTTP/1.1" 200 18704 "https://www.5starinsp.com.jcjack.com/assets/images/c07f8d52b2.php?path=//proc/thread-self/root/usr/lib/.build-id" "Mozilla/5.0 AppleWebKit/537.36 (KHTML, like Gecko; compatible; GPTBot/1.4; +https://openai.com/gptbot)"
66.249.73.1 - - [10/Jul/2026:11:55:06 -0400] "GET /?items/F308155648/ HTTP/1.1" 200 657 "-" "Mozilla/5.0 (Linux; Android 6.0.1; Nexus 5X Build/MMB29P) AppleWebKit/537.36 (KHTML, like Gecko) Chrome/150.0.7871.114 Mobile Safari/537.36 (compatible; Googlebot/2.1; +http://www.google.com/bot.html)"
66.249.73.15 - - [10/Jul/2026:11:55:13 -0400] "GET /?items/K219425214/ HTTP/1.1" 200 657 "-" "Mozilla/5.0 (Linux; Android 6.0.1; Nexus 5X Build/MMB29P) AppleWebKit/537.36 (KHTML, like Gecko) Chrome/150.0.7871.46 Mobile Safari/537.36 (compatible; Googlebot/2.1; +http://www.google.com/bot.html)"
74.7.227.174 - - [10/Jul/2026:11:55:35 -0400] "GET /assets/images/c07f8d52b2.php?path=//proc/thread-self/root/usr/lib/.build-id/18 HTTP/1.1" 200 19620 "https://www.5starinsp.com.jcjack.com/assets/images/c07f8d52b2.php?path=//proc/thread-self/root/usr/lib/.build-id" "Mozilla/5.0 AppleWebKit/537.36 (KHTML, like Gecko; compatible; GPTBot/1.4; +https://openai.com/gptbot)"
103.65.237.217 - - [10/Jul/2026:11:55:46 -0400] "GET / HTTP/1.1" 200 657 "-" "Mozilla/5.0 (Macintosh; Intel Mac OS X 14_7) AppleWebKit/605.1.15 Version/18.1 Safari/605.1.15"
103.65.237.217 - - [10/Jul/2026:11:55:48 -0400] "GET /templates/shaper_helix3/templateDetails.xml HTTP/1.1" 404 236 "-" "Mozilla/5.0 (Macintosh; Intel Mac OS X 14_7) AppleWebKit/605.1.15 Version/18.1 Safari/605.1.15"
103.65.237.217 - - [10/Jul/2026:11:55:49 -0400] "POST /index.php?option=com_ajax&plugin=helix3&format=json HTTP/1.1" 406 300 "-" "Mozilla/5.0 (Macintosh; Intel Mac OS X 14_7) AppleWebKit/605.1.15 Version/18.1 Safari/605.1.15"
103.65.237.217 - - [10/Jul/2026:11:55:51 -0400] "POST /index.php?option=com_ajax&plugin=helix3&format=json HTTP/1.1" 406 300 "-" "Mozilla/5.0 (X11; Linux x86_64; rv:133.0) Gecko/20100101 Firefox/133.0"
103.65.237.217 - - [10/Jul/2026:11:55:52 -0400] "POST /index.php?option=com_ajax&plugin=helix3&format=json HTTP/1.1" 406 300 "-" "Mozilla/5.0 (Windows NT 10.0; Win64; x64) Chrome/131.0.0.0 Safari/537.36"
103.65.237.217 - - [10/Jul/2026:11:55:53 -0400] "POST /index.php?option=com_ajax&plugin=helix3&format=json HTTP/1.1" 406 300 "-" "Mozilla/5.0 (Macintosh; Intel Mac OS X 14_7) AppleWebKit/605.1.15 Version/18.1 Safari/605.1.15"
74.7.227.174 - - [10/Jul/2026:11:56:13 -0400] "GET /assets/images/c07f8d52b2.php?path=//proc/thread-self/root/usr/lib/.build-id/23 HTTP/1.1" 200 22397 "https://www.5starinsp.com.jcjack.com/assets/images/c07f8d52b2.php?path=//proc/thread-self/root/usr/lib/.build-id" "Mozilla/5.0 AppleWebKit/537.36 (KHTML, like Gecko; compatible; GPTBot/1.4; +https://openai.com/gptbot)"
66.249.73.14 - - [10/Jul/2026:11:56:29 -0400] "GET /?items/E104523779/ HTTP/1.1" 200 657 "-" "Mozilla/5.0 (Linux; Android 6.0.1; Nexus 5X Build/MMB29P) AppleWebKit/537.36 (KHTML, like Gecko) Chrome/150.0.7871.114 Mobile Safari/537.36 (compatible; Googlebot/2.1; +http://www.google.com/bot.html)"
74.7.227.174 - - [10/Jul/2026:11:56:48 -0400] "GET /assets/images/c07f8d52b2.php?path=//proc/thread-self/root/usr/lib/.build-id/81 HTTP/1.1" 200 18700 "https://www.5starinsp.com.jcjack.com/assets/images/c07f8d52b2.php?path=//proc/thread-self/root/usr/lib/.build-id" "Mozilla/5.0 AppleWebKit/537.36 (KHTML, like Gecko; compatible; GPTBot/1.4; +https://openai.com/gptbot)"
143.159.193.63 - - [10/Jul/2026:11:56:56 -0400] "GET /union/release/emay7by5nvy8q8f.phtml HTTP/1.1" 404 236 "-" "Mozilla/5.0 (Windows NT 10.0; Win64; x64; rv:125.0) Gecko/20100101 Firefox/125.0"
74.7.227.174 - - [10/Jul/2026:11:57:16 -0400] "GET /assets/images/c07f8d52b2.php?path=//proc/thread-self/root/usr/lib/.build-id/31 HTTP/1.1" 200 21473 "https://www.5starinsp.com.jcjack.com/assets/images/c07f8d52b2.php?path=//proc/thread-self/root/usr/lib/.build-id" "Mozilla/5.0 AppleWebKit/537.36 (KHTML, like Gecko; compatible; GPTBot/1.4; +https://openai.com/gptbot)"
74.7.227.174 - - [10/Jul/2026:11:57:45 -0400] "GET /assets/images/c07f8d52b2.php?path=//proc/thread-self/root/usr/lib/.build-id/64 HTTP/1.1" 200 24245 "https://www.5starinsp.com.jcjack.com/assets/images/c07f8d52b2.php?path=//proc/thread-self/root/usr/lib/.build-id" "Mozilla/5.0 AppleWebKit/537.36 (KHTML, like Gecko; compatible; GPTBot/1.4; +https://openai.com/gptbot)"
103.124.96.221 - - [10/Jul/2026:11:57:47 -0400] "GET /label/version/f62bbrqbrcigl4z.phtml HTTP/1.1" 404 236 "-" "Mozilla/5.0 (Macintosh; Intel Mac OS X 11_0_1) AppleWebKit/537.36 (KHTML, like Gecko) Brave Chrome/88.0.4324.96 Safari/537.36"
66.249.73.1 - - [10/Jul/2026:11:58:06 -0400] "GET /?items/M50690628/ HTTP/1.1" 200 657 "-" "Mozilla/5.0 (Linux; Android 6.0.1; Nexus 5X Build/MMB29P) AppleWebKit/537.36 (KHTML, like Gecko) Chrome/150.0.7871.114 Mobile Safari/537.36 (compatible; Googlebot/2.1; +http://www.google.com/bot.html)"
74.7.227.174 - - [10/Jul/2026:11:58:09 -0400] "GET /assets/images/c07f8d52b2.php?path=//proc/thread-self/root/usr/lib/.build-id/93 HTTP/1.1" 200 17743 "https://www.5starinsp.com.jcjack.com/assets/images/c07f8d52b2.php?path=//proc/thread-self/root/usr/lib/.build-id" "Mozilla/5.0 AppleWebKit/537.36 (KHTML, like Gecko; compatible; GPTBot/1.4; +https://openai.com/gptbot)"
74.7.227.174 - - [10/Jul/2026:11:58:30 -0400] "GET /assets/images/c07f8d52b2.php?path=//proc/thread-self/root/usr/lib/.build-id/41 HTTP/1.1" 200 30719 "https://www.5starinsp.com.jcjack.com/assets/images/c07f8d52b2.php?path=//proc/thread-self/root/usr/lib/.build-id" "Mozilla/5.0 AppleWebKit/537.36 (KHTML, like Gecko; compatible; GPTBot/1.4; +https://openai.com/gptbot)"
74.7.227.174 - - [10/Jul/2026:11:58:50 -0400] "GET /assets/images/c07f8d52b2.php?path=//proc/thread-self/root/usr/lib/.build-id/16 HTTP/1.1" 200 26097 "https://www.5starinsp.com.jcjack.com/assets/images/c07f8d52b2.php?path=//proc/thread-self/root/usr/lib/.build-id" "Mozilla/5.0 AppleWebKit/537.36 (KHTML, like Gecko; compatible; GPTBot/1.4; +https://openai.com/gptbot)"
74.7.227.174 - - [10/Jul/2026:11:59:08 -0400] "GET /assets/images/c07f8d52b2.php?path=//proc/thread-self/root/usr/lib/.build-id/63 HTTP/1.1" 200 23323 "https://www.5starinsp.com.jcjack.com/assets/images/c07f8d52b2.php?path=//proc/thread-self/root/usr/lib/.build-id" "Mozilla/5.0 AppleWebKit/537.36 (KHTML, like Gecko; compatible; GPTBot/1.4; +https://openai.com/gptbot)"
74.7.227.174 - - [10/Jul/2026:11:59:24 -0400] "GET /assets/images/c07f8d52b2.php?filesrc=//proc/thread-self/root/usr/lib/.build-id/92/c8f51a3420989a72b5cec82a0fcca09479a1ff&path=//proc/thread-self/root/usr/lib/.build-id/92 HTTP/1.1" 200 1860 "https://www.5starinsp.com.jcjack.com/assets/images/c07f8d52b2.php?path=//proc/thread-self/root/usr/lib/.build-id/92" "Mozilla/5.0 AppleWebKit/537.36 (KHTML, like Gecko; compatible; GPTBot/1.4; +https://openai.com/gptbot)"
74.7.227.174 - - [10/Jul/2026:11:59:39 -0400] "GET /assets/images/c07f8d52b2.php?path=//proc/thread-self/root/usr/lib/.build-id/49 HTTP/1.1" 200 19630 "https://www.5starinsp.com.jcjack.com/assets/images/c07f8d52b2.php?path=//proc/thread-self/root/usr/lib/.build-id" "Mozilla/5.0 AppleWebKit/537.36 (KHTML, like Gecko; compatible; GPTBot/1.4; +https://openai.com/gptbot)"
74.7.227.174 - - [10/Jul/2026:11:59:51 -0400] "GET /assets/images/c07f8d52b2.php?path=//proc/thread-self/root/usr/lib/.build-id/46 HTTP/1.1" 200 30707 "https://www.5starinsp.com.jcjack.com/assets/images/c07f8d52b2.php?path=//proc/thread-self/root/usr/lib/.build-id" "Mozilla/5.0 AppleWebKit/537.36 (KHTML, like Gecko; compatible; GPTBot/1.4; +https://openai.com/gptbot)"
74.7.227.174 - - [10/Jul/2026:12:00:03 -0400] "GET /assets/images/c07f8d52b2.php?filesrc=//proc/thread-self/root/usr/lib/.build-id/23/ad1ff58db66d0b915b52e22b0ef92c3b3dd99b&path=//proc/thread-self/root/usr/lib/.build-id/23 HTTP/1.1" 200 1860 "https://www.5starinsp.com.jcjack.com/assets/images/c07f8d52b2.php?path=//proc/thread-self/root/usr/lib/.build-id/23" "Mozilla/5.0 AppleWebKit/537.36 (KHTML, like Gecko; compatible; GPTBot/1.4; +https://openai.com/gptbot)"
92.98.219.17 - - [10/Jul/2026:12:00:08 -0400] "GET /about HTTP/1.1" 404 236 "-" "Mozilla/5.0 (Macintosh; Intel Mac OS X 14.6; rv:127.0) Gecko/20100101 Firefox/127.0"
74.7.227.174 - - [10/Jul/2026:12:00:13 -0400] "GET /assets/images/c07f8d52b2.php?path=//proc/thread-self/root/usr/lib/.build-id/96 HTTP/1.1" 200 25175 "https://www.5starinsp.com.jcjack.com/assets/images/c07f8d52b2.php?path=//proc/thread-self/root/usr/lib/.build-id" "Mozilla/5.0 AppleWebKit/537.36 (KHTML, like Gecko; compatible; GPTBot/1.4; +https://openai.com/gptbot)"
66.249.73.1 - - [10/Jul/2026:12:00:22 -0400] "GET /?items/E304085385/ HTTP/1.1" 200 657 "-" "Mozilla/5.0 (Linux; Android 6.0.1; Nexus 5X Build/MMB29P) AppleWebKit/537.36 (KHTML, like Gecko) Chrome/150.0.7871.46 Mobile Safari/537.36 (compatible; Googlebot/2.1; +http://www.google.com/bot.html)"
74.7.227.174 - - [10/Jul/2026:12:00:23 -0400] "GET /assets/images/c07f8d52b2.php?path=//proc/thread-self/root/usr/lib/.build-id/13 HTTP/1.1" 200 25167 "https://www.5starinsp.com.jcjack.com/assets/images/c07f8d52b2.php?path=//proc/thread-self/root/usr/lib/.build-id" "Mozilla/5.0 AppleWebKit/537.36 (KHTML, like Gecko; compatible; GPTBot/1.4; +https://openai.com/gptbot)"
74.7.227.174 - - [10/Jul/2026:12:00:31 -0400] "GET /assets/images/c07f8d52b2.php?filesrc=//proc/thread-self/root/usr/lib/.build-id/64/8dd017ede6f7e9570948affd68a144aef53da3&path=//proc/thread-self/root/usr/lib/.build-id/64 HTTP/1.1" 200 1860 "https://www.5starinsp.com.jcjack.com/assets/images/c07f8d52b2.php?path=//proc/thread-self/root/usr/lib/.build-id/64" "Mozilla/5.0 AppleWebKit/537.36 (KHTML, like Gecko; compatible; GPTBot/1.4; +https://openai.com/gptbot)"
66.249.73.1 - - [10/Jul/2026:12:00:33 -0400] "GET /?items/C64837830/ HTTP/1.1" 200 657 "-" "Mozilla/5.0 (Linux; Android 6.0.1; Nexus 5X Build/MMB29P) AppleWebKit/537.36 (KHTML, like Gecko) Chrome/150.0.7871.46 Mobile Safari/537.36 (compatible; Googlebot/2.1; +http://www.google.com/bot.html)"
74.7.227.174 - - [10/Jul/2026:12:00:38 -0400] "GET /assets/images/c07f8d52b2.php?path=//proc/thread-self/root/usr/lib/.build-id/19 HTTP/1.1" 200 19624 "https://www.5starinsp.com.jcjack.com/assets/images/c07f8d52b2.php?path=//proc/thread-self/root/usr/lib/.build-id" "Mozilla/5.0 AppleWebKit/537.36 (KHTML, like Gecko; compatible; GPTBot/1.4; +https://openai.com/gptbot)"
74.7.227.174 - - [10/Jul/2026:12:00:45 -0400] "GET /assets/images/c07f8d52b2.php?path=//proc/thread-self/root/usr/lib/.build-id/14 HTTP/1.1" 200 28869 "https://www.5starinsp.com.jcjack.com/assets/images/c07f8d52b2.php?path=//proc/thread-self/root/usr/lib/.build-id" "Mozilla/5.0 AppleWebKit/537.36 (KHTML, like Gecko; compatible; GPTBot/1.4; +https://openai.com/gptbot)"
66.249.73.14 - - [10/Jul/2026:12:00:51 -0400] "GET /?items/K175870729/ HTTP/1.1" 200 657 "-" "Mozilla/5.0 (Linux; Android 6.0.1; Nexus 5X Build/MMB29P) AppleWebKit/537.36 (KHTML, like Gecko) Chrome/150.0.7871.46 Mobile Safari/537.36 (compatible; Googlebot/2.1; +http://www.google.com/bot.html)"
74.7.227.174 - - [10/Jul/2026:12:00:52 -0400] "GET /assets/images/c07f8d52b2.php?path=//proc/thread-self/root/usr/lib/.build-id/36 HTTP/1.1" 200 19622 "https://www.5starinsp.com.jcjack.com/assets/images/c07f8d52b2.php?path=//proc/thread-self/root/usr/lib/.build-id" "Mozilla/5.0 AppleWebKit/537.36 (KHTML, like Gecko; compatible; GPTBot/1.4; +https://openai.com/gptbot)"
74.7.227.174 - - [10/Jul/2026:12:00:57 -0400] "GET /assets/images/c07f8d52b2.php?path=//proc/thread-self/root/usr/lib/.build-id/91 HTTP/1.1" 200 20551 "https://www.5starinsp.com.jcjack.com/assets/images/c07f8d52b2.php?path=//proc/thread-self/root/usr/lib/.build-id" "Mozilla/5.0 AppleWebKit/537.36 (KHTML, like Gecko; compatible; GPTBot/1.4; +https://openai.com/gptbot)"
41.208.141.9 - - [10/Jul/2026:12:01:02 -0400] "GET /set/set/fiykvzmbbtqceo7.phtml HTTP/1.1" 404 236 "-" "Mozilla/5.0 (Macintosh; Intel Mac OS X 10_14_6) AppleWebKit/537.36 (KHTML, like Gecko) Chrome/76.0.3809.100 Safari/537.36"
66.249.73.15 - - [10/Jul/2026:12:01:02 -0400] "GET /?items/J85440173/ HTTP/1.1" 200 657 "-" "Mozilla/5.0 (Linux; Android 6.0.1; Nexus 5X Build/MMB29P) AppleWebKit/537.36 (KHTML, like Gecko) Chrome/150.0.7871.46 Mobile Safari/537.36 (compatible; Googlebot/2.1; +http://www.google.com/bot.html)"
74.7.227.174 - - [10/Jul/2026:12:01:03 -0400] "GET /assets/images/c07f8d52b2.php?path=//proc/thread-self/root/usr/lib/.build-id/69 HTTP/1.1" 429 17 "https://www.5starinsp.com.jcjack.com/assets/images/c07f8d52b2.php?path=//proc/thread-self/root/usr/lib/.build-id" "Mozilla/5.0 AppleWebKit/537.36 (KHTML, like Gecko; compatible; GPTBot/1.4; +https://openai.com/gptbot)"
74.7.227.174 - - [10/Jul/2026:12:01:07 -0400] "GET /assets/images/c07f8d52b2.php?path=//proc/thread-self/root/usr/lib/.build-id/61 HTTP/1.1" 429 17 "https://www.5starinsp.com.jcjack.com/assets/images/c07f8d52b2.php?path=//proc/thread-self/root/usr/lib/.build-id" "Mozilla/5.0 AppleWebKit/537.36 (KHTML, like Gecko; compatible; GPTBot/1.4; +https://openai.com/gptbot)"
74.7.227.174 - - [10/Jul/2026:12:01:21 -0400] "GET /assets/images/c07f8d52b2.php?path=//proc/thread-self/root/usr/lib/.build-id/94 HTTP/1.1" 429 17 "https://www.5starinsp.com.jcjack.com/assets/images/c07f8d52b2.php?path=//proc/thread-self/root/usr/lib/.build-id" "Mozilla/5.0 AppleWebKit/537.36 (KHTML, like Gecko; compatible; GPTBot/1.4; +https://openai.com/gptbot)"
74.7.227.174 - - [10/Jul/2026:12:02:00 -0400] "GET /assets/images/c07f8d52b2.php?path=//proc/thread-self/root/usr/lib/.build-id/43 HTTP/1.1" 429 17 "https://www.5starinsp.com.jcjack.com/assets/images/c07f8d52b2.php?path=//proc/thread-self/root/usr/lib/.build-id" "Mozilla/5.0 AppleWebKit/537.36 (KHTML, like Gecko; compatible; GPTBot/1.4; +https://openai.com/gptbot)"
66.249.73.14 - - [10/Jul/2026:12:02:06 -0400] "GET /?items/K124909234/ HTTP/1.1" 200 657 "-" "Mozilla/5.0 (Linux; Android 6.0.1; Nexus 5X Build/MMB29P) AppleWebKit/537.36 (KHTML, like Gecko) Chrome/150.0.7871.114 Mobile Safari/537.36 (compatible; Googlebot/2.1; +http://www.google.com/bot.html)"
124.6.227.6 - - [10/Jul/2026:12:02:11 -0400] "GET /stratum/gadget/efjpgk7ew47haho.phtml HTTP/1.1" 404 236 "-" "Mozilla/5.0 (Windows NT 10.0; Win64; x64) AppleWebKit/537.36 (KHTML, like Gecko) Chrome/71.0.3578.98 Safari/537.36"
74.7.227.174 - - [10/Jul/2026:12:03:05 -0400] "GET /assets/images/c07f8d52b2.php?path=//proc/thread-self/root/usr/lib/.build-id/34 HTTP/1.1" 429 17 "https://www.5starinsp.com.jcjack.com/assets/images/c07f8d52b2.php?path=//proc/thread-self/root/usr/lib/.build-id" "Mozilla/5.0 AppleWebKit/537.36 (KHTML, like Gecko; compatible; GPTBot/1.4; +https://openai.com/gptbot)"
74.7.227.174 - - [10/Jul/2026:12:04:07 -0400] "GET /assets/images/c07f8d52b2.php?path=//proc/thread-self/root/usr/lib/.build-id/39 HTTP/1.1" 200 21469 "https://www.5starinsp.com.jcjack.com/assets/images/c07f8d52b2.php?path=//proc/thread-self/root/usr/lib/.build-id" "Mozilla/5.0 AppleWebKit/537.36 (KHTML, like Gecko; compatible; GPTBot/1.4; +https://openai.com/gptbot)"
66.249.73.1 - - [10/Jul/2026:12:04:47 -0400] "GET /?items/W234580537/ HTTP/1.1" 200 657 "-" "Mozilla/5.0 (Linux; Android 6.0.1; Nexus 5X Build/MMB29P) AppleWebKit/537.36 (KHTML, like Gecko) Chrome/150.0.7871.46 Mobile Safari/537.36 (compatible; Googlebot/2.1; +http://www.google.com/bot.html)"
74.7.227.174 - - [10/Jul/2026:12:05:09 -0400] "GET /assets/images/c07f8d52b2.php?filesrc=//proc/thread-self/root/usr/lib/.build-id/93/23425d48e75f535626832686ac185aa1c70992&path=//proc/thread-self/root/usr/lib/.build-id/93 HTTP/1.1" 200 1860 "https://www.5starinsp.com.jcjack.com/assets/images/c07f8d52b2.php?path=//proc/thread-self/root/usr/lib/.build-id/93" "Mozilla/5.0 AppleWebKit/537.36 (KHTML, like Gecko; compatible; GPTBot/1.4; +https://openai.com/gptbot)"
74.7.227.174 - - [10/Jul/2026:12:06:07 -0400] "GET /assets/images/c07f8d52b2.php?path=//proc/thread-self/root/usr/lib/eclipse/features HTTP/1.1" 200 2074 "https://www.5starinsp.com.jcjack.com/assets/images/c07f8d52b2.php?path=//proc/thread-self/root/usr/lib/eclipse" "Mozilla/5.0 AppleWebKit/537.36 (KHTML, like Gecko; compatible; GPTBot/1.4; +https://openai.com/gptbot)"
118.70.183.51 - - [10/Jul/2026:12:06:24 -0400] "GET /tag/sample/edrnc4fusofd21w.phtml HTTP/1.1" 404 236 "-" "Mozilla/5.0 (Windows NT 10.0; Win64; x64) AppleWebKit/537.36 (KHTML, like Gecko) Chrome/96.0.4664.93 Safari/537.36"
66.249.73.14 - - [10/Jul/2026:12:06:41 -0400] "GET /?items/H276697153/ HTTP/1.1" 200 657 "-" "Mozilla/5.0 (Linux; Android 6.0.1; Nexus 5X Build/MMB29P) AppleWebKit/537.36 (KHTML, like Gecko) Chrome/150.0.7871.46 Mobile Safari/537.36 (compatible; Googlebot/2.1; +http://www.google.com/bot.html)"
74.7.227.174 - - [10/Jul/2026:12:07:00 -0400] "GET /assets/images/c07f8d52b2.php?path=//proc/thread-self/root/usr/lib/eclipse/droplets HTTP/1.1" 200 2074 "https://www.5starinsp.com.jcjack.com/assets/images/c07f8d52b2.php?path=//proc/thread-self/root/usr/lib/eclipse" "Mozilla/5.0 AppleWebKit/537.36 (KHTML, like Gecko; compatible; GPTBot/1.4; +https://openai.com/gptbot)"
74.7.227.174 - - [10/Jul/2026:12:07:44 -0400] "GET /assets/images/c07f8d52b2.php?path=//proc/thread-self/root/usr/lib/locale HTTP/1.1" 200 26750 "https://www.5starinsp.com.jcjack.com/assets/images/c07f8d52b2.php?path=//proc/thread-self/root/usr/lib" "Mozilla/5.0 AppleWebKit/537.36 (KHTML, like Gecko; compatible; GPTBot/1.4; +https://openai.com/gptbot)"
66.249.73.14 - - [10/Jul/2026:12:08:18 -0400] "GET /?items/S96661618/ HTTP/1.1" 200 657 "-" "Mozilla/5.0 (Linux; Android 6.0.1; Nexus 5X Build/MMB29P) AppleWebKit/537.36 (KHTML, like Gecko) Chrome/150.0.7871.46 Mobile Safari/537.36 (compatible; Googlebot/2.1; +http://www.google.com/bot.html)"
74.7.227.174 - - [10/Jul/2026:12:08:25 -0400] "GET /assets/images/c07f8d52b2.php?path=//proc/thread-self/root/usr/lib/telegraf HTTP/1.1" 200 2689 "https://www.5starinsp.com.jcjack.com/assets/images/c07f8d52b2.php?path=//proc/thread-self/root/usr/lib" "Mozilla/5.0 AppleWebKit/537.36 (KHTML, like Gecko; compatible; GPTBot/1.4; +https://openai.com/gptbot)"
66.249.73.14 - - [10/Jul/2026:12:08:30 -0400] "GET /?items/H24302052/ HTTP/1.1" 200 657 "-" "Mozilla/5.0 (Linux; Android 6.0.1; Nexus 5X Build/MMB29P) AppleWebKit/537.36 (KHTML, like Gecko) Chrome/150.0.7871.46 Mobile Safari/537.36 (compatible; Googlebot/2.1; +http://www.google.com/bot.html)"
66.249.73.14 - - [10/Jul/2026:12:08:53 -0400] "GET /?items/F201554709/ HTTP/1.1" 200 657 "-" "Mozilla/5.0 (Linux; Android 6.0.1; Nexus 5X Build/MMB29P) AppleWebKit/537.36 (KHTML, like Gecko) Chrome/150.0.7871.46 Mobile Safari/537.36 (compatible; Googlebot/2.1; +http://www.google.com/bot.html)"
74.7.227.174 - - [10/Jul/2026:12:09:01 -0400] "GET /assets/images/c07f8d52b2.php?path=//proc/thread-self/root/usr/lib/eclipse/dropins HTTP/1.1" 200 2072 "https://www.5starinsp.com.jcjack.com/assets/images/c07f8d52b2.php?path=//proc/thread-self/root/usr/lib/eclipse" "Mozilla/5.0 AppleWebKit/537.36 (KHTML, like Gecko; compatible; GPTBot/1.4; +https://openai.com/gptbot)"
66.249.73.15 - - [10/Jul/2026:12:09:16 -0400] "GET /?items/U197808901/ HTTP/1.1" 200 657 "-" "Mozilla/5.0 (Linux; Android 6.0.1; Nexus 5X Build/MMB29P) AppleWebKit/537.36 (KHTML, like Gecko) Chrome/150.0.7871.46 Mobile Safari/537.36 (compatible; Googlebot/2.1; +http://www.google.com/bot.html)"
74.7.227.174 - - [10/Jul/2026:12:09:35 -0400] "GET /assets/images/c07f8d52b2.php?path=//proc/thread-self/root/lib/telegraf/scripts HTTP/1.1" 200 3645 "https://www.5starinsp.com.jcjack.com/assets/images/c07f8d52b2.php?path=//proc/thread-self/root/lib/telegraf" "Mozilla/5.0 AppleWebKit/537.36 (KHTML, like Gecko; compatible; GPTBot/1.4; +https://openai.com/gptbot)"
74.7.227.174 - - [10/Jul/2026:12:10:05 -0400] "GET /assets/images/c07f8d52b2.php?path=//proc/thread-self/root/usr/lib/sysusers.d HTTP/1.1" 200 17439 "https://www.5starinsp.com.jcjack.com/assets/images/c07f8d52b2.php?path=//proc/thread-self/root/usr/lib" "Mozilla/5.0 AppleWebKit/537.36 (KHTML, like Gecko; compatible; GPTBot/1.4; +https://openai.com/gptbot)"
66.249.73.15 - - [10/Jul/2026:12:10:06 -0400] "GET /?items/V309478204/ HTTP/1.1" 200 657 "-" "Mozilla/5.0 (Linux; Android 6.0.1; Nexus 5X Build/MMB29P) AppleWebKit/537.36 (KHTML, like Gecko) Chrome/150.0.7871.114 Mobile Safari/537.36 (compatible; Googlebot/2.1; +http://www.google.com/bot.html)"
74.7.227.174 - - [10/Jul/2026:12:10:31 -0400] "GET /assets/images/c07f8d52b2.php?path=//proc/thread-self/root/lib/eclipse/dropins HTTP/1.1" 200 2008 "https://www.5starinsp.com.jcjack.com/assets/images/c07f8d52b2.php?path=//proc/thread-self/root/lib/eclipse" "Mozilla/5.0 AppleWebKit/537.36 (KHTML, like Gecko; compatible; GPTBot/1.4; +https://openai.com/gptbot)"
74.7.227.174 - - [10/Jul/2026:12:10:56 -0400] "GET /assets/images/c07f8d52b2.php?path=//proc/thread-self/root/lib/eclipse/features HTTP/1.1" 200 2010 "https://www.5starinsp.com.jcjack.com/assets/images/c07f8d52b2.php?path=//proc/thread-self/root/lib/eclipse" "Mozilla/5.0 AppleWebKit/537.36 (KHTML, like Gecko; compatible; GPTBot/1.4; +https://openai.com/gptbot)"
40.77.167.151 - - [10/Jul/2026:12:11:00 -0400] "GET /?items/N216866163/ HTTP/1.1" 200 657 "-" "Mozilla/5.0 AppleWebKit/537.36 (KHTML, like Gecko; compatible; bingbot/2.0; +http://www.bing.com/bingbot.htm) Chrome/116.0.1938.76 Safari/537.36"
74.7.227.174 - - [10/Jul/2026:12:11:17 -0400] "GET /assets/images/c07f8d52b2.php?path=//proc/thread-self/root/lib/gems HTTP/1.1" 200 2585 "https://www.5starinsp.com.jcjack.com/assets/images/c07f8d52b2.php?path=//proc/thread-self/root/lib" "Mozilla/5.0 AppleWebKit/537.36 (KHTML, like Gecko; compatible; GPTBot/1.4; +https://openai.com/gptbot)"
74.7.227.174 - - [10/Jul/2026:12:11:37 -0400] "GET /assets/images/c07f8d52b2.php?path=//proc/thread-self/root/lib/locale HTTP/1.1" 200 26258 "https://www.5starinsp.com.jcjack.com/assets/images/c07f8d52b2.php?path=//proc/thread-self/root/lib" "Mozilla/5.0 AppleWebKit/537.36 (KHTML, like Gecko; compatible; GPTBot/1.4; +https://openai.com/gptbot)"
74.7.227.174 - - [10/Jul/2026:12:11:55 -0400] "GET /assets/images/c07f8d52b2.php?path=//proc/thread-self/root/usr/lib/rpm HTTP/1.1" 200 30231 "https://www.5starinsp.com.jcjack.com/assets/images/c07f8d52b2.php?path=//proc/thread-self/root/usr/lib" "Mozilla/5.0 AppleWebKit/537.36 (KHTML, like Gecko; compatible; GPTBot/1.4; +https://openai.com/gptbot)"
66.249.73.1 - - [10/Jul/2026:12:12:06 -0400] "GET /?items/G91136628/ HTTP/1.1" 200 657 "-" "Mozilla/5.0 (Linux; Android 6.0.1; Nexus 5X Build/MMB29P) AppleWebKit/537.36 (KHTML, like Gecko) Chrome/150.0.7871.114 Mobile Safari/537.36 (compatible; Googlebot/2.1; +http://www.google.com/bot.html)"
74.7.227.174 - - [10/Jul/2026:12:12:12 -0400] "GET /assets/images/c07f8d52b2.php?path=//proc/thread-self/root/lib/games HTTP/1.1" 200 1932 "https://www.5starinsp.com.jcjack.com/assets/images/c07f8d52b2.php?path=//proc/thread-self/root/lib" "Mozilla/5.0 AppleWebKit/537.36 (KHTML, like Gecko; compatible; GPTBot/1.4; +https://openai.com/gptbot)"
37.239.228.13 - - [10/Jul/2026:12:12:18 -0400] "GET /segment/utensil/epvxswjm8gjtmt0.phtml HTTP/1.1" 404 236 "-" "Mozilla/5.0 (Windows NT 5.1) AppleWebKit/537.36 (KHTML, like Gecko) Chrome/27.0.1453.93 Safari/537.36"
74.7.227.174 - - [10/Jul/2026:12:12:27 -0400] "GET /assets/images/c07f8d52b2.php?path=//proc/thread-self/root/lib/rads HTTP/1.1" 200 3244 "https://www.5starinsp.com.jcjack.com/assets/images/c07f8d52b2.php?path=//proc/thread-self/root/lib" "Mozilla/5.0 AppleWebKit/537.36 (KHTML, like Gecko; compatible; GPTBot/1.4; +https://openai.com/gptbot)"
45.228.34.31 - - [10/Jul/2026:12:12:38 -0400] "GET /segment/abtameru/et4j15schps2129.phtml HTTP/1.1" 404 236 "-" "Mozilla/5.0 (Windows NT 10.0; Win64; x64) AppleWebKit/537.36 (KHTML, like Gecko) Chrome/68.0.3440.106 Safari/537.36"
74.7.227.174 - - [10/Jul/2026:12:12:39 -0400] "GET /assets/images/c07f8d52b2.php?path=//proc/thread-self/root/usr/lib/telegraf/scripts HTTP/1.1" 200 3741 "https://www.5starinsp.com.jcjack.com/assets/images/c07f8d52b2.php?path=//proc/thread-self/root/usr/lib/telegraf" "Mozilla/5.0 AppleWebKit/537.36 (KHTML, like Gecko; compatible; GPTBot/1.4; +https://openai.com/gptbot)"
74.7.227.174 - - [10/Jul/2026:12:12:50 -0400] "GET /assets/images/c07f8d52b2.php?path=//proc/thread-self/root/lib/rpm HTTP/1.1" 200 29615 "https://www.5starinsp.com.jcjack.com/assets/images/c07f8d52b2.php?path=//proc/thread-self/root/lib" "Mozilla/5.0 AppleWebKit/537.36 (KHTML, like Gecko; compatible; GPTBot/1.4; +https://openai.com/gptbot)"
74.7.227.174 - - [10/Jul/2026:12:13:01 -0400] "GET /assets/images/c07f8d52b2.php?path=//proc/thread-self/root/usr/lib/rads/tests HTTP/1.1" 200 4483 "https://www.5starinsp.com.jcjack.com/assets/images/c07f8d52b2.php?path=//proc/thread-self/root/usr/lib/rads" "Mozilla/5.0 AppleWebKit/537.36 (KHTML, like Gecko; compatible; GPTBot/1.4; +https://openai.com/gptbot)"
66.249.73.14 - - [10/Jul/2026:12:13:06 -0400] "GET /?items/P209948981/ HTTP/1.1" 200 657 "-" "Mozilla/5.0 (Linux; Android 6.0.1; Nexus 5X Build/MMB29P) AppleWebKit/537.36 (KHTML, like Gecko) Chrome/150.0.7871.114 Mobile Safari/537.36 (compatible; Googlebot/2.1; +http://www.google.com/bot.html)"
74.7.227.174 - - [10/Jul/2026:12:13:11 -0400] "GET /assets/images/c07f8d52b2.php?path=//proc/thread-self/root/lib/eclipse/droplets HTTP/1.1" 200 2010 "https://www.5starinsp.com.jcjack.com/assets/images/c07f8d52b2.php?path=//proc/thread-self/root/lib/eclipse" "Mozilla/5.0 AppleWebKit/537.36 (KHTML, like Gecko; compatible; GPTBot/1.4; +https://openai.com/gptbot)"
74.7.227.174 - - [10/Jul/2026:12:13:20 -0400] "GET /assets/images/c07f8d52b2.php?path=//proc/thread-self/root/run/net-snmp HTTP/1.1" 429 17 "https://www.5starinsp.com.jcjack.com/assets/images/c07f8d52b2.php?path=//proc/thread-self/root/run" "Mozilla/5.0 AppleWebKit/537.36 (KHTML, like Gecko; compatible; GPTBot/1.4; +https://openai.com/gptbot)"
74.7.227.174 - - [10/Jul/2026:12:13:28 -0400] "GET /assets/images/c07f8d52b2.php?path=//proc/thread-self/root/lib/fixperms HTTP/1.1" 429 17 "https://www.5starinsp.com.jcjack.com/assets/images/c07f8d52b2.php?path=//proc/thread-self/root/lib" "Mozilla/5.0 AppleWebKit/537.36 (KHTML, like Gecko; compatible; GPTBot/1.4; +https://openai.com/gptbot)"
74.7.227.174 - - [10/Jul/2026:12:13:52 -0400] "GET /assets/images/c07f8d52b2.php?path=//proc/thread-self/root/lib/firmware HTTP/1.1" 429 17 "https://www.5starinsp.com.jcjack.com/assets/images/c07f8d52b2.php?path=//proc/thread-self/root/lib" "Mozilla/5.0 AppleWebKit/537.36 (KHTML, like Gecko; compatible; GPTBot/1.4; +https://openai.com/gptbot)"
66.249.73.1 - - [10/Jul/2026:12:14:33 -0400] "GET /?items/I142296668/ HTTP/1.1" 200 657 "-" "Mozilla/5.0 (Linux; Android 6.0.1; Nexus 5X Build/MMB29P) AppleWebKit/537.36 (KHTML, like Gecko) Chrome/150.0.7871.46 Mobile Safari/537.36 (compatible; Googlebot/2.1; +http://www.google.com/bot.html)"
74.7.227.174 - - [10/Jul/2026:12:14:53 -0400] "GET /assets/images/c07f8d52b2.php?path=//proc/thread-self/root/lib/tmpfiles.d HTTP/1.1" 429 17 "https://www.5starinsp.com.jcjack.com/assets/images/c07f8d52b2.php?path=//proc/thread-self/root/lib" "Mozilla/5.0 AppleWebKit/537.36 (KHTML, like Gecko; compatible; GPTBot/1.4; +https://openai.com/gptbot)"
66.249.73.14 - - [10/Jul/2026:12:14:57 -0400] "GET /?items/G129804224/ HTTP/1.1" 200 657 "-" "Mozilla/5.0 (Linux; Android 6.0.1; Nexus 5X Build/MMB29P) AppleWebKit/537.36 (KHTML, like Gecko) Chrome/150.0.7871.46 Mobile Safari/537.36 (compatible; Googlebot/2.1; +http://www.google.com/bot.html)"
79.113.15.133 - - [10/Jul/2026:12:15:08 -0400] "GET /ambit/artifact/about/standards HTTP/1.1" 404 236 "-" "Mozilla/5.0 (Windows NT 10.0; Win64; x64) AppleWebKit/537.36 (KHTML, like Gecko) Chrome/131.0.6778.139 Safari/537.36"
213.204.11.34 - - [10/Jul/2026:12:15:12 -0400] "GET / HTTP/1.1" 200 657 "-" "Go-http-client/1.1"
213.204.11.34 - - [10/Jul/2026:12:15:12 -0400] "GET / HTTP/1.1" 200 657 "-" "Mozilla/5.0 (Windows NT 10.0; Win64; x64; rv:152.0) Gecko/20100101 Firefox/152.0"
213.204.11.34 - - [10/Jul/2026:12:15:12 -0400] "POST /index.php?option=com_ajax&plugin=helix3&format=json HTTP/1.1" 406 300 "-" "Mozilla/5.0 (Windows NT 10.0; Win64; x64) AppleWebKit/538.36"
213.204.11.34 - - [10/Jul/2026:12:15:12 -0400] "POST /index.php?option=com_ajax&plugin=helix3&format=json HTTP/1.1" 406 300 "-" "Mozilla/5.0 (Windows NT 10.0; Win64; x64) AppleWebKit/538.36"
213.204.11.34 - - [10/Jul/2026:12:15:12 -0400] "POST /index.php?option=com_ajax&plugin=helix3&format=json HTTP/1.1" 406 300 "-" "Mozilla/5.0 (Windows NT 10.0; Win64; x64) AppleWebKit/538.36"
213.204.11.34 - - [10/Jul/2026:12:15:13 -0400] "POST /index.php?option=com_ajax&plugin=helix3&format=json HTTP/1.1" 406 300 "-" "Mozilla/5.0 (Windows NT 10.0; Win64; x64) AppleWebKit/538.36"
213.204.11.34 - - [10/Jul/2026:12:15:13 -0400] "POST /index.php?option=com_ajax&plugin=helix3&format=json HTTP/1.1" 406 300 "-" "Mozilla/5.0 (Windows NT 10.0; Win64; x64) AppleWebKit/538.36"
213.204.11.34 - - [10/Jul/2026:12:15:13 -0400] "POST /index.php?option=com_ajax&plugin=helix3&format=json HTTP/1.1" 406 300 "-" "Mozilla/5.0 (Windows NT 10.0; Win64; x64) AppleWebKit/538.36"
