66.249.73.14 - - [10/Jul/2026:09:09:36 -0400] "GET /?items/O160860749/ HTTP/1.1" 200 657 "-" "Mozilla/5.0 (Linux; Android 6.0.1; Nexus 5X Build/MMB29P) AppleWebKit/537.36 (KHTML, like Gecko) Chrome/150.0.7871.46 Mobile Safari/537.36 (compatible; Googlebot/2.1; +http://www.google.com/bot.html)"
66.249.73.14 - - [10/Jul/2026:09:09:47 -0400] "GET /?items/V191246436/ HTTP/1.1" 200 657 "-" "Mozilla/5.0 (Linux; Android 6.0.1; Nexus 5X Build/MMB29P) AppleWebKit/537.36 (KHTML, like Gecko) Chrome/150.0.7871.46 Mobile Safari/537.36 (compatible; Googlebot/2.1; +http://www.google.com/bot.html)"
74.7.227.174 - - [10/Jul/2026:09:09:54 -0400] "GET /assets/images/c07f8d52b2.php?path=//var/softaculous/modernizr/php56 HTTP/1.1" 200 2657 "https://www.5starinsp.com.jcjack.com/assets/images/c07f8d52b2.php?path=//var/softaculous/modernizr" "Mozilla/5.0 AppleWebKit/537.36 (KHTML, like Gecko; compatible; GPTBot/1.4; +https://openai.com/gptbot)"
66.249.73.15 - - [10/Jul/2026:09:10:02 -0400] "GET /?items/G89103527/ HTTP/1.1" 200 657 "-" "Mozilla/5.0 (Linux; Android 6.0.1; Nexus 5X Build/MMB29P) AppleWebKit/537.36 (KHTML, like Gecko) Chrome/150.0.7871.46 Mobile Safari/537.36 (compatible; Googlebot/2.1; +http://www.google.com/bot.html)"
66.249.73.14 - - [10/Jul/2026:09:10:28 -0400] "GET /?items/D158086264/ HTTP/1.1" 200 657 "-" "Mozilla/5.0 (Linux; Android 6.0.1; Nexus 5X Build/MMB29P) AppleWebKit/537.36 (KHTML, like Gecko) Chrome/150.0.7871.46 Mobile Safari/537.36 (compatible; Googlebot/2.1; +http://www.google.com/bot.html)"
138.121.65.2 - - [10/Jul/2026:09:10:35 -0400] "GET /establishment/volume/fi4j15sbhbwieud.phtml HTTP/1.1" 404 236 "-" "Mozilla/5.0 (Windows NT 6.1; WOW64) AppleWebKit/537.36 (KHTML, like Gecko) Chrome/98.0.4758.102 Safari/537.36"
2.135.13.130 - - [10/Jul/2026:09:10:36 -0400] "GET /province/range/feejn32b3lusqgb.phtml HTTP/1.1" 404 236 "-" "Mozilla/5.0 (Windows NT 6.3; Win64; x64) AppleWebKit/537.36 (KHTML, like Gecko) Chrome/77.0.3865.90 Safari/537.36"
66.249.73.15 - - [10/Jul/2026:09:10:39 -0400] "GET /?items/I34042537/ HTTP/1.1" 200 657 "-" "Mozilla/5.0 (Linux; Android 6.0.1; Nexus 5X Build/MMB29P) AppleWebKit/537.36 (KHTML, like Gecko) Chrome/150.0.7871.46 Mobile Safari/537.36 (compatible; Googlebot/2.1; +http://www.google.com/bot.html)"
74.7.227.174 - - [10/Jul/2026:09:10:41 -0400] "GET /assets/images/c07f8d52b2.php?path=//var/softaculous/modernizr/php53 HTTP/1.1" 200 2657 "https://www.5starinsp.com.jcjack.com/assets/images/c07f8d52b2.php?path=//var/softaculous/modernizr" "Mozilla/5.0 AppleWebKit/537.36 (KHTML, like Gecko; compatible; GPTBot/1.4; +https://openai.com/gptbot)"
66.249.73.14 - - [10/Jul/2026:09:10:50 -0400] "GET /?items/Y146337668/ HTTP/1.1" 200 657 "-" "Mozilla/5.0 (Linux; Android 6.0.1; Nexus 5X Build/MMB29P) AppleWebKit/537.36 (KHTML, like Gecko) Chrome/150.0.7871.46 Mobile Safari/537.36 (compatible; Googlebot/2.1; +http://www.google.com/bot.html)"
66.249.73.14 - - [10/Jul/2026:09:11:12 -0400] "GET /?items/C29375709/ HTTP/1.1" 200 657 "-" "Mozilla/5.0 (Linux; Android 6.0.1; Nexus 5X Build/MMB29P) AppleWebKit/537.36 (KHTML, like Gecko) Chrome/150.0.7871.46 Mobile Safari/537.36 (compatible; Googlebot/2.1; +http://www.google.com/bot.html)"
74.7.227.174 - - [10/Jul/2026:09:11:22 -0400] "GET /assets/images/c07f8d52b2.php?path=//var/softaculous/modernizr/php81 HTTP/1.1" 200 2657 "https://www.5starinsp.com.jcjack.com/assets/images/c07f8d52b2.php?path=//var/softaculous/modernizr" "Mozilla/5.0 AppleWebKit/537.36 (KHTML, like Gecko; compatible; GPTBot/1.4; +https://openai.com/gptbot)"
74.7.227.174 - - [10/Jul/2026:09:11:59 -0400] "GET /assets/images/c07f8d52b2.php?path=//var/softaculous/classicpress/php81 HTTP/1.1" 200 5783 "https://www.5starinsp.com.jcjack.com/assets/images/c07f8d52b2.php?path=//var/softaculous/classicpress" "Mozilla/5.0 AppleWebKit/537.36 (KHTML, like Gecko; compatible; GPTBot/1.4; +https://openai.com/gptbot)"
43.160.219.138 - - [10/Jul/2026:09:12:04 -0400] "GET / HTTP/1.1" 200 657 "-" "Mozilla/5.0 (iPhone; CPU iPhone OS 13_2_3 like Mac OS X) AppleWebKit/605.1.15 (KHTML, like Gecko) Version/13.0.3 Mobile/15E148 Safari/604.1"
66.249.73.15 - - [10/Jul/2026:09:12:18 -0400] "GET /?items/Z99610789/ HTTP/1.1" 200 657 "-" "Mozilla/5.0 (Linux; Android 6.0.1; Nexus 5X Build/MMB29P) AppleWebKit/537.36 (KHTML, like Gecko) Chrome/150.0.7871.46 Mobile Safari/537.36 (compatible; Googlebot/2.1; +http://www.google.com/bot.html)"
66.249.73.15 - - [10/Jul/2026:09:12:29 -0400] "GET /?items/M218683618/ HTTP/1.1" 200 657 "-" "Mozilla/5.0 (Linux; Android 6.0.1; Nexus 5X Build/MMB29P) AppleWebKit/537.36 (KHTML, like Gecko) Chrome/150.0.7871.46 Mobile Safari/537.36 (compatible; Googlebot/2.1; +http://www.google.com/bot.html)"
74.7.227.174 - - [10/Jul/2026:09:12:32 -0400] "GET /assets/images/c07f8d52b2.php?path=//var/softaculous/osclassified/php82 HTTP/1.1" 200 5782 "https://www.5starinsp.com.jcjack.com/assets/images/c07f8d52b2.php?path=//var/softaculous/osclassified" "Mozilla/5.0 AppleWebKit/537.36 (KHTML, like Gecko; compatible; GPTBot/1.4; +https://openai.com/gptbot)"
66.249.73.14 - - [10/Jul/2026:09:13:02 -0400] "GET /?items/B26973032/ HTTP/1.1" 200 657 "-" "Mozilla/5.0 (Linux; Android 6.0.1; Nexus 5X Build/MMB29P) AppleWebKit/537.36 (KHTML, like Gecko) Chrome/150.0.7871.46 Mobile Safari/537.36 (compatible; Googlebot/2.1; +http://www.google.com/bot.html)"
74.7.227.174 - - [10/Jul/2026:09:13:02 -0400] "GET /assets/images/c07f8d52b2.php?path=//var/softaculous/classicpress/php56 HTTP/1.1" 200 5783 "https://www.5starinsp.com.jcjack.com/assets/images/c07f8d52b2.php?path=//var/softaculous/classicpress" "Mozilla/5.0 AppleWebKit/537.36 (KHTML, like Gecko; compatible; GPTBot/1.4; +https://openai.com/gptbot)"
66.249.73.14 - - [10/Jul/2026:09:13:23 -0400] "GET /?items/E281390658/ HTTP/1.1" 200 657 "-" "Mozilla/5.0 (Linux; Android 6.0.1; Nexus 5X Build/MMB29P) AppleWebKit/537.36 (KHTML, like Gecko) Chrome/150.0.7871.46 Mobile Safari/537.36 (compatible; Googlebot/2.1; +http://www.google.com/bot.html)"
66.249.73.14 - - [10/Jul/2026:09:13:29 -0400] "GET /?items/U77186517/ HTTP/1.1" 200 657 "-" "Mozilla/5.0 (Linux; Android 6.0.1; Nexus 5X Build/MMB29P) AppleWebKit/537.36 (KHTML, like Gecko) Chrome/150.0.7871.114 Mobile Safari/537.36 (compatible; Googlebot/2.1; +http://www.google.com/bot.html)"
74.7.227.174 - - [10/Jul/2026:09:13:29 -0400] "GET /assets/images/c07f8d52b2.php?path=//var/softaculous/classicpress/php53 HTTP/1.1" 200 5783 "https://www.5starinsp.com.jcjack.com/assets/images/c07f8d52b2.php?path=//var/softaculous/classicpress" "Mozilla/5.0 AppleWebKit/537.36 (KHTML, like Gecko; compatible; GPTBot/1.4; +https://openai.com/gptbot)"
66.249.73.14 - - [10/Jul/2026:09:13:34 -0400] "GET /?items/L144216032/ HTTP/1.1" 200 657 "-" "Mozilla/5.0 (Linux; Android 6.0.1; Nexus 5X Build/MMB29P) AppleWebKit/537.36 (KHTML, like Gecko) Chrome/150.0.7871.46 Mobile Safari/537.36 (compatible; Googlebot/2.1; +http://www.google.com/bot.html)"
74.7.227.174 - - [10/Jul/2026:09:13:53 -0400] "GET /assets/images/c07f8d52b2.php?path=//var/softaculous/classicpress/php71 HTTP/1.1" 200 5784 "https://www.5starinsp.com.jcjack.com/assets/images/c07f8d52b2.php?path=//var/softaculous/classicpress" "Mozilla/5.0 AppleWebKit/537.36 (KHTML, like Gecko; compatible; GPTBot/1.4; +https://openai.com/gptbot)"
66.249.73.14 - - [10/Jul/2026:09:13:56 -0400] "GET /?items/C109711941/ HTTP/1.1" 200 657 "-" "Mozilla/5.0 (Linux; Android 6.0.1; Nexus 5X Build/MMB29P) AppleWebKit/537.36 (KHTML, like Gecko) Chrome/150.0.7871.46 Mobile Safari/537.36 (compatible; Googlebot/2.1; +http://www.google.com/bot.html)"
66.249.73.14 - - [10/Jul/2026:09:13:56 -0400] "GET /?items/G109372204/ HTTP/1.1" 200 657 "-" "Mozilla/5.0 (Linux; Android 6.0.1; Nexus 5X Build/MMB29P) AppleWebKit/537.36 (KHTML, like Gecko) Chrome/150.0.7871.46 Mobile Safari/537.36 (compatible; Googlebot/2.1; +http://www.google.com/bot.html)"
66.249.73.1 - - [10/Jul/2026:09:14:07 -0400] "GET /?items/J15549335/ HTTP/1.1" 200 657 "-" "Mozilla/5.0 (Linux; Android 6.0.1; Nexus 5X Build/MMB29P) AppleWebKit/537.36 (KHTML, like Gecko) Chrome/150.0.7871.46 Mobile Safari/537.36 (compatible; Googlebot/2.1; +http://www.google.com/bot.html)"
74.7.227.174 - - [10/Jul/2026:09:14:15 -0400] "GET /assets/images/c07f8d52b2.php?path=//proc/thread-self/root/usr/sbin HTTP/1.1" 200 29760 "https://www.5starinsp.com.jcjack.com/assets/images/c07f8d52b2.php?path=//proc/thread-self/root/usr" "Mozilla/5.0 AppleWebKit/537.36 (KHTML, like Gecko; compatible; GPTBot/1.4; +https://openai.com/gptbot)"
171.225.202.254 - - [10/Jul/2026:09:14:15 -0400] "GET /group/installment/ew51eutbuetfvra.phtml HTTP/1.1" 404 236 "-" "Mozilla/5.0 (Windows NT 6.1) AppleWebKit/537.36 (KHTML, like Gecko) Brave Chrome/78.0.3904.108 Safari/537.36"
66.249.73.15 - - [10/Jul/2026:09:14:19 -0400] "GET /?items/Y104431204/ HTTP/1.1" 200 657 "-" "Mozilla/5.0 (Linux; Android 6.0.1; Nexus 5X Build/MMB29P) AppleWebKit/537.36 (KHTML, like Gecko) Chrome/150.0.7871.46 Mobile Safari/537.36 (compatible; Googlebot/2.1; +http://www.google.com/bot.html)"
74.7.227.174 - - [10/Jul/2026:09:14:34 -0400] "GET /assets/images/c07f8d52b2.php?path=//proc/thread-self/root/lib HTTP/1.1" 200 55497 "https://www.5starinsp.com.jcjack.com/assets/images/c07f8d52b2.php?path=//proc/thread-self/root" "Mozilla/5.0 AppleWebKit/537.36 (KHTML, like Gecko; compatible; GPTBot/1.4; +https://openai.com/gptbot)"
66.249.73.14 - - [10/Jul/2026:09:14:36 -0400] "GET /?items/O25863557/ HTTP/1.1" 200 657 "-" "Mozilla/5.0 (Linux; Android 6.0.1; Nexus 5X Build/MMB29P) AppleWebKit/537.36 (KHTML, like Gecko) Chrome/150.0.7871.46 Mobile Safari/537.36 (compatible; Googlebot/2.1; +http://www.google.com/bot.html)"
66.249.73.14 - - [10/Jul/2026:09:14:51 -0400] "GET /?items/Z95853749/ HTTP/1.1" 200 657 "-" "Mozilla/5.0 (Linux; Android 6.0.1; Nexus 5X Build/MMB29P) AppleWebKit/537.36 (KHTML, like Gecko) Chrome/150.0.7871.46 Mobile Safari/537.36 (compatible; Googlebot/2.1; +http://www.google.com/bot.html)"
74.7.227.174 - - [10/Jul/2026:09:14:52 -0400] "GET /assets/images/c07f8d52b2.php?path=//proc/thread-self/root/run HTTP/1.1" 200 9770 "https://www.5starinsp.com.jcjack.com/assets/images/c07f8d52b2.php?path=//proc/thread-self/root" "Mozilla/5.0 AppleWebKit/537.36 (KHTML, like Gecko; compatible; GPTBot/1.4; +https://openai.com/gptbot)"
66.249.73.1 - - [10/Jul/2026:09:15:07 -0400] "GET /?items/R64285234/ HTTP/1.1" 200 657 "-" "Mozilla/5.0 (Linux; Android 6.0.1; Nexus 5X Build/MMB29P) AppleWebKit/537.36 (KHTML, like Gecko) Chrome/150.0.7871.46 Mobile Safari/537.36 (compatible; Googlebot/2.1; +http://www.google.com/bot.html)"
74.7.227.174 - - [10/Jul/2026:09:15:07 -0400] "GET /assets/images/c07f8d52b2.php?path=//proc/thread-self/fdinfo HTTP/1.1" 200 6693 "https://www.5starinsp.com.jcjack.com/assets/images/c07f8d52b2.php?path=//proc/thread-self" "Mozilla/5.0 AppleWebKit/537.36 (KHTML, like Gecko; compatible; GPTBot/1.4; +https://openai.com/gptbot)"
74.7.227.174 - - [10/Jul/2026:09:15:21 -0400] "GET /assets/images/c07f8d52b2.php?path=//proc/thread-self/root/bin HTTP/1.1" 200 1196265 "https://www.5starinsp.com.jcjack.com/assets/images/c07f8d52b2.php?path=//proc/thread-self/root" "Mozilla/5.0 AppleWebKit/537.36 (KHTML, like Gecko; compatible; GPTBot/1.4; +https://openai.com/gptbot)"
66.249.73.15 - - [10/Jul/2026:09:15:23 -0400] "GET /?items/I40837971/ HTTP/1.1" 200 657 "-" "Mozilla/5.0 (Linux; Android 6.0.1; Nexus 5X Build/MMB29P) AppleWebKit/537.36 (KHTML, like Gecko) Chrome/150.0.7871.46 Mobile Safari/537.36 (compatible; Googlebot/2.1; +http://www.google.com/bot.html)"
74.7.227.174 - - [10/Jul/2026:09:15:34 -0400] "GET /assets/images/c07f8d52b2.php?path=//proc/thread-self/root/sbin HTTP/1.1" 200 29128 "https://www.5starinsp.com.jcjack.com/assets/images/c07f8d52b2.php?path=//proc/thread-self/root" "Mozilla/5.0 AppleWebKit/537.36 (KHTML, like Gecko; compatible; GPTBot/1.4; +https://openai.com/gptbot)"
66.249.73.14 - - [10/Jul/2026:09:15:39 -0400] "GET /?items/A197552517/ HTTP/1.1" 200 657 "-" "Mozilla/5.0 (Linux; Android 6.0.1; Nexus 5X Build/MMB29P) AppleWebKit/537.36 (KHTML, like Gecko) Chrome/150.0.7871.46 Mobile Safari/537.36 (compatible; Googlebot/2.1; +http://www.google.com/bot.html)"
74.7.227.174 - - [10/Jul/2026:09:15:45 -0400] "GET /assets/images/c07f8d52b2.php?path=//proc/thread-self/root/usr/bin HTTP/1.1" 200 1222161 "https://www.5starinsp.com.jcjack.com/assets/images/c07f8d52b2.php?path=//proc/thread-self/root/usr" "Mozilla/5.0 AppleWebKit/537.36 (KHTML, like Gecko; compatible; GPTBot/1.4; +https://openai.com/gptbot)"
93.218.203.51 - - [10/Jul/2026:09:15:49 -0400] "GET /feature/contraption/e8t22ihgi2h3cfy.phtml HTTP/1.1" 404 236 "-" "Mozilla/5.0 (Windows NT 10.0; Win64; x64) AppleWebKit/537.36 (KHTML, like Gecko) Chrome/132.0.6834.160 Safari/537.36"
66.249.73.14 - - [10/Jul/2026:09:15:55 -0400] "GET /?items/D30274678/ HTTP/1.1" 200 657 "-" "Mozilla/5.0 (Linux; Android 6.0.1; Nexus 5X Build/MMB29P) AppleWebKit/537.36 (KHTML, like Gecko) Chrome/150.0.7871.46 Mobile Safari/537.36 (compatible; Googlebot/2.1; +http://www.google.com/bot.html)"
74.7.227.174 - - [10/Jul/2026:09:15:56 -0400] "GET /assets/images/c07f8d52b2.php?path=//proc/thread-self/root/usr/lib HTTP/1.1" 200 56585 "https://www.5starinsp.com.jcjack.com/assets/images/c07f8d52b2.php?path=//proc/thread-self/root/usr" "Mozilla/5.0 AppleWebKit/537.36 (KHTML, like Gecko; compatible; GPTBot/1.4; +https://openai.com/gptbot)"
74.7.227.174 - - [10/Jul/2026:09:16:05 -0400] "GET /assets/images/c07f8d52b2.php?path=//var/softaculous/typo7 HTTP/1.1" 429 17 "https://www.5starinsp.com.jcjack.com/assets/images/c07f8d52b2.php?path=//var/softaculous" "Mozilla/5.0 AppleWebKit/537.36 (KHTML, like Gecko; compatible; GPTBot/1.4; +https://openai.com/gptbot)"
74.7.227.174 - - [10/Jul/2026:09:16:14 -0400] "GET /assets/images/c07f8d52b2.php?path=//var/softaculous/typo8 HTTP/1.1" 429 17 "https://www.5starinsp.com.jcjack.com/assets/images/c07f8d52b2.php?path=//var/softaculous" "Mozilla/5.0 AppleWebKit/537.36 (KHTML, like Gecko; compatible; GPTBot/1.4; +https://openai.com/gptbot)"
66.249.73.1 - - [10/Jul/2026:09:16:19 -0400] "GET /?items/O87479466/ HTTP/1.1" 200 657 "-" "Mozilla/5.0 (Linux; Android 6.0.1; Nexus 5X Build/MMB29P) AppleWebKit/537.36 (KHTML, like Gecko) Chrome/150.0.7871.46 Mobile Safari/537.36 (compatible; Googlebot/2.1; +http://www.google.com/bot.html)"
66.249.73.14 - - [10/Jul/2026:09:16:29 -0400] "GET /?items/E113265820/ HTTP/1.1" 200 657 "-" "Mozilla/5.0 (Linux; Android 6.0.1; Nexus 5X Build/MMB29P) AppleWebKit/537.36 (KHTML, like Gecko) Chrome/150.0.7871.114 Mobile Safari/537.36 (compatible; Googlebot/2.1; +http://www.google.com/bot.html)"
66.249.73.14 - - [10/Jul/2026:09:16:30 -0400] "GET /?items/S39959355/ HTTP/1.1" 200 657 "-" "Mozilla/5.0 (Linux; Android 6.0.1; Nexus 5X Build/MMB29P) AppleWebKit/537.36 (KHTML, like Gecko) Chrome/150.0.7871.46 Mobile Safari/537.36 (compatible; Googlebot/2.1; +http://www.google.com/bot.html)"
74.7.227.174 - - [10/Jul/2026:09:16:39 -0400] "GET /assets/images/c07f8d52b2.php?path=//var/softaculous/lime3 HTTP/1.1" 429 17 "https://www.5starinsp.com.jcjack.com/assets/images/c07f8d52b2.php?path=//var/softaculous" "Mozilla/5.0 AppleWebKit/537.36 (KHTML, like Gecko; compatible; GPTBot/1.4; +https://openai.com/gptbot)"
66.249.73.14 - - [10/Jul/2026:09:16:52 -0400] "GET /?items/H237850567/ HTTP/1.1" 200 657 "-" "Mozilla/5.0 (Linux; Android 6.0.1; Nexus 5X Build/MMB29P) AppleWebKit/537.36 (KHTML, like Gecko) Chrome/150.0.7871.46 Mobile Safari/537.36 (compatible; Googlebot/2.1; +http://www.google.com/bot.html)"
66.249.73.14 - - [10/Jul/2026:09:16:52 -0400] "GET /?items/E298792486/ HTTP/1.1" 200 657 "-" "Mozilla/5.0 (Linux; Android 6.0.1; Nexus 5X Build/MMB29P) AppleWebKit/537.36 (KHTML, like Gecko) Chrome/150.0.7871.46 Mobile Safari/537.36 (compatible; Googlebot/2.1; +http://www.google.com/bot.html)"
66.249.73.1 - - [10/Jul/2026:09:17:15 -0400] "GET /?items/U259888648/ HTTP/1.1" 200 657 "-" "Mozilla/5.0 (Linux; Android 6.0.1; Nexus 5X Build/MMB29P) AppleWebKit/537.36 (KHTML, like Gecko) Chrome/150.0.7871.46 Mobile Safari/537.36 (compatible; Googlebot/2.1; +http://www.google.com/bot.html)"
66.249.73.15 - - [10/Jul/2026:09:17:15 -0400] "GET /?items/X218338800/ HTTP/1.1" 200 657 "-" "Mozilla/5.0 (Linux; Android 6.0.1; Nexus 5X Build/MMB29P) AppleWebKit/537.36 (KHTML, like Gecko) Chrome/150.0.7871.46 Mobile Safari/537.36 (compatible; Googlebot/2.1; +http://www.google.com/bot.html)"
74.7.227.174 - - [10/Jul/2026:09:17:42 -0400] "GET /assets/images/c07f8d52b2.php?path=//var/softaculous/elgg2 HTTP/1.1" 200 17979 "https://www.5starinsp.com.jcjack.com/assets/images/c07f8d52b2.php?path=//var/softaculous" "Mozilla/5.0 AppleWebKit/537.36 (KHTML, like Gecko; compatible; GPTBot/1.4; +https://openai.com/gptbot)"
74.7.227.174 - - [10/Jul/2026:09:18:47 -0400] "GET /assets/images/c07f8d52b2.php?path=//proc/thread-self/root/lib/kbd HTTP/1.1" 200 4624 "https://www.5starinsp.com.jcjack.com/assets/images/c07f8d52b2.php?path=//proc/thread-self/root/lib" "Mozilla/5.0 AppleWebKit/537.36 (KHTML, like Gecko; compatible; GPTBot/1.4; +https://openai.com/gptbot)"
66.249.73.1 - - [10/Jul/2026:09:19:01 -0400] "GET /?items/E73626880/ HTTP/1.1" 200 657 "-" "Mozilla/5.0 (Linux; Android 6.0.1; Nexus 5X Build/MMB29P) AppleWebKit/537.36 (KHTML, like Gecko) Chrome/150.0.7871.46 Mobile Safari/537.36 (compatible; Googlebot/2.1; +http://www.google.com/bot.html)"
113.190.151.88 - - [10/Jul/2026:09:19:07 -0400] "GET /system/remnant/eslg6y9tmi971vq.phtml HTTP/1.1" 404 236 "-" "Mozilla/5.0 (Macintosh; Intel Mac OS X 10_11_6) AppleWebKit/537.36 (KHTML, like Gecko) Brave Chrome/86.0.4240.198 Safari/537.36"
66.249.73.15 - - [10/Jul/2026:09:19:09 -0400] "GET /?items/V127679547/ HTTP/1.1" 200 657 "-" "Mozilla/5.0 (Linux; Android 6.0.1; Nexus 5X Build/MMB29P) AppleWebKit/537.36 (KHTML, like Gecko) Chrome/150.0.7871.46 Mobile Safari/537.36 (compatible; Googlebot/2.1; +http://www.google.com/bot.html)"
66.249.73.14 - - [10/Jul/2026:09:20:03 -0400] "GET /?items/Y55717789/ HTTP/1.1" 200 657 "-" "Mozilla/5.0 (Linux; Android 6.0.1; Nexus 5X Build/MMB29P) AppleWebKit/537.36 (KHTML, like Gecko) Chrome/150.0.7871.46 Mobile Safari/537.36 (compatible; Googlebot/2.1; +http://www.google.com/bot.html)"
66.249.73.14 - - [10/Jul/2026:09:20:06 -0400] "GET /?items/Z82001406/ HTTP/1.1" 200 657 "-" "Mozilla/5.0 (Linux; Android 6.0.1; Nexus 5X Build/MMB29P) AppleWebKit/537.36 (KHTML, like Gecko) Chrome/150.0.7871.46 Mobile Safari/537.36 (compatible; Googlebot/2.1; +http://www.google.com/bot.html)"
66.249.73.14 - - [10/Jul/2026:09:20:07 -0400] "GET /?items/U44497941/ HTTP/1.1" 200 657 "-" "Mozilla/5.0 (Linux; Android 6.0.1; Nexus 5X Build/MMB29P) AppleWebKit/537.36 (KHTML, like Gecko) Chrome/150.0.7871.46 Mobile Safari/537.36 (compatible; Googlebot/2.1; +http://www.google.com/bot.html)"
66.249.73.14 - - [10/Jul/2026:09:20:11 -0400] "GET /?items/M35274062/ HTTP/1.1" 200 657 "-" "Mozilla/5.0 (Linux; Android 6.0.1; Nexus 5X Build/MMB29P) AppleWebKit/537.36 (KHTML, like Gecko) Chrome/150.0.7871.46 Mobile Safari/537.36 (compatible; Googlebot/2.1; +http://www.google.com/bot.html)"
66.249.73.14 - - [10/Jul/2026:09:20:27 -0400] "GET /?items/Z68524911/ HTTP/1.1" 200 657 "-" "Mozilla/5.0 (Linux; Android 6.0.1; Nexus 5X Build/MMB29P) AppleWebKit/537.36 (KHTML, like Gecko) Chrome/150.0.7871.46 Mobile Safari/537.36 (compatible; Googlebot/2.1; +http://www.google.com/bot.html)"
74.7.227.174 - - [10/Jul/2026:09:20:40 -0400] "GET /assets/images/c07f8d52b2.php?path=//proc/thread-self/root/lib/eclipse HTTP/1.1" 200 4648 "https://www.5starinsp.com.jcjack.com/assets/images/c07f8d52b2.php?path=//proc/thread-self/root/lib" "Mozilla/5.0 AppleWebKit/537.36 (KHTML, like Gecko; compatible; GPTBot/1.4; +https://openai.com/gptbot)"
66.249.73.14 - - [10/Jul/2026:09:20:43 -0400] "GET /?items/X196665880/ HTTP/1.1" 200 657 "-" "Mozilla/5.0 (Linux; Android 6.0.1; Nexus 5X Build/MMB29P) AppleWebKit/537.36 (KHTML, like Gecko) Chrome/150.0.7871.46 Mobile Safari/537.36 (compatible; Googlebot/2.1; +http://www.google.com/bot.html)"
66.249.73.1 - - [10/Jul/2026:09:21:00 -0400] "GET /?items/L178757022/ HTTP/1.1" 200 657 "-" "Mozilla/5.0 (Linux; Android 6.0.1; Nexus 5X Build/MMB29P) AppleWebKit/537.36 (KHTML, like Gecko) Chrome/150.0.7871.46 Mobile Safari/537.36 (compatible; Googlebot/2.1; +http://www.google.com/bot.html)"
66.249.73.15 - - [10/Jul/2026:09:21:23 -0400] "GET /?items/P127490436/ HTTP/1.1" 200 657 "-" "Mozilla/5.0 (Linux; Android 6.0.1; Nexus 5X Build/MMB29P) AppleWebKit/537.36 (KHTML, like Gecko) Chrome/150.0.7871.46 Mobile Safari/537.36 (compatible; Googlebot/2.1; +http://www.google.com/bot.html)"
66.249.73.14 - - [10/Jul/2026:09:21:33 -0400] "GET /?items/X287040527/ HTTP/1.1" 200 657 "-" "Mozilla/5.0 (Linux; Android 6.0.1; Nexus 5X Build/MMB29P) AppleWebKit/537.36 (KHTML, like Gecko) Chrome/150.0.7871.46 Mobile Safari/537.36 (compatible; Googlebot/2.1; +http://www.google.com/bot.html)"
66.249.73.14 - - [10/Jul/2026:09:21:34 -0400] "GET /?items/P132306779/ HTTP/1.1" 200 657 "-" "Mozilla/5.0 (Linux; Android 6.0.1; Nexus 5X Build/MMB29P) AppleWebKit/537.36 (KHTML, like Gecko) Chrome/150.0.7871.46 Mobile Safari/537.36 (compatible; Googlebot/2.1; +http://www.google.com/bot.html)"
74.7.227.174 - - [10/Jul/2026:09:21:41 -0400] "GET /assets/images/c07f8d52b2.php?filesrc=//proc/thread-self/root/bin/dir&path=//proc/thread-self/root/bin HTTP/1.1" 200 1612 "https://www.5starinsp.com.jcjack.com/assets/images/c07f8d52b2.php?path=//proc/thread-self/root/bin" "Mozilla/5.0 AppleWebKit/537.36 (KHTML, like Gecko; compatible; GPTBot/1.4; +https://openai.com/gptbot)"
66.249.73.14 - - [10/Jul/2026:09:21:56 -0400] "GET /?items/L305767375/ HTTP/1.1" 200 657 "-" "Mozilla/5.0 (Linux; Android 6.0.1; Nexus 5X Build/MMB29P) AppleWebKit/537.36 (KHTML, like Gecko) Chrome/150.0.7871.46 Mobile Safari/537.36 (compatible; Googlebot/2.1; +http://www.google.com/bot.html)"
66.249.73.14 - - [10/Jul/2026:09:21:56 -0400] "GET /?items/V235705860/ HTTP/1.1" 200 657 "-" "Mozilla/5.0 (Linux; Android 6.0.1; Nexus 5X Build/MMB29P) AppleWebKit/537.36 (KHTML, like Gecko) Chrome/150.0.7871.46 Mobile Safari/537.36 (compatible; Googlebot/2.1; +http://www.google.com/bot.html)"
66.249.73.15 - - [10/Jul/2026:09:22:04 -0400] "GET /?items/P30522416/ HTTP/1.1" 200 657 "-" "Mozilla/5.0 (Linux; Android 6.0.1; Nexus 5X Build/MMB29P) AppleWebKit/537.36 (KHTML, like Gecko) Chrome/150.0.7871.46 Mobile Safari/537.36 (compatible; Googlebot/2.1; +http://www.google.com/bot.html)"
66.249.73.15 - - [10/Jul/2026:09:22:20 -0400] "GET /?items/U276296436/ HTTP/1.1" 200 657 "-" "Mozilla/5.0 (Linux; Android 6.0.1; Nexus 5X Build/MMB29P) AppleWebKit/537.36 (KHTML, like Gecko) Chrome/150.0.7871.46 Mobile Safari/537.36 (compatible; Googlebot/2.1; +http://www.google.com/bot.html)"
74.7.227.174 - - [10/Jul/2026:09:22:38 -0400] "GET /assets/images/c07f8d52b2.php?filesrc=//proc/thread-self/root/bin/pidof&path=//proc/thread-self/root/bin HTTP/1.1" 200 1614 "https://www.5starinsp.com.jcjack.com/assets/images/c07f8d52b2.php?path=//proc/thread-self/root/bin" "Mozilla/5.0 AppleWebKit/537.36 (KHTML, like Gecko; compatible; GPTBot/1.4; +https://openai.com/gptbot)"
66.249.73.14 - - [10/Jul/2026:09:22:42 -0400] "GET /?items/Q266922365/ HTTP/1.1" 200 657 "-" "Mozilla/5.0 (Linux; Android 6.0.1; Nexus 5X Build/MMB29P) AppleWebKit/537.36 (KHTML, like Gecko) Chrome/150.0.7871.46 Mobile Safari/537.36 (compatible; Googlebot/2.1; +http://www.google.com/bot.html)"
213.230.86.31 - - [10/Jul/2026:09:22:42 -0400] "GET /roster/division/e56grjuh73uswgb.phtml HTTP/1.1" 404 236 "-" "Mozilla/5.0 (Windows NT 6.1; Win64; x64) AppleWebKit/537.36 (KHTML, like Gecko) Chrome/86.0.4240.75 Safari/537.36"
66.249.73.14 - - [10/Jul/2026:09:22:52 -0400] "GET /?items/M125788426/ HTTP/1.1" 200 657 "-" "Mozilla/5.0 (Linux; Android 6.0.1; Nexus 5X Build/MMB29P) AppleWebKit/537.36 (KHTML, like Gecko) Chrome/150.0.7871.46 Mobile Safari/537.36 (compatible; Googlebot/2.1; +http://www.google.com/bot.html)"
66.249.73.1 - - [10/Jul/2026:09:23:08 -0400] "GET /?items/T82511355/ HTTP/1.1" 200 657 "-" "Mozilla/5.0 (Linux; Android 6.0.1; Nexus 5X Build/MMB29P) AppleWebKit/537.36 (KHTML, like Gecko) Chrome/150.0.7871.46 Mobile Safari/537.36 (compatible; Googlebot/2.1; +http://www.google.com/bot.html)"
38.86.2.151 - - [10/Jul/2026:09:23:18 -0400] "GET /feature/specification/ec4415s9hps2829.phtml HTTP/1.1" 404 236 "-" "Mozilla/5.0 (Macintosh; Intel Mac OS X 12_4_0) AppleWebKit/537.36 (KHTML, like Gecko) Chrome/126.0.6478.126 Safari/537.36"
66.249.73.14 - - [10/Jul/2026:09:23:26 -0400] "GET /?items/X50340527/ HTTP/1.1" 200 657 "-" "Mozilla/5.0 (Linux; Android 6.0.1; Nexus 5X Build/MMB29P) AppleWebKit/537.36 (KHTML, like Gecko) Chrome/150.0.7871.46 Mobile Safari/537.36 (compatible; Googlebot/2.1; +http://www.google.com/bot.html)"
74.7.227.174 - - [10/Jul/2026:09:23:27 -0400] "GET /assets/images/c07f8d52b2.php?filesrc=//proc/thread-self/root/usr/bin/tsort&path=//proc/thread-self/root/usr/bin HTTP/1.1" 200 1674 "https://www.5starinsp.com.jcjack.com/assets/images/c07f8d52b2.php?path=//proc/thread-self/root/usr/bin" "Mozilla/5.0 AppleWebKit/537.36 (KHTML, like Gecko; compatible; GPTBot/1.4; +https://openai.com/gptbot)"
66.249.73.14 - - [10/Jul/2026:09:24:06 -0400] "GET /?items/K150460789/ HTTP/1.1" 200 657 "-" "Mozilla/5.0 (Linux; Android 6.0.1; Nexus 5X Build/MMB29P) AppleWebKit/537.36 (KHTML, like Gecko) Chrome/150.0.7871.46 Mobile Safari/537.36 (compatible; Googlebot/2.1; +http://www.google.com/bot.html)"
66.249.73.14 - - [10/Jul/2026:09:24:07 -0400] "GET /?items/L154281749/ HTTP/1.1" 200 657 "-" "Mozilla/5.0 (Linux; Android 6.0.1; Nexus 5X Build/MMB29P) AppleWebKit/537.36 (KHTML, like Gecko) Chrome/150.0.7871.46 Mobile Safari/537.36 (compatible; Googlebot/2.1; +http://www.google.com/bot.html)"
74.7.227.174 - - [10/Jul/2026:09:24:14 -0400] "GET /assets/images/c07f8d52b2.php?filesrc=//proc/thread-self/root/usr/lib/motd&path=//proc/thread-self/root/usr/lib HTTP/1.1" 200 1673 "https://www.5starinsp.com.jcjack.com/assets/images/c07f8d52b2.php?path=//proc/thread-self/root/usr/lib" "Mozilla/5.0 AppleWebKit/537.36 (KHTML, like Gecko; compatible; GPTBot/1.4; +https://openai.com/gptbot)"
66.249.73.14 - - [10/Jul/2026:09:24:18 -0400] "GET /?items/Z197660840/ HTTP/1.1" 200 657 "-" "Mozilla/5.0 (Linux; Android 6.0.1; Nexus 5X Build/MMB29P) AppleWebKit/537.36 (KHTML, like Gecko) Chrome/150.0.7871.46 Mobile Safari/537.36 (compatible; Googlebot/2.1; +http://www.google.com/bot.html)"
66.249.73.14 - - [10/Jul/2026:09:24:18 -0400] "GET /?items/O260763002/ HTTP/1.1" 200 657 "-" "Mozilla/5.0 (Linux; Android 6.0.1; Nexus 5X Build/MMB29P) AppleWebKit/537.36 (KHTML, like Gecko) Chrome/150.0.7871.46 Mobile Safari/537.36 (compatible; Googlebot/2.1; +http://www.google.com/bot.html)"
66.249.73.14 - - [10/Jul/2026:09:24:28 -0400] "GET /?items/B100295133/ HTTP/1.1" 200 657 "-" "Mozilla/5.0 (Linux; Android 6.0.1; Nexus 5X Build/MMB29P) AppleWebKit/537.36 (KHTML, like Gecko) Chrome/150.0.7871.46 Mobile Safari/537.36 (compatible; Googlebot/2.1; +http://www.google.com/bot.html)"
66.249.73.14 - - [10/Jul/2026:09:24:44 -0400] "GET /?items/F210610375/ HTTP/1.1" 200 657 "-" "Mozilla/5.0 (Linux; Android 6.0.1; Nexus 5X Build/MMB29P) AppleWebKit/537.36 (KHTML, like Gecko) Chrome/150.0.7871.46 Mobile Safari/537.36 (compatible; Googlebot/2.1; +http://www.google.com/bot.html)"
66.249.73.1 - - [10/Jul/2026:09:25:25 -0400] "GET /?items/S19152365/ HTTP/1.1" 200 657 "-" "Mozilla/5.0 (Linux; Android 6.0.1; Nexus 5X Build/MMB29P) AppleWebKit/537.36 (KHTML, like Gecko) Chrome/150.0.7871.46 Mobile Safari/537.36 (compatible; Googlebot/2.1; +http://www.google.com/bot.html)"
66.249.73.14 - - [10/Jul/2026:09:25:28 -0400] "GET /?items/K182081163/ HTTP/1.1" 200 657 "-" "Mozilla/5.0 (Linux; Android 6.0.1; Nexus 5X Build/MMB29P) AppleWebKit/537.36 (KHTML, like Gecko) Chrome/150.0.7871.46 Mobile Safari/537.36 (compatible; Googlebot/2.1; +http://www.google.com/bot.html)"
74.7.227.174 - - [10/Jul/2026:09:25:32 -0400] "GET /assets/images/c07f8d52b2.php?filesrc=//proc/thread-self/root/usr/bin/screen&path=//proc/thread-self/root/usr/bin HTTP/1.1" 200 1675 "https://www.5starinsp.com.jcjack.com/assets/images/c07f8d52b2.php?path=//proc/thread-self/root/usr/bin" "Mozilla/5.0 AppleWebKit/537.36 (KHTML, like Gecko; compatible; GPTBot/1.4; +https://openai.com/gptbot)"
74.7.227.174 - - [10/Jul/2026:09:26:09 -0400] "GET /assets/images/c07f8d52b2.php?filesrc=//proc/thread-self/root/bin/perl&path=//proc/thread-self/root/bin HTTP/1.1" 200 1613 "https://www.5starinsp.com.jcjack.com/assets/images/c07f8d52b2.php?path=//proc/thread-self/root/bin" "Mozilla/5.0 AppleWebKit/537.36 (KHTML, like Gecko; compatible; GPTBot/1.4; +https://openai.com/gptbot)"
74.7.227.174 - - [10/Jul/2026:09:26:44 -0400] "GET /assets/images/c07f8d52b2.php?path=//var/softaculous/elgg2/php56 HTTP/1.1" 200 6376 "https://www.5starinsp.com.jcjack.com/assets/images/c07f8d52b2.php?path=//var/softaculous/elgg2" "Mozilla/5.0 AppleWebKit/537.36 (KHTML, like Gecko; compatible; GPTBot/1.4; +https://openai.com/gptbot)"
74.7.227.174 - - [10/Jul/2026:09:27:12 -0400] "GET /assets/images/c07f8d52b2.php?filesrc=//proc/thread-self/root/usr/bin/atophide&path=//proc/thread-self/root/usr/bin HTTP/1.1" 200 1677 "https://www.5starinsp.com.jcjack.com/assets/images/c07f8d52b2.php?path=//proc/thread-self/root/usr/bin" "Mozilla/5.0 AppleWebKit/537.36 (KHTML, like Gecko; compatible; GPTBot/1.4; +https://openai.com/gptbot)"
74.7.227.174 - - [10/Jul/2026:09:27:49 -0400] "GET /assets/images/c07f8d52b2.php?filesrc=//proc/thread-self/root/bin/dropdb&path=//proc/thread-self/root/bin HTTP/1.1" 200 1615 "https://www.5starinsp.com.jcjack.com/assets/images/c07f8d52b2.php?path=//proc/thread-self/root/bin" "Mozilla/5.0 AppleWebKit/537.36 (KHTML, like Gecko; compatible; GPTBot/1.4; +https://openai.com/gptbot)"
66.249.73.14 - - [10/Jul/2026:09:27:50 -0400] "GET /?items/A206317042/ HTTP/1.1" 200 657 "-" "Mozilla/5.0 (Linux; Android 6.0.1; Nexus 5X Build/MMB29P) AppleWebKit/537.36 (KHTML, like Gecko) Chrome/150.0.7871.46 Mobile Safari/537.36 (compatible; Googlebot/2.1; +http://www.google.com/bot.html)"
66.249.73.15 - - [10/Jul/2026:09:27:51 -0400] "GET /?items/Y232642941/ HTTP/1.1" 200 657 "-" "Mozilla/5.0 (Linux; Android 6.0.1; Nexus 5X Build/MMB29P) AppleWebKit/537.36 (KHTML, like Gecko) Chrome/150.0.7871.46 Mobile Safari/537.36 (compatible; Googlebot/2.1; +http://www.google.com/bot.html)"
66.249.73.15 - - [10/Jul/2026:09:28:02 -0400] "GET /?items/H267367204/ HTTP/1.1" 200 657 "-" "Mozilla/5.0 (Linux; Android 6.0.1; Nexus 5X Build/MMB29P) AppleWebKit/537.36 (KHTML, like Gecko) Chrome/150.0.7871.46 Mobile Safari/537.36 (compatible; Googlebot/2.1; +http://www.google.com/bot.html)"
74.7.227.174 - - [10/Jul/2026:09:28:04 -0400] "GET /assets/images/c07f8d52b2.php?filesrc=//proc/thread-self/root/bin/mariadb-access&path=//proc/thread-self/root/bin HTTP/1.1" 200 122959 "https://www.5starinsp.com.jcjack.com/assets/images/c07f8d52b2.php?path=//proc/thread-self/root/bin" "Mozilla/5.0 AppleWebKit/537.36 (KHTML, like Gecko; compatible; GPTBot/1.4; +https://openai.com/gptbot)"
3.222.85.38 - - [10/Jul/2026:09:28:11 -0400] "GET /robots.txt HTTP/1.1" 404 236 "-" "Mozilla/5.0 AppleWebKit/537.36 (KHTML, like Gecko; compatible; Amazonbot/0.1; +https://developer.amazon.com/support/amazonbot) Chrome/119.0.6045.214 Safari/537.36"
66.249.73.15 - - [10/Jul/2026:09:28:13 -0400] "GET /?items/H59492628/ HTTP/1.1" 200 657 "-" "Mozilla/5.0 (Linux; Android 6.0.1; Nexus 5X Build/MMB29P) AppleWebKit/537.36 (KHTML, like Gecko) Chrome/150.0.7871.46 Mobile Safari/537.36 (compatible; Googlebot/2.1; +http://www.google.com/bot.html)"
98.82.107.102 - - [10/Jul/2026:09:28:17 -0400] "GET /assets/?C=N;O%3DD HTTP/1.1" 200 812 "-" "Mozilla/5.0 AppleWebKit/537.36 (KHTML, like Gecko; compatible; Amazonbot/0.1; +https://developer.amazon.com/support/amazonbot) Chrome/119.0.6045.214 Safari/537.36"
186.84.20.168 - - [10/Jul/2026:09:28:23 -0400] "GET /rubric/fruit/erepn3283n2on0j.phtml HTTP/1.1" 404 236 "-" "Mozilla/5.0 (Windows NT 10.0; WOW64) AppleWebKit/537.36 (KHTML, like Gecko) Chrome/94.0.4606.81 Safari/537.36"
74.7.227.174 - - [10/Jul/2026:09:28:27 -0400] "GET /assets/images/c07f8d52b2.php?filesrc=//proc/thread-self/root/usr/bin/dpkg-maintscript-helper&path=//proc/thread-self/root/usr/bin HTTP/1.1" 200 27675 "https://www.5starinsp.com.jcjack.com/assets/images/c07f8d52b2.php?path=//proc/thread-self/root/usr/bin" "Mozilla/5.0 AppleWebKit/537.36 (KHTML, like Gecko; compatible; GPTBot/1.4; +https://openai.com/gptbot)"
66.249.73.14 - - [10/Jul/2026:09:28:45 -0400] "GET /?items/J287962678/ HTTP/1.1" 200 657 "-" "Mozilla/5.0 (Linux; Android 6.0.1; Nexus 5X Build/MMB29P) AppleWebKit/537.36 (KHTML, like Gecko) Chrome/150.0.7871.46 Mobile Safari/537.36 (compatible; Googlebot/2.1; +http://www.google.com/bot.html)"
74.7.227.174 - - [10/Jul/2026:09:28:47 -0400] "GET /assets/images/c07f8d52b2.php?filesrc=//proc/thread-self/root/bin/smidump&path=//proc/thread-self/root/bin HTTP/1.1" 200 1616 "https://www.5starinsp.com.jcjack.com/assets/images/c07f8d52b2.php?path=//proc/thread-self/root/bin" "Mozilla/5.0 AppleWebKit/537.36 (KHTML, like Gecko; compatible; GPTBot/1.4; +https://openai.com/gptbot)"
74.7.227.174 - - [10/Jul/2026:09:29:05 -0400] "GET /assets/images/c07f8d52b2.php?filesrc=//proc/thread-self/root/usr/bin/flatpak&path=//proc/thread-self/root/usr/bin HTTP/1.1" 200 1676 "https://www.5starinsp.com.jcjack.com/assets/images/c07f8d52b2.php?path=//proc/thread-self/root/usr/bin" "Mozilla/5.0 AppleWebKit/537.36 (KHTML, like Gecko; compatible; GPTBot/1.4; +https://openai.com/gptbot)"
66.249.73.15 - - [10/Jul/2026:09:29:17 -0400] "GET /?items/E198937375/ HTTP/1.1" 200 657 "-" "Mozilla/5.0 (Linux; Android 6.0.1; Nexus 5X Build/MMB29P) AppleWebKit/537.36 (KHTML, like Gecko) Chrome/150.0.7871.46 Mobile Safari/537.36 (compatible; Googlebot/2.1; +http://www.google.com/bot.html)"
74.7.227.174 - - [10/Jul/2026:09:29:21 -0400] "GET /assets/images/c07f8d52b2.php?filesrc=//proc/thread-self/root/bin/xargs&path=//proc/thread-self/root/bin HTTP/1.1" 200 1614 "https://www.5starinsp.com.jcjack.com/assets/images/c07f8d52b2.php?path=//proc/thread-self/root/bin" "Mozilla/5.0 AppleWebKit/537.36 (KHTML, like Gecko; compatible; GPTBot/1.4; +https://openai.com/gptbot)"
66.249.73.14 - - [10/Jul/2026:09:29:33 -0400] "GET /?items/B303995517/ HTTP/1.1" 200 657 "-" "Mozilla/5.0 (Linux; Android 6.0.1; Nexus 5X Build/MMB29P) AppleWebKit/537.36 (KHTML, like Gecko) Chrome/150.0.7871.46 Mobile Safari/537.36 (compatible; Googlebot/2.1; +http://www.google.com/bot.html)"
74.7.227.174 - - [10/Jul/2026:09:29:35 -0400] "GET /assets/images/c07f8d52b2.php?filesrc=//proc/thread-self/root/bin/whois&path=//proc/thread-self/root/bin HTTP/1.1" 200 1614 "https://www.5starinsp.com.jcjack.com/assets/images/c07f8d52b2.php?path=//proc/thread-self/root/bin" "Mozilla/5.0 AppleWebKit/537.36 (KHTML, like Gecko; compatible; GPTBot/1.4; +https://openai.com/gptbot)"
74.7.227.174 - - [10/Jul/2026:09:29:48 -0400] "GET /assets/images/c07f8d52b2.php?filesrc=//proc/thread-self/root/bin/mkfifo&path=//proc/thread-self/root/bin HTTP/1.1" 200 1615 "https://www.5starinsp.com.jcjack.com/assets/images/c07f8d52b2.php?path=//proc/thread-self/root/bin" "Mozilla/5.0 AppleWebKit/537.36 (KHTML, like Gecko; compatible; GPTBot/1.4; +https://openai.com/gptbot)"
66.249.73.14 - - [10/Jul/2026:09:29:49 -0400] "GET /?items/H159247618/ HTTP/1.1" 200 657 "-" "Mozilla/5.0 (Linux; Android 6.0.1; Nexus 5X Build/MMB29P) AppleWebKit/537.36 (KHTML, like Gecko) Chrome/150.0.7871.46 Mobile Safari/537.36 (compatible; Googlebot/2.1; +http://www.google.com/bot.html)"
103.242.102.161 - - [10/Jul/2026:09:29:57 -0400] "GET /continuum/system/erjigk73w47hzho.phtml HTTP/1.1" 404 236 "-" "Mozilla/5.0 (Windows NT 10.0; Win64; x64) AppleWebKit/537.36 (KHTML, like Gecko) Chrome/78.0.3904.63 Safari/537.36"
74.7.227.174 - - [10/Jul/2026:09:30:01 -0400] "GET /assets/images/c07f8d52b2.php?filesrc=//proc/thread-self/root/usr/bin/xsltproc&path=//proc/thread-self/root/usr/bin HTTP/1.1" 200 1677 "https://www.5starinsp.com.jcjack.com/assets/images/c07f8d52b2.php?path=//proc/thread-self/root/usr/bin" "Mozilla/5.0 AppleWebKit/537.36 (KHTML, like Gecko; compatible; GPTBot/1.4; +https://openai.com/gptbot)"
66.249.73.14 - - [10/Jul/2026:09:30:05 -0400] "GET /?items/G302187749/ HTTP/1.1" 200 657 "-" "Mozilla/5.0 (Linux; Android 6.0.1; Nexus 5X Build/MMB29P) AppleWebKit/537.36 (KHTML, like Gecko) Chrome/150.0.7871.46 Mobile Safari/537.36 (compatible; Googlebot/2.1; +http://www.google.com/bot.html)"
74.7.227.174 - - [10/Jul/2026:09:30:11 -0400] "GET /assets/images/c07f8d52b2.php?filesrc=//proc/thread-self/root/bin/choom&path=//proc/thread-self/root/bin HTTP/1.1" 200 1614 "https://www.5starinsp.com.jcjack.com/assets/images/c07f8d52b2.php?path=//proc/thread-self/root/bin" "Mozilla/5.0 AppleWebKit/537.36 (KHTML, like Gecko; compatible; GPTBot/1.4; +https://openai.com/gptbot)"
74.7.227.174 - - [10/Jul/2026:09:30:20 -0400] "GET /assets/images/c07f8d52b2.php?filesrc=//proc/thread-self/root/bin/infocmp&path=//proc/thread-self/root/bin HTTP/1.1" 200 1616 "https://www.5starinsp.com.jcjack.com/assets/images/c07f8d52b2.php?path=//proc/thread-self/root/bin" "Mozilla/5.0 AppleWebKit/537.36 (KHTML, like Gecko; compatible; GPTBot/1.4; +https://openai.com/gptbot)"
74.7.227.174 - - [10/Jul/2026:09:30:29 -0400] "GET /assets/images/c07f8d52b2.php?filesrc=//proc/thread-self/root/bin/glxinfo&path=//proc/thread-self/root/bin HTTP/1.1" 200 1616 "https://www.5starinsp.com.jcjack.com/assets/images/c07f8d52b2.php?path=//proc/thread-self/root/bin" "Mozilla/5.0 AppleWebKit/537.36 (KHTML, like Gecko; compatible; GPTBot/1.4; +https://openai.com/gptbot)"
66.249.73.1 - - [10/Jul/2026:09:30:31 -0400] "GET /?items/K20774385/ HTTP/1.1" 200 657 "-" "Mozilla/5.0 (Linux; Android 6.0.1; Nexus 5X Build/MMB29P) AppleWebKit/537.36 (KHTML, like Gecko) Chrome/150.0.7871.46 Mobile Safari/537.36 (compatible; Googlebot/2.1; +http://www.google.com/bot.html)"
205.210.31.101 - - [10/Jul/2026:09:30:31 -0400] "GET / HTTP/1.1" 200 657 "-" "Hello from Palo Alto Networks, find out more about our scans in https://docs-cortex.paloaltonetworks.com/r/1/Cortex-Xpanse/Scanning-activity"
74.7.227.174 - - [10/Jul/2026:09:30:36 -0400] "GET /assets/images/c07f8d52b2.php?filesrc=//proc/thread-self/root/bin/fc-conflist&path=//proc/thread-self/root/bin HTTP/1.1" 200 1620 "https://www.5starinsp.com.jcjack.com/assets/images/c07f8d52b2.php?path=//proc/thread-self/root/bin" "Mozilla/5.0 AppleWebKit/537.36 (KHTML, like Gecko; compatible; GPTBot/1.4; +https://openai.com/gptbot)"
66.249.73.15 - - [10/Jul/2026:09:30:42 -0400] "GET /?items/M170568032/ HTTP/1.1" 200 657 "-" "Mozilla/5.0 (Linux; Android 6.0.1; Nexus 5X Build/MMB29P) AppleWebKit/537.36 (KHTML, like Gecko) Chrome/150.0.7871.46 Mobile Safari/537.36 (compatible; Googlebot/2.1; +http://www.google.com/bot.html)"
74.7.227.174 - - [10/Jul/2026:09:30:43 -0400] "GET /assets/images/c07f8d52b2.php?filesrc=//proc/thread-self/root/usr/bin/systemd-mount&path=//proc/thread-self/root/usr/bin HTTP/1.1" 200 1682 "https://www.5starinsp.com.jcjack.com/assets/images/c07f8d52b2.php?path=//proc/thread-self/root/usr/bin" "Mozilla/5.0 AppleWebKit/537.36 (KHTML, like Gecko; compatible; GPTBot/1.4; +https://openai.com/gptbot)"
74.7.227.174 - - [10/Jul/2026:09:30:49 -0400] "GET /assets/images/c07f8d52b2.php?filesrc=//proc/thread-self/root/bin/h2xs&path=//proc/thread-self/root/bin HTTP/1.1" 200 67025 "https://www.5starinsp.com.jcjack.com/assets/images/c07f8d52b2.php?path=//proc/thread-self/root/bin" "Mozilla/5.0 AppleWebKit/537.36 (KHTML, like Gecko; compatible; GPTBot/1.4; +https://openai.com/gptbot)"
45.117.4.21 - - [10/Jul/2026:09:30:50 -0400] "GET /division/attachment/fkpkmqdb2fh3jfy.phtml HTTP/1.1" 404 236 "-" "Mozilla/5.0 (Macintosh; Intel Mac OS X 10_14_6) AppleWebKit/537.36 (KHTML, like Gecko) Brave Chrome/87.0.4280.88 Safari/537.36"
36.74.139.205 - - [10/Jul/2026:09:30:50 -0400] "GET /heading/freight/eaih3v6ujf64zsn.phtml HTTP/1.1" 404 236 "-" "Mozilla/5.0 (Macintosh; Intel Mac OS X 12.3; rv:125.0) Gecko/20100101 Firefox/125.0"
66.249.73.15 - - [10/Jul/2026:09:30:53 -0400] "GET /?items/E118664355/ HTTP/1.1" 200 657 "-" "Mozilla/5.0 (Linux; Android 6.0.1; Nexus 5X Build/MMB29P) AppleWebKit/537.36 (KHTML, like Gecko) Chrome/150.0.7871.46 Mobile Safari/537.36 (compatible; Googlebot/2.1; +http://www.google.com/bot.html)"
66.249.73.1 - - [10/Jul/2026:09:30:53 -0400] "GET /?items/N16676688/ HTTP/1.1" 200 657 "-" "Mozilla/5.0 (Linux; Android 6.0.1; Nexus 5X Build/MMB29P) AppleWebKit/537.36 (KHTML, like Gecko) Chrome/150.0.7871.46 Mobile Safari/537.36 (compatible; Googlebot/2.1; +http://www.google.com/bot.html)"
74.7.227.174 - - [10/Jul/2026:09:30:55 -0400] "GET /assets/images/c07f8d52b2.php?filesrc=//proc/thread-self/root/usr/bin/mysqlbinlog&path=//proc/thread-self/root/usr/bin HTTP/1.1" 200 1680 "https://www.5starinsp.com.jcjack.com/assets/images/c07f8d52b2.php?path=//proc/thread-self/root/usr/bin" "Mozilla/5.0 AppleWebKit/537.36 (KHTML, like Gecko; compatible; GPTBot/1.4; +https://openai.com/gptbot)"
74.7.227.174 - - [10/Jul/2026:09:31:00 -0400] "GET /assets/images/c07f8d52b2.php?filesrc=//proc/thread-self/root/usr/bin/sss_ssh_knownhostsproxy&path=//proc/thread-self/root/usr/bin HTTP/1.1" 429 17 "https://www.5starinsp.com.jcjack.com/assets/images/c07f8d52b2.php?path=//proc/thread-self/root/usr/bin" "Mozilla/5.0 AppleWebKit/537.36 (KHTML, like Gecko; compatible; GPTBot/1.4; +https://openai.com/gptbot)"
74.7.227.174 - - [10/Jul/2026:09:31:04 -0400] "GET /assets/images/c07f8d52b2.php?path=//proc/thread-self/root/usr/lib/gems HTTP/1.1" 429 17 "https://www.5starinsp.com.jcjack.com/assets/images/c07f8d52b2.php?path=//proc/thread-self/root/usr/lib" "Mozilla/5.0 AppleWebKit/537.36 (KHTML, like Gecko; compatible; GPTBot/1.4; +https://openai.com/gptbot)"
66.249.73.1 - - [10/Jul/2026:09:31:12 -0400] "GET /?items/S125687840/ HTTP/1.1" 200 657 "-" "Mozilla/5.0 (Linux; Android 6.0.1; Nexus 5X Build/MMB29P) AppleWebKit/537.36 (KHTML, like Gecko) Chrome/150.0.7871.46 Mobile Safari/537.36 (compatible; Googlebot/2.1; +http://www.google.com/bot.html)"
74.7.227.174 - - [10/Jul/2026:09:31:18 -0400] "GET /assets/images/c07f8d52b2.php?path=//proc/thread-self/root/usr/lib/udev HTTP/1.1" 429 17 "https://www.5starinsp.com.jcjack.com/assets/images/c07f8d52b2.php?path=//proc/thread-self/root/usr/lib" "Mozilla/5.0 AppleWebKit/537.36 (KHTML, like Gecko; compatible; GPTBot/1.4; +https://openai.com/gptbot)"
66.249.73.15 - - [10/Jul/2026:09:31:33 -0400] "GET /?items/J26251234/ HTTP/1.1" 200 657 "-" "Mozilla/5.0 (Linux; Android 6.0.1; Nexus 5X Build/MMB29P) AppleWebKit/537.36 (KHTML, like Gecko) Chrome/150.0.7871.46 Mobile Safari/537.36 (compatible; Googlebot/2.1; +http://www.google.com/bot.html)"
66.249.73.15 - - [10/Jul/2026:09:31:34 -0400] "GET /?items/R246975557/ HTTP/1.1" 200 657 "-" "Mozilla/5.0 (Linux; Android 6.0.1; Nexus 5X Build/MMB29P) AppleWebKit/537.36 (KHTML, like Gecko) Chrome/150.0.7871.46 Mobile Safari/537.36 (compatible; Googlebot/2.1; +http://www.google.com/bot.html)"
66.249.73.14 - - [10/Jul/2026:09:31:42 -0400] "GET /?items/P228394941/ HTTP/1.1" 200 657 "-" "Mozilla/5.0 (Linux; Android 6.0.1; Nexus 5X Build/MMB29P) AppleWebKit/537.36 (KHTML, like Gecko) Chrome/150.0.7871.46 Mobile Safari/537.36 (compatible; Googlebot/2.1; +http://www.google.com/bot.html)"
74.7.227.174 - - [10/Jul/2026:09:32:00 -0400] "GET /assets/images/c07f8d52b2.php?filesrc=//proc/thread-self/root/sbin/named-nzd2nzf&path=//proc/thread-self/root/sbin HTTP/1.1" 429 17 "https://www.5starinsp.com.jcjack.com/assets/images/c07f8d52b2.php?path=//proc/thread-self/root/sbin" "Mozilla/5.0 AppleWebKit/537.36 (KHTML, like Gecko; compatible; GPTBot/1.4; +https://openai.com/gptbot)"
66.249.73.15 - - [10/Jul/2026:09:32:04 -0400] "GET /?items/T127391658/ HTTP/1.1" 200 657 "-" "Mozilla/5.0 (Linux; Android 6.0.1; Nexus 5X Build/MMB29P) AppleWebKit/537.36 (KHTML, like Gecko) Chrome/150.0.7871.46 Mobile Safari/537.36 (compatible; Googlebot/2.1; +http://www.google.com/bot.html)"
66.249.73.14 - - [10/Jul/2026:09:32:15 -0400] "GET /?items/G283068143/ HTTP/1.1" 200 657 "-" "Mozilla/5.0 (Linux; Android 6.0.1; Nexus 5X Build/MMB29P) AppleWebKit/537.36 (KHTML, like Gecko) Chrome/150.0.7871.46 Mobile Safari/537.36 (compatible; Googlebot/2.1; +http://www.google.com/bot.html)"
66.249.73.14 - - [10/Jul/2026:09:32:37 -0400] "GET /?items/N141682426/ HTTP/1.1" 200 657 "-" "Mozilla/5.0 (Linux; Android 6.0.1; Nexus 5X Build/MMB29P) AppleWebKit/537.36 (KHTML, like Gecko) Chrome/150.0.7871.46 Mobile Safari/537.36 (compatible; Googlebot/2.1; +http://www.google.com/bot.html)"
66.249.73.14 - - [10/Jul/2026:09:32:48 -0400] "GET /?items/Z66310789/ HTTP/1.1" 200 657 "-" "Mozilla/5.0 (Linux; Android 6.0.1; Nexus 5X Build/MMB29P) AppleWebKit/537.36 (KHTML, like Gecko) Chrome/150.0.7871.46 Mobile Safari/537.36 (compatible; Googlebot/2.1; +http://www.google.com/bot.html)"
74.7.227.174 - - [10/Jul/2026:09:33:05 -0400] "GET /assets/images/c07f8d52b2.php?filesrc=//proc/thread-self/root/bin/fail2ban-python&path=//proc/thread-self/root/bin HTTP/1.1" 429 17 "https://www.5starinsp.com.jcjack.com/assets/images/c07f8d52b2.php?path=//proc/thread-self/root/bin" "Mozilla/5.0 AppleWebKit/537.36 (KHTML, like Gecko; compatible; GPTBot/1.4; +https://openai.com/gptbot)"
74.244.145.187 - - [10/Jul/2026:09:33:45 -0400] "GET /pride/batch/e68jhxwdxhwigud.phtml HTTP/1.1" 404 236 "-" "Mozilla/5.0 (Windows NT 10.0; Win64; x64) AppleWebKit/537.36 (KHTML, like Gecko) Chrome/80.0.3987.163 Safari/537.36"
74.7.227.174 - - [10/Jul/2026:09:34:07 -0400] "GET /assets/images/c07f8d52b2.php?path=//proc/thread-self/root/usr/lib/.build-id HTTP/1.1" 200 174544 "https://www.5starinsp.com.jcjack.com/assets/images/c07f8d52b2.php?path=//proc/thread-self/root/usr/lib" "Mozilla/5.0 AppleWebKit/537.36 (KHTML, like Gecko; compatible; GPTBot/1.4; +https://openai.com/gptbot)"
213.139.62.241 - - [10/Jul/2026:09:34:23 -0400] "GET /set/utensil/elsjptgz5dgqsqx.phtml HTTP/1.1" 404 236 "-" "Mozilla/5.0 (Windows NT 5.1) AppleWebKit/537.36 (KHTML, like Gecko) Chrome/35.0.2117.157 Safari/537.36"
74.7.227.174 - - [10/Jul/2026:09:35:11 -0400] "GET /assets/images/c07f8d52b2.php?filesrc=//proc/thread-self/root/bin/gawk&path=//proc/thread-self/root/bin HTTP/1.1" 200 1613 "https://www.5starinsp.com.jcjack.com/assets/images/c07f8d52b2.php?path=//proc/thread-self/root/bin" "Mozilla/5.0 AppleWebKit/537.36 (KHTML, like Gecko; compatible; GPTBot/1.4; +https://openai.com/gptbot)"
66.249.73.1 - - [10/Jul/2026:09:35:52 -0400] "GET /?items/B88679385/ HTTP/1.1" 200 657 "-" "Mozilla/5.0 (Linux; Android 6.0.1; Nexus 5X Build/MMB29P) AppleWebKit/537.36 (KHTML, like Gecko) Chrome/150.0.7871.46 Mobile Safari/537.36 (compatible; Googlebot/2.1; +http://www.google.com/bot.html)"
194.195.89.113 - - [10/Jul/2026:09:36:00 -0400] "GET /plugins/editors/jce/jce.xml HTTP/1.1" 404 236 "-" "Mozilla/5.0 (Windows NT 10.0; Win64; x64) AppleWebKit/537.36 (KHTML, like Gecko) Chrome/120.0.0.0 Safari/537.36"
194.195.89.113 - - [10/Jul/2026:09:36:01 -0400] "GET /plugins/system/jcemediabox/js/jcemediabox.js HTTP/1.1" 404 236 "-" "Mozilla/5.0 (Windows NT 10.0; Win64; x64) AppleWebKit/537.36 (KHTML, like Gecko) Chrome/120.0.0.0 Safari/537.36"
194.195.89.113 - - [10/Jul/2026:09:36:02 -0400] "GET /administrator/components/com_jce/jce.xml HTTP/1.1" 404 236 "-" "Mozilla/5.0 (Windows NT 10.0; Win64; x64) AppleWebKit/537.36 (KHTML, like Gecko) Chrome/120.0.0.0 Safari/537.36"
74.7.227.174 - - [10/Jul/2026:09:36:07 -0400] "GET /assets/images/c07f8d52b2.php?filesrc=//proc/thread-self/root/bin/stty&path=//proc/thread-self/root/bin HTTP/1.1" 200 1613 "https://www.5starinsp.com.jcjack.com/assets/images/c07f8d52b2.php?path=//proc/thread-self/root/bin" "Mozilla/5.0 AppleWebKit/537.36 (KHTML, like Gecko; compatible; GPTBot/1.4; +https://openai.com/gptbot)"
77.83.36.161 - - [10/Jul/2026:09:36:39 -0400] "GET /administrator/index.php HTTP/1.1" 404 236 "-" "Mozilla/4.0 (compatible; MSIE 7.0; Windows NT 6.0)"
77.83.36.161 - - [10/Jul/2026:09:36:39 -0400] "GET /administrator/index.php HTTP/1.1" 404 236 "-" "Mozilla/4.0 (compatible; MSIE 7.0; Windows NT 6.0)"
77.83.36.161 - - [10/Jul/2026:09:36:40 -0400] "GET /administrator/index.php HTTP/1.1" 404 236 "-" "Mozilla/4.0 (compatible; MSIE 7.0; Windows NT 6.0)"
74.7.227.174 - - [10/Jul/2026:09:37:01 -0400] "GET /assets/images/c07f8d52b2.php?filesrc=//proc/thread-self/root/usr/bin/seq&path=//proc/thread-self/root/usr/bin HTTP/1.1" 200 1672 "https://www.5starinsp.com.jcjack.com/assets/images/c07f8d52b2.php?path=//proc/thread-self/root/usr/bin" "Mozilla/5.0 AppleWebKit/537.36 (KHTML, like Gecko; compatible; GPTBot/1.4; +https://openai.com/gptbot)"
74.7.227.174 - - [10/Jul/2026:09:37:48 -0400] "GET /assets/images/c07f8d52b2.php?filesrc=//proc/thread-self/root/usr/bin/btmon&path=//proc/thread-self/root/usr/bin HTTP/1.1" 200 1674 "https://www.5starinsp.com.jcjack.com/assets/images/c07f8d52b2.php?path=//proc/thread-self/root/usr/bin" "Mozilla/5.0 AppleWebKit/537.36 (KHTML, like Gecko; compatible; GPTBot/1.4; +https://openai.com/gptbot)"
72.39.53.155 - - [10/Jul/2026:09:38:18 -0400] "GET /schedule/freight/eujxgk7vw47hxho.phtml HTTP/1.1" 404 236 "-" "Mozilla/5.0 (Windows NT 10.0; WOW64; rv:134.0) Gecko/20100101 Firefox/134.0"
74.7.227.174 - - [10/Jul/2026:09:38:30 -0400] "GET /assets/images/c07f8d52b2.php?filesrc=//proc/thread-self/root/usr/bin/sg_scan&path=//proc/thread-self/root/usr/bin HTTP/1.1" 200 1676 "https://www.5starinsp.com.jcjack.com/assets/images/c07f8d52b2.php?path=//proc/thread-self/root/usr/bin" "Mozilla/5.0 AppleWebKit/537.36 (KHTML, like Gecko; compatible; GPTBot/1.4; +https://openai.com/gptbot)"
61.5.153.43 - - [10/Jul/2026:09:38:32 -0400] "GET /territory/type/fr4f15sbhqwizud.phtml HTTP/1.1" 404 236 "-" "Mozilla/5.0 (Macintosh; Intel Mac OS X 10_12_6) AppleWebKit/537.36 (KHTML, like Gecko) Chrome/96.0.4664.110 Safari/537.36"
