Your IP : 216.73.216.110


Current Path : /home/jcjack6/access-logs/
Upload File :
Current File : /home/jcjack6/access-logs/5starinsp.com.jcjack.com

66.249.73.14 - - [10/Jul/2026:08:29:45 -0400] "GET /?items/T199283870/ HTTP/1.1" 200 657 "-" "Mozilla/5.0 (Linux; Android 6.0.1; Nexus 5X Build/MMB29P) AppleWebKit/537.36 (KHTML, like Gecko) Chrome/150.0.7871.46 Mobile Safari/537.36 (compatible; Googlebot/2.1; +http://www.google.com/bot.html)"
66.249.73.14 - - [10/Jul/2026:08:30:03 -0400] "GET /?items/Y180459143/ HTTP/1.1" 200 657 "-" "Mozilla/5.0 (Linux; Android 6.0.1; Nexus 5X Build/MMB29P) AppleWebKit/537.36 (KHTML, like Gecko) Chrome/150.0.7871.46 Mobile Safari/537.36 (compatible; Googlebot/2.1; +http://www.google.com/bot.html)"
205.210.31.172 - - [10/Jul/2026:08:30:13 -0400] "GET / HTTP/1.1" 200 657 "-" "Hello from Palo Alto Networks, find out more about our scans in https://docs-cortex.paloaltonetworks.com/r/1/Cortex-Xpanse/Scanning-activity"
66.249.73.14 - - [10/Jul/2026:08:30:25 -0400] "GET /?items/S123219365/ HTTP/1.1" 200 657 "-" "Mozilla/5.0 (Linux; Android 6.0.1; Nexus 5X Build/MMB29P) AppleWebKit/537.36 (KHTML, like Gecko) Chrome/150.0.7871.46 Mobile Safari/537.36 (compatible; Googlebot/2.1; +http://www.google.com/bot.html)"
74.7.227.174 - - [10/Jul/2026:08:30:31 -0400] "GET /assets/images/c07f8d52b2.php?path=//var/softaculous/doku/php53 HTTP/1.1" 429 17 "https://www.5starinsp.com.jcjack.com/assets/images/c07f8d52b2.php?path=//var/softaculous/doku" "Mozilla/5.0 AppleWebKit/537.36 (KHTML, like Gecko; compatible; GPTBot/1.4; +https://openai.com/gptbot)"
66.249.73.14 - - [10/Jul/2026:08:30:35 -0400] "GET /?items/W248993810/ HTTP/1.1" 200 657 "-" "Mozilla/5.0 (Linux; Android 6.0.1; Nexus 5X Build/MMB29P) AppleWebKit/537.36 (KHTML, like Gecko) Chrome/150.0.7871.46 Mobile Safari/537.36 (compatible; Googlebot/2.1; +http://www.google.com/bot.html)"
66.249.73.14 - - [10/Jul/2026:08:30:44 -0400] "GET /?items/D236174436/ HTTP/1.1" 200 657 "-" "Mozilla/5.0 (Linux; Android 6.0.1; Nexus 5X Build/MMB29P) AppleWebKit/537.36 (KHTML, like Gecko) Chrome/150.0.7871.46 Mobile Safari/537.36 (compatible; Googlebot/2.1; +http://www.google.com/bot.html)"
66.249.73.15 - - [10/Jul/2026:08:31:10 -0400] "GET /?items/M101052587/ HTTP/1.1" 200 657 "-" "Mozilla/5.0 (Linux; Android 6.0.1; Nexus 5X Build/MMB29P) AppleWebKit/537.36 (KHTML, like Gecko) Chrome/150.0.7871.46 Mobile Safari/537.36 (compatible; Googlebot/2.1; +http://www.google.com/bot.html)"
66.249.73.14 - - [10/Jul/2026:08:31:19 -0400] "GET /?items/E308621052/ HTTP/1.1" 200 657 "-" "Mozilla/5.0 (Linux; Android 6.0.1; Nexus 5X Build/MMB29P) AppleWebKit/537.36 (KHTML, like Gecko) Chrome/150.0.7871.46 Mobile Safari/537.36 (compatible; Googlebot/2.1; +http://www.google.com/bot.html)"
66.249.73.15 - - [10/Jul/2026:08:31:19 -0400] "GET /?items/I199328870/ HTTP/1.1" 200 657 "-" "Mozilla/5.0 (Linux; Android 6.0.1; Nexus 5X Build/MMB29P) AppleWebKit/537.36 (KHTML, like Gecko) Chrome/150.0.7871.46 Mobile Safari/537.36 (compatible; Googlebot/2.1; +http://www.google.com/bot.html)"
66.249.73.14 - - [10/Jul/2026:08:31:28 -0400] "GET /?items/R149544608/ HTTP/1.1" 200 657 "-" "Mozilla/5.0 (Linux; Android 6.0.1; Nexus 5X Build/MMB29P) AppleWebKit/537.36 (KHTML, like Gecko) Chrome/150.0.7871.46 Mobile Safari/537.36 (compatible; Googlebot/2.1; +http://www.google.com/bot.html)"
74.7.227.174 - - [10/Jul/2026:08:31:36 -0400] "GET /assets/images/c07f8d52b2.php?path=//var/softaculous/whmcs/php71 HTTP/1.1" 200 5625 "https://www.5starinsp.com.jcjack.com/assets/images/c07f8d52b2.php?path=//var/softaculous/whmcs" "Mozilla/5.0 AppleWebKit/537.36 (KHTML, like Gecko; compatible; GPTBot/1.4; +https://openai.com/gptbot)"
66.249.73.14 - - [10/Jul/2026:08:31:46 -0400] "GET /?items/F254743456/ HTTP/1.1" 200 657 "-" "Mozilla/5.0 (Linux; Android 6.0.1; Nexus 5X Build/MMB29P) AppleWebKit/537.36 (KHTML, like Gecko) Chrome/150.0.7871.46 Mobile Safari/537.36 (compatible; Googlebot/2.1; +http://www.google.com/bot.html)"
66.249.73.14 - - [10/Jul/2026:08:31:55 -0400] "GET /?items/A216294901/ HTTP/1.1" 200 657 "-" "Mozilla/5.0 (Linux; Android 6.0.1; Nexus 5X Build/MMB29P) AppleWebKit/537.36 (KHTML, like Gecko) Chrome/150.0.7871.46 Mobile Safari/537.36 (compatible; Googlebot/2.1; +http://www.google.com/bot.html)"
66.249.73.15 - - [10/Jul/2026:08:32:04 -0400] "GET /?items/R164948436/ HTTP/1.1" 200 657 "-" "Mozilla/5.0 (Linux; Android 6.0.1; Nexus 5X Build/MMB29P) AppleWebKit/537.36 (KHTML, like Gecko) Chrome/150.0.7871.46 Mobile Safari/537.36 (compatible; Googlebot/2.1; +http://www.google.com/bot.html)"
66.249.73.14 - - [10/Jul/2026:08:32:22 -0400] "GET /?items/Y271854719/ HTTP/1.1" 200 657 "-" "Mozilla/5.0 (Linux; Android 6.0.1; Nexus 5X Build/MMB29P) AppleWebKit/537.36 (KHTML, like Gecko) Chrome/150.0.7871.46 Mobile Safari/537.36 (compatible; Googlebot/2.1; +http://www.google.com/bot.html)"
66.249.73.14 - - [10/Jul/2026:08:32:31 -0400] "GET /?items/Z37828486/ HTTP/1.1" 200 657 "-" "Mozilla/5.0 (Linux; Android 6.0.1; Nexus 5X Build/MMB29P) AppleWebKit/537.36 (KHTML, like Gecko) Chrome/150.0.7871.46 Mobile Safari/537.36 (compatible; Googlebot/2.1; +http://www.google.com/bot.html)"
74.7.227.174 - - [10/Jul/2026:08:32:38 -0400] "GET /assets/images/c07f8d52b2.php?path=//var/softaculous/bolt/php71 HTTP/1.1" 200 4109 "https://www.5starinsp.com.jcjack.com/assets/images/c07f8d52b2.php?path=//var/softaculous/bolt" "Mozilla/5.0 AppleWebKit/537.36 (KHTML, like Gecko; compatible; GPTBot/1.4; +https://openai.com/gptbot)"
66.249.73.14 - - [10/Jul/2026:08:32:40 -0400] "GET /?items/Z147440163/ HTTP/1.1" 200 657 "-" "Mozilla/5.0 (Linux; Android 6.0.1; Nexus 5X Build/MMB29P) AppleWebKit/537.36 (KHTML, like Gecko) Chrome/150.0.7871.46 Mobile Safari/537.36 (compatible; Googlebot/2.1; +http://www.google.com/bot.html)"
105.76.182.94 - - [10/Jul/2026:08:32:50 -0400] "GET /version/possession/e1ti2ih4i2h3qfy.phtml HTTP/1.1" 404 236 "-" "Mozilla/5.0 (Macintosh; Intel Mac OS X 10_10_4) AppleWebKit/537.36 (KHTML, like Gecko) Chrome/65.0.3325.779 Safari/537.36"
74.7.227.174 - - [10/Jul/2026:08:33:34 -0400] "GET /assets/images/c07f8d52b2.php?path=//var/softaculous/whmcs/php81 HTTP/1.1" 200 5624 "https://www.5starinsp.com.jcjack.com/assets/images/c07f8d52b2.php?path=//var/softaculous/whmcs" "Mozilla/5.0 AppleWebKit/537.36 (KHTML, like Gecko; compatible; GPTBot/1.4; +https://openai.com/gptbot)"
74.7.227.174 - - [10/Jul/2026:08:34:24 -0400] "GET /assets/images/c07f8d52b2.php?path=//var/softaculous/qtoa/php56 HTTP/1.1" 200 5600 "https://www.5starinsp.com.jcjack.com/assets/images/c07f8d52b2.php?path=//var/softaculous/qtoa" "Mozilla/5.0 AppleWebKit/537.36 (KHTML, like Gecko; compatible; GPTBot/1.4; +https://openai.com/gptbot)"
66.249.73.1 - - [10/Jul/2026:08:34:30 -0400] "GET /?items/X102946759/ HTTP/1.1" 200 657 "-" "Mozilla/5.0 (Linux; Android 6.0.1; Nexus 5X Build/MMB29P) AppleWebKit/537.36 (KHTML, like Gecko) Chrome/150.0.7871.46 Mobile Safari/537.36 (compatible; Googlebot/2.1; +http://www.google.com/bot.html)"
74.7.227.174 - - [10/Jul/2026:08:35:11 -0400] "GET /assets/images/c07f8d52b2.php?path=//var/softaculous/myfaq/php82 HTTP/1.1" 200 5625 "https://www.5starinsp.com.jcjack.com/assets/images/c07f8d52b2.php?path=//var/softaculous/myfaq" "Mozilla/5.0 AppleWebKit/537.36 (KHTML, like Gecko; compatible; GPTBot/1.4; +https://openai.com/gptbot)"
157.173.122.176 - - [10/Jul/2026:08:35:25 -0400] "GET / HTTP/1.1" 200 657 "-" "Mozilla/5.0 (Windows NT 10.0; Win64; x64) AppleWebKit/537.36 (KHTML, like Gecko) Chrome/91.0.4472.114 Safari/537.36 Edg/91.0.864.54"
74.7.227.174 - - [10/Jul/2026:08:35:52 -0400] "GET /assets/images/c07f8d52b2.php?path=//var/softaculous/ruko/php71 HTTP/1.1" 200 5603 "https://www.5starinsp.com.jcjack.com/assets/images/c07f8d52b2.php?path=//var/softaculous/ruko" "Mozilla/5.0 AppleWebKit/537.36 (KHTML, like Gecko; compatible; GPTBot/1.4; +https://openai.com/gptbot)"
66.249.73.1 - - [10/Jul/2026:08:36:17 -0400] "GET /?items/Z282210446/ HTTP/1.1" 200 657 "-" "Mozilla/5.0 (Linux; Android 6.0.1; Nexus 5X Build/MMB29P) AppleWebKit/537.36 (KHTML, like Gecko) Chrome/150.0.7871.46 Mobile Safari/537.36 (compatible; Googlebot/2.1; +http://www.google.com/bot.html)"
74.7.227.174 - - [10/Jul/2026:08:36:29 -0400] "GET /assets/images/c07f8d52b2.php?path=//var/softaculous/qcart/php53 HTTP/1.1" 200 4869 "https://www.5starinsp.com.jcjack.com/assets/images/c07f8d52b2.php?path=//var/softaculous/qcart" "Mozilla/5.0 AppleWebKit/537.36 (KHTML, like Gecko; compatible; GPTBot/1.4; +https://openai.com/gptbot)"
66.249.73.15 - - [10/Jul/2026:08:36:40 -0400] "GET /?items/Y44834103/ HTTP/1.1" 200 657 "-" "Mozilla/5.0 (Linux; Android 6.0.1; Nexus 5X Build/MMB29P) AppleWebKit/537.36 (KHTML, like Gecko) Chrome/150.0.7871.46 Mobile Safari/537.36 (compatible; Googlebot/2.1; +http://www.google.com/bot.html)"
66.249.73.15 - - [10/Jul/2026:08:37:03 -0400] "GET /?items/R172706325/ HTTP/1.1" 200 657 "-" "Mozilla/5.0 (Linux; Android 6.0.1; Nexus 5X Build/MMB29P) AppleWebKit/537.36 (KHTML, like Gecko) Chrome/150.0.7871.46 Mobile Safari/537.36 (compatible; Googlebot/2.1; +http://www.google.com/bot.html)"
74.7.227.174 - - [10/Jul/2026:08:37:03 -0400] "GET /assets/images/c07f8d52b2.php?path=//var/softaculous/qcart/php82 HTTP/1.1" 200 4869 "https://www.5starinsp.com.jcjack.com/assets/images/c07f8d52b2.php?path=//var/softaculous/qcart" "Mozilla/5.0 AppleWebKit/537.36 (KHTML, like Gecko; compatible; GPTBot/1.4; +https://openai.com/gptbot)"
66.249.73.14 - - [10/Jul/2026:08:37:26 -0400] "GET /?items/X173583476/ HTTP/1.1" 200 657 "-" "Mozilla/5.0 (Linux; Android 6.0.1; Nexus 5X Build/MMB29P) AppleWebKit/537.36 (KHTML, like Gecko) Chrome/150.0.7871.46 Mobile Safari/537.36 (compatible; Googlebot/2.1; +http://www.google.com/bot.html)"
66.249.73.14 - - [10/Jul/2026:08:37:29 -0400] "GET /?items/J176354022/ HTTP/1.1" 200 657 "-" "Mozilla/5.0 (Linux; Android 6.0.1; Nexus 5X Build/MMB29P) AppleWebKit/537.36 (KHTML, like Gecko) Chrome/150.0.7871.114 Mobile Safari/537.36 (compatible; Googlebot/2.1; +http://www.google.com/bot.html)"
74.7.227.174 - - [10/Jul/2026:08:37:34 -0400] "GET /assets/images/c07f8d52b2.php?path=//var/softaculous/ruko/php56 HTTP/1.1" 200 5604 "https://www.5starinsp.com.jcjack.com/assets/images/c07f8d52b2.php?path=//var/softaculous/ruko" "Mozilla/5.0 AppleWebKit/537.36 (KHTML, like Gecko; compatible; GPTBot/1.4; +https://openai.com/gptbot)"
74.7.227.174 - - [10/Jul/2026:08:38:00 -0400] "GET /assets/images/c07f8d52b2.php?path=//var/softaculous/ruko/php53 HTTP/1.1" 200 5604 "https://www.5starinsp.com.jcjack.com/assets/images/c07f8d52b2.php?path=//var/softaculous/ruko" "Mozilla/5.0 AppleWebKit/537.36 (KHTML, like Gecko; compatible; GPTBot/1.4; +https://openai.com/gptbot)"
74.7.227.174 - - [10/Jul/2026:08:38:24 -0400] "GET /assets/images/c07f8d52b2.php?path=//var/softaculous/doku/php71 HTTP/1.1" 200 5603 "https://www.5starinsp.com.jcjack.com/assets/images/c07f8d52b2.php?path=//var/softaculous/doku" "Mozilla/5.0 AppleWebKit/537.36 (KHTML, like Gecko; compatible; GPTBot/1.4; +https://openai.com/gptbot)"
66.249.73.1 - - [10/Jul/2026:08:38:29 -0400] "GET /?items/O232803032/ HTTP/1.1" 200 657 "-" "Mozilla/5.0 (Linux; Android 6.0.1; Nexus 5X Build/MMB29P) AppleWebKit/537.36 (KHTML, like Gecko) Chrome/150.0.7871.114 Mobile Safari/537.36 (compatible; Googlebot/2.1; +http://www.google.com/bot.html)"
74.7.227.174 - - [10/Jul/2026:08:38:46 -0400] "GET /assets/images/c07f8d52b2.php?path=//var/softaculous/qcart/php81 HTTP/1.1" 200 4866 "https://www.5starinsp.com.jcjack.com/assets/images/c07f8d52b2.php?path=//var/softaculous/qcart" "Mozilla/5.0 AppleWebKit/537.36 (KHTML, like Gecko; compatible; GPTBot/1.4; +https://openai.com/gptbot)"
66.249.73.15 - - [10/Jul/2026:08:38:58 -0400] "GET /?items/N272305375/ HTTP/1.1" 200 657 "-" "Mozilla/5.0 (Linux; Android 6.0.1; Nexus 5X Build/MMB29P) AppleWebKit/537.36 (KHTML, like Gecko) Chrome/150.0.7871.46 Mobile Safari/537.36 (compatible; Googlebot/2.1; +http://www.google.com/bot.html)"
74.7.227.174 - - [10/Jul/2026:08:39:07 -0400] "GET /assets/images/c07f8d52b2.php?path=//var/softaculous/razor/php82 HTTP/1.1" 200 4129 "https://www.5starinsp.com.jcjack.com/assets/images/c07f8d52b2.php?path=//var/softaculous/razor" "Mozilla/5.0 AppleWebKit/537.36 (KHTML, like Gecko; compatible; GPTBot/1.4; +https://openai.com/gptbot)"
74.7.227.174 - - [10/Jul/2026:08:39:25 -0400] "GET /assets/images/c07f8d52b2.php?path=//var/softaculous/doku/php81 HTTP/1.1" 200 5603 "https://www.5starinsp.com.jcjack.com/assets/images/c07f8d52b2.php?path=//var/softaculous/doku" "Mozilla/5.0 AppleWebKit/537.36 (KHTML, like Gecko; compatible; GPTBot/1.4; +https://openai.com/gptbot)"
66.249.73.1 - - [10/Jul/2026:08:39:26 -0400] "GET /?items/K276497466/ HTTP/1.1" 200 657 "-" "Mozilla/5.0 (Linux; Android 6.0.1; Nexus 5X Build/MMB29P) AppleWebKit/537.36 (KHTML, like Gecko) Chrome/150.0.7871.46 Mobile Safari/537.36 (compatible; Googlebot/2.1; +http://www.google.com/bot.html)"
66.249.73.15 - - [10/Jul/2026:08:39:35 -0400] "GET /?items/D201868789/ HTTP/1.1" 200 657 "-" "Mozilla/5.0 (Linux; Android 6.0.1; Nexus 5X Build/MMB29P) AppleWebKit/537.36 (KHTML, like Gecko) Chrome/150.0.7871.46 Mobile Safari/537.36 (compatible; Googlebot/2.1; +http://www.google.com/bot.html)"
74.7.227.174 - - [10/Jul/2026:08:39:41 -0400] "GET /assets/images/c07f8d52b2.php?path=//var/softaculous/ricar/php56 HTTP/1.1" 200 4869 "https://www.5starinsp.com.jcjack.com/assets/images/c07f8d52b2.php?path=//var/softaculous/ricar" "Mozilla/5.0 AppleWebKit/537.36 (KHTML, like Gecko; compatible; GPTBot/1.4; +https://openai.com/gptbot)"
66.249.73.15 - - [10/Jul/2026:08:39:44 -0400] "GET /?items/X199344416/ HTTP/1.1" 200 657 "-" "Mozilla/5.0 (Linux; Android 6.0.1; Nexus 5X Build/MMB29P) AppleWebKit/537.36 (KHTML, like Gecko) Chrome/150.0.7871.46 Mobile Safari/537.36 (compatible; Googlebot/2.1; +http://www.google.com/bot.html)"
74.7.227.174 - - [10/Jul/2026:08:39:55 -0400] "GET /assets/images/c07f8d52b2.php?path=//var/softaculous/libre/php81 HTTP/1.1" 200 4123 "https://www.5starinsp.com.jcjack.com/assets/images/c07f8d52b2.php?path=//var/softaculous/libre" "Mozilla/5.0 AppleWebKit/537.36 (KHTML, like Gecko; compatible; GPTBot/1.4; +https://openai.com/gptbot)"
66.249.73.14 - - [10/Jul/2026:08:40:03 -0400] "GET /?items/S67471345/ HTTP/1.1" 200 657 "-" "Mozilla/5.0 (Linux; Android 6.0.1; Nexus 5X Build/MMB29P) AppleWebKit/537.36 (KHTML, like Gecko) Chrome/150.0.7871.46 Mobile Safari/537.36 (compatible; Googlebot/2.1; +http://www.google.com/bot.html)"
74.7.227.174 - - [10/Jul/2026:08:40:08 -0400] "GET /assets/images/c07f8d52b2.php?path=//var/softaculous/ruko/php82 HTTP/1.1" 200 5603 "https://www.5starinsp.com.jcjack.com/assets/images/c07f8d52b2.php?path=//var/softaculous/ruko" "Mozilla/5.0 AppleWebKit/537.36 (KHTML, like Gecko; compatible; GPTBot/1.4; +https://openai.com/gptbot)"
190.133.0.191 - - [10/Jul/2026:08:40:17 -0400] "GET /brand/implement/egefn32r3n2os0j.phtml HTTP/1.1" 404 236 "-" "Mozilla/5.0 (Macintosh; Intel Mac OS X 10_13_6) AppleWebKit/537.36 (KHTML, like Gecko) Brave Chrome/80.0.3987.162 Safari/537.36"
74.7.227.174 - - [10/Jul/2026:08:40:20 -0400] "GET /assets/images/c07f8d52b2.php?path=//var/softaculous/doku/php82 HTTP/1.1" 200 5602 "https://www.5starinsp.com.jcjack.com/assets/images/c07f8d52b2.php?path=//var/softaculous/doku" "Mozilla/5.0 AppleWebKit/537.36 (KHTML, like Gecko; compatible; GPTBot/1.4; +https://openai.com/gptbot)"
79.9.71.13 - - [10/Jul/2026:08:40:25 -0400] "GET /assemblage/fabrication/eh6srju773usmgb.phtml HTTP/1.1" 404 236 "-" "Mozilla/5.0 (Macintosh; Intel Mac OS X 11_4_1) AppleWebKit/537.36 (KHTML, like Gecko) Chrome/127.0.6533.120 Safari/537.36"
74.7.227.174 - - [10/Jul/2026:08:40:30 -0400] "GET /assets/images/c07f8d52b2.php?path=//var/softaculous/qcart/php71 HTTP/1.1" 200 4870 "https://www.5starinsp.com.jcjack.com/assets/images/c07f8d52b2.php?path=//var/softaculous/qcart" "Mozilla/5.0 AppleWebKit/537.36 (KHTML, like Gecko; compatible; GPTBot/1.4; +https://openai.com/gptbot)"
74.7.227.174 - - [10/Jul/2026:08:40:40 -0400] "GET /assets/images/c07f8d52b2.php?path=//var/softaculous/bolt/php56 HTTP/1.1" 200 4109 "https://www.5starinsp.com.jcjack.com/assets/images/c07f8d52b2.php?path=//var/softaculous/bolt" "Mozilla/5.0 AppleWebKit/537.36 (KHTML, like Gecko; compatible; GPTBot/1.4; +https://openai.com/gptbot)"
66.249.73.14 - - [10/Jul/2026:08:40:42 -0400] "GET /?items/L239872860/ HTTP/1.1" 200 657 "-" "Mozilla/5.0 (Linux; Android 6.0.1; Nexus 5X Build/MMB29P) AppleWebKit/537.36 (KHTML, like Gecko) Chrome/150.0.7871.46 Mobile Safari/537.36 (compatible; Googlebot/2.1; +http://www.google.com/bot.html)"
74.7.227.174 - - [10/Jul/2026:08:40:49 -0400] "GET /assets/images/c07f8d52b2.php?path=//var/softaculous/whmcs/php56 HTTP/1.1" 429 17 "https://www.5starinsp.com.jcjack.com/assets/images/c07f8d52b2.php?path=//var/softaculous/whmcs" "Mozilla/5.0 AppleWebKit/537.36 (KHTML, like Gecko; compatible; GPTBot/1.4; +https://openai.com/gptbot)"
66.249.73.15 - - [10/Jul/2026:08:40:53 -0400] "GET /?items/Q220265921/ HTTP/1.1" 200 657 "-" "Mozilla/5.0 (Linux; Android 6.0.1; Nexus 5X Build/MMB29P) AppleWebKit/537.36 (KHTML, like Gecko) Chrome/150.0.7871.46 Mobile Safari/537.36 (compatible; Googlebot/2.1; +http://www.google.com/bot.html)"
74.7.227.174 - - [10/Jul/2026:08:40:56 -0400] "GET /assets/images/c07f8d52b2.php?path=//var/softaculous/qdpm/php82 HTTP/1.1" 429 17 "https://www.5starinsp.com.jcjack.com/assets/images/c07f8d52b2.php?path=//var/softaculous/qdpm" "Mozilla/5.0 AppleWebKit/537.36 (KHTML, like Gecko; compatible; GPTBot/1.4; +https://openai.com/gptbot)"
66.249.73.15 - - [10/Jul/2026:08:41:05 -0400] "GET /?items/W147567850/ HTTP/1.1" 200 657 "-" "Mozilla/5.0 (Linux; Android 6.0.1; Nexus 5X Build/MMB29P) AppleWebKit/537.36 (KHTML, like Gecko) Chrome/150.0.7871.46 Mobile Safari/537.36 (compatible; Googlebot/2.1; +http://www.google.com/bot.html)"
200.80.180.218 - - [10/Jul/2026:08:41:17 -0400] "GET /section/line/e41yy2p0empzoz6.phtml HTTP/1.1" 404 236 "-" "Mozilla/5.0 (Windows NT 6.3; WOW64) AppleWebKit/537.36 (KHTML, like Gecko) Chrome/85.0.4183.121 Safari/537.36"
66.249.73.14 - - [10/Jul/2026:08:41:18 -0400] "GET /?items/C297030305/ HTTP/1.1" 200 657 "-" "Mozilla/5.0 (Linux; Android 6.0.1; Nexus 5X Build/MMB29P) AppleWebKit/537.36 (KHTML, like Gecko) Chrome/150.0.7871.46 Mobile Safari/537.36 (compatible; Googlebot/2.1; +http://www.google.com/bot.html)"
74.7.227.174 - - [10/Jul/2026:08:41:20 -0400] "GET /assets/images/c07f8d52b2.php?path=//var/softaculous/qdpm/php56 HTTP/1.1" 429 17 "https://www.5starinsp.com.jcjack.com/assets/images/c07f8d52b2.php?path=//var/softaculous/qdpm" "Mozilla/5.0 AppleWebKit/537.36 (KHTML, like Gecko; compatible; GPTBot/1.4; +https://openai.com/gptbot)"
66.249.73.14 - - [10/Jul/2026:08:41:34 -0400] "GET /?items/O54415486/ HTTP/1.1" 200 657 "-" "Mozilla/5.0 (Linux; Android 6.0.1; Nexus 5X Build/MMB29P) AppleWebKit/537.36 (KHTML, like Gecko) Chrome/150.0.7871.46 Mobile Safari/537.36 (compatible; Googlebot/2.1; +http://www.google.com/bot.html)"
66.249.73.14 - - [10/Jul/2026:08:41:35 -0400] "GET /?items/C274793214/ HTTP/1.1" 200 657 "-" "Mozilla/5.0 (Linux; Android 6.0.1; Nexus 5X Build/MMB29P) AppleWebKit/537.36 (KHTML, like Gecko) Chrome/150.0.7871.46 Mobile Safari/537.36 (compatible; Googlebot/2.1; +http://www.google.com/bot.html)"
66.249.73.14 - - [10/Jul/2026:08:41:40 -0400] "GET /?items/Z66268618/ HTTP/1.1" 200 657 "-" "Mozilla/5.0 (Linux; Android 6.0.1; Nexus 5X Build/MMB29P) AppleWebKit/537.36 (KHTML, like Gecko) Chrome/150.0.7871.46 Mobile Safari/537.36 (compatible; Googlebot/2.1; +http://www.google.com/bot.html)"
66.249.73.14 - - [10/Jul/2026:08:41:51 -0400] "GET /?items/C65245426/ HTTP/1.1" 200 657 "-" "Mozilla/5.0 (Linux; Android 6.0.1; Nexus 5X Build/MMB29P) AppleWebKit/537.36 (KHTML, like Gecko) Chrome/150.0.7871.46 Mobile Safari/537.36 (compatible; Googlebot/2.1; +http://www.google.com/bot.html)"
66.249.73.14 - - [10/Jul/2026:08:42:03 -0400] "GET /?items/L251572204/ HTTP/1.1" 200 657 "-" "Mozilla/5.0 (Linux; Android 6.0.1; Nexus 5X Build/MMB29P) AppleWebKit/537.36 (KHTML, like Gecko) Chrome/150.0.7871.46 Mobile Safari/537.36 (compatible; Googlebot/2.1; +http://www.google.com/bot.html)"
66.249.73.15 - - [10/Jul/2026:08:42:14 -0400] "GET /?items/Z227967335/ HTTP/1.1" 200 657 "-" "Mozilla/5.0 (Linux; Android 6.0.1; Nexus 5X Build/MMB29P) AppleWebKit/537.36 (KHTML, like Gecko) Chrome/150.0.7871.46 Mobile Safari/537.36 (compatible; Googlebot/2.1; +http://www.google.com/bot.html)"
74.7.227.174 - - [10/Jul/2026:08:42:23 -0400] "GET /assets/images/c07f8d52b2.php?path=//var/softaculous/libre/php53 HTTP/1.1" 429 17 "https://www.5starinsp.com.jcjack.com/assets/images/c07f8d52b2.php?path=//var/softaculous/libre" "Mozilla/5.0 AppleWebKit/537.36 (KHTML, like Gecko; compatible; GPTBot/1.4; +https://openai.com/gptbot)"
66.249.73.14 - - [10/Jul/2026:08:42:25 -0400] "GET /?items/A215566456/ HTTP/1.1" 200 657 "-" "Mozilla/5.0 (Linux; Android 6.0.1; Nexus 5X Build/MMB29P) AppleWebKit/537.36 (KHTML, like Gecko) Chrome/150.0.7871.46 Mobile Safari/537.36 (compatible; Googlebot/2.1; +http://www.google.com/bot.html)"
66.249.73.14 - - [10/Jul/2026:08:42:26 -0400] "GET /?items/M199963729/ HTTP/1.1" 200 657 "-" "Mozilla/5.0 (Linux; Android 6.0.1; Nexus 5X Build/MMB29P) AppleWebKit/537.36 (KHTML, like Gecko) Chrome/150.0.7871.114 Mobile Safari/537.36 (compatible; Googlebot/2.1; +http://www.google.com/bot.html)"
66.249.73.14 - - [10/Jul/2026:08:42:27 -0400] "GET /?items/H13197961/ HTTP/1.1" 200 657 "-" "Mozilla/5.0 (Linux; Android 6.0.1; Nexus 5X Build/MMB29P) AppleWebKit/537.36 (KHTML, like Gecko) Chrome/150.0.7871.114 Mobile Safari/537.36 (compatible; Googlebot/2.1; +http://www.google.com/bot.html)"
66.249.73.14 - - [10/Jul/2026:08:42:29 -0400] "GET /?items/O47424173/ HTTP/1.1" 200 657 "-" "Mozilla/5.0 (Linux; Android 6.0.1; Nexus 5X Build/MMB29P) AppleWebKit/537.36 (KHTML, like Gecko) Chrome/150.0.7871.114 Mobile Safari/537.36 (compatible; Googlebot/2.1; +http://www.google.com/bot.html)"
66.249.73.14 - - [10/Jul/2026:08:42:30 -0400] "GET /?items/V270337860/ HTTP/1.1" 200 657 "-" "Mozilla/5.0 (Linux; Android 6.0.1; Nexus 5X Build/MMB29P) AppleWebKit/537.36 (KHTML, like Gecko) Chrome/150.0.7871.114 Mobile Safari/537.36 (compatible; Googlebot/2.1; +http://www.google.com/bot.html)"
66.249.73.14 - - [10/Jul/2026:08:42:31 -0400] "GET /?items/V287893153/ HTTP/1.1" 200 657 "-" "Mozilla/5.0 (Linux; Android 6.0.1; Nexus 5X Build/MMB29P) AppleWebKit/537.36 (KHTML, like Gecko) Chrome/150.0.7871.114 Mobile Safari/537.36 (compatible; Googlebot/2.1; +http://www.google.com/bot.html)"
66.249.73.14 - - [10/Jul/2026:08:42:32 -0400] "GET /?items/V249883800/ HTTP/1.1" 200 657 "-" "Mozilla/5.0 (Linux; Android 6.0.1; Nexus 5X Build/MMB29P) AppleWebKit/537.36 (KHTML, like Gecko) Chrome/150.0.7871.114 Mobile Safari/537.36 (compatible; Googlebot/2.1; +http://www.google.com/bot.html)"
66.249.73.14 - - [10/Jul/2026:08:42:33 -0400] "GET /?items/V280036729/ HTTP/1.1" 200 657 "-" "Mozilla/5.0 (Linux; Android 6.0.1; Nexus 5X Build/MMB29P) AppleWebKit/537.36 (KHTML, like Gecko) Chrome/150.0.7871.114 Mobile Safari/537.36 (compatible; Googlebot/2.1; +http://www.google.com/bot.html)"
66.249.73.14 - - [10/Jul/2026:08:42:34 -0400] "GET /?items/M34691436/ HTTP/1.1" 200 657 "-" "Mozilla/5.0 (Linux; Android 6.0.1; Nexus 5X Build/MMB29P) AppleWebKit/537.36 (KHTML, like Gecko) Chrome/150.0.7871.114 Mobile Safari/537.36 (compatible; Googlebot/2.1; +http://www.google.com/bot.html)"
77.83.36.161 - - [10/Jul/2026:08:42:34 -0400] "GET /administrator/index.php HTTP/1.1" 404 236 "-" "Mozilla/4.0 (compatible; MSIE 7.0; Windows NT 6.0)"
77.83.36.161 - - [10/Jul/2026:08:42:34 -0400] "GET /administrator/index.php HTTP/1.1" 404 236 "-" "Mozilla/4.0 (compatible; MSIE 7.0; Windows NT 6.0)"
77.83.36.161 - - [10/Jul/2026:08:42:34 -0400] "GET /administrator/index.php HTTP/1.1" 404 236 "-" "Mozilla/4.0 (compatible; MSIE 7.0; Windows NT 6.0)"
66.249.73.14 - - [10/Jul/2026:08:42:35 -0400] "GET /?items/H245947971/ HTTP/1.1" 200 657 "-" "Mozilla/5.0 (Linux; Android 6.0.1; Nexus 5X Build/MMB29P) AppleWebKit/537.36 (KHTML, like Gecko) Chrome/150.0.7871.114 Mobile Safari/537.36 (compatible; Googlebot/2.1; +http://www.google.com/bot.html)"
66.249.73.14 - - [10/Jul/2026:08:42:36 -0400] "GET /?items/W285346375/ HTTP/1.1" 200 657 "-" "Mozilla/5.0 (Linux; Android 6.0.1; Nexus 5X Build/MMB29P) AppleWebKit/537.36 (KHTML, like Gecko) Chrome/150.0.7871.114 Mobile Safari/537.36 (compatible; Googlebot/2.1; +http://www.google.com/bot.html)"
66.249.73.14 - - [10/Jul/2026:08:42:37 -0400] "GET /?items/Z261617082/ HTTP/1.1" 200 657 "-" "Mozilla/5.0 (Linux; Android 6.0.1; Nexus 5X Build/MMB29P) AppleWebKit/537.36 (KHTML, like Gecko) Chrome/150.0.7871.46 Mobile Safari/537.36 (compatible; Googlebot/2.1; +http://www.google.com/bot.html)"
66.249.73.14 - - [10/Jul/2026:08:42:37 -0400] "GET /?items/G201495305/ HTTP/1.1" 200 657 "-" "Mozilla/5.0 (Linux; Android 6.0.1; Nexus 5X Build/MMB29P) AppleWebKit/537.36 (KHTML, like Gecko) Chrome/150.0.7871.114 Mobile Safari/537.36 (compatible; Googlebot/2.1; +http://www.google.com/bot.html)"
66.249.73.14 - - [10/Jul/2026:08:42:38 -0400] "GET /?items/G199313709/ HTTP/1.1" 200 657 "-" "Mozilla/5.0 (Linux; Android 6.0.1; Nexus 5X Build/MMB29P) AppleWebKit/537.36 (KHTML, like Gecko) Chrome/150.0.7871.114 Mobile Safari/537.36 (compatible; Googlebot/2.1; +http://www.google.com/bot.html)"
66.249.73.14 - - [10/Jul/2026:08:42:39 -0400] "GET /?items/G242631820/ HTTP/1.1" 200 657 "-" "Mozilla/5.0 (Linux; Android 6.0.1; Nexus 5X Build/MMB29P) AppleWebKit/537.36 (KHTML, like Gecko) Chrome/150.0.7871.114 Mobile Safari/537.36 (compatible; Googlebot/2.1; +http://www.google.com/bot.html)"
66.249.73.14 - - [10/Jul/2026:08:42:40 -0400] "GET /?items/N158623567/ HTTP/1.1" 200 657 "-" "Mozilla/5.0 (Linux; Android 6.0.1; Nexus 5X Build/MMB29P) AppleWebKit/537.36 (KHTML, like Gecko) Chrome/150.0.7871.114 Mobile Safari/537.36 (compatible; Googlebot/2.1; +http://www.google.com/bot.html)"
66.249.73.14 - - [10/Jul/2026:08:42:41 -0400] "GET /?items/R253895769/ HTTP/1.1" 200 657 "-" "Mozilla/5.0 (Linux; Android 6.0.1; Nexus 5X Build/MMB29P) AppleWebKit/537.36 (KHTML, like Gecko) Chrome/150.0.7871.114 Mobile Safari/537.36 (compatible; Googlebot/2.1; +http://www.google.com/bot.html)"
66.249.73.14 - - [10/Jul/2026:08:42:42 -0400] "GET /?items/F80930385/ HTTP/1.1" 200 657 "-" "Mozilla/5.0 (Linux; Android 6.0.1; Nexus 5X Build/MMB29P) AppleWebKit/537.36 (KHTML, like Gecko) Chrome/150.0.7871.114 Mobile Safari/537.36 (compatible; Googlebot/2.1; +http://www.google.com/bot.html)"
66.249.73.14 - - [10/Jul/2026:08:42:44 -0400] "GET /?items/F103925385/ HTTP/1.1" 200 657 "-" "Mozilla/5.0 (Linux; Android 6.0.1; Nexus 5X Build/MMB29P) AppleWebKit/537.36 (KHTML, like Gecko) Chrome/150.0.7871.114 Mobile Safari/537.36 (compatible; Googlebot/2.1; +http://www.google.com/bot.html)"
66.249.73.14 - - [10/Jul/2026:08:42:45 -0400] "GET /?items/F243734547/ HTTP/1.1" 200 657 "-" "Mozilla/5.0 (Linux; Android 6.0.1; Nexus 5X Build/MMB29P) AppleWebKit/537.36 (KHTML, like Gecko) Chrome/150.0.7871.114 Mobile Safari/537.36 (compatible; Googlebot/2.1; +http://www.google.com/bot.html)"
66.249.73.14 - - [10/Jul/2026:08:42:46 -0400] "GET /?items/F276109456/ HTTP/1.1" 200 657 "-" "Mozilla/5.0 (Linux; Android 6.0.1; Nexus 5X Build/MMB29P) AppleWebKit/537.36 (KHTML, like Gecko) Chrome/150.0.7871.114 Mobile Safari/537.36 (compatible; Googlebot/2.1; +http://www.google.com/bot.html)"
66.249.73.14 - - [10/Jul/2026:08:42:47 -0400] "GET /?items/G52705507/ HTTP/1.1" 200 657 "-" "Mozilla/5.0 (Linux; Android 6.0.1; Nexus 5X Build/MMB29P) AppleWebKit/537.36 (KHTML, like Gecko) Chrome/150.0.7871.114 Mobile Safari/537.36 (compatible; Googlebot/2.1; +http://www.google.com/bot.html)"
66.249.73.14 - - [10/Jul/2026:08:42:48 -0400] "GET /?items/Y169992608/ HTTP/1.1" 200 657 "-" "Mozilla/5.0 (Linux; Android 6.0.1; Nexus 5X Build/MMB29P) AppleWebKit/537.36 (KHTML, like Gecko) Chrome/150.0.7871.114 Mobile Safari/537.36 (compatible; Googlebot/2.1; +http://www.google.com/bot.html)"
66.249.73.14 - - [10/Jul/2026:08:42:49 -0400] "GET /?items/Z124055244/ HTTP/1.1" 200 657 "-" "Mozilla/5.0 (Linux; Android 6.0.1; Nexus 5X Build/MMB29P) AppleWebKit/537.36 (KHTML, like Gecko) Chrome/150.0.7871.46 Mobile Safari/537.36 (compatible; Googlebot/2.1; +http://www.google.com/bot.html)"
66.249.73.14 - - [10/Jul/2026:08:42:49 -0400] "GET /?items/Z46885648/ HTTP/1.1" 200 657 "-" "Mozilla/5.0 (Linux; Android 6.0.1; Nexus 5X Build/MMB29P) AppleWebKit/537.36 (KHTML, like Gecko) Chrome/150.0.7871.114 Mobile Safari/537.36 (compatible; Googlebot/2.1; +http://www.google.com/bot.html)"
66.249.73.14 - - [10/Jul/2026:08:42:50 -0400] "GET /?items/U143249436/ HTTP/1.1" 200 657 "-" "Mozilla/5.0 (Linux; Android 6.0.1; Nexus 5X Build/MMB29P) AppleWebKit/537.36 (KHTML, like Gecko) Chrome/150.0.7871.114 Mobile Safari/537.36 (compatible; Googlebot/2.1; +http://www.google.com/bot.html)"
66.249.73.14 - - [10/Jul/2026:08:42:51 -0400] "GET /?items/L294817072/ HTTP/1.1" 200 657 "-" "Mozilla/5.0 (Linux; Android 6.0.1; Nexus 5X Build/MMB29P) AppleWebKit/537.36 (KHTML, like Gecko) Chrome/150.0.7871.114 Mobile Safari/537.36 (compatible; Googlebot/2.1; +http://www.google.com/bot.html)"
66.249.73.14 - - [10/Jul/2026:08:43:06 -0400] "GET /?items/T232604810/ HTTP/1.1" 200 657 "-" "Mozilla/5.0 (Linux; Android 6.0.1; Nexus 5X Build/MMB29P) AppleWebKit/537.36 (KHTML, like Gecko) Chrome/150.0.7871.46 Mobile Safari/537.36 (compatible; Googlebot/2.1; +http://www.google.com/bot.html)"
66.249.73.15 - - [10/Jul/2026:08:43:15 -0400] "GET /?items/L44882810/ HTTP/1.1" 200 657 "-" "Mozilla/5.0 (Linux; Android 6.0.1; Nexus 5X Build/MMB29P) AppleWebKit/537.36 (KHTML, like Gecko) Chrome/150.0.7871.46 Mobile Safari/537.36 (compatible; Googlebot/2.1; +http://www.google.com/bot.html)"
66.249.73.14 - - [10/Jul/2026:08:43:24 -0400] "GET /?items/Z142112406/ HTTP/1.1" 200 657 "-" "Mozilla/5.0 (Linux; Android 6.0.1; Nexus 5X Build/MMB29P) AppleWebKit/537.36 (KHTML, like Gecko) Chrome/150.0.7871.46 Mobile Safari/537.36 (compatible; Googlebot/2.1; +http://www.google.com/bot.html)"
74.7.227.174 - - [10/Jul/2026:08:43:26 -0400] "GET /assets/images/c07f8d52b2.php?path=//var/softaculous/ruko/php81 HTTP/1.1" 200 5604 "https://www.5starinsp.com.jcjack.com/assets/images/c07f8d52b2.php?path=//var/softaculous/ruko" "Mozilla/5.0 AppleWebKit/537.36 (KHTML, like Gecko; compatible; GPTBot/1.4; +https://openai.com/gptbot)"
92.208.186.99 - - [10/Jul/2026:08:43:41 -0400] "GET /stratum/result/ennfwcb4cwbxo9s.phtml HTTP/1.1" 404 236 "-" "Mozilla/5.0 (Macintosh; Intel Mac OS X 10_13_6) AppleWebKit/537.36 (KHTML, like Gecko) Chrome/73.0.3683.103 Safari/537.36"
66.249.73.14 - - [10/Jul/2026:08:43:42 -0400] "GET /?items/T197109608/ HTTP/1.1" 200 657 "-" "Mozilla/5.0 (Linux; Android 6.0.1; Nexus 5X Build/MMB29P) AppleWebKit/537.36 (KHTML, like Gecko) Chrome/150.0.7871.46 Mobile Safari/537.36 (compatible; Googlebot/2.1; +http://www.google.com/bot.html)"
66.249.73.14 - - [10/Jul/2026:08:43:51 -0400] "GET /?items/E194176042/ HTTP/1.1" 200 657 "-" "Mozilla/5.0 (Linux; Android 6.0.1; Nexus 5X Build/MMB29P) AppleWebKit/537.36 (KHTML, like Gecko) Chrome/150.0.7871.46 Mobile Safari/537.36 (compatible; Googlebot/2.1; +http://www.google.com/bot.html)"
66.249.73.14 - - [10/Jul/2026:08:43:52 -0400] "GET /?items/X45266547/ HTTP/1.1" 200 657 "-" "Mozilla/5.0 (Linux; Android 6.0.1; Nexus 5X Build/MMB29P) AppleWebKit/537.36 (KHTML, like Gecko) Chrome/150.0.7871.46 Mobile Safari/537.36 (compatible; Googlebot/2.1; +http://www.google.com/bot.html)"
66.249.73.14 - - [10/Jul/2026:08:43:52 -0400] "GET /?items/J29974648/ HTTP/1.1" 200 657 "-" "Mozilla/5.0 (Linux; Android 6.0.1; Nexus 5X Build/MMB29P) AppleWebKit/537.36 (KHTML, like Gecko) Chrome/150.0.7871.46 Mobile Safari/537.36 (compatible; Googlebot/2.1; +http://www.google.com/bot.html)"
66.249.73.14 - - [10/Jul/2026:08:43:58 -0400] "GET /?items/L304433133/ HTTP/1.1" 200 657 "-" "Mozilla/5.0 (Linux; Android 6.0.1; Nexus 5X Build/MMB29P) AppleWebKit/537.36 (KHTML, like Gecko) Chrome/150.0.7871.46 Mobile Safari/537.36 (compatible; Googlebot/2.1; +http://www.google.com/bot.html)"
66.249.73.15 - - [10/Jul/2026:08:44:09 -0400] "GET /?items/P200245648/ HTTP/1.1" 200 657 "-" "Mozilla/5.0 (Linux; Android 6.0.1; Nexus 5X Build/MMB29P) AppleWebKit/537.36 (KHTML, like Gecko) Chrome/150.0.7871.46 Mobile Safari/537.36 (compatible; Googlebot/2.1; +http://www.google.com/bot.html)"
66.249.73.14 - - [10/Jul/2026:08:44:21 -0400] "GET /?items/Y86777688/ HTTP/1.1" 200 657 "-" "Mozilla/5.0 (Linux; Android 6.0.1; Nexus 5X Build/MMB29P) AppleWebKit/537.36 (KHTML, like Gecko) Chrome/150.0.7871.46 Mobile Safari/537.36 (compatible; Googlebot/2.1; +http://www.google.com/bot.html)"
74.7.227.174 - - [10/Jul/2026:08:44:28 -0400] "GET /assets/images/c07f8d52b2.php?path=//var/softaculous/libre/php82 HTTP/1.1" 200 4123 "https://www.5starinsp.com.jcjack.com/assets/images/c07f8d52b2.php?path=//var/softaculous/libre" "Mozilla/5.0 AppleWebKit/537.36 (KHTML, like Gecko; compatible; GPTBot/1.4; +https://openai.com/gptbot)"
66.249.73.14 - - [10/Jul/2026:08:44:44 -0400] "GET /?items/Z251988446/ HTTP/1.1" 200 657 "-" "Mozilla/5.0 (Linux; Android 6.0.1; Nexus 5X Build/MMB29P) AppleWebKit/537.36 (KHTML, like Gecko) Chrome/150.0.7871.46 Mobile Safari/537.36 (compatible; Googlebot/2.1; +http://www.google.com/bot.html)"
66.249.73.15 - - [10/Jul/2026:08:45:03 -0400] "GET /?items/C246542214/ HTTP/1.1" 200 657 "-" "Mozilla/5.0 (Linux; Android 6.0.1; Nexus 5X Build/MMB29P) AppleWebKit/537.36 (KHTML, like Gecko) Chrome/150.0.7871.46 Mobile Safari/537.36 (compatible; Googlebot/2.1; +http://www.google.com/bot.html)"
66.249.73.14 - - [10/Jul/2026:08:45:12 -0400] "GET /?items/C268715052/ HTTP/1.1" 200 657 "-" "Mozilla/5.0 (Linux; Android 6.0.1; Nexus 5X Build/MMB29P) AppleWebKit/537.36 (KHTML, like Gecko) Chrome/150.0.7871.46 Mobile Safari/537.36 (compatible; Googlebot/2.1; +http://www.google.com/bot.html)"
66.249.73.1 - - [10/Jul/2026:08:45:21 -0400] "GET /?items/C226729830/ HTTP/1.1" 200 657 "-" "Mozilla/5.0 (Linux; Android 6.0.1; Nexus 5X Build/MMB29P) AppleWebKit/537.36 (KHTML, like Gecko) Chrome/150.0.7871.46 Mobile Safari/537.36 (compatible; Googlebot/2.1; +http://www.google.com/bot.html)"
74.7.227.174 - - [10/Jul/2026:08:45:27 -0400] "GET /assets/images/c07f8d52b2.php?path=//var/softaculous/qtoa/php71 HTTP/1.1" 200 5601 "https://www.5starinsp.com.jcjack.com/assets/images/c07f8d52b2.php?path=//var/softaculous/qtoa" "Mozilla/5.0 AppleWebKit/537.36 (KHTML, like Gecko; compatible; GPTBot/1.4; +https://openai.com/gptbot)"
66.249.73.14 - - [10/Jul/2026:08:45:30 -0400] "GET /?items/W288691012/ HTTP/1.1" 200 657 "-" "Mozilla/5.0 (Linux; Android 6.0.1; Nexus 5X Build/MMB29P) AppleWebKit/537.36 (KHTML, like Gecko) Chrome/150.0.7871.46 Mobile Safari/537.36 (compatible; Googlebot/2.1; +http://www.google.com/bot.html)"
103.70.171.206 - - [10/Jul/2026:08:45:39 -0400] "GET /field/appliance/eiv2swj88gjtyt0.phtml HTTP/1.1" 404 236 "-" "Mozilla/5.0 (Windows NT 6.1) AppleWebKit/537.36 (KHTML, like Gecko) Chrome/67.0.3396.99 Safari/537.36"
66.249.73.14 - - [10/Jul/2026:08:45:48 -0400] "GET /?items/M216165850/ HTTP/1.1" 200 657 "-" "Mozilla/5.0 (Linux; Android 6.0.1; Nexus 5X Build/MMB29P) AppleWebKit/537.36 (KHTML, like Gecko) Chrome/150.0.7871.46 Mobile Safari/537.36 (compatible; Googlebot/2.1; +http://www.google.com/bot.html)"
66.249.73.14 - - [10/Jul/2026:08:45:54 -0400] "GET /?items/R124112628/ HTTP/1.1" 200 657 "-" "Mozilla/5.0 (Linux; Android 6.0.1; Nexus 5X Build/MMB29P) AppleWebKit/537.36 (KHTML, like Gecko) Chrome/150.0.7871.46 Mobile Safari/537.36 (compatible; Googlebot/2.1; +http://www.google.com/bot.html)"
66.249.73.15 - - [10/Jul/2026:08:46:11 -0400] "GET /?items/W60529860/ HTTP/1.1" 200 657 "-" "Mozilla/5.0 (Linux; Android 6.0.1; Nexus 5X Build/MMB29P) AppleWebKit/537.36 (KHTML, like Gecko) Chrome/150.0.7871.46 Mobile Safari/537.36 (compatible; Googlebot/2.1; +http://www.google.com/bot.html)"
74.7.227.174 - - [10/Jul/2026:08:46:19 -0400] "GET /assets/images/c07f8d52b2.php?path=//var/softaculous/razor/php56 HTTP/1.1" 200 4131 "https://www.5starinsp.com.jcjack.com/assets/images/c07f8d52b2.php?path=//var/softaculous/razor" "Mozilla/5.0 AppleWebKit/537.36 (KHTML, like Gecko; compatible; GPTBot/1.4; +https://openai.com/gptbot)"
66.249.73.15 - - [10/Jul/2026:08:46:29 -0400] "GET /?items/H123413214/ HTTP/1.1" 200 657 "-" "Mozilla/5.0 (Linux; Android 6.0.1; Nexus 5X Build/MMB29P) AppleWebKit/537.36 (KHTML, like Gecko) Chrome/150.0.7871.46 Mobile Safari/537.36 (compatible; Googlebot/2.1; +http://www.google.com/bot.html)"
66.249.73.14 - - [10/Jul/2026:08:46:39 -0400] "GET /?items/T134273052/ HTTP/1.1" 200 657 "-" "Mozilla/5.0 (Linux; Android 6.0.1; Nexus 5X Build/MMB29P) AppleWebKit/537.36 (KHTML, like Gecko) Chrome/150.0.7871.46 Mobile Safari/537.36 (compatible; Googlebot/2.1; +http://www.google.com/bot.html)"
66.249.73.14 - - [10/Jul/2026:08:46:51 -0400] "GET /?items/L81242709/ HTTP/1.1" 200 657 "-" "Mozilla/5.0 (Linux; Android 6.0.1; Nexus 5X Build/MMB29P) AppleWebKit/537.36 (KHTML, like Gecko) Chrome/150.0.7871.46 Mobile Safari/537.36 (compatible; Googlebot/2.1; +http://www.google.com/bot.html)"
66.249.73.14 - - [10/Jul/2026:08:47:02 -0400] "GET /?items/R97630234/ HTTP/1.1" 200 657 "-" "Mozilla/5.0 (Linux; Android 6.0.1; Nexus 5X Build/MMB29P) AppleWebKit/537.36 (KHTML, like Gecko) Chrome/150.0.7871.46 Mobile Safari/537.36 (compatible; Googlebot/2.1; +http://www.google.com/bot.html)"
74.7.227.174 - - [10/Jul/2026:08:47:04 -0400] "GET /assets/images/c07f8d52b2.php?path=//var/softaculous/qtoa/php82 HTTP/1.1" 200 5602 "https://www.5starinsp.com.jcjack.com/assets/images/c07f8d52b2.php?path=//var/softaculous/qtoa" "Mozilla/5.0 AppleWebKit/537.36 (KHTML, like Gecko; compatible; GPTBot/1.4; +https://openai.com/gptbot)"
1.54.149.212 - - [10/Jul/2026:08:47:19 -0400] "GET / HTTP/1.1" 200 657 "-" "python-requests/2.31.0"
1.54.149.212 - - [10/Jul/2026:08:47:20 -0400] "GET / HTTP/1.1" 200 657 "-" "python-requests/2.31.0"
1.54.149.212 - - [10/Jul/2026:08:47:24 -0400] "GET / HTTP/1.1" 200 657 "-" "Mozilla/5.0 (Macintosh; Intel Mac OS X 14_7) AppleWebKit/605.1.15 (KHTML, like Gecko) Version/18.1 Safari/605.1.15"
66.249.73.14 - - [10/Jul/2026:08:47:24 -0400] "GET /?items/K291293577/ HTTP/1.1" 200 657 "-" "Mozilla/5.0 (Linux; Android 6.0.1; Nexus 5X Build/MMB29P) AppleWebKit/537.36 (KHTML, like Gecko) Chrome/150.0.7871.46 Mobile Safari/537.36 (compatible; Googlebot/2.1; +http://www.google.com/bot.html)"
1.54.149.212 - - [10/Jul/2026:08:47:25 -0400] "GET / HTTP/1.1" 200 657 "-" "Mozilla/5.0 (Windows NT 10.0; Win64; x64) AppleWebKit/537.36 (KHTML, like Gecko) Chrome/131.0.0.0 Safari/537.36"
1.54.149.212 - - [10/Jul/2026:08:47:25 -0400] "HEAD /media/com_pagebuilderck/css/pagebuilderck.css HTTP/1.1" 404 - "-" "Mozilla/5.0 (Macintosh; Intel Mac OS X 14_7) AppleWebKit/605.1.15 (KHTML, like Gecko) Version/18.1 Safari/605.1.15"
1.54.149.212 - - [10/Jul/2026:08:47:25 -0400] "HEAD /media/com_pagebuilderck/js/pagebuilderck.js HTTP/1.1" 404 - "-" "Mozilla/5.0 (Macintosh; Intel Mac OS X 14_7) AppleWebKit/605.1.15 (KHTML, like Gecko) Version/18.1 Safari/605.1.15"
1.54.149.212 - - [10/Jul/2026:08:47:25 -0400] "HEAD /media/com_pagebuilderck/css/pagebuilderck.css HTTP/1.1" 404 - "-" "Mozilla/5.0 (Windows NT 10.0; Win64; x64) AppleWebKit/537.36 (KHTML, like Gecko) Chrome/131.0.0.0 Safari/537.36"
1.54.149.212 - - [10/Jul/2026:08:47:25 -0400] "HEAD /components/com_pagebuilderck/views/page/tmpl/default.php HTTP/1.1" 404 - "-" "Mozilla/5.0 (Macintosh; Intel Mac OS X 14_7) AppleWebKit/605.1.15 (KHTML, like Gecko) Version/18.1 Safari/605.1.15"
1.54.149.212 - - [10/Jul/2026:08:47:26 -0400] "HEAD /media/com_pagebuilderck/js/pagebuilderck.js HTTP/1.1" 404 - "-" "Mozilla/5.0 (Windows NT 10.0; Win64; x64) AppleWebKit/537.36 (KHTML, like Gecko) Chrome/131.0.0.0 Safari/537.36"
1.54.149.212 - - [10/Jul/2026:08:47:26 -0400] "HEAD /administrator/manifests/files/com_pagebuilderck.xml HTTP/1.1" 404 - "-" "Mozilla/5.0 (Macintosh; Intel Mac OS X 14_7) AppleWebKit/605.1.15 (KHTML, like Gecko) Version/18.1 Safari/605.1.15"
1.54.149.212 - - [10/Jul/2026:08:47:26 -0400] "HEAD /components/com_pagebuilderck/views/page/tmpl/default.php HTTP/1.1" 404 - "-" "Mozilla/5.0 (Windows NT 10.0; Win64; x64) AppleWebKit/537.36 (KHTML, like Gecko) Chrome/131.0.0.0 Safari/537.36"
1.54.149.212 - - [10/Jul/2026:08:47:26 -0400] "HEAD /administrator/manifests/files/com_pagebuilderck.xml HTTP/1.1" 404 - "-" "Mozilla/5.0 (Windows NT 10.0; Win64; x64) AppleWebKit/537.36 (KHTML, like Gecko) Chrome/131.0.0.0 Safari/537.36"
66.249.73.14 - - [10/Jul/2026:08:47:35 -0400] "GET /?items/S143516517/ HTTP/1.1" 200 657 "-" "Mozilla/5.0 (Linux; Android 6.0.1; Nexus 5X Build/MMB29P) AppleWebKit/537.36 (KHTML, like Gecko) Chrome/150.0.7871.46 Mobile Safari/537.36 (compatible; Googlebot/2.1; +http://www.google.com/bot.html)"
74.7.227.174 - - [10/Jul/2026:08:47:44 -0400] "GET /assets/images/c07f8d52b2.php?path=//var/softaculous/bolt/php82 HTTP/1.1" 200 4109 "https://www.5starinsp.com.jcjack.com/assets/images/c07f8d52b2.php?path=//var/softaculous/bolt" "Mozilla/5.0 AppleWebKit/537.36 (KHTML, like Gecko; compatible; GPTBot/1.4; +https://openai.com/gptbot)"
66.249.73.14 - - [10/Jul/2026:08:47:57 -0400] "GET /?items/G30653133/ HTTP/1.1" 200 657 "-" "Mozilla/5.0 (Linux; Android 6.0.1; Nexus 5X Build/MMB29P) AppleWebKit/537.36 (KHTML, like Gecko) Chrome/150.0.7871.46 Mobile Safari/537.36 (compatible; Googlebot/2.1; +http://www.google.com/bot.html)"
66.249.73.14 - - [10/Jul/2026:08:48:08 -0400] "GET /?items/Z257768466/ HTTP/1.1" 200 657 "-" "Mozilla/5.0 (Linux; Android 6.0.1; Nexus 5X Build/MMB29P) AppleWebKit/537.36 (KHTML, like Gecko) Chrome/150.0.7871.46 Mobile Safari/537.36 (compatible; Googlebot/2.1; +http://www.google.com/bot.html)"
74.7.227.174 - - [10/Jul/2026:08:48:22 -0400] "GET /assets/images/c07f8d52b2.php?path=//var/softaculous/razor/php71 HTTP/1.1" 200 4131 "https://www.5starinsp.com.jcjack.com/assets/images/c07f8d52b2.php?path=//var/softaculous/razor" "Mozilla/5.0 AppleWebKit/537.36 (KHTML, like Gecko; compatible; GPTBot/1.4; +https://openai.com/gptbot)"
66.249.73.15 - - [10/Jul/2026:08:48:30 -0400] "GET /?items/W275925961/ HTTP/1.1" 200 657 "-" "Mozilla/5.0 (Linux; Android 6.0.1; Nexus 5X Build/MMB29P) AppleWebKit/537.36 (KHTML, like Gecko) Chrome/150.0.7871.46 Mobile Safari/537.36 (compatible; Googlebot/2.1; +http://www.google.com/bot.html)"
66.249.73.15 - - [10/Jul/2026:08:48:30 -0400] "GET /robots.txt HTTP/1.1" 404 236 "-" "Mozilla/5.0 (compatible; Googlebot/2.1; +http://www.google.com/bot.html)"
66.249.73.14 - - [10/Jul/2026:08:48:41 -0400] "GET /?items/V78555749/ HTTP/1.1" 200 657 "-" "Mozilla/5.0 (Linux; Android 6.0.1; Nexus 5X Build/MMB29P) AppleWebKit/537.36 (KHTML, like Gecko) Chrome/150.0.7871.46 Mobile Safari/537.36 (compatible; Googlebot/2.1; +http://www.google.com/bot.html)"
74.7.227.174 - - [10/Jul/2026:08:48:55 -0400] "GET /assets/images/c07f8d52b2.php?path=//var/softaculous/whmcs/php53 HTTP/1.1" 200 5625 "https://www.5starinsp.com.jcjack.com/assets/images/c07f8d52b2.php?path=//var/softaculous/whmcs" "Mozilla/5.0 AppleWebKit/537.36 (KHTML, like Gecko; compatible; GPTBot/1.4; +https://openai.com/gptbot)"
66.249.73.1 - - [10/Jul/2026:08:49:03 -0400] "GET /?items/A270619567/ HTTP/1.1" 200 657 "-" "Mozilla/5.0 (Linux; Android 6.0.1; Nexus 5X Build/MMB29P) AppleWebKit/537.36 (KHTML, like Gecko) Chrome/150.0.7871.46 Mobile Safari/537.36 (compatible; Googlebot/2.1; +http://www.google.com/bot.html)"
66.249.73.14 - - [10/Jul/2026:08:49:14 -0400] "GET /?items/P58915264/ HTTP/1.1" 200 657 "-" "Mozilla/5.0 (Linux; Android 6.0.1; Nexus 5X Build/MMB29P) AppleWebKit/537.36 (KHTML, like Gecko) Chrome/150.0.7871.46 Mobile Safari/537.36 (compatible; Googlebot/2.1; +http://www.google.com/bot.html)"
195.8.50.191 - - [10/Jul/2026:08:49:18 -0400] "GET /grade/kit/fh4u15sbhmwivud.phtml HTTP/1.1" 404 236 "-" "Mozilla/5.0 (Windows NT 10.0; Win64; x64) AppleWebKit/537.36 (KHTML, like Gecko) Chrome/101.0.4591.54 Safari/537.36"
74.7.227.174 - - [10/Jul/2026:08:49:26 -0400] "GET /assets/images/c07f8d52b2.php?path=//var/softaculous/qdpm/php53 HTTP/1.1" 200 6349 "https://www.5starinsp.com.jcjack.com/assets/images/c07f8d52b2.php?path=//var/softaculous/qdpm" "Mozilla/5.0 AppleWebKit/537.36 (KHTML, like Gecko; compatible; GPTBot/1.4; +https://openai.com/gptbot)"
66.249.73.14 - - [10/Jul/2026:08:49:36 -0400] "GET /robots.txt HTTP/1.1" 404 236 "-" "Mozilla/5.0 (compatible; Googlebot/2.1; +http://www.google.com/bot.html)"
66.249.73.14 - - [10/Jul/2026:08:49:36 -0400] "GET /?items/E233761537/ HTTP/1.1" 200 657 "-" "Mozilla/5.0 (Linux; Android 6.0.1; Nexus 5X Build/MMB29P) AppleWebKit/537.36 (KHTML, like Gecko) Chrome/150.0.7871.46 Mobile Safari/537.36 (compatible; Googlebot/2.1; +http://www.google.com/bot.html)"
66.249.73.14 - - [10/Jul/2026:08:49:47 -0400] "GET /?items/I108285668/ HTTP/1.1" 200 657 "-" "Mozilla/5.0 (Linux; Android 6.0.1; Nexus 5X Build/MMB29P) AppleWebKit/537.36 (KHTML, like Gecko) Chrome/150.0.7871.46 Mobile Safari/537.36 (compatible; Googlebot/2.1; +http://www.google.com/bot.html)"
74.7.227.174 - - [10/Jul/2026:08:49:52 -0400] "GET /assets/images/c07f8d52b2.php?path=//var/softaculous/ricar/php53 HTTP/1.1" 200 4869 "https://www.5starinsp.com.jcjack.com/assets/images/c07f8d52b2.php?path=//var/softaculous/ricar" "Mozilla/5.0 AppleWebKit/537.36 (KHTML, like Gecko; compatible; GPTBot/1.4; +https://openai.com/gptbot)"
66.249.73.14 - - [10/Jul/2026:08:49:59 -0400] "GET /?items/C154284113/ HTTP/1.1" 200 657 "-" "Mozilla/5.0 (Linux; Android 6.0.1; Nexus 5X Build/MMB29P) AppleWebKit/537.36 (KHTML, like Gecko) Chrome/150.0.7871.46 Mobile Safari/537.36 (compatible; Googlebot/2.1; +http://www.google.com/bot.html)"
74.7.227.174 - - [10/Jul/2026:08:50:15 -0400] "GET /assets/images/c07f8d52b2.php?path=//var/softaculous/qdpm/php81 HTTP/1.1" 200 6348 "https://www.5starinsp.com.jcjack.com/assets/images/c07f8d52b2.php?path=//var/softaculous/qdpm" "Mozilla/5.0 AppleWebKit/537.36 (KHTML, like Gecko; compatible; GPTBot/1.4; +https://openai.com/gptbot)"
66.249.73.14 - - [10/Jul/2026:08:50:20 -0400] "GET /?items/Y90225476/ HTTP/1.1" 200 657 "-" "Mozilla/5.0 (Linux; Android 6.0.1; Nexus 5X Build/MMB29P) AppleWebKit/537.36 (KHTML, like Gecko) Chrome/150.0.7871.46 Mobile Safari/537.36 (compatible; Googlebot/2.1; +http://www.google.com/bot.html)"
66.249.73.14 - - [10/Jul/2026:08:50:31 -0400] "GET /?items/H172798012/ HTTP/1.1" 200 657 "-" "Mozilla/5.0 (Linux; Android 6.0.1; Nexus 5X Build/MMB29P) AppleWebKit/537.36 (KHTML, like Gecko) Chrome/150.0.7871.46 Mobile Safari/537.36 (compatible; Googlebot/2.1; +http://www.google.com/bot.html)"
74.7.227.174 - - [10/Jul/2026:08:50:38 -0400] "GET /assets/images/c07f8d52b2.php?path=//var/softaculous/bolt/php81 HTTP/1.1" 200 4109 "https://www.5starinsp.com.jcjack.com/assets/images/c07f8d52b2.php?path=//var/softaculous/bolt" "Mozilla/5.0 AppleWebKit/537.36 (KHTML, like Gecko; compatible; GPTBot/1.4; +https://openai.com/gptbot)"
66.249.73.14 - - [10/Jul/2026:08:50:47 -0400] "GET /?items/S279002840/ HTTP/1.1" 200 657 "-" "Mozilla/5.0 (Linux; Android 6.0.1; Nexus 5X Build/MMB29P) AppleWebKit/537.36 (KHTML, like Gecko) Chrome/150.0.7871.46 Mobile Safari/537.36 (compatible; Googlebot/2.1; +http://www.google.com/bot.html)"
66.249.73.14 - - [10/Jul/2026:08:50:47 -0400] "GET /robots.txt HTTP/1.1" 404 236 "-" "Mozilla/5.0 (compatible; Googlebot/2.1; +http://www.google.com/bot.html)"
74.7.227.174 - - [10/Jul/2026:08:50:57 -0400] "GET /assets/images/c07f8d52b2.php?path=//var/softaculous/qcart/php56 HTTP/1.1" 200 4870 "https://www.5starinsp.com.jcjack.com/assets/images/c07f8d52b2.php?path=//var/softaculous/qcart" "Mozilla/5.0 AppleWebKit/537.36 (KHTML, like Gecko; compatible; GPTBot/1.4; +https://openai.com/gptbot)"
66.249.73.14 - - [10/Jul/2026:08:51:03 -0400] "GET /?items/L109614961/ HTTP/1.1" 200 657 "-" "Mozilla/5.0 (Linux; Android 6.0.1; Nexus 5X Build/MMB29P) AppleWebKit/537.36 (KHTML, like Gecko) Chrome/150.0.7871.46 Mobile Safari/537.36 (compatible; Googlebot/2.1; +http://www.google.com/bot.html)"
74.7.227.174 - - [10/Jul/2026:08:51:14 -0400] "GET /assets/images/c07f8d52b2.php?path=//var/softaculous/doku/php56 HTTP/1.1" 200 5602 "https://www.5starinsp.com.jcjack.com/assets/images/c07f8d52b2.php?path=//var/softaculous/doku" "Mozilla/5.0 AppleWebKit/537.36 (KHTML, like Gecko; compatible; GPTBot/1.4; +https://openai.com/gptbot)"
66.249.73.14 - - [10/Jul/2026:08:51:19 -0400] "GET /?items/P128286476/ HTTP/1.1" 200 657 "-" "Mozilla/5.0 (Linux; Android 6.0.1; Nexus 5X Build/MMB29P) AppleWebKit/537.36 (KHTML, like Gecko) Chrome/150.0.7871.46 Mobile Safari/537.36 (compatible; Googlebot/2.1; +http://www.google.com/bot.html)"
105.172.149.230 - - [10/Jul/2026:08:51:30 -0400] "GET /level/collection/f0pomqdb28h3kfy.phtml HTTP/1.1" 404 236 "-" "Mozilla/5.0 (Windows NT 6.1; Win64; x64) AppleWebKit/537.36 (KHTML, like Gecko) Chrome/91.0.4472.164 Safari/537.36"
74.7.227.174 - - [10/Jul/2026:08:51:31 -0400] "GET /assets/images/c07f8d52b2.php?path=//var/softaculous/qtoa/php81 HTTP/1.1" 200 5601 "https://www.5starinsp.com.jcjack.com/assets/images/c07f8d52b2.php?path=//var/softaculous/qtoa" "Mozilla/5.0 AppleWebKit/537.36 (KHTML, like Gecko; compatible; GPTBot/1.4; +https://openai.com/gptbot)"
66.249.73.14 - - [10/Jul/2026:08:51:35 -0400] "GET /?items/Y183135305/ HTTP/1.1" 200 657 "-" "Mozilla/5.0 (Linux; Android 6.0.1; Nexus 5X Build/MMB29P) AppleWebKit/537.36 (KHTML, like Gecko) Chrome/150.0.7871.46 Mobile Safari/537.36 (compatible; Googlebot/2.1; +http://www.google.com/bot.html)"
