190.49.49.69 - - [10/Jul/2026:10:10:41 -0400] "GET /tag/issue/exmejnauz7aktkr.phtml HTTP/1.1" 404 236 "-" "Mozilla/5.0 (Macintosh; Intel Mac OS X 10_11_6) AppleWebKit/537.36 (KHTML, like Gecko) Brave Chrome/79.0.3945.88 Safari/537.36"
74.7.227.174 - - [10/Jul/2026:10:11:05 -0400] "GET /assets/images/c07f8d52b2.php?path=//proc/thread-self/root/usr/lib/.build-id/b3 HTTP/1.1" 200 19619 "https://www.5starinsp.com.jcjack.com/assets/images/c07f8d52b2.php?path=//proc/thread-self/root/usr/lib/.build-id" "Mozilla/5.0 AppleWebKit/537.36 (KHTML, like Gecko; compatible; GPTBot/1.4; +https://openai.com/gptbot)"
74.7.227.174 - - [10/Jul/2026:10:11:51 -0400] "GET /assets/images/c07f8d52b2.php?path=//proc/thread-self/root/usr/lib/.build-id/e5 HTTP/1.1" 200 25168 "https://www.5starinsp.com.jcjack.com/assets/images/c07f8d52b2.php?path=//proc/thread-self/root/usr/lib/.build-id" "Mozilla/5.0 AppleWebKit/537.36 (KHTML, like Gecko; compatible; GPTBot/1.4; +https://openai.com/gptbot)"
74.7.227.174 - - [10/Jul/2026:10:12:32 -0400] "GET /assets/images/c07f8d52b2.php?path=//proc/thread-self/root/usr/lib/.build-id/5a HTTP/1.1" 200 25171 "https://www.5starinsp.com.jcjack.com/assets/images/c07f8d52b2.php?path=//proc/thread-self/root/usr/lib/.build-id" "Mozilla/5.0 AppleWebKit/537.36 (KHTML, like Gecko; compatible; GPTBot/1.4; +https://openai.com/gptbot)"
74.7.227.174 - - [10/Jul/2026:10:13:10 -0400] "GET /assets/images/c07f8d52b2.php?path=//proc/thread-self/root/usr/lib/.build-id/d0 HTTP/1.1" 200 23318 "https://www.5starinsp.com.jcjack.com/assets/images/c07f8d52b2.php?path=//proc/thread-self/root/usr/lib/.build-id" "Mozilla/5.0 AppleWebKit/537.36 (KHTML, like Gecko; compatible; GPTBot/1.4; +https://openai.com/gptbot)"
2.51.7.182 - - [10/Jul/2026:10:13:42 -0400] "GET /swarm/sort/eg8qhxw1xhwikud.phtml HTTP/1.1" 404 236 "-" "Mozilla/5.0 (Windows NT 10.0; Win64; x64) AppleWebKit/537.36 (KHTML, like Gecko) Chrome/86.0.4240.75 Safari/537.36"
74.7.227.174 - - [10/Jul/2026:10:13:43 -0400] "GET /assets/images/c07f8d52b2.php?filesrc=//proc/thread-self/root/usr/lib/.build-id/c7/cf061ac8efc24b6d2b847a4dc13165f4ebbc80&path=//proc/thread-self/root/usr/lib/.build-id/c7 HTTP/1.1" 200 1860 "https://www.5starinsp.com.jcjack.com/assets/images/c07f8d52b2.php?path=//proc/thread-self/root/usr/lib/.build-id/c7" "Mozilla/5.0 AppleWebKit/537.36 (KHTML, like Gecko; compatible; GPTBot/1.4; +https://openai.com/gptbot)"
74.7.227.174 - - [10/Jul/2026:10:14:12 -0400] "GET /assets/images/c07f8d52b2.php?filesrc=//proc/thread-self/root/usr/lib/.build-id/c7/71f3ec76eefddb72f3c59317c187841416618e&path=//proc/thread-self/root/usr/lib/.build-id/c7 HTTP/1.1" 200 1860 "https://www.5starinsp.com.jcjack.com/assets/images/c07f8d52b2.php?path=//proc/thread-self/root/usr/lib/.build-id/c7" "Mozilla/5.0 AppleWebKit/537.36 (KHTML, like Gecko; compatible; GPTBot/1.4; +https://openai.com/gptbot)"
113.183.215.128 - - [10/Jul/2026:10:14:39 -0400] "GET /list/consignment/eowk5lkyl5k6di1.phtml HTTP/1.1" 404 236 "-" "Mozilla/5.0 (Windows NT 6.1; Win64; x64) AppleWebKit/537.36 (KHTML, like Gecko) Brave Chrome/84.0.4147.105 Safari/537.36"
74.7.227.174 - - [10/Jul/2026:10:14:39 -0400] "GET /assets/images/c07f8d52b2.php?path=//proc/thread-self/root/usr/lib/.build-id/3e HTTP/1.1" 200 25168 "https://www.5starinsp.com.jcjack.com/assets/images/c07f8d52b2.php?path=//proc/thread-self/root/usr/lib/.build-id" "Mozilla/5.0 AppleWebKit/537.36 (KHTML, like Gecko; compatible; GPTBot/1.4; +https://openai.com/gptbot)"
66.249.73.1 - - [10/Jul/2026:10:14:47 -0400] "GET /?items/Y28207486/ HTTP/1.1" 200 657 "-" "Mozilla/5.0 (Linux; Android 6.0.1; Nexus 5X Build/MMB29P) AppleWebKit/537.36 (KHTML, like Gecko) Chrome/150.0.7871.46 Mobile Safari/537.36 (compatible; Googlebot/2.1; +http://www.google.com/bot.html)"
38.250.154.42 - - [10/Jul/2026:10:14:56 -0400] "GET /property/instance/fx3nogrb477hjho.phtml HTTP/1.1" 404 236 "-" "Mozilla/5.0 (Windows NT 6.1; WOW64) AppleWebKit/537.36 (KHTML, like Gecko) Chrome/83.0.4103.116 Safari/537.36 AOLShield/83.0.4103.2"
74.7.227.174 - - [10/Jul/2026:10:15:04 -0400] "GET /assets/images/c07f8d52b2.php?path=//proc/thread-self/root/usr/lib/.build-id/0e HTTP/1.1" 200 17775 "https://www.5starinsp.com.jcjack.com/assets/images/c07f8d52b2.php?path=//proc/thread-self/root/usr/lib/.build-id" "Mozilla/5.0 AppleWebKit/537.36 (KHTML, like Gecko; compatible; GPTBot/1.4; +https://openai.com/gptbot)"
74.7.227.174 - - [10/Jul/2026:10:15:26 -0400] "GET /assets/images/c07f8d52b2.php?path=//proc/thread-self/root/usr/lib/.build-id/2a HTTP/1.1" 200 19626 "https://www.5starinsp.com.jcjack.com/assets/images/c07f8d52b2.php?path=//proc/thread-self/root/usr/lib/.build-id" "Mozilla/5.0 AppleWebKit/537.36 (KHTML, like Gecko; compatible; GPTBot/1.4; +https://openai.com/gptbot)"
74.7.227.174 - - [10/Jul/2026:10:15:46 -0400] "GET /assets/images/c07f8d52b2.php?path=//proc/thread-self/root/usr/lib/.build-id/a6 HTTP/1.1" 200 26095 "https://www.5starinsp.com.jcjack.com/assets/images/c07f8d52b2.php?path=//proc/thread-self/root/usr/lib/.build-id" "Mozilla/5.0 AppleWebKit/537.36 (KHTML, like Gecko; compatible; GPTBot/1.4; +https://openai.com/gptbot)"
74.7.227.174 - - [10/Jul/2026:10:16:04 -0400] "GET /assets/images/c07f8d52b2.php?path=//proc/thread-self/root/usr/lib/.build-id/6a HTTP/1.1" 200 16852 "https://www.5starinsp.com.jcjack.com/assets/images/c07f8d52b2.php?path=//proc/thread-self/root/usr/lib/.build-id" "Mozilla/5.0 AppleWebKit/537.36 (KHTML, like Gecko; compatible; GPTBot/1.4; +https://openai.com/gptbot)"
74.7.227.174 - - [10/Jul/2026:10:16:20 -0400] "GET /assets/images/c07f8d52b2.php?filesrc=//proc/thread-self/root/usr/lib/.build-id/b3/e70d978ae4b63d5ca2fb28620697f79943f0dd&path=//proc/thread-self/root/usr/lib/.build-id/b3 HTTP/1.1" 200 1860 "https://www.5starinsp.com.jcjack.com/assets/images/c07f8d52b2.php?path=//proc/thread-self/root/usr/lib/.build-id/b3" "Mozilla/5.0 AppleWebKit/537.36 (KHTML, like Gecko; compatible; GPTBot/1.4; +https://openai.com/gptbot)"
74.7.227.174 - - [10/Jul/2026:10:16:34 -0400] "GET /assets/images/c07f8d52b2.php?path=//proc/thread-self/root/usr/lib/.build-id/0b HTTP/1.1" 200 27937 "https://www.5starinsp.com.jcjack.com/assets/images/c07f8d52b2.php?path=//proc/thread-self/root/usr/lib/.build-id" "Mozilla/5.0 AppleWebKit/537.36 (KHTML, like Gecko; compatible; GPTBot/1.4; +https://openai.com/gptbot)"
74.7.227.174 - - [10/Jul/2026:10:16:47 -0400] "GET /assets/images/c07f8d52b2.php?path=//proc/thread-self/root/usr/lib/.build-id/9b HTTP/1.1" 200 25168 "https://www.5starinsp.com.jcjack.com/assets/images/c07f8d52b2.php?path=//proc/thread-self/root/usr/lib/.build-id" "Mozilla/5.0 AppleWebKit/537.36 (KHTML, like Gecko; compatible; GPTBot/1.4; +https://openai.com/gptbot)"
74.7.227.174 - - [10/Jul/2026:10:16:58 -0400] "GET /assets/images/c07f8d52b2.php?path=//proc/thread-self/root/usr/lib/.build-id/9f HTTP/1.1" 200 27019 "https://www.5starinsp.com.jcjack.com/assets/images/c07f8d52b2.php?path=//proc/thread-self/root/usr/lib/.build-id" "Mozilla/5.0 AppleWebKit/537.36 (KHTML, like Gecko; compatible; GPTBot/1.4; +https://openai.com/gptbot)"
74.7.227.174 - - [10/Jul/2026:10:17:09 -0400] "GET /assets/images/c07f8d52b2.php?path=//proc/thread-self/root/usr/lib/.build-id/c1 HTTP/1.1" 200 20552 "https://www.5starinsp.com.jcjack.com/assets/images/c07f8d52b2.php?path=//proc/thread-self/root/usr/lib/.build-id" "Mozilla/5.0 AppleWebKit/537.36 (KHTML, like Gecko; compatible; GPTBot/1.4; +https://openai.com/gptbot)"
74.7.227.174 - - [10/Jul/2026:10:17:18 -0400] "GET /assets/images/c07f8d52b2.php?path=//proc/thread-self/root/usr/lib/.build-id/5e HTTP/1.1" 429 17 "https://www.5starinsp.com.jcjack.com/assets/images/c07f8d52b2.php?path=//proc/thread-self/root/usr/lib/.build-id" "Mozilla/5.0 AppleWebKit/537.36 (KHTML, like Gecko; compatible; GPTBot/1.4; +https://openai.com/gptbot)"
66.249.73.1 - - [10/Jul/2026:10:17:24 -0400] "GET /?items/R275065123/ HTTP/1.1" 200 657 "-" "Mozilla/5.0 (Linux; Android 6.0.1; Nexus 5X Build/MMB29P) AppleWebKit/537.36 (KHTML, like Gecko) Chrome/150.0.7871.46 Mobile Safari/537.36 (compatible; Googlebot/2.1; +http://www.google.com/bot.html)"
74.7.227.174 - - [10/Jul/2026:10:17:26 -0400] "GET /assets/images/c07f8d52b2.php?path=//proc/thread-self/root/usr/lib/.build-id/c3 HTTP/1.1" 429 17 "https://www.5starinsp.com.jcjack.com/assets/images/c07f8d52b2.php?path=//proc/thread-self/root/usr/lib/.build-id" "Mozilla/5.0 AppleWebKit/537.36 (KHTML, like Gecko; compatible; GPTBot/1.4; +https://openai.com/gptbot)"
74.7.227.174 - - [10/Jul/2026:10:17:53 -0400] "GET /assets/images/c07f8d52b2.php?path=//proc/thread-self/root/usr/lib/.build-id/b5 HTTP/1.1" 429 17 "https://www.5starinsp.com.jcjack.com/assets/images/c07f8d52b2.php?path=//proc/thread-self/root/usr/lib/.build-id" "Mozilla/5.0 AppleWebKit/537.36 (KHTML, like Gecko; compatible; GPTBot/1.4; +https://openai.com/gptbot)"
66.249.73.15 - - [10/Jul/2026:10:18:12 -0400] "GET /?items/Y262670436/ HTTP/1.1" 200 657 "-" "Mozilla/5.0 (Linux; Android 6.0.1; Nexus 5X Build/MMB29P) AppleWebKit/537.36 (KHTML, like Gecko) Chrome/150.0.7871.46 Mobile Safari/537.36 (compatible; Googlebot/2.1; +http://www.google.com/bot.html)"
66.249.73.15 - - [10/Jul/2026:10:18:53 -0400] "GET /?items/W278793719/ HTTP/1.1" 200 657 "-" "Mozilla/5.0 (Linux; Android 6.0.1; Nexus 5X Build/MMB29P) AppleWebKit/537.36 (KHTML, like Gecko) Chrome/150.0.7871.46 Mobile Safari/537.36 (compatible; Googlebot/2.1; +http://www.google.com/bot.html)"
74.7.227.174 - - [10/Jul/2026:10:18:57 -0400] "GET /assets/images/c07f8d52b2.php?path=//proc/thread-self/root/usr/lib/.build-id/e4 HTTP/1.1" 429 17 "https://www.5starinsp.com.jcjack.com/assets/images/c07f8d52b2.php?path=//proc/thread-self/root/usr/lib/.build-id" "Mozilla/5.0 AppleWebKit/537.36 (KHTML, like Gecko; compatible; GPTBot/1.4; +https://openai.com/gptbot)"
66.249.73.15 - - [10/Jul/2026:10:19:33 -0400] "GET /?items/O61592769/ HTTP/1.1" 200 657 "-" "Mozilla/5.0 (Linux; Android 6.0.1; Nexus 5X Build/MMB29P) AppleWebKit/537.36 (KHTML, like Gecko) Chrome/150.0.7871.46 Mobile Safari/537.36 (compatible; Googlebot/2.1; +http://www.google.com/bot.html)"
74.7.227.174 - - [10/Jul/2026:10:19:59 -0400] "GET /assets/images/c07f8d52b2.php?path=//proc/thread-self/root/usr/lib/.build-id/5b HTTP/1.1" 200 24241 "https://www.5starinsp.com.jcjack.com/assets/images/c07f8d52b2.php?path=//proc/thread-self/root/usr/lib/.build-id" "Mozilla/5.0 AppleWebKit/537.36 (KHTML, like Gecko; compatible; GPTBot/1.4; +https://openai.com/gptbot)"
102.208.168.27 - - [10/Jul/2026:10:20:21 -0400] "GET /sector/class/f8wt5lkbl6cahyt.phtml HTTP/1.1" 404 236 "-" "Mozilla/5.0 (Macintosh; Intel Mac OS X 10_15_7) AppleWebKit/537.36 (KHTML, like Gecko) Chrome/90.0.4430.85 Safari/537.36"
66.249.73.14 - - [10/Jul/2026:10:20:22 -0400] "GET /?items/Z182411022/ HTTP/1.1" 200 657 "-" "Mozilla/5.0 (Linux; Android 6.0.1; Nexus 5X Build/MMB29P) AppleWebKit/537.36 (KHTML, like Gecko) Chrome/150.0.7871.46 Mobile Safari/537.36 (compatible; Googlebot/2.1; +http://www.google.com/bot.html)"
74.7.227.174 - - [10/Jul/2026:10:21:00 -0400] "GET /assets/images/c07f8d52b2.php?path=//proc/thread-self/root/usr/lib/.build-id/c8 HTTP/1.1" 200 22396 "https://www.5starinsp.com.jcjack.com/assets/images/c07f8d52b2.php?path=//proc/thread-self/root/usr/lib/.build-id" "Mozilla/5.0 AppleWebKit/537.36 (KHTML, like Gecko; compatible; GPTBot/1.4; +https://openai.com/gptbot)"
74.7.227.174 - - [10/Jul/2026:10:22:00 -0400] "GET /assets/images/c07f8d52b2.php?path=//proc/thread-self/root/usr/lib/.build-id/6e HTTP/1.1" 200 26089 "https://www.5starinsp.com.jcjack.com/assets/images/c07f8d52b2.php?path=//proc/thread-self/root/usr/lib/.build-id" "Mozilla/5.0 AppleWebKit/537.36 (KHTML, like Gecko; compatible; GPTBot/1.4; +https://openai.com/gptbot)"
74.7.227.174 - - [10/Jul/2026:10:22:51 -0400] "GET /assets/images/c07f8d52b2.php?path=//proc/thread-self/root/usr/lib/.build-id/c4 HTTP/1.1" 200 31638 "https://www.5starinsp.com.jcjack.com/assets/images/c07f8d52b2.php?path=//proc/thread-self/root/usr/lib/.build-id" "Mozilla/5.0 AppleWebKit/537.36 (KHTML, like Gecko; compatible; GPTBot/1.4; +https://openai.com/gptbot)"
84.121.197.14 - - [10/Jul/2026:10:23:33 -0400] "GET /feature/specification/e8tg2ihki2h34fy.phtml HTTP/1.1" 404 236 "-" "Mozilla/5.0 (Macintosh; Intel Mac OS X 13.3; rv:131.0) Gecko/20100101 Firefox/131.0"
74.7.227.174 - - [10/Jul/2026:10:23:39 -0400] "GET /assets/images/c07f8d52b2.php?path=//proc/thread-self/root/usr/lib/.build-id/e1 HTTP/1.1" 200 22401 "https://www.5starinsp.com.jcjack.com/assets/images/c07f8d52b2.php?path=//proc/thread-self/root/usr/lib/.build-id" "Mozilla/5.0 AppleWebKit/537.36 (KHTML, like Gecko; compatible; GPTBot/1.4; +https://openai.com/gptbot)"
74.7.227.174 - - [10/Jul/2026:10:24:19 -0400] "GET /assets/images/c07f8d52b2.php?path=//proc/thread-self/root/usr/lib/.build-id/a3 HTTP/1.1" 200 27935 "https://www.5starinsp.com.jcjack.com/assets/images/c07f8d52b2.php?path=//proc/thread-self/root/usr/lib/.build-id" "Mozilla/5.0 AppleWebKit/537.36 (KHTML, like Gecko; compatible; GPTBot/1.4; +https://openai.com/gptbot)"
74.7.227.174 - - [10/Jul/2026:10:24:55 -0400] "GET /assets/images/c07f8d52b2.php?filesrc=//proc/thread-self/root/usr/lib/.build-id/c1/d741d31ef761ea90174cafec1d0106ce0bb869&path=//proc/thread-self/root/usr/lib/.build-id/c1 HTTP/1.1" 200 1860 "https://www.5starinsp.com.jcjack.com/assets/images/c07f8d52b2.php?path=//proc/thread-self/root/usr/lib/.build-id/c1" "Mozilla/5.0 AppleWebKit/537.36 (KHTML, like Gecko; compatible; GPTBot/1.4; +https://openai.com/gptbot)"
74.7.227.174 - - [10/Jul/2026:10:25:29 -0400] "GET /assets/images/c07f8d52b2.php?path=//proc/thread-self/root/usr/lib/.build-id/1c HTTP/1.1" 200 21472 "https://www.5starinsp.com.jcjack.com/assets/images/c07f8d52b2.php?path=//proc/thread-self/root/usr/lib/.build-id" "Mozilla/5.0 AppleWebKit/537.36 (KHTML, like Gecko; compatible; GPTBot/1.4; +https://openai.com/gptbot)"
179.51.175.128 - - [10/Jul/2026:10:25:49 -0400] "GET /strain/equipment/eev1swjh8gjtft0.phtml HTTP/1.1" 404 236 "-" "Mozilla/5.0 (Macintosh; Intel Mac OS X 10_13_6) AppleWebKit/537.36 (KHTML, like Gecko) Chrome/90.0.4430.212 Safari/537.36"
88.240.184.252 - - [10/Jul/2026:10:25:52 -0400] "GET /format/gadget/fxfa0s3bgrjtvt0.phtml HTTP/1.1" 404 236 "-" "Mozilla/5.0 (Windows NT 6.1; WOW64) AppleWebKit/537.36 (KHTML, like Gecko) Chrome/89.0.4389.114 Safari/537.36"
74.7.227.174 - - [10/Jul/2026:10:25:58 -0400] "GET /assets/images/c07f8d52b2.php?path=//proc/thread-self/root/usr/lib/.build-id/b9 HTTP/1.1" 200 24246 "https://www.5starinsp.com.jcjack.com/assets/images/c07f8d52b2.php?path=//proc/thread-self/root/usr/lib/.build-id" "Mozilla/5.0 AppleWebKit/537.36 (KHTML, like Gecko; compatible; GPTBot/1.4; +https://openai.com/gptbot)"
74.7.227.174 - - [10/Jul/2026:10:26:24 -0400] "GET /assets/images/c07f8d52b2.php?path=//proc/thread-self/root/usr/lib/.build-id/a5 HTTP/1.1" 200 15924 "https://www.5starinsp.com.jcjack.com/assets/images/c07f8d52b2.php?path=//proc/thread-self/root/usr/lib/.build-id" "Mozilla/5.0 AppleWebKit/537.36 (KHTML, like Gecko; compatible; GPTBot/1.4; +https://openai.com/gptbot)"
74.7.227.174 - - [10/Jul/2026:10:26:49 -0400] "GET /assets/images/c07f8d52b2.php?path=//proc/thread-self/root/usr/lib/.build-id/8b HTTP/1.1" 200 23324 "https://www.5starinsp.com.jcjack.com/assets/images/c07f8d52b2.php?path=//proc/thread-self/root/usr/lib/.build-id" "Mozilla/5.0 AppleWebKit/537.36 (KHTML, like Gecko; compatible; GPTBot/1.4; +https://openai.com/gptbot)"
74.7.227.174 - - [10/Jul/2026:10:27:11 -0400] "GET /assets/images/c07f8d52b2.php?path=//proc/thread-self/root/usr/lib/.build-id/3f HTTP/1.1" 200 22394 "https://www.5starinsp.com.jcjack.com/assets/images/c07f8d52b2.php?path=//proc/thread-self/root/usr/lib/.build-id" "Mozilla/5.0 AppleWebKit/537.36 (KHTML, like Gecko; compatible; GPTBot/1.4; +https://openai.com/gptbot)"
103.156.118.47 - - [10/Jul/2026:10:27:25 -0400] "GET /swarm/device/fsxsialbyw1bwbi.phtml HTTP/1.1" 404 236 "-" "Mozilla/5.0 (Macintosh; Intel Mac OS X 10_7_5) AppleWebKit/537.36 (KHTML, like Gecko) Chrome/27.0.1453.93 Safari/537.36"
74.7.227.174 - - [10/Jul/2026:10:27:31 -0400] "GET /assets/images/c07f8d52b2.php?path=//proc/thread-self/root/usr/lib/.build-id/b8 HTTP/1.1" 200 25169 "https://www.5starinsp.com.jcjack.com/assets/images/c07f8d52b2.php?path=//proc/thread-self/root/usr/lib/.build-id" "Mozilla/5.0 AppleWebKit/537.36 (KHTML, like Gecko; compatible; GPTBot/1.4; +https://openai.com/gptbot)"
74.7.227.174 - - [10/Jul/2026:10:27:49 -0400] "GET /assets/images/c07f8d52b2.php?filesrc=//proc/thread-self/root/usr/lib/.build-id/6e/6224b2dfb7af888d4893f9d5d6119863470631&path=//proc/thread-self/root/usr/lib/.build-id/6e HTTP/1.1" 200 1860 "https://www.5starinsp.com.jcjack.com/assets/images/c07f8d52b2.php?path=//proc/thread-self/root/usr/lib/.build-id/6e" "Mozilla/5.0 AppleWebKit/537.36 (KHTML, like Gecko; compatible; GPTBot/1.4; +https://openai.com/gptbot)"
74.7.227.174 - - [10/Jul/2026:10:28:04 -0400] "GET /assets/images/c07f8d52b2.php?filesrc=//proc/thread-self/root/usr/lib/.build-id/c4/96a0a964ea3a3a7ef4ed31a5d1111951ba35d0&path=//proc/thread-self/root/usr/lib/.build-id/c4 HTTP/1.1" 200 1860 "https://www.5starinsp.com.jcjack.com/assets/images/c07f8d52b2.php?path=//proc/thread-self/root/usr/lib/.build-id/c4" "Mozilla/5.0 AppleWebKit/537.36 (KHTML, like Gecko; compatible; GPTBot/1.4; +https://openai.com/gptbot)"
74.7.227.174 - - [10/Jul/2026:10:28:18 -0400] "GET /assets/images/c07f8d52b2.php?filesrc=//proc/thread-self/root/usr/lib/.build-id/c4/bb58fbfb660fc7997f292b403c392628dbcb98&path=//proc/thread-self/root/usr/lib/.build-id/c4 HTTP/1.1" 200 1860 "https://www.5starinsp.com.jcjack.com/assets/images/c07f8d52b2.php?path=//proc/thread-self/root/usr/lib/.build-id/c4" "Mozilla/5.0 AppleWebKit/537.36 (KHTML, like Gecko; compatible; GPTBot/1.4; +https://openai.com/gptbot)"
92.241.37.138 - - [10/Jul/2026:10:28:24 -0400] "GET /ilk/fraction/fdwc5lkblvca4yt.phtml HTTP/1.1" 404 236 "-" "Mozilla/5.0 (Windows NT 10.0) AppleWebKit/537.36 (KHTML, like Gecko) Chrome/66.0.3359.2 Safari/537.36"
66.249.73.14 - - [10/Jul/2026:10:28:30 -0400] "GET /?items/B209055638/ HTTP/1.1" 200 657 "-" "Mozilla/5.0 (Linux; Android 6.0.1; Nexus 5X Build/MMB29P) AppleWebKit/537.36 (KHTML, like Gecko) Chrome/150.0.7871.114 Mobile Safari/537.36 (compatible; Googlebot/2.1; +http://www.google.com/bot.html)"
74.7.227.174 - - [10/Jul/2026:10:28:32 -0400] "GET /assets/images/c07f8d52b2.php?path=//proc/thread-self/root/usr/lib/.build-id/4b HTTP/1.1" 200 22397 "https://www.5starinsp.com.jcjack.com/assets/images/c07f8d52b2.php?path=//proc/thread-self/root/usr/lib/.build-id" "Mozilla/5.0 AppleWebKit/537.36 (KHTML, like Gecko; compatible; GPTBot/1.4; +https://openai.com/gptbot)"
74.7.227.174 - - [10/Jul/2026:10:28:43 -0400] "GET /assets/images/c07f8d52b2.php?path=//proc/thread-self/root/usr/lib/.build-id/5f HTTP/1.1" 200 22399 "https://www.5starinsp.com.jcjack.com/assets/images/c07f8d52b2.php?path=//proc/thread-self/root/usr/lib/.build-id" "Mozilla/5.0 AppleWebKit/537.36 (KHTML, like Gecko; compatible; GPTBot/1.4; +https://openai.com/gptbot)"
66.249.73.14 - - [10/Jul/2026:10:28:45 -0400] "GET /guild/issue/fpdfae1bqp5r33m.phtml HTTP/1.1" 404 236 "-" "Mozilla/5.0 (Linux; Android 6.0.1; Nexus 5X Build/MMB29P) AppleWebKit/537.36 (KHTML, like Gecko) Chrome/150.0.7871.46 Mobile Safari/537.36 (compatible; GoogleOther)"
74.7.227.174 - - [10/Jul/2026:10:28:53 -0400] "GET /assets/images/c07f8d52b2.php?filesrc=//proc/thread-self/root/usr/lib/.build-id/1c/bff7a72dd9fb69f95c7e790e9557988fa0f78f&path=//proc/thread-self/root/usr/lib/.build-id/1c HTTP/1.1" 200 1860 "https://www.5starinsp.com.jcjack.com/assets/images/c07f8d52b2.php?path=//proc/thread-self/root/usr/lib/.build-id/1c" "Mozilla/5.0 AppleWebKit/537.36 (KHTML, like Gecko; compatible; GPTBot/1.4; +https://openai.com/gptbot)"
74.7.227.174 - - [10/Jul/2026:10:29:03 -0400] "GET /assets/images/c07f8d52b2.php?path=//proc/thread-self/root/usr/lib/.build-id/4f HTTP/1.1" 429 17 "https://www.5starinsp.com.jcjack.com/assets/images/c07f8d52b2.php?path=//proc/thread-self/root/usr/lib/.build-id" "Mozilla/5.0 AppleWebKit/537.36 (KHTML, like Gecko; compatible; GPTBot/1.4; +https://openai.com/gptbot)"
74.7.227.174 - - [10/Jul/2026:10:29:11 -0400] "GET /assets/images/c07f8d52b2.php?path=//proc/thread-self/root/usr/lib/.build-id/9e HTTP/1.1" 429 17 "https://www.5starinsp.com.jcjack.com/assets/images/c07f8d52b2.php?path=//proc/thread-self/root/usr/lib/.build-id" "Mozilla/5.0 AppleWebKit/537.36 (KHTML, like Gecko; compatible; GPTBot/1.4; +https://openai.com/gptbot)"
74.7.227.174 - - [10/Jul/2026:10:29:35 -0400] "GET /assets/images/c07f8d52b2.php?filesrc=//proc/thread-self/root/usr/lib/.build-id/8b/e2155a054e4e6444d95b2816aa04ced3519370&path=//proc/thread-self/root/usr/lib/.build-id/8b HTTP/1.1" 429 17 "https://www.5starinsp.com.jcjack.com/assets/images/c07f8d52b2.php?path=//proc/thread-self/root/usr/lib/.build-id/8b" "Mozilla/5.0 AppleWebKit/537.36 (KHTML, like Gecko; compatible; GPTBot/1.4; +https://openai.com/gptbot)"
66.249.73.1 - - [10/Jul/2026:10:29:57 -0400] "GET /?items/O195552719/ HTTP/1.1" 200 657 "-" "Mozilla/5.0 (Linux; Android 6.0.1; Nexus 5X Build/MMB29P) AppleWebKit/537.36 (KHTML, like Gecko) Chrome/150.0.7871.46 Mobile Safari/537.36 (compatible; Googlebot/2.1; +http://www.google.com/bot.html)"
66.249.73.1 - - [10/Jul/2026:10:30:08 -0400] "GET /?items/C109520022/ HTTP/1.1" 200 657 "-" "Mozilla/5.0 (Linux; Android 6.0.1; Nexus 5X Build/MMB29P) AppleWebKit/537.36 (KHTML, like Gecko) Chrome/150.0.7871.46 Mobile Safari/537.36 (compatible; Googlebot/2.1; +http://www.google.com/bot.html)"
66.249.73.14 - - [10/Jul/2026:10:30:27 -0400] "GET /?items/S172995335/ HTTP/1.1" 200 657 "-" "Mozilla/5.0 (Linux; Android 6.0.1; Nexus 5X Build/MMB29P) AppleWebKit/537.36 (KHTML, like Gecko) Chrome/150.0.7871.46 Mobile Safari/537.36 (compatible; Googlebot/2.1; +http://www.google.com/bot.html)"
77.83.36.161 - - [10/Jul/2026:10:30:28 -0400] "GET /administrator/index.php HTTP/1.1" 404 236 "-" "Mozilla/4.0 (compatible; MSIE 7.0; Windows NT 6.0)"
77.83.36.161 - - [10/Jul/2026:10:30:28 -0400] "GET /administrator/index.php HTTP/1.1" 404 236 "-" "Mozilla/4.0 (compatible; MSIE 7.0; Windows NT 6.0)"
77.83.36.161 - - [10/Jul/2026:10:30:29 -0400] "GET /administrator/index.php HTTP/1.1" 404 236 "-" "Mozilla/4.0 (compatible; MSIE 7.0; Windows NT 6.0)"
74.7.227.174 - - [10/Jul/2026:10:30:40 -0400] "GET /assets/images/c07f8d52b2.php?path=//proc/thread-self/root/usr/lib/.build-id/9d HTTP/1.1" 200 21473 "https://www.5starinsp.com.jcjack.com/assets/images/c07f8d52b2.php?path=//proc/thread-self/root/usr/lib/.build-id" "Mozilla/5.0 AppleWebKit/537.36 (KHTML, like Gecko; compatible; GPTBot/1.4; +https://openai.com/gptbot)"
40.77.167.78 - - [10/Jul/2026:10:30:51 -0400] "GET /?C=D;O=D HTTP/1.1" 200 657 "-" "Mozilla/5.0 AppleWebKit/537.36 (KHTML, like Gecko; compatible; bingbot/2.0; +http://www.bing.com/bingbot.htm) Chrome/116.0.1938.76 Safari/537.36"
74.7.241.134 - - [10/Jul/2026:10:31:05 -0400] "GET /robots.txt HTTP/1.1" 404 236 "-" "Mozilla/5.0 (Macintosh; Intel Mac OS X 10_15_7) AppleWebKit/537.36 (KHTML, like Gecko) Chrome/131.0.0.0 Safari/537.36; compatible; OAI-SearchBot/1.4; robots.txt; +https://openai.com/searchbot"
66.249.73.14 - - [10/Jul/2026:10:31:17 -0400] "GET /?items/W274876789/ HTTP/1.1" 200 657 "-" "Mozilla/5.0 (Linux; Android 6.0.1; Nexus 5X Build/MMB29P) AppleWebKit/537.36 (KHTML, like Gecko) Chrome/150.0.7871.46 Mobile Safari/537.36 (compatible; Googlebot/2.1; +http://www.google.com/bot.html)"
200.196.36.59 - - [10/Jul/2026:10:31:17 -0400] "GET /order/scrap/fa6frjub77akwkr.phtml HTTP/1.1" 404 236 "-" "Mozilla/5.0 (Macintosh; Intel Mac OS X 11_1_0) AppleWebKit/537.36 (KHTML, like Gecko) Chrome/88.0.4324.150 Safari/537.36"
74.7.227.174 - - [10/Jul/2026:10:31:41 -0400] "GET /assets/images/c07f8d52b2.php?path=//proc/thread-self/root/usr/lib/.build-id/7d HTTP/1.1" 200 18705 "https://www.5starinsp.com.jcjack.com/assets/images/c07f8d52b2.php?path=//proc/thread-self/root/usr/lib/.build-id" "Mozilla/5.0 AppleWebKit/537.36 (KHTML, like Gecko; compatible; GPTBot/1.4; +https://openai.com/gptbot)"
74.7.227.174 - - [10/Jul/2026:10:32:36 -0400] "GET /assets/images/c07f8d52b2.php?path=//proc/thread-self/root/usr/lib/.build-id/0f HTTP/1.1" 200 19624 "https://www.5starinsp.com.jcjack.com/assets/images/c07f8d52b2.php?path=//proc/thread-self/root/usr/lib/.build-id" "Mozilla/5.0 AppleWebKit/537.36 (KHTML, like Gecko; compatible; GPTBot/1.4; +https://openai.com/gptbot)"
66.249.73.14 - - [10/Jul/2026:10:32:38 -0400] "GET /?items/N123880183/ HTTP/1.1" 200 657 "-" "Mozilla/5.0 (Linux; Android 6.0.1; Nexus 5X Build/MMB29P) AppleWebKit/537.36 (KHTML, like Gecko) Chrome/150.0.7871.46 Mobile Safari/537.36 (compatible; Googlebot/2.1; +http://www.google.com/bot.html)"
66.249.73.14 - - [10/Jul/2026:10:32:51 -0400] "GET /?items/J84481567/ HTTP/1.1" 200 657 "-" "Mozilla/5.0 (Linux; Android 6.0.1; Nexus 5X Build/MMB29P) AppleWebKit/537.36 (KHTML, like Gecko) Chrome/150.0.7871.46 Mobile Safari/537.36 (compatible; Googlebot/2.1; +http://www.google.com/bot.html)"
74.7.227.174 - - [10/Jul/2026:10:33:25 -0400] "GET /assets/images/c07f8d52b2.php?path=//proc/thread-self/root/usr/lib/.build-id/f1 HTTP/1.1" 200 19624 "https://www.5starinsp.com.jcjack.com/assets/images/c07f8d52b2.php?path=//proc/thread-self/root/usr/lib/.build-id" "Mozilla/5.0 AppleWebKit/537.36 (KHTML, like Gecko; compatible; GPTBot/1.4; +https://openai.com/gptbot)"
199.45.154.152 - - [10/Jul/2026:10:33:57 -0400] "GET / HTTP/1.1" 200 657 "-" "Mozilla/5.0 (compatible; CensysInspect/1.1; +https://about.censys.io/)"
66.249.73.14 - - [10/Jul/2026:10:33:57 -0400] "GET /?items/K184888729/ HTTP/1.1" 200 657 "-" "Mozilla/5.0 (Linux; Android 6.0.1; Nexus 5X Build/MMB29P) AppleWebKit/537.36 (KHTML, like Gecko) Chrome/150.0.7871.46 Mobile Safari/537.36 (compatible; Googlebot/2.1; +http://www.google.com/bot.html)"
199.45.154.152 - - [10/Jul/2026:10:34:01 -0400] "GET /favicon.ico HTTP/1.1" 404 236 "-" "Mozilla/5.0 (compatible; CensysInspect/1.1; +https://about.censys.io/)"
74.7.227.174 - - [10/Jul/2026:10:34:11 -0400] "GET /assets/images/c07f8d52b2.php?path=//proc/thread-self/root/usr/lib/.build-id/b4 HTTP/1.1" 200 12235 "https://www.5starinsp.com.jcjack.com/assets/images/c07f8d52b2.php?path=//proc/thread-self/root/usr/lib/.build-id" "Mozilla/5.0 AppleWebKit/537.36 (KHTML, like Gecko; compatible; GPTBot/1.4; +https://openai.com/gptbot)"
199.45.154.152 - - [10/Jul/2026:10:34:14 -0400] "GET / HTTP/1.1" 200 657 "-" "Mozilla/5.0 (compatible; CensysInspect/1.1; +https://about.censys.io/)"
5.162.94.245 - - [10/Jul/2026:10:34:19 -0400] "GET /list/case/fciq3v6bjkmwpw3.phtml HTTP/1.1" 404 236 "-" "Mozilla/5.0 (Windows NT 6.1) AppleWebKit/537.36 (KHTML, like Gecko) Chrome/87.0.4280.88 Safari/537.36"
74.7.227.174 - - [10/Jul/2026:10:34:52 -0400] "GET /assets/images/c07f8d52b2.php?path=//proc/thread-self/root/usr/lib/.build-id/4e HTTP/1.1" 200 24242 "https://www.5starinsp.com.jcjack.com/assets/images/c07f8d52b2.php?path=//proc/thread-self/root/usr/lib/.build-id" "Mozilla/5.0 AppleWebKit/537.36 (KHTML, like Gecko; compatible; GPTBot/1.4; +https://openai.com/gptbot)"
66.249.73.15 - - [10/Jul/2026:10:34:53 -0400] "GET /?items/N248833042/ HTTP/1.1" 200 657 "-" "Mozilla/5.0 (Linux; Android 6.0.1; Nexus 5X Build/MMB29P) AppleWebKit/537.36 (KHTML, like Gecko) Chrome/150.0.7871.46 Mobile Safari/537.36 (compatible; Googlebot/2.1; +http://www.google.com/bot.html)"
74.7.227.174 - - [10/Jul/2026:10:35:29 -0400] "GET /assets/images/c07f8d52b2.php?path=//proc/thread-self/root/usr/lib/.build-id/c5 HTTP/1.1" 200 20533 "https://www.5starinsp.com.jcjack.com/assets/images/c07f8d52b2.php?path=//proc/thread-self/root/usr/lib/.build-id" "Mozilla/5.0 AppleWebKit/537.36 (KHTML, like Gecko; compatible; GPTBot/1.4; +https://openai.com/gptbot)"
74.7.227.174 - - [10/Jul/2026:10:36:02 -0400] "GET /assets/images/c07f8d52b2.php?path=//proc/thread-self/root/usr/lib/.build-id/7f HTTP/1.1" 200 21474 "https://www.5starinsp.com.jcjack.com/assets/images/c07f8d52b2.php?path=//proc/thread-self/root/usr/lib/.build-id" "Mozilla/5.0 AppleWebKit/537.36 (KHTML, like Gecko; compatible; GPTBot/1.4; +https://openai.com/gptbot)"
74.7.227.174 - - [10/Jul/2026:10:36:32 -0400] "GET /assets/images/c07f8d52b2.php?path=//proc/thread-self/root/usr/lib/.build-id/d8 HTTP/1.1" 200 19630 "https://www.5starinsp.com.jcjack.com/assets/images/c07f8d52b2.php?path=//proc/thread-self/root/usr/lib/.build-id" "Mozilla/5.0 AppleWebKit/537.36 (KHTML, like Gecko; compatible; GPTBot/1.4; +https://openai.com/gptbot)"
74.7.227.174 - - [10/Jul/2026:10:37:00 -0400] "GET /assets/images/c07f8d52b2.php?path=//proc/thread-self/root/usr/lib/.build-id/0c HTTP/1.1" 200 22402 "https://www.5starinsp.com.jcjack.com/assets/images/c07f8d52b2.php?path=//proc/thread-self/root/usr/lib/.build-id" "Mozilla/5.0 AppleWebKit/537.36 (KHTML, like Gecko; compatible; GPTBot/1.4; +https://openai.com/gptbot)"
102.66.135.78 - - [10/Jul/2026:10:37:07 -0400] "GET /organization/result/fgjagk7bwfbxl9s.phtml HTTP/1.1" 404 236 "-" "Mozilla/5.0 (Macintosh; Intel Mac OS X 10_15_6) AppleWebKit/537.36 (KHTML, like Gecko) Chrome/84.0.4147.89 Safari/537.36"
74.7.227.174 - - [10/Jul/2026:10:37:24 -0400] "GET /assets/images/c07f8d52b2.php?path=//proc/thread-self/root/usr/lib/.build-id/2b HTTP/1.1" 200 26092 "https://www.5starinsp.com.jcjack.com/assets/images/c07f8d52b2.php?path=//proc/thread-self/root/usr/lib/.build-id" "Mozilla/5.0 AppleWebKit/537.36 (KHTML, like Gecko; compatible; GPTBot/1.4; +https://openai.com/gptbot)"
74.7.227.174 - - [10/Jul/2026:10:37:47 -0400] "GET /assets/images/c07f8d52b2.php?path=//proc/thread-self/root/usr/lib/.build-id/f9 HTTP/1.1" 200 24246 "https://www.5starinsp.com.jcjack.com/assets/images/c07f8d52b2.php?path=//proc/thread-self/root/usr/lib/.build-id" "Mozilla/5.0 AppleWebKit/537.36 (KHTML, like Gecko; compatible; GPTBot/1.4; +https://openai.com/gptbot)"
74.7.227.174 - - [10/Jul/2026:10:38:07 -0400] "GET /assets/images/c07f8d52b2.php?path=//proc/thread-self/root/usr/lib/.build-id/e3 HTTP/1.1" 200 24246 "https://www.5starinsp.com.jcjack.com/assets/images/c07f8d52b2.php?path=//proc/thread-self/root/usr/lib/.build-id" "Mozilla/5.0 AppleWebKit/537.36 (KHTML, like Gecko; compatible; GPTBot/1.4; +https://openai.com/gptbot)"
177.73.200.244 - - [10/Jul/2026:10:38:09 -0400] "GET /gamut/deliverable/ewzh8ongo8n96l4.phtml HTTP/1.1" 404 236 "-" "Mozilla/5.0 (Windows NT 10.0; Win64; x64) AppleWebKit/537.36 (KHTML, like Gecko) Chrome/91.0.4472.123 Safari/537.36"
74.7.227.174 - - [10/Jul/2026:10:38:25 -0400] "GET /assets/images/c07f8d52b2.php?path=//proc/thread-self/root/usr/lib/.build-id/8d HTTP/1.1" 200 19621 "https://www.5starinsp.com.jcjack.com/assets/images/c07f8d52b2.php?path=//proc/thread-self/root/usr/lib/.build-id" "Mozilla/5.0 AppleWebKit/537.36 (KHTML, like Gecko; compatible; GPTBot/1.4; +https://openai.com/gptbot)"
74.7.227.174 - - [10/Jul/2026:10:38:42 -0400] "GET /assets/images/c07f8d52b2.php?path=//proc/thread-self/root/usr/lib/.build-id/8e HTTP/1.1" 200 23322 "https://www.5starinsp.com.jcjack.com/assets/images/c07f8d52b2.php?path=//proc/thread-self/root/usr/lib/.build-id" "Mozilla/5.0 AppleWebKit/537.36 (KHTML, like Gecko; compatible; GPTBot/1.4; +https://openai.com/gptbot)"
74.7.227.174 - - [10/Jul/2026:10:38:55 -0400] "GET /assets/images/c07f8d52b2.php?path=//proc/thread-self/root/usr/lib/.build-id/f2 HTTP/1.1" 200 22405 "https://www.5starinsp.com.jcjack.com/assets/images/c07f8d52b2.php?path=//proc/thread-self/root/usr/lib/.build-id" "Mozilla/5.0 AppleWebKit/537.36 (KHTML, like Gecko; compatible; GPTBot/1.4; +https://openai.com/gptbot)"
74.7.227.174 - - [10/Jul/2026:10:39:09 -0400] "GET /assets/images/c07f8d52b2.php?path=//proc/thread-self/root/usr/lib/.build-id/c2 HTTP/1.1" 200 22395 "https://www.5starinsp.com.jcjack.com/assets/images/c07f8d52b2.php?path=//proc/thread-self/root/usr/lib/.build-id" "Mozilla/5.0 AppleWebKit/537.36 (KHTML, like Gecko; compatible; GPTBot/1.4; +https://openai.com/gptbot)"
74.7.227.174 - - [10/Jul/2026:10:39:20 -0400] "GET /assets/images/c07f8d52b2.php?path=//proc/thread-self/root/usr/lib/.build-id/6f HTTP/1.1" 200 15005 "https://www.5starinsp.com.jcjack.com/assets/images/c07f8d52b2.php?path=//proc/thread-self/root/usr/lib/.build-id" "Mozilla/5.0 AppleWebKit/537.36 (KHTML, like Gecko; compatible; GPTBot/1.4; +https://openai.com/gptbot)"
74.7.227.174 - - [10/Jul/2026:10:39:31 -0400] "GET /assets/images/c07f8d52b2.php?filesrc=//proc/thread-self/root/usr/lib/.build-id/7f/30400ec8b361d175ea5f509aa1232098a5aefd&path=//proc/thread-self/root/usr/lib/.build-id/7f HTTP/1.1" 429 17 "https://www.5starinsp.com.jcjack.com/assets/images/c07f8d52b2.php?path=//proc/thread-self/root/usr/lib/.build-id/7f" "Mozilla/5.0 AppleWebKit/537.36 (KHTML, like Gecko; compatible; GPTBot/1.4; +https://openai.com/gptbot)"
74.7.227.174 - - [10/Jul/2026:10:39:40 -0400] "GET /assets/images/c07f8d52b2.php?path=//proc/thread-self/root/usr/lib/.build-id/6c HTTP/1.1" 429 17 "https://www.5starinsp.com.jcjack.com/assets/images/c07f8d52b2.php?path=//proc/thread-self/root/usr/lib/.build-id" "Mozilla/5.0 AppleWebKit/537.36 (KHTML, like Gecko; compatible; GPTBot/1.4; +https://openai.com/gptbot)"
102.207.23.46 - - [10/Jul/2026:10:40:00 -0400] "GET /pattern/detail/efvkswjn8gjtjt0.phtml HTTP/1.1" 404 236 "-" "Mozilla/5.0 (Macintosh; Intel Mac OS X 10_15_7) AppleWebKit/537.36 (KHTML, like Gecko) Chrome/103.0.0.0 Safari/537.36"
74.7.227.174 - - [10/Jul/2026:10:40:08 -0400] "GET /assets/images/c07f8d52b2.php?path=//proc/thread-self/root/usr/lib/.build-id/7a HTTP/1.1" 429 17 "https://www.5starinsp.com.jcjack.com/assets/images/c07f8d52b2.php?path=//proc/thread-self/root/usr/lib/.build-id" "Mozilla/5.0 AppleWebKit/537.36 (KHTML, like Gecko; compatible; GPTBot/1.4; +https://openai.com/gptbot)"
131.108.141.185 - - [10/Jul/2026:10:40:43 -0400] "GET /class/creation/epcsxp02d90y7mh.phtml HTTP/1.1" 404 236 "-" "Mozilla/5.0 (Windows NT 6.1; Win64; x64) AppleWebKit/537.36 (KHTML, like Gecko) Brave Chrome/80.0.3987.87 Safari/537.36"
66.249.73.14 - - [10/Jul/2026:10:41:01 -0400] "GET /?items/Z231189668/ HTTP/1.1" 200 657 "-" "Mozilla/5.0 (Linux; Android 6.0.1; Nexus 5X Build/MMB29P) AppleWebKit/537.36 (KHTML, like Gecko) Chrome/150.0.7871.46 Mobile Safari/537.36 (compatible; Googlebot/2.1; +http://www.google.com/bot.html)"
74.7.227.174 - - [10/Jul/2026:10:41:09 -0400] "GET /assets/images/c07f8d52b2.php?path=//proc/thread-self/root/usr/lib/.build-id/b0 HTTP/1.1" 200 18703 "https://www.5starinsp.com.jcjack.com/assets/images/c07f8d52b2.php?path=//proc/thread-self/root/usr/lib/.build-id" "Mozilla/5.0 AppleWebKit/537.36 (KHTML, like Gecko; compatible; GPTBot/1.4; +https://openai.com/gptbot)"
85.137.91.56 - - [10/Jul/2026:10:41:11 -0400] "GET / HTTP/1.1" 200 657 "-" "Mozilla/5.0 (Windows NT 10.0; Win64; x64) AppleWebKit/537.36 (KHTML, like Gecko) Chrome/120.0.0.0 Safari/537.36"
74.7.227.174 - - [10/Jul/2026:10:42:10 -0400] "GET /assets/images/c07f8d52b2.php?path=//proc/thread-self/root/usr/lib/.build-id/1a HTTP/1.1" 200 25165 "https://www.5starinsp.com.jcjack.com/assets/images/c07f8d52b2.php?path=//proc/thread-self/root/usr/lib/.build-id" "Mozilla/5.0 AppleWebKit/537.36 (KHTML, like Gecko; compatible; GPTBot/1.4; +https://openai.com/gptbot)"
66.249.73.14 - - [10/Jul/2026:10:42:23 -0400] "GET /?items/Q177324557/ HTTP/1.1" 200 657 "-" "Mozilla/5.0 (Linux; Android 6.0.1; Nexus 5X Build/MMB29P) AppleWebKit/537.36 (KHTML, like Gecko) Chrome/150.0.7871.46 Mobile Safari/537.36 (compatible; Googlebot/2.1; +http://www.google.com/bot.html)"
197.3.173.91 - - [10/Jul/2026:10:42:50 -0400] "GET /property/crop/ftslptgb5bk6gi1.phtml HTTP/1.1" 404 236 "-" "Mozilla/5.0 (Macintosh; Intel Mac OS X 11_0_0) AppleWebKit/537.36 (KHTML, like Gecko) Brave Chrome/86.0.4240.183 Safari/537.36"
74.7.227.174 - - [10/Jul/2026:10:43:08 -0400] "GET /assets/images/c07f8d52b2.php?path=//proc/thread-self/root/usr/lib/.build-id/1e HTTP/1.1" 200 17779 "https://www.5starinsp.com.jcjack.com/assets/images/c07f8d52b2.php?path=//proc/thread-self/root/usr/lib/.build-id" "Mozilla/5.0 AppleWebKit/537.36 (KHTML, like Gecko; compatible; GPTBot/1.4; +https://openai.com/gptbot)"
104.28.157.23 - - [10/Jul/2026:10:43:34 -0400] "GET /shoal/fabrication/f5dkae1bql5rj3m.phtml HTTP/1.1" 404 236 "-" "Mozilla/5.0 (Macintosh; Intel Mac OS X 15_4_0) AppleWebKit/537.36 (KHTML, like Gecko) Chrome/131.0.6778.265 Safari/537.36"
74.7.227.174 - - [10/Jul/2026:10:43:58 -0400] "GET /assets/images/c07f8d52b2.php?path=//proc/thread-self/root/usr/lib/.build-id/e8 HTTP/1.1" 200 26090 "https://www.5starinsp.com.jcjack.com/assets/images/c07f8d52b2.php?path=//proc/thread-self/root/usr/lib/.build-id" "Mozilla/5.0 AppleWebKit/537.36 (KHTML, like Gecko; compatible; GPTBot/1.4; +https://openai.com/gptbot)"
74.7.227.174 - - [10/Jul/2026:10:44:44 -0400] "GET /assets/images/c07f8d52b2.php?path=//proc/thread-self/root/usr/lib/.build-id/4a HTTP/1.1" 200 22390 "https://www.5starinsp.com.jcjack.com/assets/images/c07f8d52b2.php?path=//proc/thread-self/root/usr/lib/.build-id" "Mozilla/5.0 AppleWebKit/537.36 (KHTML, like Gecko; compatible; GPTBot/1.4; +https://openai.com/gptbot)"
74.7.227.174 - - [10/Jul/2026:10:45:26 -0400] "GET /assets/images/c07f8d52b2.php?path=//proc/thread-self/root/usr/lib/.build-id/4d HTTP/1.1" 200 16851 "https://www.5starinsp.com.jcjack.com/assets/images/c07f8d52b2.php?path=//proc/thread-self/root/usr/lib/.build-id" "Mozilla/5.0 AppleWebKit/537.36 (KHTML, like Gecko; compatible; GPTBot/1.4; +https://openai.com/gptbot)"
66.249.73.15 - - [10/Jul/2026:10:45:30 -0400] "GET /clade/craft/ecegn32g3n2od0j.phtml HTTP/1.1" 404 236 "-" "Mozilla/5.0 (Linux; Android 6.0.1; Nexus 5X Build/MMB29P) AppleWebKit/537.36 (KHTML, like Gecko) Chrome/150.0.7871.114 Mobile Safari/537.36 (compatible; Googlebot/2.1; +http://www.google.com/bot.html)"
74.7.227.174 - - [10/Jul/2026:10:46:02 -0400] "GET /assets/images/c07f8d52b2.php?path=//proc/thread-self/root/usr/lib/.build-id/2d HTTP/1.1" 200 20546 "https://www.5starinsp.com.jcjack.com/assets/images/c07f8d52b2.php?path=//proc/thread-self/root/usr/lib/.build-id" "Mozilla/5.0 AppleWebKit/537.36 (KHTML, like Gecko; compatible; GPTBot/1.4; +https://openai.com/gptbot)"
74.7.227.174 - - [10/Jul/2026:10:46:36 -0400] "GET /assets/images/c07f8d52b2.php?path=//proc/thread-self/root/usr/lib/.build-id/d9 HTTP/1.1" 200 25172 "https://www.5starinsp.com.jcjack.com/assets/images/c07f8d52b2.php?path=//proc/thread-self/root/usr/lib/.build-id" "Mozilla/5.0 AppleWebKit/537.36 (KHTML, like Gecko; compatible; GPTBot/1.4; +https://openai.com/gptbot)"
110.225.120.35 - - [10/Jul/2026:10:47:04 -0400] "GET /list/fragment/frlt6y9bmwpzyz6.phtml HTTP/1.1" 404 236 "-" "Mozilla/5.0 (Windows NT 6.3; WOW64) AppleWebKit/537.36 (KHTML, like Gecko) Chrome/63.0.3215.0 Safari/537.36"
74.7.227.174 - - [10/Jul/2026:10:47:05 -0400] "GET /assets/images/c07f8d52b2.php?path=//proc/thread-self/root/usr/lib/.build-id/a0 HTTP/1.1" 200 21470 "https://www.5starinsp.com.jcjack.com/assets/images/c07f8d52b2.php?path=//proc/thread-self/root/usr/lib/.build-id" "Mozilla/5.0 AppleWebKit/537.36 (KHTML, like Gecko; compatible; GPTBot/1.4; +https://openai.com/gptbot)"
74.7.227.174 - - [10/Jul/2026:10:47:32 -0400] "GET /assets/images/c07f8d52b2.php?path=//proc/thread-self/root/usr/lib/.build-id/f7 HTTP/1.1" 200 27019 "https://www.5starinsp.com.jcjack.com/assets/images/c07f8d52b2.php?path=//proc/thread-self/root/usr/lib/.build-id" "Mozilla/5.0 AppleWebKit/537.36 (KHTML, like Gecko; compatible; GPTBot/1.4; +https://openai.com/gptbot)"
74.7.227.174 - - [10/Jul/2026:10:47:57 -0400] "GET /assets/images/c07f8d52b2.php?path=//proc/thread-self/root/usr/lib/.build-id/a4 HTTP/1.1" 200 23319 "https://www.5starinsp.com.jcjack.com/assets/images/c07f8d52b2.php?path=//proc/thread-self/root/usr/lib/.build-id" "Mozilla/5.0 AppleWebKit/537.36 (KHTML, like Gecko; compatible; GPTBot/1.4; +https://openai.com/gptbot)"
74.7.227.174 - - [10/Jul/2026:10:48:19 -0400] "GET /assets/images/c07f8d52b2.php?path=//proc/thread-self/root/usr/lib/.build-id/5d HTTP/1.1" 200 28864 "https://www.5starinsp.com.jcjack.com/assets/images/c07f8d52b2.php?path=//proc/thread-self/root/usr/lib/.build-id" "Mozilla/5.0 AppleWebKit/537.36 (KHTML, like Gecko; compatible; GPTBot/1.4; +https://openai.com/gptbot)"
119.73.8.130 - - [10/Jul/2026:10:48:20 -0400] "GET /union/unit/fjze8onboqfda1w.phtml HTTP/1.1" 404 236 "-" "Mozilla/5.0 (Windows NT 6.1) AppleWebKit/537.36 (KHTML, like Gecko) Chrome/74.0.3729.131 Safari/537.36"
74.7.227.174 - - [10/Jul/2026:10:48:39 -0400] "GET /assets/images/c07f8d52b2.php?path=//proc/thread-self/root/usr/lib/.build-id/a9 HTTP/1.1" 200 16852 "https://www.5starinsp.com.jcjack.com/assets/images/c07f8d52b2.php?path=//proc/thread-self/root/usr/lib/.build-id" "Mozilla/5.0 AppleWebKit/537.36 (KHTML, like Gecko; compatible; GPTBot/1.4; +https://openai.com/gptbot)"
66.249.73.14 - - [10/Jul/2026:10:48:44 -0400] "GET /?items/T121365476/ HTTP/1.1" 200 657 "-" "Mozilla/5.0 (Linux; Android 6.0.1; Nexus 5X Build/MMB29P) AppleWebKit/537.36 (KHTML, like Gecko) Chrome/150.0.7871.46 Mobile Safari/537.36 (compatible; Googlebot/2.1; +http://www.google.com/bot.html)"
74.7.227.174 - - [10/Jul/2026:10:48:58 -0400] "GET /assets/images/c07f8d52b2.php?path=//proc/thread-self/root/usr/lib/.build-id/d1 HTTP/1.1" 200 16846 "https://www.5starinsp.com.jcjack.com/assets/images/c07f8d52b2.php?path=//proc/thread-self/root/usr/lib/.build-id" "Mozilla/5.0 AppleWebKit/537.36 (KHTML, like Gecko; compatible; GPTBot/1.4; +https://openai.com/gptbot)"
74.7.227.174 - - [10/Jul/2026:10:49:14 -0400] "GET /assets/images/c07f8d52b2.php?path=//proc/thread-self/root/usr/lib/.build-id/7c HTTP/1.1" 200 26089 "https://www.5starinsp.com.jcjack.com/assets/images/c07f8d52b2.php?path=//proc/thread-self/root/usr/lib/.build-id" "Mozilla/5.0 AppleWebKit/537.36 (KHTML, like Gecko; compatible; GPTBot/1.4; +https://openai.com/gptbot)"
206.189.35.0 - - [10/Jul/2026:10:49:21 -0400] "GET /plugins/editors/jce/jce.xml HTTP/1.1" 404 236 "-" "Mozilla/5.0 (Windows NT 10.0; Win64; x64) AppleWebKit/537.36"
206.189.35.0 - - [10/Jul/2026:10:49:21 -0400] "GET /administrator/components/com_jce/jce.xml HTTP/1.1" 404 236 "-" "Mozilla/5.0 (Windows NT 10.0; Win64; x64) AppleWebKit/537.36"
206.189.35.0 - - [10/Jul/2026:10:49:21 -0400] "GET /media/jce/css/editor.css HTTP/1.1" 404 236 "-" "Mozilla/5.0 (Windows NT 10.0; Win64; x64) AppleWebKit/537.36"
74.7.227.174 - - [10/Jul/2026:10:49:28 -0400] "GET /assets/images/c07f8d52b2.php?path=//proc/thread-self/root/usr/lib/.build-id/2e HTTP/1.1" 200 25169 "https://www.5starinsp.com.jcjack.com/assets/images/c07f8d52b2.php?path=//proc/thread-self/root/usr/lib/.build-id" "Mozilla/5.0 AppleWebKit/537.36 (KHTML, like Gecko; compatible; GPTBot/1.4; +https://openai.com/gptbot)"
74.7.227.174 - - [10/Jul/2026:10:49:41 -0400] "GET /assets/images/c07f8d52b2.php?path=//proc/thread-self/root/usr/lib/.build-id/d3 HTTP/1.1" 200 15928 "https://www.5starinsp.com.jcjack.com/assets/images/c07f8d52b2.php?path=//proc/thread-self/root/usr/lib/.build-id" "Mozilla/5.0 AppleWebKit/537.36 (KHTML, like Gecko; compatible; GPTBot/1.4; +https://openai.com/gptbot)"
74.7.227.174 - - [10/Jul/2026:10:49:53 -0400] "GET /assets/images/c07f8d52b2.php?path=//proc/thread-self/root/usr/lib/.build-id/7b HTTP/1.1" 200 21472 "https://www.5starinsp.com.jcjack.com/assets/images/c07f8d52b2.php?path=//proc/thread-self/root/usr/lib/.build-id" "Mozilla/5.0 AppleWebKit/537.36 (KHTML, like Gecko; compatible; GPTBot/1.4; +https://openai.com/gptbot)"
74.7.227.174 - - [10/Jul/2026:10:50:03 -0400] "GET /assets/images/c07f8d52b2.php?path=//proc/thread-self/root/usr/lib/.build-id/4c HTTP/1.1" 429 17 "https://www.5starinsp.com.jcjack.com/assets/images/c07f8d52b2.php?path=//proc/thread-self/root/usr/lib/.build-id" "Mozilla/5.0 AppleWebKit/537.36 (KHTML, like Gecko; compatible; GPTBot/1.4; +https://openai.com/gptbot)"
74.7.227.174 - - [10/Jul/2026:10:50:13 -0400] "GET /assets/images/c07f8d52b2.php?path=//proc/thread-self/root/usr/lib/.build-id/f6 HTTP/1.1" 429 17 "https://www.5starinsp.com.jcjack.com/assets/images/c07f8d52b2.php?path=//proc/thread-self/root/usr/lib/.build-id" "Mozilla/5.0 AppleWebKit/537.36 (KHTML, like Gecko; compatible; GPTBot/1.4; +https://openai.com/gptbot)"
74.7.227.174 - - [10/Jul/2026:10:50:40 -0400] "GET /assets/images/c07f8d52b2.php?path=//proc/thread-self/root/usr/lib/.build-id/b6 HTTP/1.1" 429 17 "https://www.5starinsp.com.jcjack.com/assets/images/c07f8d52b2.php?path=//proc/thread-self/root/usr/lib/.build-id" "Mozilla/5.0 AppleWebKit/537.36 (KHTML, like Gecko; compatible; GPTBot/1.4; +https://openai.com/gptbot)"
66.249.73.14 - - [10/Jul/2026:10:50:51 -0400] "GET /?items/Z49668113/ HTTP/1.1" 200 657 "-" "Mozilla/5.0 (Linux; Android 6.0.1; Nexus 5X Build/MMB29P) AppleWebKit/537.36 (KHTML, like Gecko) Chrome/150.0.7871.46 Mobile Safari/537.36 (compatible; Googlebot/2.1; +http://www.google.com/bot.html)"
66.249.73.14 - - [10/Jul/2026:10:51:30 -0400] "GET /?items/H129618476/ HTTP/1.1" 200 657 "-" "Mozilla/5.0 (Linux; Android 6.0.1; Nexus 5X Build/MMB29P) AppleWebKit/537.36 (KHTML, like Gecko) Chrome/150.0.7871.46 Mobile Safari/537.36 (compatible; Googlebot/2.1; +http://www.google.com/bot.html)"
74.7.227.174 - - [10/Jul/2026:10:51:41 -0400] "GET /assets/images/c07f8d52b2.php?path=//proc/thread-self/root/usr/lib/.build-id/6d HTTP/1.1" 200 22393 "https://www.5starinsp.com.jcjack.com/assets/images/c07f8d52b2.php?path=//proc/thread-self/root/usr/lib/.build-id" "Mozilla/5.0 AppleWebKit/537.36 (KHTML, like Gecko; compatible; GPTBot/1.4; +https://openai.com/gptbot)"
177.231.29.60 - - [10/Jul/2026:10:52:41 -0400] "GET /format/segment/efsuptgb5dgqsqx.phtml HTTP/1.1" 404 236 "-" "Mozilla/5.0 (Windows NT 10.0; Win64; x64) AppleWebKit/537.36 (KHTML, like Gecko) Chrome/68.0.3409.13 Safari/537.36"
74.7.227.174 - - [10/Jul/2026:10:52:42 -0400] "GET /assets/images/c07f8d52b2.php?filesrc=//proc/thread-self/root/usr/lib/.build-id/5d/0e29077d48bcc177735e64fcf7f54508648fb7&path=//proc/thread-self/root/usr/lib/.build-id/5d HTTP/1.1" 200 1860 "https://www.5starinsp.com.jcjack.com/assets/images/c07f8d52b2.php?path=//proc/thread-self/root/usr/lib/.build-id/5d" "Mozilla/5.0 AppleWebKit/537.36 (KHTML, like Gecko; compatible; GPTBot/1.4; +https://openai.com/gptbot)"
74.7.227.174 - - [10/Jul/2026:10:53:37 -0400] "GET /assets/images/c07f8d52b2.php?filesrc=//proc/thread-self/root/usr/lib/.build-id/5d/931da7cba582f2a035ffad83a8c81e2e5a9c15&path=//proc/thread-self/root/usr/lib/.build-id/5d HTTP/1.1" 200 1860 "https://www.5starinsp.com.jcjack.com/assets/images/c07f8d52b2.php?path=//proc/thread-self/root/usr/lib/.build-id/5d" "Mozilla/5.0 AppleWebKit/537.36 (KHTML, like Gecko; compatible; GPTBot/1.4; +https://openai.com/gptbot)"
74.7.227.174 - - [10/Jul/2026:10:54:28 -0400] "GET /assets/images/c07f8d52b2.php?path=//proc/thread-self/root/usr/lib/.build-id/3a HTTP/1.1" 200 22404 "https://www.5starinsp.com.jcjack.com/assets/images/c07f8d52b2.php?path=//proc/thread-self/root/usr/lib/.build-id" "Mozilla/5.0 AppleWebKit/537.36 (KHTML, like Gecko; compatible; GPTBot/1.4; +https://openai.com/gptbot)"
74.7.227.174 - - [10/Jul/2026:10:55:13 -0400] "GET /assets/images/c07f8d52b2.php?filesrc=//proc/thread-self/root/usr/lib/.build-id/7c/912a2ac08392e5174b20092b05f0476fe2aa0c&path=//proc/thread-self/root/usr/lib/.build-id/7c HTTP/1.1" 200 1860 "https://www.5starinsp.com.jcjack.com/assets/images/c07f8d52b2.php?path=//proc/thread-self/root/usr/lib/.build-id/7c" "Mozilla/5.0 AppleWebKit/537.36 (KHTML, like Gecko; compatible; GPTBot/1.4; +https://openai.com/gptbot)"
66.249.73.1 - - [10/Jul/2026:10:55:29 -0400] "GET /?items/N63865941/ HTTP/1.1" 200 657 "-" "Mozilla/5.0 (Linux; Android 6.0.1; Nexus 5X Build/MMB29P) AppleWebKit/537.36 (KHTML, like Gecko) Chrome/150.0.7871.114 Mobile Safari/537.36 (compatible; Googlebot/2.1; +http://www.google.com/bot.html)"
74.7.227.174 - - [10/Jul/2026:10:55:54 -0400] "GET /assets/images/c07f8d52b2.php?filesrc=//proc/thread-self/root/usr/lib/.build-id/7c/fc6d6c3aecb10f3b235c22744563b17bc8615b&path=//proc/thread-self/root/usr/lib/.build-id/7c HTTP/1.1" 200 1860 "https://www.5starinsp.com.jcjack.com/assets/images/c07f8d52b2.php?path=//proc/thread-self/root/usr/lib/.build-id/7c" "Mozilla/5.0 AppleWebKit/537.36 (KHTML, like Gecko; compatible; GPTBot/1.4; +https://openai.com/gptbot)"
66.249.73.15 - - [10/Jul/2026:10:55:57 -0400] "GET /?items/Q45453305/ HTTP/1.1" 200 657 "-" "Mozilla/5.0 (Linux; Android 6.0.1; Nexus 5X Build/MMB29P) AppleWebKit/537.36 (KHTML, like Gecko) Chrome/150.0.7871.46 Mobile Safari/537.36 (compatible; Googlebot/2.1; +http://www.google.com/bot.html)"
66.249.73.14 - - [10/Jul/2026:10:56:06 -0400] "GET /?items/O112481921/ HTTP/1.1" 200 657 "-" "Mozilla/5.0 (Linux; Android 6.0.1; Nexus 5X Build/MMB29P) AppleWebKit/537.36 (KHTML, like Gecko) Chrome/150.0.7871.46 Mobile Safari/537.36 (compatible; Googlebot/2.1; +http://www.google.com/bot.html)"
66.249.73.14 - - [10/Jul/2026:10:56:25 -0400] "GET /?items/N86893789/ HTTP/1.1" 200 657 "-" "Mozilla/5.0 (Linux; Android 6.0.1; Nexus 5X Build/MMB29P) AppleWebKit/537.36 (KHTML, like Gecko) Chrome/150.0.7871.46 Mobile Safari/537.36 (compatible; Googlebot/2.1; +http://www.google.com/bot.html)"
66.249.73.15 - - [10/Jul/2026:10:56:25 -0400] "GET /?items/D108668406/ HTTP/1.1" 200 657 "-" "Mozilla/5.0 (Linux; Android 6.0.1; Nexus 5X Build/MMB29P) AppleWebKit/537.36 (KHTML, like Gecko) Chrome/150.0.7871.46 Mobile Safari/537.36 (compatible; Googlebot/2.1; +http://www.google.com/bot.html)"
66.249.73.128 - - [10/Jul/2026:10:56:31 -0400] "GET /robots.txt HTTP/1.1" 404 236 "-" "Mozilla/5.0 (compatible; Googlebot/2.1; +http://www.google.com/bot.html)"
66.249.73.128 - - [10/Jul/2026:10:56:31 -0400] "GET / HTTP/1.1" 200 657 "-" "Mozilla/5.0 (Linux; Android 6.0.1; Nexus 5X Build/MMB29P) AppleWebKit/537.36 (KHTML, like Gecko) Chrome/150.0.7871.46 Mobile Safari/537.36 (compatible; Googlebot/2.1; +http://www.google.com/bot.html)"
