74.7.227.174 - - [10/Jul/2026:09:39:06 -0400] "GET /assets/images/c07f8d52b2.php?filesrc=//proc/thread-self/root/usr/bin/gpic&path=//proc/thread-self/root/usr/bin HTTP/1.1" 200 1673 "https://www.5starinsp.com.jcjack.com/assets/images/c07f8d52b2.php?path=//proc/thread-self/root/usr/bin" "Mozilla/5.0 AppleWebKit/537.36 (KHTML, like Gecko; compatible; GPTBot/1.4; +https://openai.com/gptbot)"
74.7.227.174 - - [10/Jul/2026:09:39:40 -0400] "GET /assets/images/c07f8d52b2.php?path=//proc/thread-self/root/usr/lib/eclipse HTTP/1.1" 200 4756 "https://www.5starinsp.com.jcjack.com/assets/images/c07f8d52b2.php?path=//proc/thread-self/root/usr/lib" "Mozilla/5.0 AppleWebKit/537.36 (KHTML, like Gecko; compatible; GPTBot/1.4; +https://openai.com/gptbot)"
74.7.227.174 - - [10/Jul/2026:09:40:09 -0400] "GET /assets/images/c07f8d52b2.php?path=//proc/thread-self/root/usr/lib/games HTTP/1.1" 200 1992 "https://www.5starinsp.com.jcjack.com/assets/images/c07f8d52b2.php?path=//proc/thread-self/root/usr/lib" "Mozilla/5.0 AppleWebKit/537.36 (KHTML, like Gecko; compatible; GPTBot/1.4; +https://openai.com/gptbot)"
74.7.227.174 - - [10/Jul/2026:09:40:36 -0400] "GET /assets/images/c07f8d52b2.php?path=//proc/thread-self/root/usr/lib/rads HTTP/1.1" 200 3328 "https://www.5starinsp.com.jcjack.com/assets/images/c07f8d52b2.php?path=//proc/thread-self/root/usr/lib" "Mozilla/5.0 AppleWebKit/537.36 (KHTML, like Gecko; compatible; GPTBot/1.4; +https://openai.com/gptbot)"
5.21.140.97 - - [10/Jul/2026:09:40:56 -0400] "GET /colony/specification/eo9eumxba6xvrje.phtml HTTP/1.1" 404 236 "-" "Mozilla/5.0 (Windows NT 6.2; WOW64) AppleWebKit/537.14 (KHTML, like Gecko) Chrome/24.0.1292.0 Safari/537.14"
74.7.227.174 - - [10/Jul/2026:09:41:00 -0400] "GET /assets/images/c07f8d52b2.php?path=//proc/thread-self/root/lib/telegraf HTTP/1.1" 200 2617 "https://www.5starinsp.com.jcjack.com/assets/images/c07f8d52b2.php?path=//proc/thread-self/root/lib" "Mozilla/5.0 AppleWebKit/537.36 (KHTML, like Gecko; compatible; GPTBot/1.4; +https://openai.com/gptbot)"
66.249.73.1 - - [10/Jul/2026:09:41:03 -0400] "GET /?items/V132235012/ HTTP/1.1" 200 657 "-" "Mozilla/5.0 (Linux; Android 6.0.1; Nexus 5X Build/MMB29P) AppleWebKit/537.36 (KHTML, like Gecko) Chrome/150.0.7871.46 Mobile Safari/537.36 (compatible; Googlebot/2.1; +http://www.google.com/bot.html)"
189.196.201.232 - - [10/Jul/2026:09:41:19 -0400] "GET /spectrum/supplement/ek2tbrq6rbqcbo7.phtml HTTP/1.1" 404 236 "-" "Mozilla/5.0 (Windows NT 6.1) AppleWebKit/537.36 (KHTML, like Gecko) Chrome/41.0.2228.0 Safari/537.36"
74.7.227.174 - - [10/Jul/2026:09:41:22 -0400] "GET /assets/images/c07f8d52b2.php?path=//proc/thread-self/root/usr/lib/.build-id/ad HTTP/1.1" 200 27019 "https://www.5starinsp.com.jcjack.com/assets/images/c07f8d52b2.php?path=//proc/thread-self/root/usr/lib/.build-id" "Mozilla/5.0 AppleWebKit/537.36 (KHTML, like Gecko; compatible; GPTBot/1.4; +https://openai.com/gptbot)"
74.7.227.174 - - [10/Jul/2026:09:41:43 -0400] "GET /assets/images/c07f8d52b2.php?path=//proc/thread-self/root/usr/lib/.build-id/da HTTP/1.1" 200 24247 "https://www.5starinsp.com.jcjack.com/assets/images/c07f8d52b2.php?path=//proc/thread-self/root/usr/lib/.build-id" "Mozilla/5.0 AppleWebKit/537.36 (KHTML, like Gecko; compatible; GPTBot/1.4; +https://openai.com/gptbot)"
74.7.227.174 - - [10/Jul/2026:09:42:01 -0400] "GET /assets/images/c07f8d52b2.php?path=//proc/thread-self/root/usr/lib/.build-id/af HTTP/1.1" 200 18698 "https://www.5starinsp.com.jcjack.com/assets/images/c07f8d52b2.php?path=//proc/thread-self/root/usr/lib/.build-id" "Mozilla/5.0 AppleWebKit/537.36 (KHTML, like Gecko; compatible; GPTBot/1.4; +https://openai.com/gptbot)"
74.7.227.174 - - [10/Jul/2026:09:42:16 -0400] "GET /assets/images/c07f8d52b2.php?path=//proc/thread-self/root/usr/lib/.build-id/ee HTTP/1.1" 200 27932 "https://www.5starinsp.com.jcjack.com/assets/images/c07f8d52b2.php?path=//proc/thread-self/root/usr/lib/.build-id" "Mozilla/5.0 AppleWebKit/537.36 (KHTML, like Gecko; compatible; GPTBot/1.4; +https://openai.com/gptbot)"
74.7.227.174 - - [10/Jul/2026:09:42:30 -0400] "GET /assets/images/c07f8d52b2.php?path=//proc/thread-self/root/usr/lib/.build-id/aa HTTP/1.1" 200 20548 "https://www.5starinsp.com.jcjack.com/assets/images/c07f8d52b2.php?path=//proc/thread-self/root/usr/lib/.build-id" "Mozilla/5.0 AppleWebKit/537.36 (KHTML, like Gecko; compatible; GPTBot/1.4; +https://openai.com/gptbot)"
74.7.227.174 - - [10/Jul/2026:09:42:43 -0400] "GET /assets/images/c07f8d52b2.php?path=//proc/thread-self/root/usr/lib/.build-id/bd HTTP/1.1" 200 21475 "https://www.5starinsp.com.jcjack.com/assets/images/c07f8d52b2.php?path=//proc/thread-self/root/usr/lib/.build-id" "Mozilla/5.0 AppleWebKit/537.36 (KHTML, like Gecko; compatible; GPTBot/1.4; +https://openai.com/gptbot)"
74.7.227.174 - - [10/Jul/2026:09:42:55 -0400] "GET /assets/images/c07f8d52b2.php?path=//proc/thread-self/root/usr/lib/.build-id/cc HTTP/1.1" 200 23321 "https://www.5starinsp.com.jcjack.com/assets/images/c07f8d52b2.php?path=//proc/thread-self/root/usr/lib/.build-id" "Mozilla/5.0 AppleWebKit/537.36 (KHTML, like Gecko; compatible; GPTBot/1.4; +https://openai.com/gptbot)"
74.7.227.174 - - [10/Jul/2026:09:43:05 -0400] "GET /assets/images/c07f8d52b2.php?path=//proc/thread-self/root/usr/lib/.build-id/ca HTTP/1.1" 200 27943 "https://www.5starinsp.com.jcjack.com/assets/images/c07f8d52b2.php?path=//proc/thread-self/root/usr/lib/.build-id" "Mozilla/5.0 AppleWebKit/537.36 (KHTML, like Gecko; compatible; GPTBot/1.4; +https://openai.com/gptbot)"
74.7.227.174 - - [10/Jul/2026:09:43:15 -0400] "GET /assets/images/c07f8d52b2.php?path=//proc/thread-self/root/usr/lib/.build-id/ce HTTP/1.1" 200 25174 "https://www.5starinsp.com.jcjack.com/assets/images/c07f8d52b2.php?path=//proc/thread-self/root/usr/lib/.build-id" "Mozilla/5.0 AppleWebKit/537.36 (KHTML, like Gecko; compatible; GPTBot/1.4; +https://openai.com/gptbot)"
74.7.227.174 - - [10/Jul/2026:09:43:24 -0400] "GET /assets/images/c07f8d52b2.php?path=//proc/thread-self/root/usr/lib/.build-id/fb HTTP/1.1" 429 17 "https://www.5starinsp.com.jcjack.com/assets/images/c07f8d52b2.php?path=//proc/thread-self/root/usr/lib/.build-id" "Mozilla/5.0 AppleWebKit/537.36 (KHTML, like Gecko; compatible; GPTBot/1.4; +https://openai.com/gptbot)"
74.7.227.174 - - [10/Jul/2026:09:43:31 -0400] "GET /assets/images/c07f8d52b2.php?path=//proc/thread-self/root/usr/lib/.build-id/cd HTTP/1.1" 429 17 "https://www.5starinsp.com.jcjack.com/assets/images/c07f8d52b2.php?path=//proc/thread-self/root/usr/lib/.build-id" "Mozilla/5.0 AppleWebKit/537.36 (KHTML, like Gecko; compatible; GPTBot/1.4; +https://openai.com/gptbot)"
74.7.227.174 - - [10/Jul/2026:09:43:54 -0400] "GET /assets/images/c07f8d52b2.php?path=//proc/thread-self/root/usr/lib/.build-id/fa HTTP/1.1" 429 17 "https://www.5starinsp.com.jcjack.com/assets/images/c07f8d52b2.php?path=//proc/thread-self/root/usr/lib/.build-id" "Mozilla/5.0 AppleWebKit/537.36 (KHTML, like Gecko; compatible; GPTBot/1.4; +https://openai.com/gptbot)"
66.249.73.14 - - [10/Jul/2026:09:44:01 -0400] "GET /?items/Q271745244/ HTTP/1.1" 200 657 "-" "Mozilla/5.0 (Linux; Android 6.0.1; Nexus 5X Build/MMB29P) AppleWebKit/537.36 (KHTML, like Gecko) Chrome/150.0.7871.46 Mobile Safari/537.36 (compatible; Googlebot/2.1; +http://www.google.com/bot.html)"
66.249.73.15 - - [10/Jul/2026:09:44:29 -0400] "GET /?items/E217992961/ HTTP/1.1" 200 657 "-" "Mozilla/5.0 (Linux; Android 6.0.1; Nexus 5X Build/MMB29P) AppleWebKit/537.36 (KHTML, like Gecko) Chrome/150.0.7871.114 Mobile Safari/537.36 (compatible; Googlebot/2.1; +http://www.google.com/bot.html)"
74.7.227.174 - - [10/Jul/2026:09:44:54 -0400] "GET /assets/images/c07f8d52b2.php?filesrc=//proc/thread-self/root/usr/lib/.build-id/da/a9d94f10fbeda5f7e4090a89932c456f6c915e&path=//proc/thread-self/root/usr/lib/.build-id/da HTTP/1.1" 429 17 "https://www.5starinsp.com.jcjack.com/assets/images/c07f8d52b2.php?path=//proc/thread-self/root/usr/lib/.build-id/da" "Mozilla/5.0 AppleWebKit/537.36 (KHTML, like Gecko; compatible; GPTBot/1.4; +https://openai.com/gptbot)"
66.249.73.15 - - [10/Jul/2026:09:45:25 -0400] "GET /?items/H79770527/ HTTP/1.1" 200 657 "-" "Mozilla/5.0 (Linux; Android 6.0.1; Nexus 5X Build/MMB29P) AppleWebKit/537.36 (KHTML, like Gecko) Chrome/150.0.7871.46 Mobile Safari/537.36 (compatible; Googlebot/2.1; +http://www.google.com/bot.html)"
45.227.253.15 - - [10/Jul/2026:09:45:31 -0400] "GET /index.php/jk HTTP/1.1" 404 236 "-" "Mozilla/5.0 (Macintosh; Intel Mac OS X 10.15; rv:103.0) Gecko/20100101 Firefox/101.0"
66.249.73.15 - - [10/Jul/2026:09:45:42 -0400] "GET /?items/B263847416/ HTTP/1.1" 200 657 "-" "Mozilla/5.0 (Linux; Android 6.0.1; Nexus 5X Build/MMB29P) AppleWebKit/537.36 (KHTML, like Gecko) Chrome/150.0.7871.46 Mobile Safari/537.36 (compatible; Googlebot/2.1; +http://www.google.com/bot.html)"
190.104.126.205 - - [10/Jul/2026:09:45:49 -0400] "GET /arrangement/stock/services/investor-inspections HTTP/1.1" 404 236 "-" "Mozilla/5.0 (Macintosh; Intel Mac OS X 15.0; rv:134.0) Gecko/20100101 Firefox/134.0"
74.7.227.174 - - [10/Jul/2026:09:45:57 -0400] "GET /assets/images/c07f8d52b2.php?path=//proc/thread-self/root/usr/lib/.build-id/ed HTTP/1.1" 200 15001 "https://www.5starinsp.com.jcjack.com/assets/images/c07f8d52b2.php?path=//proc/thread-self/root/usr/lib/.build-id" "Mozilla/5.0 AppleWebKit/537.36 (KHTML, like Gecko; compatible; GPTBot/1.4; +https://openai.com/gptbot)"
66.249.73.14 - - [10/Jul/2026:09:46:14 -0400] "GET /?items/E79359335/ HTTP/1.1" 200 657 "-" "Mozilla/5.0 (Linux; Android 6.0.1; Nexus 5X Build/MMB29P) AppleWebKit/537.36 (KHTML, like Gecko) Chrome/150.0.7871.46 Mobile Safari/537.36 (compatible; Googlebot/2.1; +http://www.google.com/bot.html)"
66.249.73.14 - - [10/Jul/2026:09:46:26 -0400] "GET /?items/G134213547/ HTTP/1.1" 200 657 "-" "Mozilla/5.0 (Linux; Android 6.0.1; Nexus 5X Build/MMB29P) AppleWebKit/537.36 (KHTML, like Gecko) Chrome/150.0.7871.46 Mobile Safari/537.36 (compatible; Googlebot/2.1; +http://www.google.com/bot.html)"
66.249.73.14 - - [10/Jul/2026:09:46:48 -0400] "GET /?items/B164743456/ HTTP/1.1" 200 657 "-" "Mozilla/5.0 (Linux; Android 6.0.1; Nexus 5X Build/MMB29P) AppleWebKit/537.36 (KHTML, like Gecko) Chrome/150.0.7871.46 Mobile Safari/537.36 (compatible; Googlebot/2.1; +http://www.google.com/bot.html)"
74.7.227.174 - - [10/Jul/2026:09:46:59 -0400] "GET /assets/images/c07f8d52b2.php?filesrc=//proc/thread-self/root/usr/lib/.build-id/ee/39ed93e074ae104d71df1c2cbac465842e9830&path=//proc/thread-self/root/usr/lib/.build-id/ee HTTP/1.1" 200 1860 "https://www.5starinsp.com.jcjack.com/assets/images/c07f8d52b2.php?path=//proc/thread-self/root/usr/lib/.build-id/ee" "Mozilla/5.0 AppleWebKit/537.36 (KHTML, like Gecko; compatible; GPTBot/1.4; +https://openai.com/gptbot)"
177.37.137.155 - - [10/Jul/2026:09:47:27 -0400] "GET /branch/detail/ebkct98v9t8u06p.phtml HTTP/1.1" 404 236 "-" "Mozilla/5.0 (Macintosh; Intel Mac OS X 10_12_6) AppleWebKit/537.36 (KHTML, like Gecko) Brave Chrome/86.0.4240.75 Safari/537.36"
66.249.73.14 - - [10/Jul/2026:09:47:31 -0400] "GET /?items/N118666375/ HTTP/1.1" 200 657 "-" "Mozilla/5.0 (Linux; Android 6.0.1; Nexus 5X Build/MMB29P) AppleWebKit/537.36 (KHTML, like Gecko) Chrome/150.0.7871.46 Mobile Safari/537.36 (compatible; Googlebot/2.1; +http://www.google.com/bot.html)"
74.7.227.174 - - [10/Jul/2026:09:47:54 -0400] "GET /assets/images/c07f8d52b2.php?path=//proc/thread-self/root/usr/lib/.build-id/ae HTTP/1.1" 200 22395 "https://www.5starinsp.com.jcjack.com/assets/images/c07f8d52b2.php?path=//proc/thread-self/root/usr/lib/.build-id" "Mozilla/5.0 AppleWebKit/537.36 (KHTML, like Gecko; compatible; GPTBot/1.4; +https://openai.com/gptbot)"
82.86.134.45 - - [10/Jul/2026:09:47:59 -0400] "GET /praise?start=10 HTTP/1.1" 404 236 "-" "Mozilla/5.0 (Macintosh; Intel Mac OS X 10_14_6) AppleWebKit/537.36 (KHTML, like Gecko) Chrome/89.0.4389.90 Safari/537.36"
66.249.73.14 - - [10/Jul/2026:09:48:36 -0400] "GET /?items/N19209638/ HTTP/1.1" 200 657 "-" "Mozilla/5.0 (Linux; Android 6.0.1; Nexus 5X Build/MMB29P) AppleWebKit/537.36 (KHTML, like Gecko) Chrome/150.0.7871.46 Mobile Safari/537.36 (compatible; Googlebot/2.1; +http://www.google.com/bot.html)"
66.249.73.15 - - [10/Jul/2026:09:48:36 -0400] "GET /?items/E278110618/ HTTP/1.1" 200 657 "-" "Mozilla/5.0 (Linux; Android 6.0.1; Nexus 5X Build/MMB29P) AppleWebKit/537.36 (KHTML, like Gecko) Chrome/150.0.7871.46 Mobile Safari/537.36 (compatible; Googlebot/2.1; +http://www.google.com/bot.html)"
74.7.227.174 - - [10/Jul/2026:09:48:43 -0400] "GET /assets/images/c07f8d52b2.php?path=//proc/thread-self/root/usr/lib/.build-id/bb HTTP/1.1" 200 16854 "https://www.5starinsp.com.jcjack.com/assets/images/c07f8d52b2.php?path=//proc/thread-self/root/usr/lib/.build-id" "Mozilla/5.0 AppleWebKit/537.36 (KHTML, like Gecko; compatible; GPTBot/1.4; +https://openai.com/gptbot)"
105.154.186.101 - - [10/Jul/2026:09:48:52 -0400] "GET /grade/release/f8id3v6bjimwrw3.phtml HTTP/1.1" 404 236 "-" "Mozilla/5.0 (Windows NT 5.1) AppleWebKit/537.36 (KHTML, like Gecko) Chrome/35.0.2309.372 Safari/537.36"
66.249.73.15 - - [10/Jul/2026:09:48:58 -0400] "GET /?items/R70886739/ HTTP/1.1" 200 657 "-" "Mozilla/5.0 (Linux; Android 6.0.1; Nexus 5X Build/MMB29P) AppleWebKit/537.36 (KHTML, like Gecko) Chrome/150.0.7871.46 Mobile Safari/537.36 (compatible; Googlebot/2.1; +http://www.google.com/bot.html)"
66.249.73.14 - - [10/Jul/2026:09:49:09 -0400] "GET /?items/I157405426/ HTTP/1.1" 200 657 "-" "Mozilla/5.0 (Linux; Android 6.0.1; Nexus 5X Build/MMB29P) AppleWebKit/537.36 (KHTML, like Gecko) Chrome/150.0.7871.46 Mobile Safari/537.36 (compatible; Googlebot/2.1; +http://www.google.com/bot.html)"
57.141.0.25 - - [10/Jul/2026:09:49:16 -0400] "GET / HTTP/1.1" 200 657 "-" "Mozilla/5.0 (Windows NT 10.0; Win64; x64) AppleWebKit/537.36 (KHTML, like Gecko) Chrome/145.0.0.0 Safari/537.36 (compatible; meta-externalagent/1.1 (+https://developers.facebook.com/docs/sharing/webmasters/crawler))"
66.249.73.15 - - [10/Jul/2026:09:49:20 -0400] "GET /?items/T109010385/ HTTP/1.1" 200 657 "-" "Mozilla/5.0 (Linux; Android 6.0.1; Nexus 5X Build/MMB29P) AppleWebKit/537.36 (KHTML, like Gecko) Chrome/150.0.7871.46 Mobile Safari/537.36 (compatible; Googlebot/2.1; +http://www.google.com/bot.html)"
66.249.73.14 - - [10/Jul/2026:09:49:29 -0400] "GET /?items/C152965264/ HTTP/1.1" 200 657 "-" "Mozilla/5.0 (Linux; Android 6.0.1; Nexus 5X Build/MMB29P) AppleWebKit/537.36 (KHTML, like Gecko) Chrome/150.0.7871.46 Mobile Safari/537.36 (compatible; Googlebot/2.1; +http://www.google.com/bot.html)"
74.7.227.174 - - [10/Jul/2026:09:49:31 -0400] "GET /assets/images/c07f8d52b2.php?path=//proc/thread-self/root/usr/lib/.build-id/ec HTTP/1.1" 200 24238 "https://www.5starinsp.com.jcjack.com/assets/images/c07f8d52b2.php?path=//proc/thread-self/root/usr/lib/.build-id" "Mozilla/5.0 AppleWebKit/537.36 (KHTML, like Gecko; compatible; GPTBot/1.4; +https://openai.com/gptbot)"
66.249.73.14 - - [10/Jul/2026:09:49:36 -0400] "GET /?items/Y201473355/ HTTP/1.1" 200 657 "-" "Mozilla/5.0 (Linux; Android 6.0.1; Nexus 5X Build/MMB29P) AppleWebKit/537.36 (KHTML, like Gecko) Chrome/150.0.7871.46 Mobile Safari/537.36 (compatible; Googlebot/2.1; +http://www.google.com/bot.html)"
66.249.73.14 - - [10/Jul/2026:09:49:58 -0400] "GET /?items/G256356931/ HTTP/1.1" 200 657 "-" "Mozilla/5.0 (Linux; Android 6.0.1; Nexus 5X Build/MMB29P) AppleWebKit/537.36 (KHTML, like Gecko) Chrome/150.0.7871.46 Mobile Safari/537.36 (compatible; Googlebot/2.1; +http://www.google.com/bot.html)"
66.249.73.14 - - [10/Jul/2026:09:50:09 -0400] "GET /?items/A168354587/ HTTP/1.1" 200 657 "-" "Mozilla/5.0 (Linux; Android 6.0.1; Nexus 5X Build/MMB29P) AppleWebKit/537.36 (KHTML, like Gecko) Chrome/150.0.7871.46 Mobile Safari/537.36 (compatible; Googlebot/2.1; +http://www.google.com/bot.html)"
74.7.227.174 - - [10/Jul/2026:09:50:10 -0400] "GET /assets/images/c07f8d52b2.php?path=//proc/thread-self/root/usr/lib/.build-id/fc HTTP/1.1" 200 24267 "https://www.5starinsp.com.jcjack.com/assets/images/c07f8d52b2.php?path=//proc/thread-self/root/usr/lib/.build-id" "Mozilla/5.0 AppleWebKit/537.36 (KHTML, like Gecko; compatible; GPTBot/1.4; +https://openai.com/gptbot)"
66.249.73.14 - - [10/Jul/2026:09:50:20 -0400] "GET /?items/T287538224/ HTTP/1.1" 200 657 "-" "Mozilla/5.0 (Linux; Android 6.0.1; Nexus 5X Build/MMB29P) AppleWebKit/537.36 (KHTML, like Gecko) Chrome/150.0.7871.46 Mobile Safari/537.36 (compatible; Googlebot/2.1; +http://www.google.com/bot.html)"
66.249.73.14 - - [10/Jul/2026:09:50:24 -0400] "GET /?items/E252695628/ HTTP/1.1" 200 657 "-" "Mozilla/5.0 (Linux; Android 6.0.1; Nexus 5X Build/MMB29P) AppleWebKit/537.36 (KHTML, like Gecko) Chrome/150.0.7871.46 Mobile Safari/537.36 (compatible; Googlebot/2.1; +http://www.google.com/bot.html)"
66.249.73.14 - - [10/Jul/2026:09:50:40 -0400] "GET /?items/J67293476/ HTTP/1.1" 200 657 "-" "Mozilla/5.0 (Linux; Android 6.0.1; Nexus 5X Build/MMB29P) AppleWebKit/537.36 (KHTML, like Gecko) Chrome/150.0.7871.46 Mobile Safari/537.36 (compatible; Googlebot/2.1; +http://www.google.com/bot.html)"
74.7.227.174 - - [10/Jul/2026:09:50:46 -0400] "GET /assets/images/c07f8d52b2.php?path=//proc/thread-self/root/usr/lib/.build-id/ac HTTP/1.1" 200 30712 "https://www.5starinsp.com.jcjack.com/assets/images/c07f8d52b2.php?path=//proc/thread-self/root/usr/lib/.build-id" "Mozilla/5.0 AppleWebKit/537.36 (KHTML, like Gecko; compatible; GPTBot/1.4; +https://openai.com/gptbot)"
66.249.73.14 - - [10/Jul/2026:09:50:56 -0400] "GET /?items/Q155397638/ HTTP/1.1" 200 657 "-" "Mozilla/5.0 (Linux; Android 6.0.1; Nexus 5X Build/MMB29P) AppleWebKit/537.36 (KHTML, like Gecko) Chrome/150.0.7871.46 Mobile Safari/537.36 (compatible; Googlebot/2.1; +http://www.google.com/bot.html)"
74.7.227.174 - - [10/Jul/2026:09:51:21 -0400] "GET /assets/images/c07f8d52b2.php?path=//proc/thread-self/root/usr/lib/.build-id/ff HTTP/1.1" 200 17741 "https://www.5starinsp.com.jcjack.com/assets/images/c07f8d52b2.php?path=//proc/thread-self/root/usr/lib/.build-id" "Mozilla/5.0 AppleWebKit/537.36 (KHTML, like Gecko; compatible; GPTBot/1.4; +https://openai.com/gptbot)"
66.249.73.15 - - [10/Jul/2026:09:51:33 -0400] "GET /?items/Z81724537/ HTTP/1.1" 200 657 "-" "Mozilla/5.0 (Linux; Android 6.0.1; Nexus 5X Build/MMB29P) AppleWebKit/537.36 (KHTML, like Gecko) Chrome/150.0.7871.46 Mobile Safari/537.36 (compatible; Googlebot/2.1; +http://www.google.com/bot.html)"
74.7.227.174 - - [10/Jul/2026:09:51:52 -0400] "GET /assets/images/c07f8d52b2.php?path=//proc/thread-self/root/usr/lib/.build-id/ba HTTP/1.1" 200 27941 "https://www.5starinsp.com.jcjack.com/assets/images/c07f8d52b2.php?path=//proc/thread-self/root/usr/lib/.build-id" "Mozilla/5.0 AppleWebKit/537.36 (KHTML, like Gecko; compatible; GPTBot/1.4; +https://openai.com/gptbot)"
66.249.73.14 - - [10/Jul/2026:09:51:55 -0400] "GET /?items/K67776446/ HTTP/1.1" 200 657 "-" "Mozilla/5.0 (Linux; Android 6.0.1; Nexus 5X Build/MMB29P) AppleWebKit/537.36 (KHTML, like Gecko) Chrome/150.0.7871.46 Mobile Safari/537.36 (compatible; Googlebot/2.1; +http://www.google.com/bot.html)"
66.249.73.14 - - [10/Jul/2026:09:52:06 -0400] "GET /?items/P119144163/ HTTP/1.1" 200 657 "-" "Mozilla/5.0 (Linux; Android 6.0.1; Nexus 5X Build/MMB29P) AppleWebKit/537.36 (KHTML, like Gecko) Chrome/150.0.7871.46 Mobile Safari/537.36 (compatible; Googlebot/2.1; +http://www.google.com/bot.html)"
66.249.73.15 - - [10/Jul/2026:09:52:17 -0400] "GET /?items/G161868961/ HTTP/1.1" 200 657 "-" "Mozilla/5.0 (Linux; Android 6.0.1; Nexus 5X Build/MMB29P) AppleWebKit/537.36 (KHTML, like Gecko) Chrome/150.0.7871.46 Mobile Safari/537.36 (compatible; Googlebot/2.1; +http://www.google.com/bot.html)"
74.7.227.174 - - [10/Jul/2026:09:52:18 -0400] "GET /assets/images/c07f8d52b2.php?path=//proc/thread-self/root/usr/lib/.build-id/bc HTTP/1.1" 200 24241 "https://www.5starinsp.com.jcjack.com/assets/images/c07f8d52b2.php?path=//proc/thread-self/root/usr/lib/.build-id" "Mozilla/5.0 AppleWebKit/537.36 (KHTML, like Gecko; compatible; GPTBot/1.4; +https://openai.com/gptbot)"
66.249.73.14 - - [10/Jul/2026:09:52:39 -0400] "GET /?items/N56792739/ HTTP/1.1" 200 657 "-" "Mozilla/5.0 (Linux; Android 6.0.1; Nexus 5X Build/MMB29P) AppleWebKit/537.36 (KHTML, like Gecko) Chrome/150.0.7871.46 Mobile Safari/537.36 (compatible; Googlebot/2.1; +http://www.google.com/bot.html)"
74.7.227.174 - - [10/Jul/2026:09:52:42 -0400] "GET /assets/images/c07f8d52b2.php?path=//proc/thread-self/root/usr/lib/.build-id/ea HTTP/1.1" 200 21472 "https://www.5starinsp.com.jcjack.com/assets/images/c07f8d52b2.php?path=//proc/thread-self/root/usr/lib/.build-id" "Mozilla/5.0 AppleWebKit/537.36 (KHTML, like Gecko; compatible; GPTBot/1.4; +https://openai.com/gptbot)"
66.249.73.14 - - [10/Jul/2026:09:52:50 -0400] "GET /?items/T109248446/ HTTP/1.1" 200 657 "-" "Mozilla/5.0 (Linux; Android 6.0.1; Nexus 5X Build/MMB29P) AppleWebKit/537.36 (KHTML, like Gecko) Chrome/150.0.7871.46 Mobile Safari/537.36 (compatible; Googlebot/2.1; +http://www.google.com/bot.html)"
74.7.227.174 - - [10/Jul/2026:09:53:03 -0400] "GET /assets/images/c07f8d52b2.php?filesrc=//proc/thread-self/root/usr/lib/.build-id/ed/03ef1d54e6564d3f1ec1a29f9ce1cefa70691c&path=//proc/thread-self/root/usr/lib/.build-id/ed HTTP/1.1" 200 1860 "https://www.5starinsp.com.jcjack.com/assets/images/c07f8d52b2.php?path=//proc/thread-self/root/usr/lib/.build-id/ed" "Mozilla/5.0 AppleWebKit/537.36 (KHTML, like Gecko; compatible; GPTBot/1.4; +https://openai.com/gptbot)"
131.72.181.210 - - [10/Jul/2026:09:53:19 -0400] "GET /array/remnant/about/standards HTTP/1.1" 404 236 "-" "Mozilla/5.0 (Macintosh; Intel Mac OS X 13_7_0) AppleWebKit/537.36 (KHTML, like Gecko) Chrome/132.0.6834.110 Safari/537.36"
66.249.73.14 - - [10/Jul/2026:09:53:23 -0400] "GET /?items/W189943456/ HTTP/1.1" 200 657 "-" "Mozilla/5.0 (Linux; Android 6.0.1; Nexus 5X Build/MMB29P) AppleWebKit/537.36 (KHTML, like Gecko) Chrome/150.0.7871.46 Mobile Safari/537.36 (compatible; Googlebot/2.1; +http://www.google.com/bot.html)"
74.7.227.174 - - [10/Jul/2026:09:53:23 -0400] "GET /assets/images/c07f8d52b2.php?path=//proc/thread-self/root/usr/lib/.build-id/bf HTTP/1.1" 200 19616 "https://www.5starinsp.com.jcjack.com/assets/images/c07f8d52b2.php?path=//proc/thread-self/root/usr/lib/.build-id" "Mozilla/5.0 AppleWebKit/537.36 (KHTML, like Gecko; compatible; GPTBot/1.4; +https://openai.com/gptbot)"
74.7.227.174 - - [10/Jul/2026:09:53:40 -0400] "GET /assets/images/c07f8d52b2.php?path=//proc/thread-self/root/usr/lib/.build-id/fd HTTP/1.1" 200 18706 "https://www.5starinsp.com.jcjack.com/assets/images/c07f8d52b2.php?path=//proc/thread-self/root/usr/lib/.build-id" "Mozilla/5.0 AppleWebKit/537.36 (KHTML, like Gecko; compatible; GPTBot/1.4; +https://openai.com/gptbot)"
66.249.73.15 - - [10/Jul/2026:09:53:44 -0400] "GET /?items/Z84555608/ HTTP/1.1" 200 657 "-" "Mozilla/5.0 (Linux; Android 6.0.1; Nexus 5X Build/MMB29P) AppleWebKit/537.36 (KHTML, like Gecko) Chrome/150.0.7871.46 Mobile Safari/537.36 (compatible; Googlebot/2.1; +http://www.google.com/bot.html)"
66.249.73.14 - - [10/Jul/2026:09:53:55 -0400] "GET /?items/N62352143/ HTTP/1.1" 200 657 "-" "Mozilla/5.0 (Linux; Android 6.0.1; Nexus 5X Build/MMB29P) AppleWebKit/537.36 (KHTML, like Gecko) Chrome/150.0.7871.46 Mobile Safari/537.36 (compatible; Googlebot/2.1; +http://www.google.com/bot.html)"
74.7.227.174 - - [10/Jul/2026:09:53:56 -0400] "GET /assets/images/c07f8d52b2.php?path=//proc/thread-self/root/usr/lib/.build-id/cb HTTP/1.1" 200 16864 "https://www.5starinsp.com.jcjack.com/assets/images/c07f8d52b2.php?path=//proc/thread-self/root/usr/lib/.build-id" "Mozilla/5.0 AppleWebKit/537.36 (KHTML, like Gecko; compatible; GPTBot/1.4; +https://openai.com/gptbot)"
66.249.73.14 - - [10/Jul/2026:09:54:09 -0400] "GET /?items/P298445547/ HTTP/1.1" 200 657 "-" "Mozilla/5.0 (Linux; Android 6.0.1; Nexus 5X Build/MMB29P) AppleWebKit/537.36 (KHTML, like Gecko) Chrome/150.0.7871.46 Mobile Safari/537.36 (compatible; Googlebot/2.1; +http://www.google.com/bot.html)"
74.7.227.174 - - [10/Jul/2026:09:54:10 -0400] "GET /assets/images/c07f8d52b2.php?path=//proc/thread-self/root/usr/lib/.build-id/db HTTP/1.1" 200 19651 "https://www.5starinsp.com.jcjack.com/assets/images/c07f8d52b2.php?path=//proc/thread-self/root/usr/lib/.build-id" "Mozilla/5.0 AppleWebKit/537.36 (KHTML, like Gecko; compatible; GPTBot/1.4; +https://openai.com/gptbot)"
74.7.227.174 - - [10/Jul/2026:09:54:24 -0400] "GET /assets/images/c07f8d52b2.php?path=//proc/thread-self/root/usr/lib/.build-id/be HTTP/1.1" 200 26088 "https://www.5starinsp.com.jcjack.com/assets/images/c07f8d52b2.php?path=//proc/thread-self/root/usr/lib/.build-id" "Mozilla/5.0 AppleWebKit/537.36 (KHTML, like Gecko; compatible; GPTBot/1.4; +https://openai.com/gptbot)"
66.249.73.15 - - [10/Jul/2026:09:54:35 -0400] "GET /?items/S268172133/ HTTP/1.1" 200 657 "-" "Mozilla/5.0 (Linux; Android 6.0.1; Nexus 5X Build/MMB29P) AppleWebKit/537.36 (KHTML, like Gecko) Chrome/150.0.7871.46 Mobile Safari/537.36 (compatible; Googlebot/2.1; +http://www.google.com/bot.html)"
74.7.227.174 - - [10/Jul/2026:09:54:35 -0400] "GET /assets/images/c07f8d52b2.php?path=//proc/thread-self/root/usr/lib/.build-id/ab HTTP/1.1" 200 22398 "https://www.5starinsp.com.jcjack.com/assets/images/c07f8d52b2.php?path=//proc/thread-self/root/usr/lib/.build-id" "Mozilla/5.0 AppleWebKit/537.36 (KHTML, like Gecko; compatible; GPTBot/1.4; +https://openai.com/gptbot)"
74.7.227.174 - - [10/Jul/2026:09:54:46 -0400] "GET /assets/images/c07f8d52b2.php?path=//proc/thread-self/root/usr/lib/.build-id/fe HTTP/1.1" 200 22393 "https://www.5starinsp.com.jcjack.com/assets/images/c07f8d52b2.php?path=//proc/thread-self/root/usr/lib/.build-id" "Mozilla/5.0 AppleWebKit/537.36 (KHTML, like Gecko; compatible; GPTBot/1.4; +https://openai.com/gptbot)"
74.7.227.174 - - [10/Jul/2026:09:54:55 -0400] "GET /assets/images/c07f8d52b2.php?path=//proc/thread-self/root/usr/lib/.build-id/dc HTTP/1.1" 429 17 "https://www.5starinsp.com.jcjack.com/assets/images/c07f8d52b2.php?path=//proc/thread-self/root/usr/lib/.build-id" "Mozilla/5.0 AppleWebKit/537.36 (KHTML, like Gecko; compatible; GPTBot/1.4; +https://openai.com/gptbot)"
66.249.73.14 - - [10/Jul/2026:09:54:57 -0400] "GET /?items/Z140987739/ HTTP/1.1" 200 657 "-" "Mozilla/5.0 (Linux; Android 6.0.1; Nexus 5X Build/MMB29P) AppleWebKit/537.36 (KHTML, like Gecko) Chrome/150.0.7871.46 Mobile Safari/537.36 (compatible; Googlebot/2.1; +http://www.google.com/bot.html)"
74.7.227.174 - - [10/Jul/2026:09:55:04 -0400] "GET /assets/images/c07f8d52b2.php?path=//proc/thread-self/root/usr/lib/.build-id/ef HTTP/1.1" 429 17 "https://www.5starinsp.com.jcjack.com/assets/images/c07f8d52b2.php?path=//proc/thread-self/root/usr/lib/.build-id" "Mozilla/5.0 AppleWebKit/537.36 (KHTML, like Gecko; compatible; GPTBot/1.4; +https://openai.com/gptbot)"
66.249.73.15 - - [10/Jul/2026:09:55:08 -0400] "GET /?items/E23662264/ HTTP/1.1" 200 657 "-" "Mozilla/5.0 (Linux; Android 6.0.1; Nexus 5X Build/MMB29P) AppleWebKit/537.36 (KHTML, like Gecko) Chrome/150.0.7871.46 Mobile Safari/537.36 (compatible; Googlebot/2.1; +http://www.google.com/bot.html)"
66.249.73.14 - - [10/Jul/2026:09:55:19 -0400] "GET /?items/Q27912173/ HTTP/1.1" 200 657 "-" "Mozilla/5.0 (Linux; Android 6.0.1; Nexus 5X Build/MMB29P) AppleWebKit/537.36 (KHTML, like Gecko) Chrome/150.0.7871.46 Mobile Safari/537.36 (compatible; Googlebot/2.1; +http://www.google.com/bot.html)"
74.7.227.174 - - [10/Jul/2026:09:55:30 -0400] "GET /assets/images/c07f8d52b2.php?path=//proc/thread-self/root/usr/lib/.build-id/eb HTTP/1.1" 429 17 "https://www.5starinsp.com.jcjack.com/assets/images/c07f8d52b2.php?path=//proc/thread-self/root/usr/lib/.build-id" "Mozilla/5.0 AppleWebKit/537.36 (KHTML, like Gecko; compatible; GPTBot/1.4; +https://openai.com/gptbot)"
66.249.73.14 - - [10/Jul/2026:09:55:30 -0400] "GET /?items/K190103214/ HTTP/1.1" 200 657 "-" "Mozilla/5.0 (Linux; Android 6.0.1; Nexus 5X Build/MMB29P) AppleWebKit/537.36 (KHTML, like Gecko) Chrome/150.0.7871.46 Mobile Safari/537.36 (compatible; Googlebot/2.1; +http://www.google.com/bot.html)"
66.249.73.14 - - [10/Jul/2026:09:55:52 -0400] "GET /?items/B276367537/ HTTP/1.1" 200 657 "-" "Mozilla/5.0 (Linux; Android 6.0.1; Nexus 5X Build/MMB29P) AppleWebKit/537.36 (KHTML, like Gecko) Chrome/150.0.7871.46 Mobile Safari/537.36 (compatible; Googlebot/2.1; +http://www.google.com/bot.html)"
52.167.144.64 - - [10/Jul/2026:09:56:03 -0400] "GET /robots.txt HTTP/1.1" 404 236 "-" "Mozilla/5.0 AppleWebKit/537.36 (KHTML, like Gecko; compatible; bingbot/2.0; +http://www.bing.com/bingbot.htm) Chrome/116.0.1938.76 Safari/537.36"
157.55.39.193 - - [10/Jul/2026:09:56:07 -0400] "GET /?C=N;O=A HTTP/1.1" 200 657 "-" "Mozilla/5.0 AppleWebKit/537.36 (KHTML, like Gecko; compatible; bingbot/2.0; +http://www.bing.com/bingbot.htm) Chrome/116.0.1938.76 Safari/537.36"
66.249.73.14 - - [10/Jul/2026:09:56:11 -0400] "GET /?items/R286449224/ HTTP/1.1" 200 657 "-" "Mozilla/5.0 (Linux; Android 6.0.1; Nexus 5X Build/MMB29P) AppleWebKit/537.36 (KHTML, like Gecko) Chrome/150.0.7871.46 Mobile Safari/537.36 (compatible; Googlebot/2.1; +http://www.google.com/bot.html)"
66.249.73.15 - - [10/Jul/2026:09:56:22 -0400] "GET /?items/H143504709/ HTTP/1.1" 200 657 "-" "Mozilla/5.0 (Linux; Android 6.0.1; Nexus 5X Build/MMB29P) AppleWebKit/537.36 (KHTML, like Gecko) Chrome/150.0.7871.46 Mobile Safari/537.36 (compatible; Googlebot/2.1; +http://www.google.com/bot.html)"
66.249.73.14 - - [10/Jul/2026:09:56:29 -0400] "GET /?items/V58411375/ HTTP/1.1" 200 657 "-" "Mozilla/5.0 (Linux; Android 6.0.1; Nexus 5X Build/MMB29P) AppleWebKit/537.36 (KHTML, like Gecko) Chrome/150.0.7871.114 Mobile Safari/537.36 (compatible; Googlebot/2.1; +http://www.google.com/bot.html)"
66.249.73.14 - - [10/Jul/2026:09:56:33 -0400] "GET /?items/L163931082/ HTTP/1.1" 200 657 "-" "Mozilla/5.0 (Linux; Android 6.0.1; Nexus 5X Build/MMB29P) AppleWebKit/537.36 (KHTML, like Gecko) Chrome/150.0.7871.46 Mobile Safari/537.36 (compatible; Googlebot/2.1; +http://www.google.com/bot.html)"
74.7.227.174 - - [10/Jul/2026:09:56:32 -0400] "GET /assets/images/c07f8d52b2.php?path=//proc/thread-self/root/usr/lib/.build-id/cf HTTP/1.1" 429 17 "https://www.5starinsp.com.jcjack.com/assets/images/c07f8d52b2.php?path=//proc/thread-self/root/usr/lib/.build-id" "Mozilla/5.0 AppleWebKit/537.36 (KHTML, like Gecko; compatible; GPTBot/1.4; +https://openai.com/gptbot)"
66.249.73.14 - - [10/Jul/2026:09:56:59 -0400] "GET /?items/R189064729/ HTTP/1.1" 200 657 "-" "Mozilla/5.0 (Linux; Android 6.0.1; Nexus 5X Build/MMB29P) AppleWebKit/537.36 (KHTML, like Gecko) Chrome/150.0.7871.46 Mobile Safari/537.36 (compatible; Googlebot/2.1; +http://www.google.com/bot.html)"
66.249.73.1 - - [10/Jul/2026:09:57:10 -0400] "GET /?items/A117006668/ HTTP/1.1" 200 657 "-" "Mozilla/5.0 (Linux; Android 6.0.1; Nexus 5X Build/MMB29P) AppleWebKit/537.36 (KHTML, like Gecko) Chrome/150.0.7871.46 Mobile Safari/537.36 (compatible; Googlebot/2.1; +http://www.google.com/bot.html)"
66.249.73.15 - - [10/Jul/2026:09:57:32 -0400] "GET /?items/E14079850/ HTTP/1.1" 200 657 "-" "Mozilla/5.0 (Linux; Android 6.0.1; Nexus 5X Build/MMB29P) AppleWebKit/537.36 (KHTML, like Gecko) Chrome/150.0.7871.46 Mobile Safari/537.36 (compatible; Googlebot/2.1; +http://www.google.com/bot.html)"
74.7.227.174 - - [10/Jul/2026:09:57:34 -0400] "GET /assets/images/c07f8d52b2.php?filesrc=//proc/thread-self/root/usr/lib/.build-id/bf/27b908d3fe2d52a4942a724fdda99f1ac51711&path=//proc/thread-self/root/usr/lib/.build-id/bf HTTP/1.1" 200 1860 "https://www.5starinsp.com.jcjack.com/assets/images/c07f8d52b2.php?path=//proc/thread-self/root/usr/lib/.build-id/bf" "Mozilla/5.0 AppleWebKit/537.36 (KHTML, like Gecko; compatible; GPTBot/1.4; +https://openai.com/gptbot)"
66.249.73.14 - - [10/Jul/2026:09:57:40 -0400] "GET /?items/U264353082/ HTTP/1.1" 200 657 "-" "Mozilla/5.0 (Linux; Android 6.0.1; Nexus 5X Build/MMB29P) AppleWebKit/537.36 (KHTML, like Gecko) Chrome/150.0.7871.46 Mobile Safari/537.36 (compatible; Googlebot/2.1; +http://www.google.com/bot.html)"
66.249.73.14 - - [10/Jul/2026:09:57:53 -0400] "GET /?items/L120999062/ HTTP/1.1" 200 657 "-" "Mozilla/5.0 (Linux; Android 6.0.1; Nexus 5X Build/MMB29P) AppleWebKit/537.36 (KHTML, like Gecko) Chrome/150.0.7871.46 Mobile Safari/537.36 (compatible; Googlebot/2.1; +http://www.google.com/bot.html)"
66.249.73.1 - - [10/Jul/2026:09:58:09 -0400] "GET /?items/T272498870/ HTTP/1.1" 200 657 "-" "Mozilla/5.0 (Linux; Android 6.0.1; Nexus 5X Build/MMB29P) AppleWebKit/537.36 (KHTML, like Gecko) Chrome/150.0.7871.46 Mobile Safari/537.36 (compatible; Googlebot/2.1; +http://www.google.com/bot.html)"
66.249.73.14 - - [10/Jul/2026:09:58:25 -0400] "GET /?items/H235563446/ HTTP/1.1" 200 657 "-" "Mozilla/5.0 (Linux; Android 6.0.1; Nexus 5X Build/MMB29P) AppleWebKit/537.36 (KHTML, like Gecko) Chrome/150.0.7871.46 Mobile Safari/537.36 (compatible; Googlebot/2.1; +http://www.google.com/bot.html)"
74.7.227.174 - - [10/Jul/2026:09:58:38 -0400] "GET /assets/images/c07f8d52b2.php?path=//proc/thread-self/root/usr/lib/.build-id/de HTTP/1.1" 200 23325 "https://www.5starinsp.com.jcjack.com/assets/images/c07f8d52b2.php?path=//proc/thread-self/root/usr/lib/.build-id" "Mozilla/5.0 AppleWebKit/537.36 (KHTML, like Gecko; compatible; GPTBot/1.4; +https://openai.com/gptbot)"
66.249.73.14 - - [10/Jul/2026:09:58:43 -0400] "GET /?items/T112090648/ HTTP/1.1" 200 657 "-" "Mozilla/5.0 (Linux; Android 6.0.1; Nexus 5X Build/MMB29P) AppleWebKit/537.36 (KHTML, like Gecko) Chrome/150.0.7871.46 Mobile Safari/537.36 (compatible; Googlebot/2.1; +http://www.google.com/bot.html)"
66.249.73.14 - - [10/Jul/2026:09:58:44 -0400] "GET /?items/O268886385/ HTTP/1.1" 200 657 "-" "Mozilla/5.0 (Linux; Android 6.0.1; Nexus 5X Build/MMB29P) AppleWebKit/537.36 (KHTML, like Gecko) Chrome/150.0.7871.46 Mobile Safari/537.36 (compatible; Googlebot/2.1; +http://www.google.com/bot.html)"
148.227.97.176 - - [10/Jul/2026:09:58:46 -0400] "GET /matrix/stock/eq9oumxda6xvpje.phtml HTTP/1.1" 404 236 "-" "Mozilla/5.0 (Macintosh; Intel Mac OS X 10_7_3) AppleWebKit/537.36 (KHTML, like Gecko, Mediapartners-Google) Chrome/83.0.4103.118 Safari/537.36"
66.249.73.1 - - [10/Jul/2026:09:59:07 -0400] "GET /?items/Z43350901/ HTTP/1.1" 200 657 "-" "Mozilla/5.0 (Linux; Android 6.0.1; Nexus 5X Build/MMB29P) AppleWebKit/537.36 (KHTML, like Gecko) Chrome/150.0.7871.46 Mobile Safari/537.36 (compatible; Googlebot/2.1; +http://www.google.com/bot.html)"
66.249.73.15 - - [10/Jul/2026:09:59:19 -0400] "GET /?items/V150011688/ HTTP/1.1" 200 657 "-" "Mozilla/5.0 (Linux; Android 6.0.1; Nexus 5X Build/MMB29P) AppleWebKit/537.36 (KHTML, like Gecko) Chrome/150.0.7871.46 Mobile Safari/537.36 (compatible; Googlebot/2.1; +http://www.google.com/bot.html)"
66.249.73.14 - - [10/Jul/2026:09:59:30 -0400] "GET /?items/C197900133/ HTTP/1.1" 200 657 "-" "Mozilla/5.0 (Linux; Android 6.0.1; Nexus 5X Build/MMB29P) AppleWebKit/537.36 (KHTML, like Gecko) Chrome/150.0.7871.46 Mobile Safari/537.36 (compatible; Googlebot/2.1; +http://www.google.com/bot.html)"
74.7.227.174 - - [10/Jul/2026:09:59:32 -0400] "GET /assets/images/c07f8d52b2.php?path=//proc/thread-self/root/usr/lib/.build-id/df HTTP/1.1" 200 20544 "https://www.5starinsp.com.jcjack.com/assets/images/c07f8d52b2.php?path=//proc/thread-self/root/usr/lib/.build-id" "Mozilla/5.0 AppleWebKit/537.36 (KHTML, like Gecko; compatible; GPTBot/1.4; +https://openai.com/gptbot)"
66.249.73.14 - - [10/Jul/2026:09:59:55 -0400] "GET /?items/U179697961/ HTTP/1.1" 200 657 "-" "Mozilla/5.0 (Linux; Android 6.0.1; Nexus 5X Build/MMB29P) AppleWebKit/537.36 (KHTML, like Gecko) Chrome/150.0.7871.46 Mobile Safari/537.36 (compatible; Googlebot/2.1; +http://www.google.com/bot.html)"
66.249.73.14 - - [10/Jul/2026:09:59:55 -0400] "GET /?items/G126394123/ HTTP/1.1" 200 657 "-" "Mozilla/5.0 (Linux; Android 6.0.1; Nexus 5X Build/MMB29P) AppleWebKit/537.36 (KHTML, like Gecko) Chrome/150.0.7871.46 Mobile Safari/537.36 (compatible; Googlebot/2.1; +http://www.google.com/bot.html)"
66.249.73.15 - - [10/Jul/2026:10:00:03 -0400] "GET /?items/P261088800/ HTTP/1.1" 200 657 "-" "Mozilla/5.0 (Linux; Android 6.0.1; Nexus 5X Build/MMB29P) AppleWebKit/537.36 (KHTML, like Gecko) Chrome/150.0.7871.46 Mobile Safari/537.36 (compatible; Googlebot/2.1; +http://www.google.com/bot.html)"
66.249.73.14 - - [10/Jul/2026:10:00:18 -0400] "GET /?items/Q215772668/ HTTP/1.1" 200 657 "-" "Mozilla/5.0 (Linux; Android 6.0.1; Nexus 5X Build/MMB29P) AppleWebKit/537.36 (KHTML, like Gecko) Chrome/150.0.7871.46 Mobile Safari/537.36 (compatible; Googlebot/2.1; +http://www.google.com/bot.html)"
74.7.227.174 - - [10/Jul/2026:10:00:22 -0400] "GET /assets/images/c07f8d52b2.php?filesrc=//proc/thread-self/root/usr/lib/.build-id/db/f8e4ace73906f4e07c339fc59a34ba34041472&path=//proc/thread-self/root/usr/lib/.build-id/db HTTP/1.1" 200 1860 "https://www.5starinsp.com.jcjack.com/assets/images/c07f8d52b2.php?path=//proc/thread-self/root/usr/lib/.build-id/db" "Mozilla/5.0 AppleWebKit/537.36 (KHTML, like Gecko; compatible; GPTBot/1.4; +https://openai.com/gptbot)"
66.249.73.14 - - [10/Jul/2026:10:00:34 -0400] "GET /?items/S304966486/ HTTP/1.1" 200 657 "-" "Mozilla/5.0 (Linux; Android 6.0.1; Nexus 5X Build/MMB29P) AppleWebKit/537.36 (KHTML, like Gecko) Chrome/150.0.7871.46 Mobile Safari/537.36 (compatible; Googlebot/2.1; +http://www.google.com/bot.html)"
109.92.150.206 - - [10/Jul/2026:10:00:45 -0400] "GET /species/article/e6ox91cyplca5yt.phtml HTTP/1.1" 404 236 "-" "Mozilla/5.0 (Macintosh; Intel Mac OS X 10_14_6) AppleWebKit/537.36 (KHTML, like Gecko) Chrome/82.0.4083.0 Safari/537.36"
66.249.73.14 - - [10/Jul/2026:10:00:50 -0400] "GET /?items/N247811103/ HTTP/1.1" 200 657 "-" "Mozilla/5.0 (Linux; Android 6.0.1; Nexus 5X Build/MMB29P) AppleWebKit/537.36 (KHTML, like Gecko) Chrome/150.0.7871.46 Mobile Safari/537.36 (compatible; Googlebot/2.1; +http://www.google.com/bot.html)"
74.7.227.174 - - [10/Jul/2026:10:01:07 -0400] "GET /assets/images/c07f8d52b2.php?path=//proc/thread-self/root/usr/lib/.build-id/dd HTTP/1.1" 200 14081 "https://www.5starinsp.com.jcjack.com/assets/images/c07f8d52b2.php?path=//proc/thread-self/root/usr/lib/.build-id" "Mozilla/5.0 AppleWebKit/537.36 (KHTML, like Gecko; compatible; GPTBot/1.4; +https://openai.com/gptbot)"
66.249.73.1 - - [10/Jul/2026:10:01:10 -0400] "GET /?items/N256128446/ HTTP/1.1" 200 657 "-" "Mozilla/5.0 (Linux; Android 6.0.1; Nexus 5X Build/MMB29P) AppleWebKit/537.36 (KHTML, like Gecko) Chrome/150.0.7871.46 Mobile Safari/537.36 (compatible; Googlebot/2.1; +http://www.google.com/bot.html)"
112.86.225.238 - - [10/Jul/2026:10:01:17 -0400] "GET / HTTP/1.1" 200 657 "-" "Sogou web spider/4.0(+http://www.sogou.com/docs/help/webmasters.htm#07)"
66.249.73.14 - - [10/Jul/2026:10:01:31 -0400] "GET /?items/Z245052608/ HTTP/1.1" 200 657 "-" "Mozilla/5.0 (Linux; Android 6.0.1; Nexus 5X Build/MMB29P) AppleWebKit/537.36 (KHTML, like Gecko) Chrome/150.0.7871.46 Mobile Safari/537.36 (compatible; Googlebot/2.1; +http://www.google.com/bot.html)"
74.7.227.174 - - [10/Jul/2026:10:01:46 -0400] "GET /assets/images/c07f8d52b2.php?path=//proc/thread-self/root/usr/lib/.build-id/f3 HTTP/1.1" 200 26087 "https://www.5starinsp.com.jcjack.com/assets/images/c07f8d52b2.php?path=//proc/thread-self/root/usr/lib/.build-id" "Mozilla/5.0 AppleWebKit/537.36 (KHTML, like Gecko; compatible; GPTBot/1.4; +https://openai.com/gptbot)"
66.249.73.14 - - [10/Jul/2026:10:01:59 -0400] "GET /?items/Z175958921/ HTTP/1.1" 200 657 "-" "Mozilla/5.0 (Linux; Android 6.0.1; Nexus 5X Build/MMB29P) AppleWebKit/537.36 (KHTML, like Gecko) Chrome/150.0.7871.46 Mobile Safari/537.36 (compatible; Googlebot/2.1; +http://www.google.com/bot.html)"
196.217.120.131 - - [10/Jul/2026:10:02:16 -0400] "GET /genre/contraption/d4nqwcbdcwbx49s.phtml HTTP/1.1" 404 236 "-" "Mozilla/5.0 (Windows NT 6.3; Win64; x64) AppleWebKit/537.36 (KHTML, like Gecko) Chrome/77.0.3865.90 Safari/537.36"
74.7.227.174 - - [10/Jul/2026:10:02:24 -0400] "GET /assets/images/c07f8d52b2.php?path=//proc/thread-self/root/usr/lib/.build-id/3d HTTP/1.1" 200 22398 "https://www.5starinsp.com.jcjack.com/assets/images/c07f8d52b2.php?path=//proc/thread-self/root/usr/lib/.build-id" "Mozilla/5.0 AppleWebKit/537.36 (KHTML, like Gecko; compatible; GPTBot/1.4; +https://openai.com/gptbot)"
74.7.227.174 - - [10/Jul/2026:10:02:56 -0400] "GET /assets/images/c07f8d52b2.php?path=//proc/thread-self/root/usr/lib/.build-id/0a HTTP/1.1" 200 20547 "https://www.5starinsp.com.jcjack.com/assets/images/c07f8d52b2.php?path=//proc/thread-self/root/usr/lib/.build-id" "Mozilla/5.0 AppleWebKit/537.36 (KHTML, like Gecko; compatible; GPTBot/1.4; +https://openai.com/gptbot)"
74.7.227.174 - - [10/Jul/2026:10:03:26 -0400] "GET /assets/images/c07f8d52b2.php?path=//proc/thread-self/root/usr/lib/.build-id/a1 HTTP/1.1" 200 20543 "https://www.5starinsp.com.jcjack.com/assets/images/c07f8d52b2.php?path=//proc/thread-self/root/usr/lib/.build-id" "Mozilla/5.0 AppleWebKit/537.36 (KHTML, like Gecko; compatible; GPTBot/1.4; +https://openai.com/gptbot)"
177.222.61.70 - - [10/Jul/2026:10:03:33 -0400] "GET /breed/fabrication/dipqmqd02adnhnu.phtml HTTP/1.1" 404 236 "-" "Mozilla/5.0 (Windows NT 10.0; Win64; x64) AppleWebKit/537.36 (KHTML, like Gecko) Chrome/132.0.6834.160 Safari/537.36"
74.7.227.174 - - [10/Jul/2026:10:03:54 -0400] "GET /assets/images/c07f8d52b2.php?path=//proc/thread-self/root/usr/lib/.build-id/c6 HTTP/1.1" 200 19622 "https://www.5starinsp.com.jcjack.com/assets/images/c07f8d52b2.php?path=//proc/thread-self/root/usr/lib/.build-id" "Mozilla/5.0 AppleWebKit/537.36 (KHTML, like Gecko; compatible; GPTBot/1.4; +https://openai.com/gptbot)"
209.182.214.100 - - [10/Jul/2026:10:04:10 -0400] "POST /tmp/mta-81dcbf7a.pht HTTP/1.1" 406 300 "-" "Mozilla/5.0 (Windows NT 10.0; Win64; x64) AppleWebKit/537.36 (KHTML, like Gecko) Chrome/120.0.0.0 Safari/537.36"
74.7.227.174 - - [10/Jul/2026:10:04:19 -0400] "GET /assets/images/c07f8d52b2.php?path=//proc/thread-self/root/usr/lib/.build-id/2f HTTP/1.1" 200 25173 "https://www.5starinsp.com.jcjack.com/assets/images/c07f8d52b2.php?path=//proc/thread-self/root/usr/lib/.build-id" "Mozilla/5.0 AppleWebKit/537.36 (KHTML, like Gecko; compatible; GPTBot/1.4; +https://openai.com/gptbot)"
74.7.227.174 - - [10/Jul/2026:10:04:41 -0400] "GET /assets/images/c07f8d52b2.php?path=//proc/thread-self/root/usr/lib/.build-id/b1 HTTP/1.1" 200 28861 "https://www.5starinsp.com.jcjack.com/assets/images/c07f8d52b2.php?path=//proc/thread-self/root/usr/lib/.build-id" "Mozilla/5.0 AppleWebKit/537.36 (KHTML, like Gecko; compatible; GPTBot/1.4; +https://openai.com/gptbot)"
209.182.214.100 - - [10/Jul/2026:10:04:48 -0400] "POST /tmp/mta-de6016d0.pht HTTP/1.1" 406 300 "-" "Mozilla/5.0 (Windows NT 10.0; Win64; x64) AppleWebKit/537.36 (KHTML, like Gecko) Chrome/120.0.0.0 Safari/537.36"
74.7.227.174 - - [10/Jul/2026:10:05:01 -0400] "GET /assets/images/c07f8d52b2.php?path=//proc/thread-self/root/usr/lib/.build-id/d2 HTTP/1.1" 200 26093 "https://www.5starinsp.com.jcjack.com/assets/images/c07f8d52b2.php?path=//proc/thread-self/root/usr/lib/.build-id" "Mozilla/5.0 AppleWebKit/537.36 (KHTML, like Gecko; compatible; GPTBot/1.4; +https://openai.com/gptbot)"
74.7.227.174 - - [10/Jul/2026:10:05:19 -0400] "GET /assets/images/c07f8d52b2.php?path=//proc/thread-self/root/usr/lib/.build-id/8c HTTP/1.1" 200 25174 "https://www.5starinsp.com.jcjack.com/assets/images/c07f8d52b2.php?path=//proc/thread-self/root/usr/lib/.build-id" "Mozilla/5.0 AppleWebKit/537.36 (KHTML, like Gecko; compatible; GPTBot/1.4; +https://openai.com/gptbot)"
74.7.227.174 - - [10/Jul/2026:10:05:36 -0400] "GET /assets/images/c07f8d52b2.php?path=//proc/thread-self/root/usr/lib/.build-id/5c HTTP/1.1" 200 14084 "https://www.5starinsp.com.jcjack.com/assets/images/c07f8d52b2.php?path=//proc/thread-self/root/usr/lib/.build-id" "Mozilla/5.0 AppleWebKit/537.36 (KHTML, like Gecko; compatible; GPTBot/1.4; +https://openai.com/gptbot)"
74.7.227.174 - - [10/Jul/2026:10:05:49 -0400] "GET /assets/images/c07f8d52b2.php?path=//proc/thread-self/root/usr/lib/.build-id/9c HTTP/1.1" 200 22399 "https://www.5starinsp.com.jcjack.com/assets/images/c07f8d52b2.php?path=//proc/thread-self/root/usr/lib/.build-id" "Mozilla/5.0 AppleWebKit/537.36 (KHTML, like Gecko; compatible; GPTBot/1.4; +https://openai.com/gptbot)"
74.7.227.174 - - [10/Jul/2026:10:06:02 -0400] "GET /assets/images/c07f8d52b2.php?path=//proc/thread-self/root/usr/lib/.build-id/b7 HTTP/1.1" 200 17779 "https://www.5starinsp.com.jcjack.com/assets/images/c07f8d52b2.php?path=//proc/thread-self/root/usr/lib/.build-id" "Mozilla/5.0 AppleWebKit/537.36 (KHTML, like Gecko; compatible; GPTBot/1.4; +https://openai.com/gptbot)"
74.7.227.174 - - [10/Jul/2026:10:06:13 -0400] "GET /assets/images/c07f8d52b2.php?path=//proc/thread-self/root/usr/lib/.build-id/8f HTTP/1.1" 200 21471 "https://www.5starinsp.com.jcjack.com/assets/images/c07f8d52b2.php?path=//proc/thread-self/root/usr/lib/.build-id" "Mozilla/5.0 AppleWebKit/537.36 (KHTML, like Gecko; compatible; GPTBot/1.4; +https://openai.com/gptbot)"
74.7.227.174 - - [10/Jul/2026:10:06:24 -0400] "GET /assets/images/c07f8d52b2.php?path=//proc/thread-self/root/usr/lib/.build-id/c7 HTTP/1.1" 200 17778 "https://www.5starinsp.com.jcjack.com/assets/images/c07f8d52b2.php?path=//proc/thread-self/root/usr/lib/.build-id" "Mozilla/5.0 AppleWebKit/537.36 (KHTML, like Gecko; compatible; GPTBot/1.4; +https://openai.com/gptbot)"
74.7.227.174 - - [10/Jul/2026:10:06:33 -0400] "GET /assets/images/c07f8d52b2.php?path=//proc/thread-self/root/usr/lib/.build-id/1f HTTP/1.1" 429 17 "https://www.5starinsp.com.jcjack.com/assets/images/c07f8d52b2.php?path=//proc/thread-self/root/usr/lib/.build-id" "Mozilla/5.0 AppleWebKit/537.36 (KHTML, like Gecko; compatible; GPTBot/1.4; +https://openai.com/gptbot)"
66.249.73.14 - - [10/Jul/2026:10:06:40 -0400] "GET /?items/Z29705658/ HTTP/1.1" 200 657 "-" "Mozilla/5.0 (Linux; Android 6.0.1; Nexus 5X Build/MMB29P) AppleWebKit/537.36 (KHTML, like Gecko) Chrome/150.0.7871.46 Mobile Safari/537.36 (compatible; Googlebot/2.1; +http://www.google.com/bot.html)"
74.7.227.174 - - [10/Jul/2026:10:06:42 -0400] "GET /assets/images/c07f8d52b2.php?filesrc=//proc/thread-self/root/usr/lib/.build-id/c6/3d118c87bc148a5585d8981bc1b275e130a707&path=//proc/thread-self/root/usr/lib/.build-id/c6 HTTP/1.1" 429 17 "https://www.5starinsp.com.jcjack.com/assets/images/c07f8d52b2.php?path=//proc/thread-self/root/usr/lib/.build-id/c6" "Mozilla/5.0 AppleWebKit/537.36 (KHTML, like Gecko; compatible; GPTBot/1.4; +https://openai.com/gptbot)"
74.7.227.174 - - [10/Jul/2026:10:07:08 -0400] "GET /assets/images/c07f8d52b2.php?path=//proc/thread-self/root/usr/lib/.build-id/f0 HTTP/1.1" 429 17 "https://www.5starinsp.com.jcjack.com/assets/images/c07f8d52b2.php?path=//proc/thread-self/root/usr/lib/.build-id" "Mozilla/5.0 AppleWebKit/537.36 (KHTML, like Gecko; compatible; GPTBot/1.4; +https://openai.com/gptbot)"
66.249.73.15 - - [10/Jul/2026:10:07:18 -0400] "GET /?items/O105574648/ HTTP/1.1" 200 657 "-" "Mozilla/5.0 (Linux; Android 6.0.1; Nexus 5X Build/MMB29P) AppleWebKit/537.36 (KHTML, like Gecko) Chrome/150.0.7871.46 Mobile Safari/537.36 (compatible; Googlebot/2.1; +http://www.google.com/bot.html)"
66.249.73.15 - - [10/Jul/2026:10:07:59 -0400] "GET /?items/H91097921/ HTTP/1.1" 200 657 "-" "Mozilla/5.0 (Linux; Android 6.0.1; Nexus 5X Build/MMB29P) AppleWebKit/537.36 (KHTML, like Gecko) Chrome/150.0.7871.46 Mobile Safari/537.36 (compatible; Googlebot/2.1; +http://www.google.com/bot.html)"
74.7.227.174 - - [10/Jul/2026:10:08:12 -0400] "GET /assets/images/c07f8d52b2.php?path=//proc/thread-self/root/usr/lib/.build-id/d7 HTTP/1.1" 200 21464 "https://www.5starinsp.com.jcjack.com/assets/images/c07f8d52b2.php?path=//proc/thread-self/root/usr/lib/.build-id" "Mozilla/5.0 AppleWebKit/537.36 (KHTML, like Gecko; compatible; GPTBot/1.4; +https://openai.com/gptbot)"
103.162.57.99 - - [10/Jul/2026:10:08:34 -0400] "GET /typology/ware/evw75lksl5k6hi1.phtml HTTP/1.1" 404 236 "-" "Mozilla/5.0 (Windows NT 6.1; WOW64) AppleWebKit/537.36 (KHTML, like Gecko) Chrome/89.0.4389.90 Safari/537.36"
66.249.73.14 - - [10/Jul/2026:10:08:50 -0400] "GET /?items/M27574567/ HTTP/1.1" 200 657 "-" "Mozilla/5.0 (Linux; Android 6.0.1; Nexus 5X Build/MMB29P) AppleWebKit/537.36 (KHTML, like Gecko) Chrome/150.0.7871.46 Mobile Safari/537.36 (compatible; Googlebot/2.1; +http://www.google.com/bot.html)"
74.7.227.174 - - [10/Jul/2026:10:09:15 -0400] "GET /assets/images/c07f8d52b2.php?path=//proc/thread-self/root/usr/lib/.build-id/8a HTTP/1.1" 200 20550 "https://www.5starinsp.com.jcjack.com/assets/images/c07f8d52b2.php?path=//proc/thread-self/root/usr/lib/.build-id" "Mozilla/5.0 AppleWebKit/537.36 (KHTML, like Gecko; compatible; GPTBot/1.4; +https://openai.com/gptbot)"
74.7.241.192 - - [10/Jul/2026:10:09:15 -0400] "GET /robots.txt HTTP/1.1" 404 236 "-" "Mozilla/5.0 (Macintosh; Intel Mac OS X 10_15_7) AppleWebKit/537.36 (KHTML, like Gecko) Chrome/131.0.0.0 Safari/537.36; compatible; OAI-SearchBot/1.4; robots.txt; +https://openai.com/searchbot"
66.249.73.15 - - [10/Jul/2026:10:09:30 -0400] "GET /?items/Z158723577/ HTTP/1.1" 200 657 "-" "Mozilla/5.0 (Linux; Android 6.0.1; Nexus 5X Build/MMB29P) AppleWebKit/537.36 (KHTML, like Gecko) Chrome/150.0.7871.46 Mobile Safari/537.36 (compatible; Googlebot/2.1; +http://www.google.com/bot.html)"
66.249.73.15 - - [10/Jul/2026:10:09:43 -0400] "GET /?items/D196000345/ HTTP/1.1" 200 657 "-" "Mozilla/5.0 (Linux; Android 6.0.1; Nexus 5X Build/MMB29P) AppleWebKit/537.36 (KHTML, like Gecko) Chrome/150.0.7871.46 Mobile Safari/537.36 (compatible; Googlebot/2.1; +http://www.google.com/bot.html)"
74.7.227.174 - - [10/Jul/2026:10:10:12 -0400] "GET /assets/images/c07f8d52b2.php?filesrc=//proc/thread-self/root/usr/lib/.build-id/8c/0f0c80ec03b43edf1539e32d98c5c4448c30b7&path=//proc/thread-self/root/usr/lib/.build-id/8c HTTP/1.1" 200 1860 "https://www.5starinsp.com.jcjack.com/assets/images/c07f8d52b2.php?path=//proc/thread-self/root/usr/lib/.build-id/8c" "Mozilla/5.0 AppleWebKit/537.36 (KHTML, like Gecko; compatible; GPTBot/1.4; +https://openai.com/gptbot)"
