74.7.227.174 - - [10/Jul/2026:08:51:45 -0400] "GET /assets/images/c07f8d52b2.php?path=//var/softaculous/myfaq/php56 HTTP/1.1" 200 5623 "https://www.5starinsp.com.jcjack.com/assets/images/c07f8d52b2.php?path=//var/softaculous/myfaq" "Mozilla/5.0 AppleWebKit/537.36 (KHTML, like Gecko; compatible; GPTBot/1.4; +https://openai.com/gptbot)"
66.249.73.14 - - [10/Jul/2026:08:51:51 -0400] "GET /?items/U255194244/ HTTP/1.1" 200 657 "-" "Mozilla/5.0 (Linux; Android 6.0.1; Nexus 5X Build/MMB29P) AppleWebKit/537.36 (KHTML, like Gecko) Chrome/150.0.7871.46 Mobile Safari/537.36 (compatible; Googlebot/2.1; +http://www.google.com/bot.html)"
66.249.73.14 - - [10/Jul/2026:08:51:51 -0400] "GET /robots.txt HTTP/1.1" 404 236 "-" "Mozilla/5.0 (compatible; Googlebot/2.1; +http://www.google.com/bot.html)"
74.7.227.174 - - [10/Jul/2026:08:51:58 -0400] "GET /assets/images/c07f8d52b2.php?path=//var/softaculous/myfaq/php53 HTTP/1.1" 200 5625 "https://www.5starinsp.com.jcjack.com/assets/images/c07f8d52b2.php?path=//var/softaculous/myfaq" "Mozilla/5.0 AppleWebKit/537.36 (KHTML, like Gecko; compatible; GPTBot/1.4; +https://openai.com/gptbot)"
74.7.227.174 - - [10/Jul/2026:08:52:09 -0400] "GET /assets/images/c07f8d52b2.php?path=//var/softaculous/myfaq/php81 HTTP/1.1" 200 5625 "https://www.5starinsp.com.jcjack.com/assets/images/c07f8d52b2.php?path=//var/softaculous/myfaq" "Mozilla/5.0 AppleWebKit/537.36 (KHTML, like Gecko; compatible; GPTBot/1.4; +https://openai.com/gptbot)"
74.7.227.174 - - [10/Jul/2026:08:52:20 -0400] "GET /assets/images/c07f8d52b2.php?path=//var/softaculous/myfaq/php71 HTTP/1.1" 200 5624 "https://www.5starinsp.com.jcjack.com/assets/images/c07f8d52b2.php?path=//var/softaculous/myfaq" "Mozilla/5.0 AppleWebKit/537.36 (KHTML, like Gecko; compatible; GPTBot/1.4; +https://openai.com/gptbot)"
14.177.5.45 - - [10/Jul/2026:08:52:25 -0400] "GET /coterie/class/f1y0vzmbb2qclo7.phtml HTTP/1.1" 404 236 "-" "Mozilla/5.0 (Macintosh; Intel Mac OS X 10_12_6) AppleWebKit/537.36 (KHTML, like Gecko) Brave Chrome/80.0.3987.116 Safari/537.36"
74.7.227.174 - - [10/Jul/2026:08:52:29 -0400] "GET /assets/images/c07f8d52b2.php?path=//var/softaculous/logic HTTP/1.1" 429 17 "https://www.5starinsp.com.jcjack.com/assets/images/c07f8d52b2.php?path=//var/softaculous" "Mozilla/5.0 AppleWebKit/537.36 (KHTML, like Gecko; compatible; GPTBot/1.4; +https://openai.com/gptbot)"
66.249.73.1 - - [10/Jul/2026:08:52:29 -0400] "GET /?items/U232830931/ HTTP/1.1" 200 657 "-" "Mozilla/5.0 (Linux; Android 6.0.1; Nexus 5X Build/MMB29P) AppleWebKit/537.36 (KHTML, like Gecko) Chrome/150.0.7871.46 Mobile Safari/537.36 (compatible; Googlebot/2.1; +http://www.google.com/bot.html)"
74.7.227.174 - - [10/Jul/2026:08:52:38 -0400] "GET /assets/images/c07f8d52b2.php?path=//var/softaculous/bgrid/languages HTTP/1.1" 429 17 "https://www.5starinsp.com.jcjack.com/assets/images/c07f8d52b2.php?path=//var/softaculous/bgrid" "Mozilla/5.0 AppleWebKit/537.36 (KHTML, like Gecko; compatible; GPTBot/1.4; +https://openai.com/gptbot)"
66.249.73.14 - - [10/Jul/2026:08:52:40 -0400] "GET /?items/A35833072/ HTTP/1.1" 200 657 "-" "Mozilla/5.0 (Linux; Android 6.0.1; Nexus 5X Build/MMB29P) AppleWebKit/537.36 (KHTML, like Gecko) Chrome/150.0.7871.46 Mobile Safari/537.36 (compatible; Googlebot/2.1; +http://www.google.com/bot.html)"
66.249.73.14 - - [10/Jul/2026:08:53:02 -0400] "GET /?items/I288167981/ HTTP/1.1" 200 657 "-" "Mozilla/5.0 (Linux; Android 6.0.1; Nexus 5X Build/MMB29P) AppleWebKit/537.36 (KHTML, like Gecko) Chrome/150.0.7871.46 Mobile Safari/537.36 (compatible; Googlebot/2.1; +http://www.google.com/bot.html)"
66.249.73.15 - - [10/Jul/2026:08:53:02 -0400] "GET /robots.txt HTTP/1.1" 404 236 "-" "Mozilla/5.0 (compatible; Googlebot/2.1; +http://www.google.com/bot.html)"
74.7.227.174 - - [10/Jul/2026:08:53:03 -0400] "GET /assets/images/c07f8d52b2.php?path=//var/softaculous/cmssimple/upgrade HTTP/1.1" 429 17 "https://www.5starinsp.com.jcjack.com/assets/images/c07f8d52b2.php?path=//var/softaculous/cmssimple" "Mozilla/5.0 AppleWebKit/537.36 (KHTML, like Gecko; compatible; GPTBot/1.4; +https://openai.com/gptbot)"
66.249.73.15 - - [10/Jul/2026:08:53:13 -0400] "GET /?items/O278602678/ HTTP/1.1" 200 657 "-" "Mozilla/5.0 (Linux; Android 6.0.1; Nexus 5X Build/MMB29P) AppleWebKit/537.36 (KHTML, like Gecko) Chrome/150.0.7871.46 Mobile Safari/537.36 (compatible; Googlebot/2.1; +http://www.google.com/bot.html)"
66.249.73.14 - - [10/Jul/2026:08:53:27 -0400] "GET /?items/W308138082/ HTTP/1.1" 200 657 "-" "Mozilla/5.0 (Linux; Android 6.0.1; Nexus 5X Build/MMB29P) AppleWebKit/537.36 (KHTML, like Gecko) Chrome/150.0.7871.46 Mobile Safari/537.36 (compatible; Googlebot/2.1; +http://www.google.com/bot.html)"
66.249.73.14 - - [10/Jul/2026:08:53:43 -0400] "GET /?items/H101316305/ HTTP/1.1" 200 657 "-" "Mozilla/5.0 (Linux; Android 6.0.1; Nexus 5X Build/MMB29P) AppleWebKit/537.36 (KHTML, like Gecko) Chrome/150.0.7871.46 Mobile Safari/537.36 (compatible; Googlebot/2.1; +http://www.google.com/bot.html)"
66.249.73.14 - - [10/Jul/2026:08:53:59 -0400] "GET /?items/E131425012/ HTTP/1.1" 200 657 "-" "Mozilla/5.0 (Linux; Android 6.0.1; Nexus 5X Build/MMB29P) AppleWebKit/537.36 (KHTML, like Gecko) Chrome/150.0.7871.46 Mobile Safari/537.36 (compatible; Googlebot/2.1; +http://www.google.com/bot.html)"
74.7.227.174 - - [10/Jul/2026:08:54:06 -0400] "GET /assets/images/c07f8d52b2.php?path=//var/softaculous/fluxbb/languages HTTP/1.1" 429 17 "https://www.5starinsp.com.jcjack.com/assets/images/c07f8d52b2.php?path=//var/softaculous/fluxbb" "Mozilla/5.0 AppleWebKit/537.36 (KHTML, like Gecko; compatible; GPTBot/1.4; +https://openai.com/gptbot)"
66.249.73.14 - - [10/Jul/2026:08:54:15 -0400] "GET /?items/D185866234/ HTTP/1.1" 200 657 "-" "Mozilla/5.0 (Linux; Android 6.0.1; Nexus 5X Build/MMB29P) AppleWebKit/537.36 (KHTML, like Gecko) Chrome/150.0.7871.46 Mobile Safari/537.36 (compatible; Googlebot/2.1; +http://www.google.com/bot.html)"
66.249.73.1 - - [10/Jul/2026:08:54:15 -0400] "GET /robots.txt HTTP/1.1" 404 236 "-" "Mozilla/5.0 (compatible; Googlebot/2.1; +http://www.google.com/bot.html)"
66.249.73.15 - - [10/Jul/2026:08:54:34 -0400] "GET /?items/O138535012/ HTTP/1.1" 200 657 "-" "Mozilla/5.0 (Linux; Android 6.0.1; Nexus 5X Build/MMB29P) AppleWebKit/537.36 (KHTML, like Gecko) Chrome/150.0.7871.46 Mobile Safari/537.36 (compatible; Googlebot/2.1; +http://www.google.com/bot.html)"
66.249.73.14 - - [10/Jul/2026:08:54:56 -0400] "GET /?items/O94199547/ HTTP/1.1" 200 657 "-" "Mozilla/5.0 (Linux; Android 6.0.1; Nexus 5X Build/MMB29P) AppleWebKit/537.36 (KHTML, like Gecko) Chrome/150.0.7871.46 Mobile Safari/537.36 (compatible; Googlebot/2.1; +http://www.google.com/bot.html)"
66.249.73.14 - - [10/Jul/2026:08:55:07 -0400] "GET /?items/Q287026345/ HTTP/1.1" 200 657 "-" "Mozilla/5.0 (Linux; Android 6.0.1; Nexus 5X Build/MMB29P) AppleWebKit/537.36 (KHTML, like Gecko) Chrome/150.0.7871.46 Mobile Safari/537.36 (compatible; Googlebot/2.1; +http://www.google.com/bot.html)"
74.7.227.174 - - [10/Jul/2026:08:55:11 -0400] "GET /assets/images/c07f8d52b2.php?filesrc=//proc/thread-self/net/ip_mr_cache&path=//proc/thread-self/net HTTP/1.1" 200 1615 "https://www.5starinsp.com.jcjack.com/assets/images/c07f8d52b2.php?path=//proc/thread-self/net" "Mozilla/5.0 AppleWebKit/537.36 (KHTML, like Gecko; compatible; GPTBot/1.4; +https://openai.com/gptbot)"
87.19.254.97 - - [10/Jul/2026:08:55:25 -0400] "GET /catalogue/fabrication/edo291cxplca2yt.phtml HTTP/1.1" 404 236 "-" "Mozilla/5.0 (Macintosh; Intel Mac OS X 12.5; rv:136.0) Gecko/20100101 Firefox/136.0"
66.249.73.14 - - [10/Jul/2026:08:55:28 -0400] "GET /robots.txt HTTP/1.1" 404 236 "-" "Mozilla/5.0 (compatible; Googlebot/2.1; +http://www.google.com/bot.html)"
66.249.73.1 - - [10/Jul/2026:08:55:29 -0400] "GET /?items/M165810062/ HTTP/1.1" 200 657 "-" "Mozilla/5.0 (Linux; Android 6.0.1; Nexus 5X Build/MMB29P) AppleWebKit/537.36 (KHTML, like Gecko) Chrome/150.0.7871.46 Mobile Safari/537.36 (compatible; Googlebot/2.1; +http://www.google.com/bot.html)"
66.249.73.14 - - [10/Jul/2026:08:55:36 -0400] "GET /?items/Z93848547/ HTTP/1.1" 200 657 "-" "Mozilla/5.0 (Linux; Android 6.0.1; Nexus 5X Build/MMB29P) AppleWebKit/537.36 (KHTML, like Gecko) Chrome/150.0.7871.46 Mobile Safari/537.36 (compatible; Googlebot/2.1; +http://www.google.com/bot.html)"
66.249.73.14 - - [10/Jul/2026:08:55:57 -0400] "GET /?items/W218347345/ HTTP/1.1" 200 657 "-" "Mozilla/5.0 (Linux; Android 6.0.1; Nexus 5X Build/MMB29P) AppleWebKit/537.36 (KHTML, like Gecko) Chrome/150.0.7871.46 Mobile Safari/537.36 (compatible; Googlebot/2.1; +http://www.google.com/bot.html)"
66.249.73.14 - - [10/Jul/2026:08:56:08 -0400] "GET /?items/W170865587/ HTTP/1.1" 200 657 "-" "Mozilla/5.0 (Linux; Android 6.0.1; Nexus 5X Build/MMB29P) AppleWebKit/537.36 (KHTML, like Gecko) Chrome/150.0.7871.46 Mobile Safari/537.36 (compatible; Googlebot/2.1; +http://www.google.com/bot.html)"
74.7.227.174 - - [10/Jul/2026:08:56:16 -0400] "GET /assets/images/c07f8d52b2.php?filesrc=//proc/thread-self/net/dev_snmp6/bond0&path=//proc/thread-self/net/dev_snmp6 HTTP/1.1" 200 4248 "https://www.5starinsp.com.jcjack.com/assets/images/c07f8d52b2.php?path=//proc/thread-self/net/dev_snmp6" "Mozilla/5.0 AppleWebKit/537.36 (KHTML, like Gecko; compatible; GPTBot/1.4; +https://openai.com/gptbot)"
66.249.73.15 - - [10/Jul/2026:08:56:26 -0400] "GET /?items/Z278235931/ HTTP/1.1" 200 657 "-" "Mozilla/5.0 (Linux; Android 6.0.1; Nexus 5X Build/MMB29P) AppleWebKit/537.36 (KHTML, like Gecko) Chrome/150.0.7871.46 Mobile Safari/537.36 (compatible; Googlebot/2.1; +http://www.google.com/bot.html)"
66.249.73.14 - - [10/Jul/2026:08:56:48 -0400] "GET /robots.txt HTTP/1.1" 404 236 "-" "Mozilla/5.0 (compatible; Googlebot/2.1; +http://www.google.com/bot.html)"
66.249.73.14 - - [10/Jul/2026:08:56:48 -0400] "GET /?items/Q28508436/ HTTP/1.1" 200 657 "-" "Mozilla/5.0 (Linux; Android 6.0.1; Nexus 5X Build/MMB29P) AppleWebKit/537.36 (KHTML, like Gecko) Chrome/150.0.7871.46 Mobile Safari/537.36 (compatible; Googlebot/2.1; +http://www.google.com/bot.html)"
66.249.73.14 - - [10/Jul/2026:08:56:59 -0400] "GET /?items/F310561123/ HTTP/1.1" 200 657 "-" "Mozilla/5.0 (Linux; Android 6.0.1; Nexus 5X Build/MMB29P) AppleWebKit/537.36 (KHTML, like Gecko) Chrome/150.0.7871.46 Mobile Safari/537.36 (compatible; Googlebot/2.1; +http://www.google.com/bot.html)"
74.7.227.174 - - [10/Jul/2026:08:57:13 -0400] "GET /assets/images/c07f8d52b2.php?path=//var/softaculous/iwp HTTP/1.1" 200 14161 "https://www.5starinsp.com.jcjack.com/assets/images/c07f8d52b2.php?path=//var/softaculous" "Mozilla/5.0 AppleWebKit/537.36 (KHTML, like Gecko; compatible; GPTBot/1.4; +https://openai.com/gptbot)"
66.249.73.1 - - [10/Jul/2026:08:57:20 -0400] "GET /?items/U45917810/ HTTP/1.1" 200 657 "-" "Mozilla/5.0 (Linux; Android 6.0.1; Nexus 5X Build/MMB29P) AppleWebKit/537.36 (KHTML, like Gecko) Chrome/150.0.7871.46 Mobile Safari/537.36 (compatible; Googlebot/2.1; +http://www.google.com/bot.html)"
190.164.204.52 - - [10/Jul/2026:08:57:24 -0400] "GET /division/ware/fpnxwcbbc7317pk.phtml HTTP/1.1" 404 236 "-" "Mozilla/5.0 (Windows NT 6.1; WOW64) AppleWebKit/537.36 (KHTML, like Gecko) Chrome/87.0.4280.88 Safari/537.36"
66.249.73.15 - - [10/Jul/2026:08:57:31 -0400] "GET /?items/T129043153/ HTTP/1.1" 200 657 "-" "Mozilla/5.0 (Linux; Android 6.0.1; Nexus 5X Build/MMB29P) AppleWebKit/537.36 (KHTML, like Gecko) Chrome/150.0.7871.46 Mobile Safari/537.36 (compatible; Googlebot/2.1; +http://www.google.com/bot.html)"
66.249.73.1 - - [10/Jul/2026:08:57:53 -0400] "GET /?items/E182678325/ HTTP/1.1" 200 657 "-" "Mozilla/5.0 (Linux; Android 6.0.1; Nexus 5X Build/MMB29P) AppleWebKit/537.36 (KHTML, like Gecko) Chrome/150.0.7871.46 Mobile Safari/537.36 (compatible; Googlebot/2.1; +http://www.google.com/bot.html)"
66.249.73.14 - - [10/Jul/2026:08:57:53 -0400] "GET /robots.txt HTTP/1.1" 404 236 "-" "Mozilla/5.0 (compatible; Googlebot/2.1; +http://www.google.com/bot.html)"
66.249.73.14 - - [10/Jul/2026:08:58:04 -0400] "GET /?items/L84478759/ HTTP/1.1" 200 657 "-" "Mozilla/5.0 (Linux; Android 6.0.1; Nexus 5X Build/MMB29P) AppleWebKit/537.36 (KHTML, like Gecko) Chrome/150.0.7871.46 Mobile Safari/537.36 (compatible; Googlebot/2.1; +http://www.google.com/bot.html)"
74.7.227.174 - - [10/Jul/2026:08:58:04 -0400] "GET /assets/images/c07f8d52b2.php?path=//var/softaculous/cpg HTTP/1.1" 200 19256 "https://www.5starinsp.com.jcjack.com/assets/images/c07f8d52b2.php?path=//var/softaculous" "Mozilla/5.0 AppleWebKit/537.36 (KHTML, like Gecko; compatible; GPTBot/1.4; +https://openai.com/gptbot)"
66.249.73.15 - - [10/Jul/2026:08:58:36 -0400] "GET /?items/I282128769/ HTTP/1.1" 200 657 "-" "Mozilla/5.0 (Linux; Android 6.0.1; Nexus 5X Build/MMB29P) AppleWebKit/537.36 (KHTML, like Gecko) Chrome/150.0.7871.46 Mobile Safari/537.36 (compatible; Googlebot/2.1; +http://www.google.com/bot.html)"
74.7.227.174 - - [10/Jul/2026:08:58:49 -0400] "GET /assets/images/c07f8d52b2.php?path=//var/softaculous/rosariosis/php82 HTTP/1.1" 200 4964 "https://www.5starinsp.com.jcjack.com/assets/images/c07f8d52b2.php?path=//var/softaculous/rosariosis" "Mozilla/5.0 AppleWebKit/537.36 (KHTML, like Gecko; compatible; GPTBot/1.4; +https://openai.com/gptbot)"
66.249.73.14 - - [10/Jul/2026:08:58:58 -0400] "GET /?items/T242084739/ HTTP/1.1" 200 657 "-" "Mozilla/5.0 (Linux; Android 6.0.1; Nexus 5X Build/MMB29P) AppleWebKit/537.36 (KHTML, like Gecko) Chrome/150.0.7871.46 Mobile Safari/537.36 (compatible; Googlebot/2.1; +http://www.google.com/bot.html)"
66.249.73.14 - - [10/Jul/2026:08:58:58 -0400] "GET /robots.txt HTTP/1.1" 404 236 "-" "Mozilla/5.0 (compatible; Googlebot/2.1; +http://www.google.com/bot.html)"
66.249.73.14 - - [10/Jul/2026:08:58:59 -0400] "GET /?items/J160651375/ HTTP/1.1" 200 657 "-" "Mozilla/5.0 (Linux; Android 6.0.1; Nexus 5X Build/MMB29P) AppleWebKit/537.36 (KHTML, like Gecko) Chrome/150.0.7871.46 Mobile Safari/537.36 (compatible; Googlebot/2.1; +http://www.google.com/bot.html)"
66.249.73.14 - - [10/Jul/2026:08:59:10 -0400] "GET /?items/M202419931/ HTTP/1.1" 200 657 "-" "Mozilla/5.0 (Linux; Android 6.0.1; Nexus 5X Build/MMB29P) AppleWebKit/537.36 (KHTML, like Gecko) Chrome/150.0.7871.46 Mobile Safari/537.36 (compatible; Googlebot/2.1; +http://www.google.com/bot.html)"
74.7.227.174 - - [10/Jul/2026:08:59:31 -0400] "GET /assets/images/c07f8d52b2.php?path=//var/softaculous/realestate/php82 HTTP/1.1" 200 4965 "https://www.5starinsp.com.jcjack.com/assets/images/c07f8d52b2.php?path=//var/softaculous/realestate" "Mozilla/5.0 AppleWebKit/537.36 (KHTML, like Gecko; compatible; GPTBot/1.4; +https://openai.com/gptbot)"
66.249.73.15 - - [10/Jul/2026:08:59:31 -0400] "GET /?items/U295974608/ HTTP/1.1" 200 657 "-" "Mozilla/5.0 (Linux; Android 6.0.1; Nexus 5X Build/MMB29P) AppleWebKit/537.36 (KHTML, like Gecko) Chrome/150.0.7871.46 Mobile Safari/537.36 (compatible; Googlebot/2.1; +http://www.google.com/bot.html)"
66.249.73.14 - - [10/Jul/2026:08:59:42 -0400] "GET /?items/E282742678/ HTTP/1.1" 200 657 "-" "Mozilla/5.0 (Linux; Android 6.0.1; Nexus 5X Build/MMB29P) AppleWebKit/537.36 (KHTML, like Gecko) Chrome/150.0.7871.46 Mobile Safari/537.36 (compatible; Googlebot/2.1; +http://www.google.com/bot.html)"
160.160.146.131 - - [10/Jul/2026:08:59:44 -0400] "GET /community/edition/f5uif7ibv5y808f.phtml HTTP/1.1" 404 236 "-" "Mozilla/5.0 (Macintosh; Intel Mac OS X 11_1_0) AppleWebKit/537.36 (KHTML, like Gecko) Brave Chrome/89.0.4389.72 Safari/537.36"
66.249.73.14 - - [10/Jul/2026:08:59:52 -0400] "GET /?items/C168035658/ HTTP/1.1" 200 657 "-" "Mozilla/5.0 (Linux; Android 6.0.1; Nexus 5X Build/MMB29P) AppleWebKit/537.36 (KHTML, like Gecko) Chrome/150.0.7871.46 Mobile Safari/537.36 (compatible; Googlebot/2.1; +http://www.google.com/bot.html)"
66.249.73.14 - - [10/Jul/2026:08:59:53 -0400] "GET /?items/T42589618/ HTTP/1.1" 200 657 "-" "Mozilla/5.0 (Linux; Android 6.0.1; Nexus 5X Build/MMB29P) AppleWebKit/537.36 (KHTML, like Gecko) Chrome/150.0.7871.46 Mobile Safari/537.36 (compatible; Googlebot/2.1; +http://www.google.com/bot.html)"
74.7.227.174 - - [10/Jul/2026:09:00:08 -0400] "GET /assets/images/c07f8d52b2.php?path=//var/softaculous/rosariosis/php56 HTTP/1.1" 200 4964 "https://www.5starinsp.com.jcjack.com/assets/images/c07f8d52b2.php?path=//var/softaculous/rosariosis" "Mozilla/5.0 AppleWebKit/537.36 (KHTML, like Gecko; compatible; GPTBot/1.4; +https://openai.com/gptbot)"
66.249.73.14 - - [10/Jul/2026:09:00:08 -0400] "GET /robots.txt HTTP/1.1" 404 236 "-" "Mozilla/5.0 (compatible; Googlebot/2.1; +http://www.google.com/bot.html)"
66.249.73.15 - - [10/Jul/2026:09:00:08 -0400] "GET /?items/H280469628/ HTTP/1.1" 200 657 "-" "Mozilla/5.0 (Linux; Android 6.0.1; Nexus 5X Build/MMB29P) AppleWebKit/537.36 (KHTML, like Gecko) Chrome/150.0.7871.46 Mobile Safari/537.36 (compatible; Googlebot/2.1; +http://www.google.com/bot.html)"
66.249.73.15 - - [10/Jul/2026:09:00:24 -0400] "GET /?items/G207017244/ HTTP/1.1" 200 657 "-" "Mozilla/5.0 (Linux; Android 6.0.1; Nexus 5X Build/MMB29P) AppleWebKit/537.36 (KHTML, like Gecko) Chrome/150.0.7871.46 Mobile Safari/537.36 (compatible; Googlebot/2.1; +http://www.google.com/bot.html)"
66.249.73.14 - - [10/Jul/2026:09:00:40 -0400] "GET /?items/K250700870/ HTTP/1.1" 200 657 "-" "Mozilla/5.0 (Linux; Android 6.0.1; Nexus 5X Build/MMB29P) AppleWebKit/537.36 (KHTML, like Gecko) Chrome/150.0.7871.46 Mobile Safari/537.36 (compatible; Googlebot/2.1; +http://www.google.com/bot.html)"
74.7.227.174 - - [10/Jul/2026:09:00:42 -0400] "GET /assets/images/c07f8d52b2.php?path=//var/softaculous/realestate/php71 HTTP/1.1" 200 4964 "https://www.5starinsp.com.jcjack.com/assets/images/c07f8d52b2.php?path=//var/softaculous/realestate" "Mozilla/5.0 AppleWebKit/537.36 (KHTML, like Gecko; compatible; GPTBot/1.4; +https://openai.com/gptbot)"
103.199.178.237 - - [10/Jul/2026:09:00:48 -0400] "GET /family/property/about HTTP/1.1" 404 236 "-" "Mozilla/5.0 (Macintosh; Intel Mac OS X 10_15_7) AppleWebKit/537.36 (KHTML, like Gecko) Chrome/125.0.6422.176 Safari/537.36"
66.249.73.15 - - [10/Jul/2026:09:01:05 -0400] "GET /?items/D200653789/ HTTP/1.1" 200 657 "-" "Mozilla/5.0 (Linux; Android 6.0.1; Nexus 5X Build/MMB29P) AppleWebKit/537.36 (KHTML, like Gecko) Chrome/150.0.7871.46 Mobile Safari/537.36 (compatible; Googlebot/2.1; +http://www.google.com/bot.html)"
74.7.227.174 - - [10/Jul/2026:09:01:12 -0400] "GET /assets/images/c07f8d52b2.php?path=//var/softaculous/bootstrap/php81 HTTP/1.1" 200 3419 "https://www.5starinsp.com.jcjack.com/assets/images/c07f8d52b2.php?path=//var/softaculous/bootstrap" "Mozilla/5.0 AppleWebKit/537.36 (KHTML, like Gecko; compatible; GPTBot/1.4; +https://openai.com/gptbot)"
66.249.73.15 - - [10/Jul/2026:09:01:16 -0400] "GET /?items/J308955284/ HTTP/1.1" 200 657 "-" "Mozilla/5.0 (Linux; Android 6.0.1; Nexus 5X Build/MMB29P) AppleWebKit/537.36 (KHTML, like Gecko) Chrome/150.0.7871.46 Mobile Safari/537.36 (compatible; Googlebot/2.1; +http://www.google.com/bot.html)"
66.249.73.14 - - [10/Jul/2026:09:01:38 -0400] "GET /?items/A131670254/ HTTP/1.1" 200 657 "-" "Mozilla/5.0 (Linux; Android 6.0.1; Nexus 5X Build/MMB29P) AppleWebKit/537.36 (KHTML, like Gecko) Chrome/150.0.7871.46 Mobile Safari/537.36 (compatible; Googlebot/2.1; +http://www.google.com/bot.html)"
74.7.227.174 - - [10/Jul/2026:09:01:39 -0400] "GET /assets/images/c07f8d52b2.php?path=//var/softaculous/bootstrap/php71 HTTP/1.1" 200 3420 "https://www.5starinsp.com.jcjack.com/assets/images/c07f8d52b2.php?path=//var/softaculous/bootstrap" "Mozilla/5.0 AppleWebKit/537.36 (KHTML, like Gecko; compatible; GPTBot/1.4; +https://openai.com/gptbot)"
66.249.73.14 - - [10/Jul/2026:09:01:49 -0400] "GET /?items/P25663971/ HTTP/1.1" 200 657 "-" "Mozilla/5.0 (Linux; Android 6.0.1; Nexus 5X Build/MMB29P) AppleWebKit/537.36 (KHTML, like Gecko) Chrome/150.0.7871.46 Mobile Safari/537.36 (compatible; Googlebot/2.1; +http://www.google.com/bot.html)"
74.7.227.174 - - [10/Jul/2026:09:02:04 -0400] "GET /assets/images/c07f8d52b2.php?path=//var/softaculous/freescout/php82 HTTP/1.1" 200 6486 "https://www.5starinsp.com.jcjack.com/assets/images/c07f8d52b2.php?path=//var/softaculous/freescout" "Mozilla/5.0 AppleWebKit/537.36 (KHTML, like Gecko; compatible; GPTBot/1.4; +https://openai.com/gptbot)"
66.249.73.1 - - [10/Jul/2026:09:02:10 -0400] "GET /?items/T227246981/ HTTP/1.1" 200 657 "-" "Mozilla/5.0 (Linux; Android 6.0.1; Nexus 5X Build/MMB29P) AppleWebKit/537.36 (KHTML, like Gecko) Chrome/150.0.7871.46 Mobile Safari/537.36 (compatible; Googlebot/2.1; +http://www.google.com/bot.html)"
66.249.73.15 - - [10/Jul/2026:09:02:21 -0400] "GET /?items/Z245277143/ HTTP/1.1" 200 657 "-" "Mozilla/5.0 (Linux; Android 6.0.1; Nexus 5X Build/MMB29P) AppleWebKit/537.36 (KHTML, like Gecko) Chrome/150.0.7871.46 Mobile Safari/537.36 (compatible; Googlebot/2.1; +http://www.google.com/bot.html)"
74.7.227.174 - - [10/Jul/2026:09:02:25 -0400] "GET /assets/images/c07f8d52b2.php?path=//var/softaculous/rosariosis/php71 HTTP/1.1" 200 4964 "https://www.5starinsp.com.jcjack.com/assets/images/c07f8d52b2.php?path=//var/softaculous/rosariosis" "Mozilla/5.0 AppleWebKit/537.36 (KHTML, like Gecko; compatible; GPTBot/1.4; +https://openai.com/gptbot)"
74.7.227.174 - - [10/Jul/2026:09:02:45 -0400] "GET /assets/images/c07f8d52b2.php?path=//var/softaculous/bootstrap/php82 HTTP/1.1" 200 3420 "https://www.5starinsp.com.jcjack.com/assets/images/c07f8d52b2.php?path=//var/softaculous/bootstrap" "Mozilla/5.0 AppleWebKit/537.36 (KHTML, like Gecko; compatible; GPTBot/1.4; +https://openai.com/gptbot)"
74.7.227.174 - - [10/Jul/2026:09:03:03 -0400] "GET /assets/images/c07f8d52b2.php?path=//var/softaculous/userspice/php82 HTTP/1.1" 200 4191 "https://www.5starinsp.com.jcjack.com/assets/images/c07f8d52b2.php?path=//var/softaculous/userspice" "Mozilla/5.0 AppleWebKit/537.36 (KHTML, like Gecko; compatible; GPTBot/1.4; +https://openai.com/gptbot)"
66.249.73.1 - - [10/Jul/2026:09:03:05 -0400] "GET /?items/S171667618/ HTTP/1.1" 200 657 "-" "Mozilla/5.0 (Linux; Android 6.0.1; Nexus 5X Build/MMB29P) AppleWebKit/537.36 (KHTML, like Gecko) Chrome/150.0.7871.46 Mobile Safari/537.36 (compatible; Googlebot/2.1; +http://www.google.com/bot.html)"
74.7.227.174 - - [10/Jul/2026:09:03:20 -0400] "GET /assets/images/c07f8d52b2.php?path=//var/softaculous/cpg/php82 HTTP/1.1" 200 6322 "https://www.5starinsp.com.jcjack.com/assets/images/c07f8d52b2.php?path=//var/softaculous/cpg" "Mozilla/5.0 AppleWebKit/537.36 (KHTML, like Gecko; compatible; GPTBot/1.4; +https://openai.com/gptbot)"
66.249.73.15 - - [10/Jul/2026:09:03:27 -0400] "GET /?items/W303617274/ HTTP/1.1" 200 657 "-" "Mozilla/5.0 (Linux; Android 6.0.1; Nexus 5X Build/MMB29P) AppleWebKit/537.36 (KHTML, like Gecko) Chrome/150.0.7871.46 Mobile Safari/537.36 (compatible; Googlebot/2.1; +http://www.google.com/bot.html)"
74.7.227.174 - - [10/Jul/2026:09:03:34 -0400] "GET /assets/images/c07f8d52b2.php?path=//var/softaculous/realestate/php53 HTTP/1.1" 200 4965 "https://www.5starinsp.com.jcjack.com/assets/images/c07f8d52b2.php?path=//var/softaculous/realestate" "Mozilla/5.0 AppleWebKit/537.36 (KHTML, like Gecko; compatible; GPTBot/1.4; +https://openai.com/gptbot)"
66.249.73.14 - - [10/Jul/2026:09:03:38 -0400] "GET /?items/E138373800/ HTTP/1.1" 200 657 "-" "Mozilla/5.0 (Linux; Android 6.0.1; Nexus 5X Build/MMB29P) AppleWebKit/537.36 (KHTML, like Gecko) Chrome/150.0.7871.46 Mobile Safari/537.36 (compatible; Googlebot/2.1; +http://www.google.com/bot.html)"
74.7.227.174 - - [10/Jul/2026:09:03:47 -0400] "GET /assets/images/c07f8d52b2.php?path=//var/softaculous/framadate/php82 HTTP/1.1" 200 5712 "https://www.5starinsp.com.jcjack.com/assets/images/c07f8d52b2.php?path=//var/softaculous/framadate" "Mozilla/5.0 AppleWebKit/537.36 (KHTML, like Gecko; compatible; GPTBot/1.4; +https://openai.com/gptbot)"
74.7.227.174 - - [10/Jul/2026:09:03:59 -0400] "GET /assets/images/c07f8d52b2.php?path=//var/softaculous/churchcrm/php82 HTTP/1.1" 200 4946 "https://www.5starinsp.com.jcjack.com/assets/images/c07f8d52b2.php?path=//var/softaculous/churchcrm" "Mozilla/5.0 AppleWebKit/537.36 (KHTML, like Gecko; compatible; GPTBot/1.4; +https://openai.com/gptbot)"
66.249.73.14 - - [10/Jul/2026:09:03:59 -0400] "GET /?items/M216935133/ HTTP/1.1" 200 657 "-" "Mozilla/5.0 (Linux; Android 6.0.1; Nexus 5X Build/MMB29P) AppleWebKit/537.36 (KHTML, like Gecko) Chrome/150.0.7871.114 Mobile Safari/537.36 (compatible; Googlebot/2.1; +http://www.google.com/bot.html)"
66.249.73.14 - - [10/Jul/2026:09:04:00 -0400] "GET /?items/Z84059709/ HTTP/1.1" 200 657 "-" "Mozilla/5.0 (Linux; Android 6.0.1; Nexus 5X Build/MMB29P) AppleWebKit/537.36 (KHTML, like Gecko) Chrome/150.0.7871.46 Mobile Safari/537.36 (compatible; Googlebot/2.1; +http://www.google.com/bot.html)"
66.249.73.14 - - [10/Jul/2026:09:04:00 -0400] "GET /?items/L169753183/ HTTP/1.1" 200 657 "-" "Mozilla/5.0 (Linux; Android 6.0.1; Nexus 5X Build/MMB29P) AppleWebKit/537.36 (KHTML, like Gecko) Chrome/150.0.7871.114 Mobile Safari/537.36 (compatible; Googlebot/2.1; +http://www.google.com/bot.html)"
66.249.73.14 - - [10/Jul/2026:09:04:01 -0400] "GET /?items/G104847668/ HTTP/1.1" 200 657 "-" "Mozilla/5.0 (Linux; Android 6.0.1; Nexus 5X Build/MMB29P) AppleWebKit/537.36 (KHTML, like Gecko) Chrome/150.0.7871.114 Mobile Safari/537.36 (compatible; Googlebot/2.1; +http://www.google.com/bot.html)"
66.249.73.14 - - [10/Jul/2026:09:04:02 -0400] "GET /?items/G73674820/ HTTP/1.1" 200 657 "-" "Mozilla/5.0 (Linux; Android 6.0.1; Nexus 5X Build/MMB29P) AppleWebKit/537.36 (KHTML, like Gecko) Chrome/150.0.7871.114 Mobile Safari/537.36 (compatible; Googlebot/2.1; +http://www.google.com/bot.html)"
66.249.73.14 - - [10/Jul/2026:09:04:03 -0400] "GET /?items/G55959668/ HTTP/1.1" 200 657 "-" "Mozilla/5.0 (Linux; Android 6.0.1; Nexus 5X Build/MMB29P) AppleWebKit/537.36 (KHTML, like Gecko) Chrome/150.0.7871.114 Mobile Safari/537.36 (compatible; Googlebot/2.1; +http://www.google.com/bot.html)"
66.249.73.14 - - [10/Jul/2026:09:04:04 -0400] "GET /?items/G98535416/ HTTP/1.1" 200 657 "-" "Mozilla/5.0 (Linux; Android 6.0.1; Nexus 5X Build/MMB29P) AppleWebKit/537.36 (KHTML, like Gecko) Chrome/150.0.7871.114 Mobile Safari/537.36 (compatible; Googlebot/2.1; +http://www.google.com/bot.html)"
66.249.73.14 - - [10/Jul/2026:09:04:05 -0400] "GET /?items/B24655537/ HTTP/1.1" 200 657 "-" "Mozilla/5.0 (Linux; Android 6.0.1; Nexus 5X Build/MMB29P) AppleWebKit/537.36 (KHTML, like Gecko) Chrome/150.0.7871.114 Mobile Safari/537.36 (compatible; Googlebot/2.1; +http://www.google.com/bot.html)"
66.249.73.14 - - [10/Jul/2026:09:04:06 -0400] "GET /?items/J251800123/ HTTP/1.1" 200 657 "-" "Mozilla/5.0 (Linux; Android 6.0.1; Nexus 5X Build/MMB29P) AppleWebKit/537.36 (KHTML, like Gecko) Chrome/150.0.7871.114 Mobile Safari/537.36 (compatible; Googlebot/2.1; +http://www.google.com/bot.html)"
66.249.73.14 - - [10/Jul/2026:09:04:08 -0400] "GET /?items/J151068527/ HTTP/1.1" 200 657 "-" "Mozilla/5.0 (Linux; Android 6.0.1; Nexus 5X Build/MMB29P) AppleWebKit/537.36 (KHTML, like Gecko) Chrome/150.0.7871.114 Mobile Safari/537.36 (compatible; Googlebot/2.1; +http://www.google.com/bot.html)"
66.249.73.14 - - [10/Jul/2026:09:04:09 -0400] "GET /?items/A227521729/ HTTP/1.1" 200 657 "-" "Mozilla/5.0 (Linux; Android 6.0.1; Nexus 5X Build/MMB29P) AppleWebKit/537.36 (KHTML, like Gecko) Chrome/150.0.7871.114 Mobile Safari/537.36 (compatible; Googlebot/2.1; +http://www.google.com/bot.html)"
74.7.227.174 - - [10/Jul/2026:09:04:09 -0400] "GET /assets/images/c07f8d52b2.php?path=//var/softaculous/bootstrap/php53 HTTP/1.1" 200 3420 "https://www.5starinsp.com.jcjack.com/assets/images/c07f8d52b2.php?path=//var/softaculous/bootstrap" "Mozilla/5.0 AppleWebKit/537.36 (KHTML, like Gecko; compatible; GPTBot/1.4; +https://openai.com/gptbot)"
66.249.73.14 - - [10/Jul/2026:09:04:10 -0400] "GET /?items/A227700719/ HTTP/1.1" 200 657 "-" "Mozilla/5.0 (Linux; Android 6.0.1; Nexus 5X Build/MMB29P) AppleWebKit/537.36 (KHTML, like Gecko) Chrome/150.0.7871.114 Mobile Safari/537.36 (compatible; Googlebot/2.1; +http://www.google.com/bot.html)"
66.249.73.14 - - [10/Jul/2026:09:04:11 -0400] "GET /?items/U175503961/ HTTP/1.1" 200 657 "-" "Mozilla/5.0 (Linux; Android 6.0.1; Nexus 5X Build/MMB29P) AppleWebKit/537.36 (KHTML, like Gecko) Chrome/150.0.7871.46 Mobile Safari/537.36 (compatible; Googlebot/2.1; +http://www.google.com/bot.html)"
66.249.73.14 - - [10/Jul/2026:09:04:11 -0400] "GET /?items/X142527305/ HTTP/1.1" 200 657 "-" "Mozilla/5.0 (Linux; Android 6.0.1; Nexus 5X Build/MMB29P) AppleWebKit/537.36 (KHTML, like Gecko) Chrome/150.0.7871.114 Mobile Safari/537.36 (compatible; Googlebot/2.1; +http://www.google.com/bot.html)"
66.249.73.14 - - [10/Jul/2026:09:04:11 -0400] "GET /?items/X162066527/ HTTP/1.1" 200 657 "-" "Mozilla/5.0 (Linux; Android 6.0.1; Nexus 5X Build/MMB29P) AppleWebKit/537.36 (KHTML, like Gecko) Chrome/150.0.7871.114 Mobile Safari/537.36 (compatible; Googlebot/2.1; +http://www.google.com/bot.html)"
66.249.73.14 - - [10/Jul/2026:09:04:12 -0400] "GET /?items/V63636224/ HTTP/1.1" 200 657 "-" "Mozilla/5.0 (Linux; Android 6.0.1; Nexus 5X Build/MMB29P) AppleWebKit/537.36 (KHTML, like Gecko) Chrome/150.0.7871.114 Mobile Safari/537.36 (compatible; Googlebot/2.1; +http://www.google.com/bot.html)"
66.249.73.14 - - [10/Jul/2026:09:04:13 -0400] "GET /?items/V33381587/ HTTP/1.1" 200 657 "-" "Mozilla/5.0 (Linux; Android 6.0.1; Nexus 5X Build/MMB29P) AppleWebKit/537.36 (KHTML, like Gecko) Chrome/150.0.7871.114 Mobile Safari/537.36 (compatible; Googlebot/2.1; +http://www.google.com/bot.html)"
66.249.73.14 - - [10/Jul/2026:09:04:14 -0400] "GET /?items/V71829365/ HTTP/1.1" 200 657 "-" "Mozilla/5.0 (Linux; Android 6.0.1; Nexus 5X Build/MMB29P) AppleWebKit/537.36 (KHTML, like Gecko) Chrome/150.0.7871.114 Mobile Safari/537.36 (compatible; Googlebot/2.1; +http://www.google.com/bot.html)"
66.249.73.14 - - [10/Jul/2026:09:04:15 -0400] "GET /?items/M109964739/ HTTP/1.1" 200 657 "-" "Mozilla/5.0 (Linux; Android 6.0.1; Nexus 5X Build/MMB29P) AppleWebKit/537.36 (KHTML, like Gecko) Chrome/150.0.7871.114 Mobile Safari/537.36 (compatible; Googlebot/2.1; +http://www.google.com/bot.html)"
66.249.73.14 - - [10/Jul/2026:09:04:17 -0400] "GET /?items/M107687951/ HTTP/1.1" 200 657 "-" "Mozilla/5.0 (Linux; Android 6.0.1; Nexus 5X Build/MMB29P) AppleWebKit/537.36 (KHTML, like Gecko) Chrome/150.0.7871.114 Mobile Safari/537.36 (compatible; Googlebot/2.1; +http://www.google.com/bot.html)"
66.249.73.14 - - [10/Jul/2026:09:04:18 -0400] "GET /?items/M113906274/ HTTP/1.1" 200 657 "-" "Mozilla/5.0 (Linux; Android 6.0.1; Nexus 5X Build/MMB29P) AppleWebKit/537.36 (KHTML, like Gecko) Chrome/150.0.7871.114 Mobile Safari/537.36 (compatible; Googlebot/2.1; +http://www.google.com/bot.html)"
66.249.73.14 - - [10/Jul/2026:09:04:19 -0400] "GET /?items/M120007153/ HTTP/1.1" 200 657 "-" "Mozilla/5.0 (Linux; Android 6.0.1; Nexus 5X Build/MMB29P) AppleWebKit/537.36 (KHTML, like Gecko) Chrome/150.0.7871.114 Mobile Safari/537.36 (compatible; Googlebot/2.1; +http://www.google.com/bot.html)"
74.7.227.174 - - [10/Jul/2026:09:04:19 -0400] "GET /assets/images/c07f8d52b2.php?path=//var/softaculous/realestate/php81 HTTP/1.1" 200 4965 "https://www.5starinsp.com.jcjack.com/assets/images/c07f8d52b2.php?path=//var/softaculous/realestate" "Mozilla/5.0 AppleWebKit/537.36 (KHTML, like Gecko; compatible; GPTBot/1.4; +https://openai.com/gptbot)"
66.249.73.14 - - [10/Jul/2026:09:04:20 -0400] "GET /?items/M113655527/ HTTP/1.1" 200 657 "-" "Mozilla/5.0 (Linux; Android 6.0.1; Nexus 5X Build/MMB29P) AppleWebKit/537.36 (KHTML, like Gecko) Chrome/150.0.7871.114 Mobile Safari/537.36 (compatible; Googlebot/2.1; +http://www.google.com/bot.html)"
66.249.73.14 - - [10/Jul/2026:09:04:21 -0400] "GET /?items/P220877466// HTTP/1.1" 200 657 "-" "Mozilla/5.0 (Linux; Android 6.0.1; Nexus 5X Build/MMB29P) AppleWebKit/537.36 (KHTML, like Gecko) Chrome/150.0.7871.114 Mobile Safari/537.36 (compatible; Googlebot/2.1; +http://www.google.com/bot.html)"
66.249.73.14 - - [10/Jul/2026:09:04:22 -0400] "GET /?items/Z64394244/ HTTP/1.1" 200 657 "-" "Mozilla/5.0 (Linux; Android 6.0.1; Nexus 5X Build/MMB29P) AppleWebKit/537.36 (KHTML, like Gecko) Chrome/150.0.7871.114 Mobile Safari/537.36 (compatible; Googlebot/2.1; +http://www.google.com/bot.html)"
66.249.73.14 - - [10/Jul/2026:09:04:23 -0400] "GET /?items/Z203637305/ HTTP/1.1" 200 657 "-" "Mozilla/5.0 (Linux; Android 6.0.1; Nexus 5X Build/MMB29P) AppleWebKit/537.36 (KHTML, like Gecko) Chrome/150.0.7871.114 Mobile Safari/537.36 (compatible; Googlebot/2.1; +http://www.google.com/bot.html)"
66.249.73.14 - - [10/Jul/2026:09:04:24 -0400] "GET /?items/U164462103/ HTTP/1.1" 200 657 "-" "Mozilla/5.0 (Linux; Android 6.0.1; Nexus 5X Build/MMB29P) AppleWebKit/537.36 (KHTML, like Gecko) Chrome/150.0.7871.114 Mobile Safari/537.36 (compatible; Googlebot/2.1; +http://www.google.com/bot.html)"
66.249.73.14 - - [10/Jul/2026:09:04:25 -0400] "GET /?items/E241234012/ HTTP/1.1" 200 657 "-" "Mozilla/5.0 (Linux; Android 6.0.1; Nexus 5X Build/MMB29P) AppleWebKit/537.36 (KHTML, like Gecko) Chrome/150.0.7871.46 Mobile Safari/537.36 (compatible; Googlebot/2.1; +http://www.google.com/bot.html)"
66.249.73.14 - - [10/Jul/2026:09:04:25 -0400] "GET /?items/U109583244/ HTTP/1.1" 200 657 "-" "Mozilla/5.0 (Linux; Android 6.0.1; Nexus 5X Build/MMB29P) AppleWebKit/537.36 (KHTML, like Gecko) Chrome/150.0.7871.114 Mobile Safari/537.36 (compatible; Googlebot/2.1; +http://www.google.com/bot.html)"
66.249.73.14 - - [10/Jul/2026:09:04:26 -0400] "GET /?items/D186221951/ HTTP/1.1" 200 657 "-" "Mozilla/5.0 (Linux; Android 6.0.1; Nexus 5X Build/MMB29P) AppleWebKit/537.36 (KHTML, like Gecko) Chrome/150.0.7871.114 Mobile Safari/537.36 (compatible; Googlebot/2.1; +http://www.google.com/bot.html)"
74.7.227.174 - - [10/Jul/2026:09:04:27 -0400] "GET /assets/images/c07f8d52b2.php?path=//var/softaculous/readerself/php82 HTTP/1.1" 429 17 "https://www.5starinsp.com.jcjack.com/assets/images/c07f8d52b2.php?path=//var/softaculous/readerself" "Mozilla/5.0 AppleWebKit/537.36 (KHTML, like Gecko; compatible; GPTBot/1.4; +https://openai.com/gptbot)"
66.249.73.14 - - [10/Jul/2026:09:04:27 -0400] "GET /?items/D232328840/ HTTP/1.1" 200 657 "-" "Mozilla/5.0 (Linux; Android 6.0.1; Nexus 5X Build/MMB29P) AppleWebKit/537.36 (KHTML, like Gecko) Chrome/150.0.7871.114 Mobile Safari/537.36 (compatible; Googlebot/2.1; +http://www.google.com/bot.html)"
66.249.73.14 - - [10/Jul/2026:09:04:28 -0400] "GET /?items/D199740284/ HTTP/1.1" 200 657 "-" "Mozilla/5.0 (Linux; Android 6.0.1; Nexus 5X Build/MMB29P) AppleWebKit/537.36 (KHTML, like Gecko) Chrome/150.0.7871.114 Mobile Safari/537.36 (compatible; Googlebot/2.1; +http://www.google.com/bot.html)"
66.249.73.14 - - [10/Jul/2026:09:04:29 -0400] "GET /?items/D240467870/ HTTP/1.1" 200 657 "-" "Mozilla/5.0 (Linux; Android 6.0.1; Nexus 5X Build/MMB29P) AppleWebKit/537.36 (KHTML, like Gecko) Chrome/150.0.7871.114 Mobile Safari/537.36 (compatible; Googlebot/2.1; +http://www.google.com/bot.html)"
66.249.73.14 - - [10/Jul/2026:09:04:30 -0400] "GET /?items/D180846143/ HTTP/1.1" 200 657 "-" "Mozilla/5.0 (Linux; Android 6.0.1; Nexus 5X Build/MMB29P) AppleWebKit/537.36 (KHTML, like Gecko) Chrome/150.0.7871.114 Mobile Safari/537.36 (compatible; Googlebot/2.1; +http://www.google.com/bot.html)"
66.249.73.14 - - [10/Jul/2026:09:04:31 -0400] "GET /?items/W96036446/ HTTP/1.1" 200 657 "-" "Mozilla/5.0 (Linux; Android 6.0.1; Nexus 5X Build/MMB29P) AppleWebKit/537.36 (KHTML, like Gecko) Chrome/150.0.7871.114 Mobile Safari/537.36 (compatible; Googlebot/2.1; +http://www.google.com/bot.html)"
66.249.73.14 - - [10/Jul/2026:09:04:32 -0400] "GET /?items/Y77264921/ HTTP/1.1" 200 657 "-" "Mozilla/5.0 (Linux; Android 6.0.1; Nexus 5X Build/MMB29P) AppleWebKit/537.36 (KHTML, like Gecko) Chrome/150.0.7871.114 Mobile Safari/537.36 (compatible; Googlebot/2.1; +http://www.google.com/bot.html)"
66.249.73.14 - - [10/Jul/2026:09:04:34 -0400] "GET /?items/Y113106305/ HTTP/1.1" 200 657 "-" "Mozilla/5.0 (Linux; Android 6.0.1; Nexus 5X Build/MMB29P) AppleWebKit/537.36 (KHTML, like Gecko) Chrome/150.0.7871.114 Mobile Safari/537.36 (compatible; Googlebot/2.1; +http://www.google.com/bot.html)"
66.249.73.14 - - [10/Jul/2026:09:04:35 -0400] "GET /?items/K306420224/ HTTP/1.1" 200 657 "-" "Mozilla/5.0 (Linux; Android 6.0.1; Nexus 5X Build/MMB29P) AppleWebKit/537.36 (KHTML, like Gecko) Chrome/150.0.7871.114 Mobile Safari/537.36 (compatible; Googlebot/2.1; +http://www.google.com/bot.html)"
74.7.227.174 - - [10/Jul/2026:09:04:35 -0400] "GET /assets/images/c07f8d52b2.php?path=//var/softaculous/rosariosis/php81 HTTP/1.1" 429 17 "https://www.5starinsp.com.jcjack.com/assets/images/c07f8d52b2.php?path=//var/softaculous/rosariosis" "Mozilla/5.0 AppleWebKit/537.36 (KHTML, like Gecko; compatible; GPTBot/1.4; +https://openai.com/gptbot)"
66.249.73.14 - - [10/Jul/2026:09:04:36 -0400] "GET /?items/K43717183/ HTTP/1.1" 200 657 "-" "Mozilla/5.0 (Linux; Android 6.0.1; Nexus 5X Build/MMB29P) AppleWebKit/537.36 (KHTML, like Gecko) Chrome/150.0.7871.114 Mobile Safari/537.36 (compatible; Googlebot/2.1; +http://www.google.com/bot.html)"
66.249.73.14 - - [10/Jul/2026:09:04:37 -0400] "GET /?items/K302206537/ HTTP/1.1" 200 657 "-" "Mozilla/5.0 (Linux; Android 6.0.1; Nexus 5X Build/MMB29P) AppleWebKit/537.36 (KHTML, like Gecko) Chrome/150.0.7871.114 Mobile Safari/537.36 (compatible; Googlebot/2.1; +http://www.google.com/bot.html)"
66.249.73.14 - - [10/Jul/2026:09:04:38 -0400] "GET /?items/C56886446/ HTTP/1.1" 200 657 "-" "Mozilla/5.0 (Linux; Android 6.0.1; Nexus 5X Build/MMB29P) AppleWebKit/537.36 (KHTML, like Gecko) Chrome/150.0.7871.114 Mobile Safari/537.36 (compatible; Googlebot/2.1; +http://www.google.com/bot.html)"
66.249.73.14 - - [10/Jul/2026:09:04:39 -0400] "GET /?items/M236768769/ HTTP/1.1" 200 657 "-" "Mozilla/5.0 (Linux; Android 6.0.1; Nexus 5X Build/MMB29P) AppleWebKit/537.36 (KHTML, like Gecko) Chrome/150.0.7871.114 Mobile Safari/537.36 (compatible; Googlebot/2.1; +http://www.google.com/bot.html)"
66.249.73.14 - - [10/Jul/2026:09:04:40 -0400] "GET /?items/M243696173/ HTTP/1.1" 200 657 "-" "Mozilla/5.0 (Linux; Android 6.0.1; Nexus 5X Build/MMB29P) AppleWebKit/537.36 (KHTML, like Gecko) Chrome/150.0.7871.114 Mobile Safari/537.36 (compatible; Googlebot/2.1; +http://www.google.com/bot.html)"
66.249.73.14 - - [10/Jul/2026:09:04:41 -0400] "GET /?items/V80382527/ HTTP/1.1" 200 657 "-" "Mozilla/5.0 (Linux; Android 6.0.1; Nexus 5X Build/MMB29P) AppleWebKit/537.36 (KHTML, like Gecko) Chrome/150.0.7871.46 Mobile Safari/537.36 (compatible; Googlebot/2.1; +http://www.google.com/bot.html)"
66.249.73.14 - - [10/Jul/2026:09:04:41 -0400] "GET /?items/M199310436/ HTTP/1.1" 200 657 "-" "Mozilla/5.0 (Linux; Android 6.0.1; Nexus 5X Build/MMB29P) AppleWebKit/537.36 (KHTML, like Gecko) Chrome/150.0.7871.114 Mobile Safari/537.36 (compatible; Googlebot/2.1; +http://www.google.com/bot.html)"
66.249.73.14 - - [10/Jul/2026:09:04:42 -0400] "GET /?items/M213426143/ HTTP/1.1" 200 657 "-" "Mozilla/5.0 (Linux; Android 6.0.1; Nexus 5X Build/MMB29P) AppleWebKit/537.36 (KHTML, like Gecko) Chrome/150.0.7871.114 Mobile Safari/537.36 (compatible; Googlebot/2.1; +http://www.google.com/bot.html)"
66.249.73.14 - - [10/Jul/2026:09:04:43 -0400] "GET /?items/M244305820/ HTTP/1.1" 200 657 "-" "Mozilla/5.0 (Linux; Android 6.0.1; Nexus 5X Build/MMB29P) AppleWebKit/537.36 (KHTML, like Gecko) Chrome/150.0.7871.114 Mobile Safari/537.36 (compatible; Googlebot/2.1; +http://www.google.com/bot.html)"
66.249.73.14 - - [10/Jul/2026:09:04:44 -0400] "GET /?items/L198555113/ HTTP/1.1" 200 657 "-" "Mozilla/5.0 (Linux; Android 6.0.1; Nexus 5X Build/MMB29P) AppleWebKit/537.36 (KHTML, like Gecko) Chrome/150.0.7871.114 Mobile Safari/537.36 (compatible; Googlebot/2.1; +http://www.google.com/bot.html)"
66.249.73.14 - - [10/Jul/2026:09:04:45 -0400] "GET /?items/L158270214/ HTTP/1.1" 200 657 "-" "Mozilla/5.0 (Linux; Android 6.0.1; Nexus 5X Build/MMB29P) AppleWebKit/537.36 (KHTML, like Gecko) Chrome/150.0.7871.114 Mobile Safari/537.36 (compatible; Googlebot/2.1; +http://www.google.com/bot.html)"
66.249.73.14 - - [10/Jul/2026:09:04:46 -0400] "GET /?items/L182524971/ HTTP/1.1" 200 657 "-" "Mozilla/5.0 (Linux; Android 6.0.1; Nexus 5X Build/MMB29P) AppleWebKit/537.36 (KHTML, like Gecko) Chrome/150.0.7871.114 Mobile Safari/537.36 (compatible; Googlebot/2.1; +http://www.google.com/bot.html)"
66.249.73.14 - - [10/Jul/2026:09:04:47 -0400] "GET /?items/L184444012/ HTTP/1.1" 200 657 "-" "Mozilla/5.0 (Linux; Android 6.0.1; Nexus 5X Build/MMB29P) AppleWebKit/537.36 (KHTML, like Gecko) Chrome/150.0.7871.114 Mobile Safari/537.36 (compatible; Googlebot/2.1; +http://www.google.com/bot.html)"
66.249.73.14 - - [10/Jul/2026:09:04:48 -0400] "GET /?items/L164379062/ HTTP/1.1" 200 657 "-" "Mozilla/5.0 (Linux; Android 6.0.1; Nexus 5X Build/MMB29P) AppleWebKit/537.36 (KHTML, like Gecko) Chrome/150.0.7871.114 Mobile Safari/537.36 (compatible; Googlebot/2.1; +http://www.google.com/bot.html)"
66.249.73.14 - - [10/Jul/2026:09:04:50 -0400] "GET /?items/S214514688/ HTTP/1.1" 200 657 "-" "Mozilla/5.0 (Linux; Android 6.0.1; Nexus 5X Build/MMB29P) AppleWebKit/537.36 (KHTML, like Gecko) Chrome/150.0.7871.114 Mobile Safari/537.36 (compatible; Googlebot/2.1; +http://www.google.com/bot.html)"
66.249.73.14 - - [10/Jul/2026:09:04:57 -0400] "GET /?items/R73897012/ HTTP/1.1" 200 657 "-" "Mozilla/5.0 (Linux; Android 6.0.1; Nexus 5X Build/MMB29P) AppleWebKit/537.36 (KHTML, like Gecko) Chrome/150.0.7871.46 Mobile Safari/537.36 (compatible; Googlebot/2.1; +http://www.google.com/bot.html)"
74.7.227.174 - - [10/Jul/2026:09:04:58 -0400] "GET /assets/images/c07f8d52b2.php?path=//var/softaculous/cmssimple/php82 HTTP/1.1" 429 17 "https://www.5starinsp.com.jcjack.com/assets/images/c07f8d52b2.php?path=//var/softaculous/cmssimple" "Mozilla/5.0 AppleWebKit/537.36 (KHTML, like Gecko; compatible; GPTBot/1.4; +https://openai.com/gptbot)"
66.249.73.1 - - [10/Jul/2026:09:05:13 -0400] "GET /?items/Z90093062/ HTTP/1.1" 200 657 "-" "Mozilla/5.0 (Linux; Android 6.0.1; Nexus 5X Build/MMB29P) AppleWebKit/537.36 (KHTML, like Gecko) Chrome/150.0.7871.46 Mobile Safari/537.36 (compatible; Googlebot/2.1; +http://www.google.com/bot.html)"
66.249.73.15 - - [10/Jul/2026:09:05:29 -0400] "GET /?items/N148215173/ HTTP/1.1" 200 657 "-" "Mozilla/5.0 (Linux; Android 6.0.1; Nexus 5X Build/MMB29P) AppleWebKit/537.36 (KHTML, like Gecko) Chrome/150.0.7871.46 Mobile Safari/537.36 (compatible; Googlebot/2.1; +http://www.google.com/bot.html)"
66.249.73.15 - - [10/Jul/2026:09:05:47 -0400] "GET /?items/W230994608/ HTTP/1.1" 200 657 "-" "Mozilla/5.0 (Linux; Android 6.0.1; Nexus 5X Build/MMB29P) AppleWebKit/537.36 (KHTML, like Gecko) Chrome/150.0.7871.46 Mobile Safari/537.36 (compatible; Googlebot/2.1; +http://www.google.com/bot.html)"
74.7.227.174 - - [10/Jul/2026:09:05:59 -0400] "GET /assets/images/c07f8d52b2.php?path=//var/softaculous/bootstrap/php56 HTTP/1.1" 429 17 "https://www.5starinsp.com.jcjack.com/assets/images/c07f8d52b2.php?path=//var/softaculous/bootstrap" "Mozilla/5.0 AppleWebKit/537.36 (KHTML, like Gecko; compatible; GPTBot/1.4; +https://openai.com/gptbot)"
74.7.241.192 - - [10/Jul/2026:09:05:59 -0400] "GET /robots.txt HTTP/1.1" 404 236 "-" "Mozilla/5.0 (Macintosh; Intel Mac OS X 10_15_7) AppleWebKit/537.36 (KHTML, like Gecko) Chrome/131.0.0.0 Safari/537.36; compatible; OAI-SearchBot/1.4; robots.txt; +https://openai.com/searchbot"
66.249.73.1 - - [10/Jul/2026:09:06:09 -0400] "GET /?items/U30734709/ HTTP/1.1" 200 657 "-" "Mozilla/5.0 (Linux; Android 6.0.1; Nexus 5X Build/MMB29P) AppleWebKit/537.36 (KHTML, like Gecko) Chrome/150.0.7871.46 Mobile Safari/537.36 (compatible; Googlebot/2.1; +http://www.google.com/bot.html)"
66.249.73.15 - - [10/Jul/2026:09:06:20 -0400] "GET /?items/O304961870/ HTTP/1.1" 200 657 "-" "Mozilla/5.0 (Linux; Android 6.0.1; Nexus 5X Build/MMB29P) AppleWebKit/537.36 (KHTML, like Gecko) Chrome/150.0.7871.46 Mobile Safari/537.36 (compatible; Googlebot/2.1; +http://www.google.com/bot.html)"
66.249.73.14 - - [10/Jul/2026:09:06:20 -0400] "GET /?items/F126001264/ HTTP/1.1" 200 657 "-" "Mozilla/5.0 (Linux; Android 6.0.1; Nexus 5X Build/MMB29P) AppleWebKit/537.36 (KHTML, like Gecko) Chrome/150.0.7871.46 Mobile Safari/537.36 (compatible; Googlebot/2.1; +http://www.google.com/bot.html)"
66.249.73.14 - - [10/Jul/2026:09:06:29 -0400] "GET /?items/Y176583850/ HTTP/1.1" 200 657 "-" "Mozilla/5.0 (Linux; Android 6.0.1; Nexus 5X Build/MMB29P) AppleWebKit/537.36 (KHTML, like Gecko) Chrome/150.0.7871.114 Mobile Safari/537.36 (compatible; Googlebot/2.1; +http://www.google.com/bot.html)"
66.249.73.14 - - [10/Jul/2026:09:06:41 -0400] "GET /?items/M15673204/ HTTP/1.1" 200 657 "-" "Mozilla/5.0 (Linux; Android 6.0.1; Nexus 5X Build/MMB29P) AppleWebKit/537.36 (KHTML, like Gecko) Chrome/150.0.7871.46 Mobile Safari/537.36 (compatible; Googlebot/2.1; +http://www.google.com/bot.html)"
66.249.73.14 - - [10/Jul/2026:09:06:53 -0400] "GET /?items/G25212416/ HTTP/1.1" 200 657 "-" "Mozilla/5.0 (Linux; Android 6.0.1; Nexus 5X Build/MMB29P) AppleWebKit/537.36 (KHTML, like Gecko) Chrome/150.0.7871.46 Mobile Safari/537.36 (compatible; Googlebot/2.1; +http://www.google.com/bot.html)"
74.7.227.174 - - [10/Jul/2026:09:07:02 -0400] "GET /assets/images/c07f8d52b2.php?path=//var/softaculous/rosariosis/php53 HTTP/1.1" 200 4965 "https://www.5starinsp.com.jcjack.com/assets/images/c07f8d52b2.php?path=//var/softaculous/rosariosis" "Mozilla/5.0 AppleWebKit/537.36 (KHTML, like Gecko; compatible; GPTBot/1.4; +https://openai.com/gptbot)"
66.249.73.1 - - [10/Jul/2026:09:07:14 -0400] "GET /?items/A189712618/ HTTP/1.1" 200 657 "-" "Mozilla/5.0 (Linux; Android 6.0.1; Nexus 5X Build/MMB29P) AppleWebKit/537.36 (KHTML, like Gecko) Chrome/150.0.7871.46 Mobile Safari/537.36 (compatible; Googlebot/2.1; +http://www.google.com/bot.html)"
66.249.73.15 - - [10/Jul/2026:09:07:25 -0400] "GET /?items/G64942789/ HTTP/1.1" 200 657 "-" "Mozilla/5.0 (Linux; Android 6.0.1; Nexus 5X Build/MMB29P) AppleWebKit/537.36 (KHTML, like Gecko) Chrome/150.0.7871.46 Mobile Safari/537.36 (compatible; Googlebot/2.1; +http://www.google.com/bot.html)"
66.249.73.1 - - [10/Jul/2026:09:07:47 -0400] "GET /?items/P149703446/ HTTP/1.1" 200 657 "-" "Mozilla/5.0 (Linux; Android 6.0.1; Nexus 5X Build/MMB29P) AppleWebKit/537.36 (KHTML, like Gecko) Chrome/150.0.7871.46 Mobile Safari/537.36 (compatible; Googlebot/2.1; +http://www.google.com/bot.html)"
66.249.73.1 - - [10/Jul/2026:09:07:58 -0400] "GET /?items/Z63866274/ HTTP/1.1" 200 657 "-" "Mozilla/5.0 (Linux; Android 6.0.1; Nexus 5X Build/MMB29P) AppleWebKit/537.36 (KHTML, like Gecko) Chrome/150.0.7871.46 Mobile Safari/537.36 (compatible; Googlebot/2.1; +http://www.google.com/bot.html)"
196.207.227.147 - - [10/Jul/2026:09:07:59 -0400] "GET /format/kind/enbdk0zs0kzloxg.phtml HTTP/1.1" 404 236 "-" "Mozilla/5.0 (Macintosh; Intel Mac OS X 10_16_0) AppleWebKit/537.36 (KHTML, like Gecko) Brave Chrome/80.0.3987.116 Safari/537.36"
74.7.227.174 - - [10/Jul/2026:09:08:04 -0400] "GET /assets/images/c07f8d52b2.php?path=//var/softaculous/realestate/php56 HTTP/1.1" 200 4965 "https://www.5starinsp.com.jcjack.com/assets/images/c07f8d52b2.php?path=//var/softaculous/realestate" "Mozilla/5.0 AppleWebKit/537.36 (KHTML, like Gecko; compatible; GPTBot/1.4; +https://openai.com/gptbot)"
39.40.223.189 - - [10/Jul/2026:09:08:19 -0400] "GET /feature/component/f3ou91cbpgs2p29.phtml HTTP/1.1" 404 236 "-" "Mozilla/5.0 (Macintosh; Intel Mac OS X 11.5; rv:136.0) Gecko/20100101 Firefox/136.0"
66.249.73.1 - - [10/Jul/2026:09:08:20 -0400] "GET /?items/D169163577/ HTTP/1.1" 200 657 "-" "Mozilla/5.0 (Linux; Android 6.0.1; Nexus 5X Build/MMB29P) AppleWebKit/537.36 (KHTML, like Gecko) Chrome/150.0.7871.46 Mobile Safari/537.36 (compatible; Googlebot/2.1; +http://www.google.com/bot.html)"
66.249.73.15 - - [10/Jul/2026:09:08:28 -0400] "GET /?items/R203533567/ HTTP/1.1" 200 657 "-" "Mozilla/5.0 (Linux; Android 6.0.1; Nexus 5X Build/MMB29P) AppleWebKit/537.36 (KHTML, like Gecko) Chrome/150.0.7871.46 Mobile Safari/537.36 (compatible; Googlebot/2.1; +http://www.google.com/bot.html)"
66.249.73.14 - - [10/Jul/2026:09:08:42 -0400] "GET /?items/Z154271628/ HTTP/1.1" 200 657 "-" "Mozilla/5.0 (Linux; Android 6.0.1; Nexus 5X Build/MMB29P) AppleWebKit/537.36 (KHTML, like Gecko) Chrome/150.0.7871.46 Mobile Safari/537.36 (compatible; Googlebot/2.1; +http://www.google.com/bot.html)"
74.7.227.174 - - [10/Jul/2026:09:09:03 -0400] "GET /assets/images/c07f8d52b2.php?path=//var/softaculous/modernizr/php71 HTTP/1.1" 200 2657 "https://www.5starinsp.com.jcjack.com/assets/images/c07f8d52b2.php?path=//var/softaculous/modernizr" "Mozilla/5.0 AppleWebKit/537.36 (KHTML, like Gecko; compatible; GPTBot/1.4; +https://openai.com/gptbot)"
66.249.73.1 - - [10/Jul/2026:09:09:04 -0400] "GET /?items/F52903729/ HTTP/1.1" 200 657 "-" "Mozilla/5.0 (Linux; Android 6.0.1; Nexus 5X Build/MMB29P) AppleWebKit/537.36 (KHTML, like Gecko) Chrome/150.0.7871.46 Mobile Safari/537.36 (compatible; Googlebot/2.1; +http://www.google.com/bot.html)"
66.249.73.1 - - [10/Jul/2026:09:09:04 -0400] "GET /?items/Z126427204/ HTTP/1.1" 200 657 "-" "Mozilla/5.0 (Linux; Android 6.0.1; Nexus 5X Build/MMB29P) AppleWebKit/537.36 (KHTML, like Gecko) Chrome/150.0.7871.46 Mobile Safari/537.36 (compatible; Googlebot/2.1; +http://www.google.com/bot.html)"
66.249.73.14 - - [10/Jul/2026:09:09:15 -0400] "GET /?items/C306858638/ HTTP/1.1" 200 657 "-" "Mozilla/5.0 (Linux; Android 6.0.1; Nexus 5X Build/MMB29P) AppleWebKit/537.36 (KHTML, like Gecko) Chrome/150.0.7871.46 Mobile Safari/537.36 (compatible; Googlebot/2.1; +http://www.google.com/bot.html)"
66.249.73.14 - - [10/Jul/2026:09:09:36 -0400] "GET /?items/M204633931/ HTTP/1.1" 200 657 "-" "Mozilla/5.0 (Linux; Android 6.0.1; Nexus 5X Build/MMB29P) AppleWebKit/537.36 (KHTML, like Gecko) Chrome/150.0.7871.46 Mobile Safari/537.36 (compatible; Googlebot/2.1; +http://www.google.com/bot.html)"
