77.83.36.161 - - [10/Jul/2026:18:55:32 -0400] "GET /administrator/index.php HTTP/1.1" 200 12531 "-" "Mozilla/4.0 (compatible; MSIE 7.0; Windows NT 6.0)"
77.83.36.161 - - [10/Jul/2026:18:55:33 -0400] "POST /administrator/index.php HTTP/1.1" 303 - "-" "Mozilla/4.0 (compatible; MSIE 7.0; Windows NT 6.0)"
77.83.36.161 - - [10/Jul/2026:18:55:33 -0400] "GET /administrator/index.php HTTP/1.1" 200 12766 "-" "Mozilla/4.0 (compatible; MSIE 7.0; Windows NT 6.0)"
77.83.36.161 - - [10/Jul/2026:18:55:34 -0400] "POST /administrator/index.php HTTP/1.1" 303 - "-" "Mozilla/4.0 (compatible; MSIE 7.0; Windows NT 6.0)"
77.83.36.161 - - [10/Jul/2026:18:55:35 -0400] "GET /administrator/index.php HTTP/1.1" 200 12766 "-" "Mozilla/4.0 (compatible; MSIE 7.0; Windows NT 6.0)"
77.83.36.161 - - [10/Jul/2026:18:55:35 -0400] "POST /administrator/index.php HTTP/1.1" 303 - "-" "Mozilla/4.0 (compatible; MSIE 7.0; Windows NT 6.0)"
77.83.36.161 - - [10/Jul/2026:18:55:36 -0400] "GET /administrator/index.php HTTP/1.1" 200 12766 "-" "Mozilla/4.0 (compatible; MSIE 7.0; Windows NT 6.0)"
74.7.241.53 - - [10/Jul/2026:18:55:50 -0400] "GET /media/system/js/keepalive.min.js?9f10654c2f49ca104ca0449def6eec3f06bd19c0 HTTP/1.1" 200 430 "https://www.transformptyoga.com/" "Mozilla/5.0 AppleWebKit/537.36 (KHTML, like Gecko; compatible; GPTBot/1.4; +https://openai.com/gptbot)"
66.249.65.32 - - [10/Jul/2026:18:56:04 -0400] "GET /product/814088319661 HTTP/1.1" 404 13928 "-" "Mozilla/5.0 (Linux; Android 6.0.1; Nexus 5X Build/MMB29P) AppleWebKit/537.36 (KHTML, like Gecko) Chrome/150.0.7871.46 Mobile Safari/537.36 (compatible; Googlebot/2.1; +http://www.google.com/bot.html)"
74.7.241.53 - - [10/Jul/2026:18:56:12 -0400] "GET /media/system/js/keepalive-es5.min.js?4eac3f5b0c42a860f0f438ed1bea8b0bdddb3804 HTTP/1.1" 200 427 "https://www.transformptyoga.com/" "Mozilla/5.0 AppleWebKit/537.36 (KHTML, like Gecko; compatible; GPTBot/1.4; +https://openai.com/gptbot)"
74.7.241.53 - - [10/Jul/2026:18:56:31 -0400] "GET /events/eventsbyday/2026/7/18/- HTTP/1.1" 200 106017 "https://www.transformptyoga.com/events/eventsbyday/2026/7/19/-" "Mozilla/5.0 AppleWebKit/537.36 (KHTML, like Gecko; compatible; GPTBot/1.4; +https://openai.com/gptbot)"
14.170.240.131 - - [10/Jul/2026:18:56:32 -0400] "GET /market/88178748975 HTTP/1.1" 404 13931 "-" "Mozilla/5.0 (Windows NT 6.1; Win64; x64) AppleWebKit/537.36 (KHTML, like Gecko) Chrome/64.0.3282.24 Safari/537.36"
74.7.241.53 - - [10/Jul/2026:18:56:48 -0400] "GET /media/com_convertforms/js/site.js?75a1a6268729f6deebe920aff68b09dc HTTP/1.1" 200 13724 "https://www.transformptyoga.com/" "Mozilla/5.0 AppleWebKit/537.36 (KHTML, like Gecko; compatible; GPTBot/1.4; +https://openai.com/gptbot)"
66.249.65.33 - - [10/Jul/2026:18:56:52 -0400] "GET /market/872030729051 HTTP/1.1" 404 13928 "-" "Mozilla/5.0 (Linux; Android 6.0.1; Nexus 5X Build/MMB29P) AppleWebKit/537.36 (KHTML, like Gecko) Chrome/150.0.7871.46 Mobile Safari/537.36 (compatible; Googlebot/2.1; +http://www.google.com/bot.html)"
74.7.241.53 - - [10/Jul/2026:18:57:04 -0400] "GET /events/eventsbyday/2026/7/16/- HTTP/1.1" 200 106016 "https://www.transformptyoga.com/events/eventsbyday/2026/7/15/-" "Mozilla/5.0 AppleWebKit/537.36 (KHTML, like Gecko; compatible; GPTBot/1.4; +https://openai.com/gptbot)"
74.7.241.53 - - [10/Jul/2026:18:57:18 -0400] "GET /media/com_convertforms/js/recaptcha_v3.js?75a1a6268729f6deebe920aff68b09dc HTTP/1.1" 200 540 "https://www.transformptyoga.com/discovery-call" "Mozilla/5.0 AppleWebKit/537.36 (KHTML, like Gecko; compatible; GPTBot/1.4; +https://openai.com/gptbot)"
74.7.241.53 - - [10/Jul/2026:18:57:31 -0400] "GET /media/plg_system_mobilemenuck/assets/mobilemenuck.js?ver=1.5.21 HTTP/1.1" 200 52003 "https://www.transformptyoga.com/" "Mozilla/5.0 AppleWebKit/537.36 (KHTML, like Gecko; compatible; GPTBot/1.4; +https://openai.com/gptbot)"
74.7.241.53 - - [10/Jul/2026:18:57:43 -0400] "GET /events/eventsbyday/2026/8/19/- HTTP/1.1" 200 106025 "https://www.transformptyoga.com/events/monthcalendar/2026/8/-" "Mozilla/5.0 AppleWebKit/537.36 (KHTML, like Gecko; compatible; GPTBot/1.4; +https://openai.com/gptbot)"
74.7.241.53 - - [10/Jul/2026:18:57:53 -0400] "GET /events/eventsbyday/2026/8/8/- HTTP/1.1" 200 106024 "https://www.transformptyoga.com/events/monthcalendar/2026/8/-" "Mozilla/5.0 AppleWebKit/537.36 (KHTML, like Gecko; compatible; GPTBot/1.4; +https://openai.com/gptbot)"
66.249.65.46 - - [10/Jul/2026:18:57:58 -0400] "GET /market/89980383114 HTTP/1.1" 404 13926 "-" "Mozilla/5.0 (Linux; Android 6.0.1; Nexus 5X Build/MMB29P) AppleWebKit/537.36 (KHTML, like Gecko) Chrome/150.0.7871.46 Mobile Safari/537.36 (compatible; Googlebot/2.1; +http://www.google.com/bot.html)"
35.240.54.252 - - [10/Jul/2026:18:57:58 -0400] "GET /robots.txt HTTP/1.1" 200 764 "-" "Dragonfly/1.0 (+https://publisherdiscovery.com/bots)"
35.240.54.252 - - [10/Jul/2026:18:57:58 -0400] "GET /robots.txt HTTP/1.1" 200 764 "-" "Dragonfly/1.0 (+https://publisherdiscovery.com/bots)"
35.240.54.252 - - [10/Jul/2026:18:57:59 -0400] "GET / HTTP/1.1" 200 93382 "-" "Dragonfly/1.0 (+https://publisherdiscovery.com/bots)"
35.240.54.252 - - [10/Jul/2026:18:57:59 -0400] "GET /?C=D;O=A HTTP/1.1" 200 93385 "-" "Dragonfly/1.0 (+https://publisherdiscovery.com/bots)"
35.240.54.252 - - [10/Jul/2026:18:57:59 -0400] "GET /?C=M;O=A HTTP/1.1" 200 93387 "-" "Dragonfly/1.0 (+https://publisherdiscovery.com/bots)"
35.240.54.252 - - [10/Jul/2026:18:58:00 -0400] "GET /?C=N;O=D HTTP/1.1" 200 93387 "-" "Dragonfly/1.0 (+https://publisherdiscovery.com/bots)"
35.240.54.252 - - [10/Jul/2026:18:58:00 -0400] "GET /?C=S;O=A HTTP/1.1" 200 93382 "-" "Dragonfly/1.0 (+https://publisherdiscovery.com/bots)"
35.240.54.252 - - [10/Jul/2026:18:58:00 -0400] "GET / HTTP/1.1" 200 93383 "-" "Dragonfly/1.0 (+https://publisherdiscovery.com/bots)"
35.240.54.252 - - [10/Jul/2026:18:58:00 -0400] "GET /?C=D;O=A HTTP/1.1" 200 93382 "-" "Dragonfly/1.0 (+https://publisherdiscovery.com/bots)"
212.30.41.74 - - [10/Jul/2026:18:58:01 -0400] "GET /vi-blog/strengthen-the-mind-body-connection HTTP/1.1" 200 118632 "-" "Mozilla/5.0 (Windows NT 6.3) AppleWebKit/537.36 (KHTML, like Gecko) Chrome/88.0.4324.190 Safari/537.36"
35.240.54.252 - - [10/Jul/2026:18:58:01 -0400] "GET /?C=M;O=A HTTP/1.1" 200 93385 "-" "Dragonfly/1.0 (+https://publisherdiscovery.com/bots)"
35.240.54.252 - - [10/Jul/2026:18:58:01 -0400] "GET /?C=N;O=D HTTP/1.1" 200 93387 "-" "Dragonfly/1.0 (+https://publisherdiscovery.com/bots)"
35.240.54.252 - - [10/Jul/2026:18:58:01 -0400] "GET /?C=S;O=A HTTP/1.1" 200 93388 "-" "Dragonfly/1.0 (+https://publisherdiscovery.com/bots)"
74.7.241.53 - - [10/Jul/2026:18:58:02 -0400] "GET /events/eventsbyday/2026/8/20/- HTTP/1.1" 429 17 "https://www.transformptyoga.com/events/monthcalendar/2026/8/-" "Mozilla/5.0 AppleWebKit/537.36 (KHTML, like Gecko; compatible; GPTBot/1.4; +https://openai.com/gptbot)"
74.7.241.53 - - [10/Jul/2026:18:58:11 -0400] "GET /events/eventsbyday/2026/8/26/- HTTP/1.1" 429 17 "https://www.transformptyoga.com/events/monthcalendar/2026/8/-" "Mozilla/5.0 AppleWebKit/537.36 (KHTML, like Gecko; compatible; GPTBot/1.4; +https://openai.com/gptbot)"
74.7.241.53 - - [10/Jul/2026:18:58:35 -0400] "GET /events/eventsbyday/2026/8/22/- HTTP/1.1" 429 17 "https://www.transformptyoga.com/events/monthcalendar/2026/8/-" "Mozilla/5.0 AppleWebKit/537.36 (KHTML, like Gecko; compatible; GPTBot/1.4; +https://openai.com/gptbot)"
66.249.65.33 - - [10/Jul/2026:18:59:04 -0400] "GET /market/772064023466 HTTP/1.1" 404 13928 "-" "Mozilla/5.0 (Linux; Android 6.0.1; Nexus 5X Build/MMB29P) AppleWebKit/537.36 (KHTML, like Gecko) Chrome/150.0.7871.46 Mobile Safari/537.36 (compatible; Googlebot/2.1; +http://www.google.com/bot.html)"
74.7.241.53 - - [10/Jul/2026:18:59:37 -0400] "GET /events/eventsbyday/2026/8/28/- HTTP/1.1" 429 17 "https://www.transformptyoga.com/events/monthcalendar/2026/8/-" "Mozilla/5.0 AppleWebKit/537.36 (KHTML, like Gecko; compatible; GPTBot/1.4; +https://openai.com/gptbot)"
66.249.65.46 - - [10/Jul/2026:19:00:28 -0400] "GET /special/77458617495 HTTP/1.1" 404 13928 "-" "Mozilla/5.0 (Linux; Android 6.0.1; Nexus 5X Build/MMB29P) AppleWebKit/537.36 (KHTML, like Gecko) Chrome/150.0.7871.46 Mobile Safari/537.36 (compatible; Googlebot/2.1; +http://www.google.com/bot.html)"
74.7.241.53 - - [10/Jul/2026:19:00:42 -0400] "GET /events/eventsbyday/2026/8/2/- HTTP/1.1" 200 106015 "https://www.transformptyoga.com/events/monthcalendar/2026/8/-" "Mozilla/5.0 AppleWebKit/537.36 (KHTML, like Gecko; compatible; GPTBot/1.4; +https://openai.com/gptbot)"
196.189.31.1 - - [10/Jul/2026:19:00:55 -0400] "GET /market/821896130338 HTTP/1.1" 404 13928 "-" "Mozilla/5.0 (Macintosh; Intel Mac OS X 10_15_6) AppleWebKit/537.36 (KHTML, like Gecko) Brave Chrome/88.0.4324.152 Safari/537.36"
66.249.65.33 - - [10/Jul/2026:19:01:37 -0400] "GET /shopping/86429593245 HTTP/1.1" 404 13926 "-" "Mozilla/5.0 (Linux; Android 6.0.1; Nexus 5X Build/MMB29P) AppleWebKit/537.36 (KHTML, like Gecko) Chrome/150.0.7871.46 Mobile Safari/537.36 (compatible; Googlebot/2.1; +http://www.google.com/bot.html)"
74.7.241.53 - - [10/Jul/2026:19:01:43 -0400] "GET /events/eventsbyday/2026/8/7/- HTTP/1.1" 200 106020 "https://www.transformptyoga.com/events/monthcalendar/2026/8/-" "Mozilla/5.0 AppleWebKit/537.36 (KHTML, like Gecko; compatible; GPTBot/1.4; +https://openai.com/gptbot)"
49.51.72.76 - - [10/Jul/2026:19:01:59 -0400] "GET /events/monthcalendar/2026/8/- HTTP/1.1" 200 116579 "-" "Mozilla/5.0 (iPhone; CPU iPhone OS 13_2_3 like Mac OS X) AppleWebKit/605.1.15 (KHTML, like Gecko) Version/13.0.3 Mobile/15E148 Safari/604.1"
181.66.167.187 - - [10/Jul/2026:19:02:16 -0400] "GET /events HTTP/1.1" 200 115713 "-" "Mozilla/5.0 (Windows NT 10.0; Win64; x64) AppleWebKit/537.36 (KHTML, like Gecko) Chrome/132.0.6834.110 Safari/537.36"
66.249.65.33 - - [10/Jul/2026:19:02:24 -0400] "GET /special/77810708547 HTTP/1.1" 404 13925 "-" "Mozilla/5.0 (Linux; Android 6.0.1; Nexus 5X Build/MMB29P) AppleWebKit/537.36 (KHTML, like Gecko) Chrome/150.0.7871.46 Mobile Safari/537.36 (compatible; Googlebot/2.1; +http://www.google.com/bot.html)"
74.7.241.53 - - [10/Jul/2026:19:02:37 -0400] "GET /events/eventsbyday/2026/8/3/- HTTP/1.1" 200 106014 "https://www.transformptyoga.com/events/monthcalendar/2026/8/-" "Mozilla/5.0 AppleWebKit/537.36 (KHTML, like Gecko; compatible; GPTBot/1.4; +https://openai.com/gptbot)"
74.7.241.53 - - [10/Jul/2026:19:03:28 -0400] "GET /events/eventsbyday/2026/8/9/- HTTP/1.1" 200 106020 "https://www.transformptyoga.com/events/monthcalendar/2026/8/-" "Mozilla/5.0 AppleWebKit/537.36 (KHTML, like Gecko; compatible; GPTBot/1.4; +https://openai.com/gptbot)"
74.7.241.53 - - [10/Jul/2026:19:04:14 -0400] "GET /events/eventsbyday/2026/8/1/- HTTP/1.1" 200 106019 "https://www.transformptyoga.com/events/monthcalendar/2026/8/-" "Mozilla/5.0 AppleWebKit/537.36 (KHTML, like Gecko; compatible; GPTBot/1.4; +https://openai.com/gptbot)"
74.7.241.53 - - [10/Jul/2026:19:04:54 -0400] "GET /events/eventsbyday/2026/8/4/- HTTP/1.1" 200 106022 "https://www.transformptyoga.com/events/monthcalendar/2026/8/-" "Mozilla/5.0 AppleWebKit/537.36 (KHTML, like Gecko; compatible; GPTBot/1.4; +https://openai.com/gptbot)"
66.249.65.33 - - [10/Jul/2026:19:05:25 -0400] "GET /special/701165892445 HTTP/1.1" 404 13928 "-" "Mozilla/5.0 (Linux; Android 6.0.1; Nexus 5X Build/MMB29P) AppleWebKit/537.36 (KHTML, like Gecko) Chrome/150.0.7871.46 Mobile Safari/537.36 (compatible; Googlebot/2.1; +http://www.google.com/bot.html)"
66.249.65.46 - - [10/Jul/2026:19:05:29 -0400] "GET /info/792455601496 HTTP/1.1" 404 13928 "-" "Mozilla/5.0 (Linux; Android 6.0.1; Nexus 5X Build/MMB29P) AppleWebKit/537.36 (KHTML, like Gecko) Chrome/150.0.7871.46 Mobile Safari/537.36 (compatible; Googlebot/2.1; +http://www.google.com/bot.html)"
74.7.241.53 - - [10/Jul/2026:19:05:31 -0400] "GET /events/eventsbyday/2026/8/6/- HTTP/1.1" 200 106019 "https://www.transformptyoga.com/events/monthcalendar/2026/8/-" "Mozilla/5.0 AppleWebKit/537.36 (KHTML, like Gecko; compatible; GPTBot/1.4; +https://openai.com/gptbot)"
74.7.241.53 - - [10/Jul/2026:19:06:03 -0400] "GET /events/eventsbyday/2026/8/5/- HTTP/1.1" 200 106021 "https://www.transformptyoga.com/events/monthcalendar/2026/8/-" "Mozilla/5.0 AppleWebKit/537.36 (KHTML, like Gecko; compatible; GPTBot/1.4; +https://openai.com/gptbot)"
124.156.157.91 - - [10/Jul/2026:19:06:04 -0400] "GET /events/monthcalendar/2026/6/- HTTP/1.1" 200 115588 "-" "Mozilla/5.0 (iPhone; CPU iPhone OS 13_2_3 like Mac OS X) AppleWebKit/605.1.15 (KHTML, like Gecko) Version/13.0.3 Mobile/15E148 Safari/604.1"
74.7.241.53 - - [10/Jul/2026:19:06:32 -0400] "GET /events/eventsbyday/2026/8/15/- HTTP/1.1" 200 106020 "https://www.transformptyoga.com/events/monthcalendar/2026/8/-" "Mozilla/5.0 AppleWebKit/537.36 (KHTML, like Gecko; compatible; GPTBot/1.4; +https://openai.com/gptbot)"
66.249.65.32 - - [10/Jul/2026:19:06:35 -0400] "GET /goods/711102372271 HTTP/1.1" 404 13928 "-" "Mozilla/5.0 (Linux; Android 6.0.1; Nexus 5X Build/MMB29P) AppleWebKit/537.36 (KHTML, like Gecko) Chrome/150.0.7871.46 Mobile Safari/537.36 (compatible; Googlebot/2.1; +http://www.google.com/bot.html)"
74.7.241.53 - - [10/Jul/2026:19:06:59 -0400] "GET /events/eventsbyday/2026/8/11/- HTTP/1.1" 200 106023 "https://www.transformptyoga.com/events/monthcalendar/2026/8/-" "Mozilla/5.0 AppleWebKit/537.36 (KHTML, like Gecko; compatible; GPTBot/1.4; +https://openai.com/gptbot)"
66.249.65.33 - - [10/Jul/2026:19:07:22 -0400] "GET /items/843146033957 HTTP/1.1" 404 13928 "-" "Mozilla/5.0 (Linux; Android 6.0.1; Nexus 5X Build/MMB29P) AppleWebKit/537.36 (KHTML, like Gecko) Chrome/150.0.7871.46 Mobile Safari/537.36 (compatible; Googlebot/2.1; +http://www.google.com/bot.html)"
66.249.65.32 - - [10/Jul/2026:19:07:22 -0400] "GET /goodscode/851709369743 HTTP/1.1" 404 13926 "-" "Mozilla/5.0 (Linux; Android 6.0.1; Nexus 5X Build/MMB29P) AppleWebKit/537.36 (KHTML, like Gecko) Chrome/150.0.7871.46 Mobile Safari/537.36 (compatible; Googlebot/2.1; +http://www.google.com/bot.html)"
66.249.65.46 - - [10/Jul/2026:19:07:22 -0400] "GET /item/74855227172 HTTP/1.1" 404 13925 "-" "Mozilla/5.0 (Linux; Android 6.0.1; Nexus 5X Build/MMB29P) AppleWebKit/537.36 (KHTML, like Gecko) Chrome/150.0.7871.46 Mobile Safari/537.36 (compatible; Googlebot/2.1; +http://www.google.com/bot.html)"
74.7.241.53 - - [10/Jul/2026:19:07:24 -0400] "GET /events/eventsbyday/2026/7/17/- HTTP/1.1" 200 106017 "https://www.transformptyoga.com/events/eventsbyday/2026/7/18/-" "Mozilla/5.0 AppleWebKit/537.36 (KHTML, like Gecko; compatible; GPTBot/1.4; +https://openai.com/gptbot)"
74.7.241.53 - - [10/Jul/2026:19:07:45 -0400] "GET /events/eventsbyday/2026/8/30/- HTTP/1.1" 200 106019 "https://www.transformptyoga.com/events/monthcalendar/2026/8/-" "Mozilla/5.0 AppleWebKit/537.36 (KHTML, like Gecko; compatible; GPTBot/1.4; +https://openai.com/gptbot)"
74.7.241.53 - - [10/Jul/2026:19:08:05 -0400] "GET /events/eventsbyday/2026/8/29/- HTTP/1.1" 200 106026 "https://www.transformptyoga.com/events/monthcalendar/2026/8/-" "Mozilla/5.0 AppleWebKit/537.36 (KHTML, like Gecko; compatible; GPTBot/1.4; +https://openai.com/gptbot)"
74.7.241.53 - - [10/Jul/2026:19:08:24 -0400] "GET /events/eventsbyday/2026/8/25/- HTTP/1.1" 200 106019 "https://www.transformptyoga.com/events/monthcalendar/2026/8/-" "Mozilla/5.0 AppleWebKit/537.36 (KHTML, like Gecko; compatible; GPTBot/1.4; +https://openai.com/gptbot)"
66.249.65.32 - - [10/Jul/2026:19:08:32 -0400] "GET /entity/773378604226 HTTP/1.1" 404 13928 "-" "Mozilla/5.0 (Linux; Android 6.0.1; Nexus 5X Build/MMB29P) AppleWebKit/537.36 (KHTML, like Gecko) Chrome/150.0.7871.46 Mobile Safari/537.36 (compatible; Googlebot/2.1; +http://www.google.com/bot.html)"
74.7.241.53 - - [10/Jul/2026:19:08:39 -0400] "GET /events/eventsbyday/2026/8/16/- HTTP/1.1" 200 106022 "https://www.transformptyoga.com/events/monthcalendar/2026/8/-" "Mozilla/5.0 AppleWebKit/537.36 (KHTML, like Gecko; compatible; GPTBot/1.4; +https://openai.com/gptbot)"
74.7.241.53 - - [10/Jul/2026:19:08:54 -0400] "GET /events/eventsbyday/2026/7/31/- HTTP/1.1" 200 106017 "https://www.transformptyoga.com/events/eventsbyday/2026/8/1/-" "Mozilla/5.0 AppleWebKit/537.36 (KHTML, like Gecko; compatible; GPTBot/1.4; +https://openai.com/gptbot)"
74.7.241.53 - - [10/Jul/2026:19:09:07 -0400] "GET /events/eventsbyday/2026/8/23/- HTTP/1.1" 200 106021 "https://www.transformptyoga.com/events/monthcalendar/2026/8/-" "Mozilla/5.0 AppleWebKit/537.36 (KHTML, like Gecko; compatible; GPTBot/1.4; +https://openai.com/gptbot)"
74.7.241.53 - - [10/Jul/2026:19:09:19 -0400] "GET /events/eventsbyday/2026/8/31/- HTTP/1.1" 200 106021 "https://www.transformptyoga.com/events/monthcalendar/2026/8/-" "Mozilla/5.0 AppleWebKit/537.36 (KHTML, like Gecko; compatible; GPTBot/1.4; +https://openai.com/gptbot)"
66.249.65.33 - - [10/Jul/2026:19:09:24 -0400] "GET /products/75262018273 HTTP/1.1" 404 13930 "-" "Mozilla/5.0 (compatible; Googlebot/2.1; +http://www.google.com/bot.html)"
74.7.241.53 - - [10/Jul/2026:19:09:29 -0400] "GET /events/eventsbyday/2026/8/17/- HTTP/1.1" 200 106019 "https://www.transformptyoga.com/events/monthcalendar/2026/8/-" "Mozilla/5.0 AppleWebKit/537.36 (KHTML, like Gecko; compatible; GPTBot/1.4; +https://openai.com/gptbot)"
74.7.241.53 - - [10/Jul/2026:19:09:39 -0400] "GET /events/eventsbyday/2026/8/12/- HTTP/1.1" 429 17 "https://www.transformptyoga.com/events/monthcalendar/2026/8/-" "Mozilla/5.0 AppleWebKit/537.36 (KHTML, like Gecko; compatible; GPTBot/1.4; +https://openai.com/gptbot)"
66.249.65.46 - - [10/Jul/2026:19:09:42 -0400] "GET /special/892706987281 HTTP/1.1" 404 13928 "-" "Mozilla/5.0 (Linux; Android 6.0.1; Nexus 5X Build/MMB29P) AppleWebKit/537.36 (KHTML, like Gecko) Chrome/150.0.7871.46 Mobile Safari/537.36 (compatible; Googlebot/2.1; +http://www.google.com/bot.html)"
74.7.241.53 - - [10/Jul/2026:19:09:47 -0400] "GET /events/eventsbyday/2026/8/24/- HTTP/1.1" 429 17 "https://www.transformptyoga.com/events/monthcalendar/2026/8/-" "Mozilla/5.0 AppleWebKit/537.36 (KHTML, like Gecko; compatible; GPTBot/1.4; +https://openai.com/gptbot)"
187.192.250.133 - - [10/Jul/2026:19:10:09 -0400] "GET /events/eventsbyday/2025/1/31/tel:7203165841 HTTP/1.1" 200 106017 "-" "Mozilla/5.0 (Windows NT 6.3; Win64; x64) AppleWebKit/537.36 (KHTML, like Gecko) Chrome/80.0.3987.136 Safari/537.36"
74.7.241.53 - - [10/Jul/2026:19:10:13 -0400] "GET /events/eventsbyday/2026/8/10/- HTTP/1.1" 429 17 "https://www.transformptyoga.com/events/monthcalendar/2026/8/-" "Mozilla/5.0 AppleWebKit/537.36 (KHTML, like Gecko; compatible; GPTBot/1.4; +https://openai.com/gptbot)"
66.249.65.32 - - [10/Jul/2026:19:10:51 -0400] "GET /goodscode/773664167493 HTTP/1.1" 404 13925 "-" "Mozilla/5.0 (Linux; Android 6.0.1; Nexus 5X Build/MMB29P) AppleWebKit/537.36 (KHTML, like Gecko) Chrome/150.0.7871.46 Mobile Safari/537.36 (compatible; Googlebot/2.1; +http://www.google.com/bot.html)"
74.7.241.53 - - [10/Jul/2026:19:11:16 -0400] "GET /events/eventsbyday/2026/8/27/- HTTP/1.1" 429 17 "https://www.transformptyoga.com/events/monthcalendar/2026/8/-" "Mozilla/5.0 AppleWebKit/537.36 (KHTML, like Gecko; compatible; GPTBot/1.4; +https://openai.com/gptbot)"
66.249.65.46 - - [10/Jul/2026:19:12:01 -0400] "GET /product/87589484604 HTTP/1.1" 404 13930 "-" "Mozilla/5.0 (Linux; Android 6.0.1; Nexus 5X Build/MMB29P) AppleWebKit/537.36 (KHTML, like Gecko) Chrome/150.0.7871.46 Mobile Safari/537.36 (compatible; Googlebot/2.1; +http://www.google.com/bot.html)"
74.7.241.53 - - [10/Jul/2026:19:12:19 -0400] "GET /events/eventsbyday/2026/8/28/- HTTP/1.1" 200 106019 "https://www.transformptyoga.com/events/eventsbyday/2026/8/29/-" "Mozilla/5.0 AppleWebKit/537.36 (KHTML, like Gecko; compatible; GPTBot/1.4; +https://openai.com/gptbot)"
143.202.134.199 - - [10/Jul/2026:19:12:50 -0400] "GET /market/713530121862 HTTP/1.1" 404 13931 "-" "Mozilla/5.0 (Macintosh; Intel Mac OS X 10_12_0) AppleWebKit/537.36 (KHTML, like Gecko) Chrome/68.0.3409.631 Safari/537.36"
66.249.65.32 - - [10/Jul/2026:19:13:11 -0400] "GET /market/872724529783 HTTP/1.1" 404 13930 "-" "Mozilla/5.0 (Linux; Android 6.0.1; Nexus 5X Build/MMB29P) AppleWebKit/537.36 (KHTML, like Gecko) Chrome/150.0.7871.46 Mobile Safari/537.36 (compatible; Googlebot/2.1; +http://www.google.com/bot.html)"
74.7.241.53 - - [10/Jul/2026:19:13:22 -0400] "GET /events/eventsbyday/2026/8/26/- HTTP/1.1" 200 106025 "https://www.transformptyoga.com/events/eventsbyday/2026/8/25/-" "Mozilla/5.0 AppleWebKit/537.36 (KHTML, like Gecko; compatible; GPTBot/1.4; +https://openai.com/gptbot)"
66.249.65.32 - - [10/Jul/2026:19:13:57 -0400] "GET /special/853396520001 HTTP/1.1" 404 13926 "-" "Mozilla/5.0 (Linux; Android 6.0.1; Nexus 5X Build/MMB29P) AppleWebKit/537.36 (KHTML, like Gecko) Chrome/150.0.7871.46 Mobile Safari/537.36 (compatible; Googlebot/2.1; +http://www.google.com/bot.html)"
74.7.241.53 - - [10/Jul/2026:19:14:20 -0400] "GET /events/eventsbyday/2026/8/18/- HTTP/1.1" 200 106019 "https://www.transformptyoga.com/events/monthcalendar/2026/8/-" "Mozilla/5.0 AppleWebKit/537.36 (KHTML, like Gecko; compatible; GPTBot/1.4; +https://openai.com/gptbot)"
66.249.65.32 - - [10/Jul/2026:19:15:07 -0400] "GET /market/873418411971 HTTP/1.1" 404 13928 "-" "Mozilla/5.0 (Linux; Android 6.0.1; Nexus 5X Build/MMB29P) AppleWebKit/537.36 (KHTML, like Gecko) Chrome/150.0.7871.46 Mobile Safari/537.36 (compatible; Googlebot/2.1; +http://www.google.com/bot.html)"
74.7.241.53 - - [10/Jul/2026:19:15:13 -0400] "GET /events/eventsbyday/2026/8/14/- HTTP/1.1" 200 106017 "https://www.transformptyoga.com/events/monthcalendar/2026/8/-" "Mozilla/5.0 AppleWebKit/537.36 (KHTML, like Gecko; compatible; GPTBot/1.4; +https://openai.com/gptbot)"
74.7.241.53 - - [10/Jul/2026:19:16:01 -0400] "GET /events/eventsbyday/2026/8/22/- HTTP/1.1" 200 106021 "https://www.transformptyoga.com/events/eventsbyday/2026/8/23/-" "Mozilla/5.0 AppleWebKit/537.36 (KHTML, like Gecko; compatible; GPTBot/1.4; +https://openai.com/gptbot)"
66.249.65.32 - - [10/Jul/2026:19:16:16 -0400] "GET /info/792554252143 HTTP/1.1" 404 13925 "-" "Mozilla/5.0 (Linux; Android 6.0.1; Nexus 5X Build/MMB29P) AppleWebKit/537.36 (KHTML, like Gecko) Chrome/150.0.7871.46 Mobile Safari/537.36 (compatible; Googlebot/2.1; +http://www.google.com/bot.html)"
74.7.241.53 - - [10/Jul/2026:19:16:42 -0400] "GET /events/eventsbyday/2026/9/1/- HTTP/1.1" 200 106026 "https://www.transformptyoga.com/events/eventsbyday/2026/8/31/-" "Mozilla/5.0 AppleWebKit/537.36 (KHTML, like Gecko; compatible; GPTBot/1.4; +https://openai.com/gptbot)"
74.7.241.53 - - [10/Jul/2026:19:17:20 -0400] "GET /events/eventsbyday/2026/8/21/- HTTP/1.1" 200 106019 "https://www.transformptyoga.com/events/monthcalendar/2026/8/-" "Mozilla/5.0 AppleWebKit/537.36 (KHTML, like Gecko; compatible; GPTBot/1.4; +https://openai.com/gptbot)"
66.249.65.32 - - [10/Jul/2026:19:17:26 -0400] "GET /special/861501310131 HTTP/1.1" 404 13926 "-" "Mozilla/5.0 (Linux; Android 6.0.1; Nexus 5X Build/MMB29P) AppleWebKit/537.36 (KHTML, like Gecko) Chrome/150.0.7871.46 Mobile Safari/537.36 (compatible; Googlebot/2.1; +http://www.google.com/bot.html)"
74.7.241.53 - - [10/Jul/2026:19:17:53 -0400] "GET /events/eventsbyday/2026/8/13/- HTTP/1.1" 200 106023 "https://www.transformptyoga.com/events/monthcalendar/2026/8/-" "Mozilla/5.0 AppleWebKit/537.36 (KHTML, like Gecko; compatible; GPTBot/1.4; +https://openai.com/gptbot)"
74.7.241.53 - - [10/Jul/2026:19:18:24 -0400] "GET /media/plg_system_mobilemenuck/assets/'%20+%20activeitemhref%20+%20' HTTP/1.1" 404 13925 "https://www.transformptyoga.com/media/plg_system_mobilemenuck/assets/mobilemenuck.js?ver=1.5.21" "Mozilla/5.0 AppleWebKit/537.36 (KHTML, like Gecko; compatible; GPTBot/1.4; +https://openai.com/gptbot)"
66.249.65.46 - - [10/Jul/2026:19:18:36 -0400] "GET /shopping/773594516332 HTTP/1.1" 404 13926 "-" "Mozilla/5.0 (Linux; Android 6.0.1; Nexus 5X Build/MMB29P) AppleWebKit/537.36 (KHTML, like Gecko) Chrome/150.0.7871.46 Mobile Safari/537.36 (compatible; Googlebot/2.1; +http://www.google.com/bot.html)"
74.7.241.53 - - [10/Jul/2026:19:18:51 -0400] "GET /events/monthcalendar/2026/9/- HTTP/1.1" 200 115772 "https://www.transformptyoga.com/events/monthcalendar/2026/8/-" "Mozilla/5.0 AppleWebKit/537.36 (KHTML, like Gecko; compatible; GPTBot/1.4; +https://openai.com/gptbot)"
66.249.65.32 - - [10/Jul/2026:19:18:59 -0400] "GET /goods/853694241106 HTTP/1.1" 404 13931 "-" "Mozilla/5.0 (Linux; Android 6.0.1; Nexus 5X Build/MMB29P) AppleWebKit/537.36 (KHTML, like Gecko) Chrome/150.0.7871.46 Mobile Safari/537.36 (compatible; Googlebot/2.1; +http://www.google.com/bot.html)"
74.7.241.53 - - [10/Jul/2026:19:19:19 -0400] "GET /media/com_osmembership/js/site-register-default.min.js HTTP/1.1" 200 2545 "https://www.transformptyoga.com/index.php/msubscribe" "Mozilla/5.0 AppleWebKit/537.36 (KHTML, like Gecko; compatible; GPTBot/1.4; +https://openai.com/gptbot)"
74.7.241.53 - - [10/Jul/2026:19:19:44 -0400] "GET /events/eventsbyday/2026/8/27/- HTTP/1.1" 200 106026 "https://www.transformptyoga.com/events/eventsbyday/2026/8/28/-" "Mozilla/5.0 AppleWebKit/537.36 (KHTML, like Gecko; compatible; GPTBot/1.4; +https://openai.com/gptbot)"
66.249.65.32 - - [10/Jul/2026:19:19:46 -0400] "GET /products/853684689285 HTTP/1.1" 404 13928 "-" "Mozilla/5.0 (Linux; Android 6.0.1; Nexus 5X Build/MMB29P) AppleWebKit/537.36 (KHTML, like Gecko) Chrome/150.0.7871.46 Mobile Safari/537.36 (compatible; Googlebot/2.1; +http://www.google.com/bot.html)"
74.7.241.53 - - [10/Jul/2026:19:20:06 -0400] "GET /media/com_osmembership/assets/js/paymentmethods.min.js HTTP/1.1" 200 11750 "https://www.transformptyoga.com/index.php/msubscribe" "Mozilla/5.0 AppleWebKit/537.36 (KHTML, like Gecko; compatible; GPTBot/1.4; +https://openai.com/gptbot)"
74.7.241.53 - - [10/Jul/2026:19:20:25 -0400] "GET /media/com_osmembership/assets/js/membershipprojq.min.js HTTP/1.1" 200 58 "https://www.transformptyoga.com/index.php/msubscribe" "Mozilla/5.0 AppleWebKit/537.36 (KHTML, like Gecko; compatible; GPTBot/1.4; +https://openai.com/gptbot)"
66.249.65.33 - - [10/Jul/2026:19:20:34 -0400] "GET /shopping/774206245186 HTTP/1.1" 404 13928 "-" "Mozilla/5.0 (Linux; Android 6.0.1; Nexus 5X Build/MMB29P) AppleWebKit/537.36 (KHTML, like Gecko) Chrome/150.0.7871.46 Mobile Safari/537.36 (compatible; Googlebot/2.1; +http://www.google.com/bot.html)"
74.7.241.53 - - [10/Jul/2026:19:20:43 -0400] "GET /templates/it_oxygen/uikit/js/'+i+' HTTP/1.1" 404 13926 "https://www.transformptyoga.com/templates/it_oxygen/uikit/js/uikit.min.js" "Mozilla/5.0 AppleWebKit/537.36 (KHTML, like Gecko; compatible; GPTBot/1.4; +https://openai.com/gptbot)"
74.7.241.53 - - [10/Jul/2026:19:20:59 -0400] "GET /media/plg_system_mobilemenuck/assets/'%20+%20opts.uriroot%20+%20'/'%20+%20itemtmp.attr('data-mobileicon')%20+%20' HTTP/1.1" 404 13928 "https://www.transformptyoga.com/media/plg_system_mobilemenuck/assets/mobilemenuck.js?ver=1.5.21" "Mozilla/5.0 AppleWebKit/537.36 (KHTML, like Gecko; compatible; GPTBot/1.4; +https://openai.com/gptbot)"
74.7.241.53 - - [10/Jul/2026:19:21:15 -0400] "GET /events/eventsbyday/2026/9/2/- HTTP/1.1" 200 106026 "https://www.transformptyoga.com/events/eventsbyday/2026/9/1/-" "Mozilla/5.0 AppleWebKit/537.36 (KHTML, like Gecko; compatible; GPTBot/1.4; +https://openai.com/gptbot)"
74.7.241.53 - - [10/Jul/2026:19:21:31 -0400] "GET /events/eventsbyday/2026/8/20/- HTTP/1.1" 200 106023 "https://www.transformptyoga.com/events/eventsbyday/2026/8/21/-" "Mozilla/5.0 AppleWebKit/537.36 (KHTML, like Gecko; compatible; GPTBot/1.4; +https://openai.com/gptbot)"
74.7.241.53 - - [10/Jul/2026:19:21:45 -0400] "GET /events/eventsbyday/2026/8/12/- HTTP/1.1" 200 106028 "https://www.transformptyoga.com/events/eventsbyday/2026/8/13/-" "Mozilla/5.0 AppleWebKit/537.36 (KHTML, like Gecko; compatible; GPTBot/1.4; +https://openai.com/gptbot)"
209.85.238.225 - - [10/Jul/2026:19:21:49 -0400] "GET /detail/80981680657 HTTP/1.1" 404 13925 "-" "Mozilla/5.0 (X11; Linux x86_64) AppleWebKit/537.36 (KHTML, like Gecko) Chrome/150.0.7871.46 Safari/537.36"
209.85.238.238 - - [10/Jul/2026:19:21:49 -0400] "GET /media/legacy/js/jquery-noconflict.min.js HTTP/1.1" 200 47 "https://www.transformptyoga.com/detail/80981680657" "Mozilla/5.0 (X11; Linux x86_64) AppleWebKit/537.36 (KHTML, like Gecko) Chrome/150.0.7871.46 Safari/537.36"
209.85.238.224 - - [10/Jul/2026:19:21:49 -0400] "GET /detail/images/content/primary/tptyogo_a.png HTTP/1.1" 404 13926 "https://www.transformptyoga.com/detail/80981680657" "Mozilla/5.0 (X11; Linux x86_64) AppleWebKit/537.36 (KHTML, like Gecko) Chrome/150.0.7871.46 Safari/537.36"
66.249.65.33 - - [10/Jul/2026:19:21:52 -0400] "GET /items/661386490246 HTTP/1.1" 404 13928 "-" "Mozilla/5.0 (Linux; Android 6.0.1; Nexus 5X Build/MMB29P) AppleWebKit/537.36 (KHTML, like Gecko) Chrome/150.0.7871.46 Mobile Safari/537.36 (compatible; Googlebot/2.1; +http://www.google.com/bot.html)"
66.249.65.46 - - [10/Jul/2026:19:21:54 -0400] "GET /entity/77783289345 HTTP/1.1" 404 13926 "-" "Mozilla/5.0 (Linux; Android 6.0.1; Nexus 5X Build/MMB29P) AppleWebKit/537.36 (KHTML, like Gecko) Chrome/150.0.7871.46 Mobile Safari/537.36 (compatible; Googlebot/2.1; +http://www.google.com/bot.html)"
74.7.241.53 - - [10/Jul/2026:19:21:59 -0400] "GET /media/plg_system_mobilemenuck/assets/'%20+%20opts.uriroot%20+%20'/'%20+%20src%20+%20' HTTP/1.1" 404 13926 "https://www.transformptyoga.com/media/plg_system_mobilemenuck/assets/mobilemenuck.js?ver=1.5.21" "Mozilla/5.0 AppleWebKit/537.36 (KHTML, like Gecko; compatible; GPTBot/1.4; +https://openai.com/gptbot)"
74.7.241.53 - - [10/Jul/2026:19:22:10 -0400] "GET /events/eventsbyday/2026/9/9/- HTTP/1.1" 200 106030 "https://www.transformptyoga.com/events/monthcalendar/2026/9/-" "Mozilla/5.0 AppleWebKit/537.36 (KHTML, like Gecko; compatible; GPTBot/1.4; +https://openai.com/gptbot)"
209.85.238.224 - - [10/Jul/2026:19:22:11 -0400] "GET /items/903381682814 HTTP/1.1" 404 13926 "-" "Mozilla/5.0 (X11; Linux x86_64) AppleWebKit/537.36 (KHTML, like Gecko) Chrome/150.0.7871.46 Safari/537.36"
209.85.238.225 - - [10/Jul/2026:19:22:11 -0400] "GET /items/images/content/primary/tptyogo_a.png HTTP/1.1" 404 13931 "https://www.transformptyoga.com/items/903381682814" "Mozilla/5.0 (X11; Linux x86_64) AppleWebKit/537.36 (KHTML, like Gecko) Chrome/150.0.7871.46 Safari/537.36"
84.185.44.185 - - [10/Jul/2026:19:22:11 -0400] "GET /market/012836153706 HTTP/1.1" 301 - "-" "Mozilla/5.0 (Windows NT 10.0; Win64; x64) AppleWebKit/537.36 (KHTML, like Gecko) Chrome/133.0.6943.53 Safari/537.36"
190.89.30.111 - - [10/Jul/2026:19:22:14 -0400] "GET /market/012836153706 HTTP/1.1" 404 13928 "-" "Mozilla/5.0 (Windows NT 10.0; Win64; x64) AppleWebKit/537.36 (KHTML, like Gecko) Chrome/133.0.6943.53 Safari/537.36"
74.7.241.53 - - [10/Jul/2026:19:22:22 -0400] "GET /events/eventsbyday/2026/9/26/- HTTP/1.1" 200 106032 "https://www.transformptyoga.com/events/monthcalendar/2026/9/-" "Mozilla/5.0 AppleWebKit/537.36 (KHTML, like Gecko; compatible; GPTBot/1.4; +https://openai.com/gptbot)"
74.7.241.53 - - [10/Jul/2026:19:22:33 -0400] "GET /events/eventsbyday/2026/9/20/- HTTP/1.1" 429 17 "https://www.transformptyoga.com/events/monthcalendar/2026/9/-" "Mozilla/5.0 AppleWebKit/537.36 (KHTML, like Gecko; compatible; GPTBot/1.4; +https://openai.com/gptbot)"
74.7.241.53 - - [10/Jul/2026:19:22:43 -0400] "GET /events/eventsbyday/2026/9/29/- HTTP/1.1" 429 17 "https://www.transformptyoga.com/events/monthcalendar/2026/9/-" "Mozilla/5.0 AppleWebKit/537.36 (KHTML, like Gecko; compatible; GPTBot/1.4; +https://openai.com/gptbot)"
149.107.215.223 - - [10/Jul/2026:19:22:46 -0400] "GET /item/87364265119 HTTP/1.1" 404 13925 "-" "Mozilla/5.0 (Windows NT 10.0; Win64; x64) AppleWebKit/537.36 (KHTML, like Gecko) Chrome/80.0.3987.132 Safari/537.36"
43.153.10.83 - - [10/Jul/2026:19:22:49 -0400] "GET /vi-blog HTTP/1.1" 200 132137 "-" "Mozilla/5.0 (iPhone; CPU iPhone OS 13_2_3 like Mac OS X) AppleWebKit/605.1.15 (KHTML, like Gecko) Version/13.0.3 Mobile/15E148 Safari/604.1"
66.249.65.32 - - [10/Jul/2026:19:23:03 -0400] "GET /item/851436548855 HTTP/1.1" 404 13926 "-" "Mozilla/5.0 (Linux; Android 6.0.1; Nexus 5X Build/MMB29P) AppleWebKit/537.36 (KHTML, like Gecko) Chrome/150.0.7871.46 Mobile Safari/537.36 (compatible; Googlebot/2.1; +http://www.google.com/bot.html)"
74.7.241.53 - - [10/Jul/2026:19:23:12 -0400] "GET /events/eventsbyday/2026/9/22/- HTTP/1.1" 429 17 "https://www.transformptyoga.com/events/monthcalendar/2026/9/-" "Mozilla/5.0 AppleWebKit/537.36 (KHTML, like Gecko; compatible; GPTBot/1.4; +https://openai.com/gptbot)"
148.222.222.31 - - [10/Jul/2026:19:23:39 -0400] "GET /events/eventsbyday/2026/4/28/tel:7203165841 HTTP/1.1" 200 106019 "-" "Mozilla/5.0 (Macintosh; Intel Mac OS X 10_12_6) AppleWebKit/537.36 (KHTML, like Gecko) Chrome/79.0.3945.130 Safari/537.36"
181.71.156.45 - - [10/Jul/2026:19:23:42 -0400] "GET /events/eventsbyday/2025/2/10/- HTTP/1.1" 200 106020 "-" "Mozilla/5.0 (Macintosh; Intel Mac OS X 10_15_7) AppleWebKit/537.36 (KHTML, like Gecko) Chrome/96.0.4664.55 Safari/537.36"
66.249.65.46 - - [10/Jul/2026:19:23:50 -0400] "GET /market/793259738870 HTTP/1.1" 404 13928 "-" "Mozilla/5.0 (compatible; Googlebot/2.1; +http://www.google.com/bot.html)"
66.249.65.33 - - [10/Jul/2026:19:24:05 -0400] "GET /detail/854129978221 HTTP/1.1" 404 13928 "-" "Mozilla/5.0 (Linux; Android 6.0.1; Nexus 5X Build/MMB29P) AppleWebKit/537.36 (KHTML, like Gecko) Chrome/150.0.7871.46 Mobile Safari/537.36 (compatible; Googlebot/2.1; +http://www.google.com/bot.html)"
74.7.241.53 - - [10/Jul/2026:19:24:16 -0400] "GET /events/eventsbyday/2026/9/7/- HTTP/1.1" 429 17 "https://www.transformptyoga.com/events/monthcalendar/2026/9/-" "Mozilla/5.0 AppleWebKit/537.36 (KHTML, like Gecko; compatible; GPTBot/1.4; +https://openai.com/gptbot)"
66.249.65.46 - - [10/Jul/2026:19:24:59 -0400] "GET /shopbrand/774035171056 HTTP/1.1" 404 13926 "-" "Mozilla/5.0 (Linux; Android 6.0.1; Nexus 5X Build/MMB29P) AppleWebKit/537.36 (KHTML, like Gecko) Chrome/150.0.7871.46 Mobile Safari/537.36 (compatible; Googlebot/2.1; +http://www.google.com/bot.html)"
209.85.238.224 - - [10/Jul/2026:19:25:14 -0400] "GET /detail/823886965926 HTTP/1.1" 404 13926 "-" "Mozilla/5.0 (X11; Linux x86_64) AppleWebKit/537.36 (KHTML, like Gecko) Chrome/150.0.7871.46 Safari/537.36"
209.85.238.225 - - [10/Jul/2026:19:25:15 -0400] "GET /detail/images/content/primary/tptyogo_a.png HTTP/1.1" 404 13931 "https://www.transformptyoga.com/detail/823886965926" "Mozilla/5.0 (X11; Linux x86_64) AppleWebKit/537.36 (KHTML, like Gecko) Chrome/150.0.7871.46 Safari/537.36"
74.7.241.53 - - [10/Jul/2026:19:25:17 -0400] "GET /events/eventsbyday/2026/9/6/- HTTP/1.1" 200 106020 "https://www.transformptyoga.com/events/monthcalendar/2026/9/-" "Mozilla/5.0 AppleWebKit/537.36 (KHTML, like Gecko; compatible; GPTBot/1.4; +https://openai.com/gptbot)"
66.249.65.46 - - [10/Jul/2026:19:26:05 -0400] "GET /items/85923216124 HTTP/1.1" 404 13926 "-" "Mozilla/5.0 (Linux; Android 6.0.1; Nexus 5X Build/MMB29P) AppleWebKit/537.36 (KHTML, like Gecko) Chrome/150.0.7871.46 Mobile Safari/537.36 (compatible; Googlebot/2.1; +http://www.google.com/bot.html)"
74.7.241.53 - - [10/Jul/2026:19:26:19 -0400] "GET /events/eventsbyday/2026/9/8/- HTTP/1.1" 200 106022 "https://www.transformptyoga.com/events/monthcalendar/2026/9/-" "Mozilla/5.0 AppleWebKit/537.36 (KHTML, like Gecko; compatible; GPTBot/1.4; +https://openai.com/gptbot)"
74.7.241.53 - - [10/Jul/2026:19:27:14 -0400] "GET /events/eventsbyday/2026/9/5/- HTTP/1.1" 200 106029 "https://www.transformptyoga.com/events/monthcalendar/2026/9/-" "Mozilla/5.0 AppleWebKit/537.36 (KHTML, like Gecko; compatible; GPTBot/1.4; +https://openai.com/gptbot)"
66.249.65.33 - - [10/Jul/2026:19:27:32 -0400] "GET /entity/894081967846 HTTP/1.1" 404 13928 "-" "Mozilla/5.0 (Linux; Android 6.0.1; Nexus 5X Build/MMB29P) AppleWebKit/537.36 (KHTML, like Gecko) Chrome/150.0.7871.46 Mobile Safari/537.36 (compatible; Googlebot/2.1; +http://www.google.com/bot.html)"
74.7.241.53 - - [10/Jul/2026:19:28:07 -0400] "GET /events/eventsbyday/2026/9/3/- HTTP/1.1" 200 106024 "https://www.transformptyoga.com/events/monthcalendar/2026/9/-" "Mozilla/5.0 AppleWebKit/537.36 (KHTML, like Gecko; compatible; GPTBot/1.4; +https://openai.com/gptbot)"
66.249.65.33 - - [10/Jul/2026:19:28:19 -0400] "GET /products/772358901809 HTTP/1.1" 404 13926 "-" "Mozilla/5.0 (Linux; Android 6.0.1; Nexus 5X Build/MMB29P) AppleWebKit/537.36 (KHTML, like Gecko) Chrome/150.0.7871.46 Mobile Safari/537.36 (compatible; Googlebot/2.1; +http://www.google.com/bot.html)"
74.7.241.53 - - [10/Jul/2026:19:28:51 -0400] "GET /events/eventsbyday/2026/9/4/- HTTP/1.1" 200 106023 "https://www.transformptyoga.com/events/monthcalendar/2026/9/-" "Mozilla/5.0 AppleWebKit/537.36 (KHTML, like Gecko; compatible; GPTBot/1.4; +https://openai.com/gptbot)"
66.249.65.33 - - [10/Jul/2026:19:29:04 -0400] "GET /shopping/841211275304 HTTP/1.1" 404 13925 "-" "Mozilla/5.0 (compatible; Googlebot/2.1; +http://www.google.com/bot.html)"
66.249.65.32 - - [10/Jul/2026:19:29:29 -0400] "GET /products/862413292869 HTTP/1.1" 404 13931 "-" "Mozilla/5.0 (Linux; Android 6.0.1; Nexus 5X Build/MMB29P) AppleWebKit/537.36 (KHTML, like Gecko) Chrome/150.0.7871.46 Mobile Safari/537.36 (compatible; Googlebot/2.1; +http://www.google.com/bot.html)"
74.7.241.53 - - [10/Jul/2026:19:29:32 -0400] "GET /events/eventsbyday/2026/9/16/- HTTP/1.1" 200 106034 "https://www.transformptyoga.com/events/monthcalendar/2026/9/-" "Mozilla/5.0 AppleWebKit/537.36 (KHTML, like Gecko; compatible; GPTBot/1.4; +https://openai.com/gptbot)"
43.166.1.243 - - [10/Jul/2026:19:29:54 -0400] "GET /vi-blog/sync-your-head-heart-the-benefits-of-heart-focused-breathing HTTP/1.1" 200 125303 "-" "Mozilla/5.0 (iPhone; CPU iPhone OS 13_2_3 like Mac OS X) AppleWebKit/605.1.15 (KHTML, like Gecko) Version/13.0.3 Mobile/15E148 Safari/604.1"
74.7.241.53 - - [10/Jul/2026:19:30:10 -0400] "GET /events/eventsbyday/2026/9/18/- HTTP/1.1" 200 106025 "https://www.transformptyoga.com/events/monthcalendar/2026/9/-" "Mozilla/5.0 AppleWebKit/537.36 (KHTML, like Gecko; compatible; GPTBot/1.4; +https://openai.com/gptbot)"
74.7.241.53 - - [10/Jul/2026:19:30:43 -0400] "GET /events/eventsbyday/2026/9/30/- HTTP/1.1" 200 106034 "https://www.transformptyoga.com/events/monthcalendar/2026/9/-" "Mozilla/5.0 AppleWebKit/537.36 (KHTML, like Gecko; compatible; GPTBot/1.4; +https://openai.com/gptbot)"
66.249.65.46 - - [10/Jul/2026:19:30:48 -0400] "GET /products/693895954027 HTTP/1.1" 404 13928 "-" "Mozilla/5.0 (Linux; Android 6.0.1; Nexus 5X Build/MMB29P) AppleWebKit/537.36 (KHTML, like Gecko) Chrome/150.0.7871.46 Mobile Safari/537.36 (compatible; Googlebot/2.1; +http://www.google.com/bot.html)"
66.249.65.46 - - [10/Jul/2026:19:30:48 -0400] "GET /shopping/87100389810 HTTP/1.1" 404 13926 "-" "Mozilla/5.0 (Linux; Android 6.0.1; Nexus 5X Build/MMB29P) AppleWebKit/537.36 (KHTML, like Gecko) Chrome/150.0.7871.46 Mobile Safari/537.36 (compatible; Googlebot/2.1; +http://www.google.com/bot.html)"
74.7.241.53 - - [10/Jul/2026:19:31:14 -0400] "GET /events/eventsbyday/2026/9/17/- HTTP/1.1" 200 106027 "https://www.transformptyoga.com/events/monthcalendar/2026/9/-" "Mozilla/5.0 AppleWebKit/537.36 (KHTML, like Gecko; compatible; GPTBot/1.4; +https://openai.com/gptbot)"
74.7.241.53 - - [10/Jul/2026:19:31:42 -0400] "GET /events/eventsbyday/2026/9/12/- HTTP/1.1" 200 106027 "https://www.transformptyoga.com/events/monthcalendar/2026/9/-" "Mozilla/5.0 AppleWebKit/537.36 (KHTML, like Gecko; compatible; GPTBot/1.4; +https://openai.com/gptbot)"
74.7.241.53 - - [10/Jul/2026:19:32:36 -0400] "GET /events/eventsbyday/2026/9/7/- HTTP/1.1" 200 106023 "https://www.transformptyoga.com/events/eventsbyday/2026/9/6/-" "Mozilla/5.0 AppleWebKit/537.36 (KHTML, like Gecko; compatible; GPTBot/1.4; +https://openai.com/gptbot)"
74.7.241.53 - - [10/Jul/2026:19:32:50 -0400] "GET /events/eventsbyday/2026/9/24/- HTTP/1.1" 200 106026 "https://www.transformptyoga.com/events/monthcalendar/2026/9/-" "Mozilla/5.0 AppleWebKit/537.36 (KHTML, like Gecko; compatible; GPTBot/1.4; +https://openai.com/gptbot)"
74.7.241.53 - - [10/Jul/2026:19:33:11 -0400] "GET /events/eventsbyday/2026/9/25/- HTTP/1.1" 200 106022 "https://www.transformptyoga.com/events/monthcalendar/2026/9/-" "Mozilla/5.0 AppleWebKit/537.36 (KHTML, like Gecko; compatible; GPTBot/1.4; +https://openai.com/gptbot)"
66.249.65.45 - - [10/Jul/2026:19:33:23 -0400] "GET /robots.txt HTTP/1.1" 200 764 "-" "Mozilla/5.0 (compatible; Googlebot/2.1; +http://www.google.com/bot.html)"
66.249.65.45 - - [10/Jul/2026:19:33:23 -0400] "GET / HTTP/1.1" 301 - "-" "Mozilla/5.0 (Linux; Android 6.0.1; Nexus 5X Build/MMB29P) AppleWebKit/537.36 (KHTML, like Gecko) Chrome/150.0.7871.46 Mobile Safari/537.36 (compatible; Googlebot/2.1; +http://www.google.com/bot.html)"
66.249.65.37 - - [10/Jul/2026:19:33:24 -0400] "GET /robots.txt HTTP/1.1" 200 764 "-" "Mozilla/5.0 (compatible; Googlebot/2.1; +http://www.google.com/bot.html)"
66.249.65.37 - - [10/Jul/2026:19:33:24 -0400] "GET / HTTP/1.1" 200 92863 "-" "Mozilla/5.0 (Linux; Android 6.0.1; Nexus 5X Build/MMB29P) AppleWebKit/537.36 (KHTML, like Gecko) Chrome/150.0.7871.46 Mobile Safari/537.36 (compatible; Googlebot/2.1; +http://www.google.com/bot.html)"
66.249.65.33 - - [10/Jul/2026:19:33:25 -0400] "GET /info/663942043133 HTTP/1.1" 404 13931 "-" "Mozilla/5.0 (Linux; Android 6.0.1; Nexus 5X Build/MMB29P) AppleWebKit/537.36 (KHTML, like Gecko) Chrome/150.0.7871.46 Mobile Safari/537.36 (compatible; Googlebot/2.1; +http://www.google.com/bot.html)"
74.7.241.53 - - [10/Jul/2026:19:33:29 -0400] "GET /events/eventsbyday/2026/9/13/- HTTP/1.1" 200 106025 "https://www.transformptyoga.com/events/monthcalendar/2026/9/-" "Mozilla/5.0 AppleWebKit/537.36 (KHTML, like Gecko; compatible; GPTBot/1.4; +https://openai.com/gptbot)"
74.7.241.53 - - [10/Jul/2026:19:33:46 -0400] "GET /events/eventsbyday/2026/9/14/- HTTP/1.1" 200 106027 "https://www.transformptyoga.com/events/monthcalendar/2026/9/-" "Mozilla/5.0 AppleWebKit/537.36 (KHTML, like Gecko; compatible; GPTBot/1.4; +https://openai.com/gptbot)"
66.249.65.32 - - [10/Jul/2026:19:33:48 -0400] "GET /info/77689042885 HTTP/1.1" 404 13931 "-" "Mozilla/5.0 (Linux; Android 6.0.1; Nexus 5X Build/MMB29P) AppleWebKit/537.36 (KHTML, like Gecko) Chrome/150.0.7871.46 Mobile Safari/537.36 (compatible; Googlebot/2.1; +http://www.google.com/bot.html)"
66.249.65.46 - - [10/Jul/2026:19:33:56 -0400] "GET /entity/683645015694 HTTP/1.1" 404 13926 "-" "Mozilla/5.0 (Linux; Android 6.0.1; Nexus 5X Build/MMB29P) AppleWebKit/537.36 (KHTML, like Gecko) Chrome/150.0.7871.46 Mobile Safari/537.36 (compatible; Googlebot/2.1; +http://www.google.com/bot.html)"
74.7.241.53 - - [10/Jul/2026:19:34:01 -0400] "GET /events/eventsbyday/2026/9/10/- HTTP/1.1" 200 106026 "https://www.transformptyoga.com/events/monthcalendar/2026/9/-" "Mozilla/5.0 AppleWebKit/537.36 (KHTML, like Gecko; compatible; GPTBot/1.4; +https://openai.com/gptbot)"
66.249.65.36 - - [10/Jul/2026:19:34:11 -0400] "GET /media/gantry5/engines/nucleus/css-compiled/bootstrap5.css HTTP/1.1" 200 173544 "https://transformptyoga.com/" "Mozilla/5.0 (Linux; Android 6.0.1; Nexus 5X Build/MMB29P) AppleWebKit/537.36 (KHTML, like Gecko) Chrome/150.0.7871.46 Mobile Safari/537.36 (compatible; Googlebot/2.1; +http://www.google.com/bot.html)"
66.249.65.38 - - [10/Jul/2026:19:34:11 -0400] "GET /media/plg_system_mobilemenuck/assets/mobilemenuck.js?ver=1.5.21 HTTP/1.1" 200 52003 "https://transformptyoga.com/" "Mozilla/5.0 (Linux; Android 6.0.1; Nexus 5X Build/MMB29P) AppleWebKit/537.36 (KHTML, like Gecko) Chrome/150.0.7871.46 Mobile Safari/537.36 (compatible; Googlebot/2.1; +http://www.google.com/bot.html)"
66.249.65.36 - - [10/Jul/2026:19:34:11 -0400] "GET /media/smartslider3/src/SmartSlider3/Slider/SliderType/Simple/Assets/dist/ss-simple.min.js?ver=667fb12b HTTP/1.1" 200 14134 "https://transformptyoga.com/" "Mozilla/5.0 (Linux; Android 6.0.1; Nexus 5X Build/MMB29P) AppleWebKit/537.36 (KHTML, like Gecko) Chrome/150.0.7871.46 Mobile Safari/537.36 (compatible; Googlebot/2.1; +http://www.google.com/bot.html)"
74.7.241.53 - - [10/Jul/2026:19:34:13 -0400] "GET /events/eventsbyday/2026/9/23/- HTTP/1.1" 200 106031 "https://www.transformptyoga.com/events/monthcalendar/2026/9/-" "Mozilla/5.0 AppleWebKit/537.36 (KHTML, like Gecko; compatible; GPTBot/1.4; +https://openai.com/gptbot)"
74.7.241.53 - - [10/Jul/2026:19:34:25 -0400] "GET /events/eventsbyday/2026/10/1/- HTTP/1.1" 200 106023 "https://www.transformptyoga.com/events/eventsbyday/2026/9/30/-" "Mozilla/5.0 AppleWebKit/537.36 (KHTML, like Gecko; compatible; GPTBot/1.4; +https://openai.com/gptbot)"
74.7.241.53 - - [10/Jul/2026:19:34:35 -0400] "GET /events/eventsbyday/2026/9/29/- HTTP/1.1" 200 106024 "https://www.transformptyoga.com/events/eventsbyday/2026/9/30/-" "Mozilla/5.0 AppleWebKit/537.36 (KHTML, like Gecko; compatible; GPTBot/1.4; +https://openai.com/gptbot)"
103.130.18.137 - - [10/Jul/2026:19:34:45 -0400] "GET /plugins/editors/jce/jce.xml HTTP/1.1" 200 1202 "-" "Mozilla/5.0 (Windows NT 10.0; Win64; x64) AppleWebKit/537.36 (KHTML, like Gecko) Chrome/120.0.0.0 Safari/537.36"
74.7.241.53 - - [10/Jul/2026:19:34:45 -0400] "GET /events/eventsbyday/2026/9/11/- HTTP/1.1" 200 106025 "https://www.transformptyoga.com/events/monthcalendar/2026/9/-" "Mozilla/5.0 AppleWebKit/537.36 (KHTML, like Gecko; compatible; GPTBot/1.4; +https://openai.com/gptbot)"
74.7.241.53 - - [10/Jul/2026:19:34:54 -0400] "GET /events/eventsbyday/2026/9/15/- HTTP/1.1" 200 106024 "https://www.transformptyoga.com/events/monthcalendar/2026/9/-" "Mozilla/5.0 AppleWebKit/537.36 (KHTML, like Gecko; compatible; GPTBot/1.4; +https://openai.com/gptbot)"
66.249.65.33 - - [10/Jul/2026:19:34:57 -0400] "GET /items/791674546773 HTTP/1.1" 404 13928 "-" "Mozilla/5.0 (Linux; Android 6.0.1; Nexus 5X Build/MMB29P) AppleWebKit/537.36 (KHTML, like Gecko) Chrome/150.0.7871.46 Mobile Safari/537.36 (compatible; Googlebot/2.1; +http://www.google.com/bot.html)"
66.249.65.33 - - [10/Jul/2026:19:34:58 -0400] "GET /shopping/853468556970 HTTP/1.1" 404 13928 "-" "Mozilla/5.0 (Linux; Android 6.0.1; Nexus 5X Build/MMB29P) AppleWebKit/537.36 (KHTML, like Gecko) Chrome/150.0.7871.114 Mobile Safari/537.36 (compatible; Googlebot/2.1; +http://www.google.com/bot.html)"
66.249.65.32 - - [10/Jul/2026:19:34:58 -0400] "GET /detail/082861037640 HTTP/1.1" 404 13926 "-" "Mozilla/5.0 (Linux; Android 6.0.1; Nexus 5X Build/MMB29P) AppleWebKit/537.36 (KHTML, like Gecko) Chrome/150.0.7871.46 Mobile Safari/537.36 (compatible; Googlebot/2.1; +http://www.google.com/bot.html)"
103.130.18.137 - - [10/Jul/2026:19:34:59 -0400] "GET / HTTP/1.1" 200 93385 "-" "Mozilla/5.0 (Windows NT 10.0; Win64; x64) AppleWebKit/537.36 (KHTML, like Gecko) Chrome/120.0.0.0 Safari/537.36"
74.7.241.53 - - [10/Jul/2026:19:35:02 -0400] "GET /events/eventsbyday/2026/9/19/- HTTP/1.1" 429 17 "https://www.transformptyoga.com/events/monthcalendar/2026/9/-" "Mozilla/5.0 AppleWebKit/537.36 (KHTML, like Gecko; compatible; GPTBot/1.4; +https://openai.com/gptbot)"
181.42.165.135 - - [10/Jul/2026:19:35:02 -0400] "GET /shopping/863045039306 HTTP/1.1" 404 13928 "-" "Mozilla/5.0 (Windows NT 6.1) AppleWebKit/537.36 (KHTML, like Gecko) Chrome/79.0.3945.117 Safari/537.36"
74.7.241.53 - - [10/Jul/2026:19:35:09 -0400] "GET /events/eventsbyday/2026/9/21/- HTTP/1.1" 429 17 "https://www.transformptyoga.com/events/monthcalendar/2026/9/-" "Mozilla/5.0 AppleWebKit/537.36 (KHTML, like Gecko; compatible; GPTBot/1.4; +https://openai.com/gptbot)"
103.130.18.137 - - [10/Jul/2026:19:35:10 -0400] "POST /index.php?option=com_jce HTTP/1.1" 403 14144 "-" "Mozilla/5.0 (Windows NT 10.0; Win64; x64) AppleWebKit/537.36 (KHTML, like Gecko) Chrome/120.0.0.0 Safari/537.36"
74.7.241.53 - - [10/Jul/2026:19:35:30 -0400] "GET /events/eventsbyday/2026/9/27/- HTTP/1.1" 429 17 "https://www.transformptyoga.com/events/monthcalendar/2026/9/-" "Mozilla/5.0 AppleWebKit/537.36 (KHTML, like Gecko; compatible; GPTBot/1.4; +https://openai.com/gptbot)"
66.249.65.32 - - [10/Jul/2026:19:36:22 -0400] "GET /shopbrand/77958463229 HTTP/1.1" 404 13926 "-" "Mozilla/5.0 (Linux; Android 6.0.1; Nexus 5X Build/MMB29P) AppleWebKit/537.36 (KHTML, like Gecko) Chrome/150.0.7871.46 Mobile Safari/537.36 (compatible; Googlebot/2.1; +http://www.google.com/bot.html)"
74.7.241.53 - - [10/Jul/2026:19:36:33 -0400] "GET /events/monthcalendar/2026/10/- HTTP/1.1" 429 17 "https://www.transformptyoga.com/events/monthcalendar/2026/9/-" "Mozilla/5.0 AppleWebKit/537.36 (KHTML, like Gecko; compatible; GPTBot/1.4; +https://openai.com/gptbot)"
66.249.65.46 - - [10/Jul/2026:19:36:45 -0400] "GET /detail/884037056623 HTTP/1.1" 404 13926 "-" "Mozilla/5.0 (Linux; Android 6.0.1; Nexus 5X Build/MMB29P) AppleWebKit/537.36 (KHTML, like Gecko) Chrome/150.0.7871.46 Mobile Safari/537.36 (compatible; Googlebot/2.1; +http://www.google.com/bot.html)"
60.115.214.69 - - [10/Jul/2026:19:36:51 -0400] "GET /product/853431299076 HTTP/1.1" 404 13928 "https://www.google.com/" "Mozilla/5.0 (Linux; Android 10; K) AppleWebKit/537.36 (KHTML, like Gecko) Chrome/150.0.0.0 Mobile Safari/537.36"
60.115.214.69 - - [10/Jul/2026:19:36:52 -0400] "GET /product/853431299076 HTTP/1.1" 404 13926 "https://www.google.com/" "Mozilla/5.0 (Linux; Android 10; K) AppleWebKit/537.36 (KHTML, like Gecko) Chrome/150.0.0.0 Mobile Safari/537.36"
60.115.214.69 - - [10/Jul/2026:19:36:52 -0400] "GET /templates/it_oxygen/uikit/css/uikit.min.css HTTP/1.1" 200 113947 "https://www.transformptyoga.com/product/853431299076" "Mozilla/5.0 (Linux; Android 10; K) AppleWebKit/537.36 (KHTML, like Gecko) Chrome/150.0.0.0 Mobile Safari/537.36"
60.115.214.69 - - [10/Jul/2026:19:36:52 -0400] "GET /media/gantry5/engines/nucleus/css-compiled/nucleus.css HTTP/1.1" 200 20312 "https://www.transformptyoga.com/product/853431299076" "Mozilla/5.0 (Linux; Android 10; K) AppleWebKit/537.36 (KHTML, like Gecko) Chrome/150.0.0.0 Mobile Safari/537.36"
