60.115.214.69 - - [10/Jul/2026:19:36:52 -0400] "GET /templates/it_oxygen/custom/css-compiled/oxygen__error.css?6a4c6971 HTTP/1.1" 200 154669 "https://www.transformptyoga.com/product/853431299076" "Mozilla/5.0 (Linux; Android 10; K) AppleWebKit/537.36 (KHTML, like Gecko) Chrome/150.0.0.0 Mobile Safari/537.36"
60.115.214.69 - - [10/Jul/2026:19:36:52 -0400] "GET /media/system/css/joomla-fontawesome.min.css HTTP/1.1" 200 14993 "https://www.transformptyoga.com/product/853431299076" "Mozilla/5.0 (Linux; Android 10; K) AppleWebKit/537.36 (KHTML, like Gecko) Chrome/150.0.0.0 Mobile Safari/537.36"
60.115.214.69 - - [10/Jul/2026:19:36:52 -0400] "GET /media/gantry5/engines/nucleus/css-compiled/bootstrap5.css HTTP/1.1" 200 173544 "https://www.transformptyoga.com/product/853431299076" "Mozilla/5.0 (Linux; Android 10; K) AppleWebKit/537.36 (KHTML, like Gecko) Chrome/150.0.0.0 Mobile Safari/537.36"
60.115.214.69 - - [10/Jul/2026:19:36:52 -0400] "GET /media/system/css/debug.css HTTP/1.1" 200 3434 "https://www.transformptyoga.com/product/853431299076" "Mozilla/5.0 (Linux; Android 10; K) AppleWebKit/537.36 (KHTML, like Gecko) Chrome/150.0.0.0 Mobile Safari/537.36"
60.115.214.69 - - [10/Jul/2026:19:36:52 -0400] "GET /media/gantry5/assets/css/font-awesome.min.css HTTP/1.1" 200 31000 "https://www.transformptyoga.com/product/853431299076" "Mozilla/5.0 (Linux; Android 10; K) AppleWebKit/537.36 (KHTML, like Gecko) Chrome/150.0.0.0 Mobile Safari/537.36"
60.115.214.69 - - [10/Jul/2026:19:36:52 -0400] "GET /templates/it_oxygen/custom/css-compiled/custom__error.css?6a4c6971 HTTP/1.1" 200 335 "https://www.transformptyoga.com/product/853431299076" "Mozilla/5.0 (Linux; Android 10; K) AppleWebKit/537.36 (KHTML, like Gecko) Chrome/150.0.0.0 Mobile Safari/537.36"
60.115.214.69 - - [10/Jul/2026:19:36:52 -0400] "GET /templates/it_oxygen/custom/css-compiled/oxygen-joomla__error.css?6a4c6971 HTTP/1.1" 200 51402 "https://www.transformptyoga.com/product/853431299076" "Mozilla/5.0 (Linux; Android 10; K) AppleWebKit/537.36 (KHTML, like Gecko) Chrome/150.0.0.0 Mobile Safari/537.36"
60.115.214.69 - - [10/Jul/2026:19:36:52 -0400] "GET /media/vendor/jquery/js/jquery.min.js HTTP/1.1" 200 30342 "https://www.transformptyoga.com/product/853431299076" "Mozilla/5.0 (Linux; Android 10; K) AppleWebKit/537.36 (KHTML, like Gecko) Chrome/150.0.0.0 Mobile Safari/537.36"
60.115.214.69 - - [10/Jul/2026:19:36:52 -0400] "GET /media/legacy/js/jquery-noconflict.min.js HTTP/1.1" 200 47 "https://www.transformptyoga.com/product/853431299076" "Mozilla/5.0 (Linux; Android 10; K) AppleWebKit/537.36 (KHTML, like Gecko) Chrome/150.0.0.0 Mobile Safari/537.36"
60.115.214.69 - - [10/Jul/2026:19:36:52 -0400] "GET /templates/it_oxygen/images/logo.png HTTP/1.1" 200 5153 "https://www.transformptyoga.com/product/853431299076" "Mozilla/5.0 (Linux; Android 10; K) AppleWebKit/537.36 (KHTML, like Gecko) Chrome/150.0.0.0 Mobile Safari/537.36"
60.115.214.69 - - [10/Jul/2026:19:36:52 -0400] "GET /product/images/content/primary/tptyogo_a.png HTTP/1.1" 404 13931 "https://www.transformptyoga.com/product/853431299076" "Mozilla/5.0 (Linux; Android 10; K) AppleWebKit/537.36 (KHTML, like Gecko) Chrome/150.0.0.0 Mobile Safari/537.36"
60.115.214.69 - - [10/Jul/2026:19:36:53 -0400] "GET /templates/it_oxygen/uikit/js/uikit.min.js HTTP/1.1" 200 121825 "https://www.transformptyoga.com/product/853431299076" "Mozilla/5.0 (Linux; Android 10; K) AppleWebKit/537.36 (KHTML, like Gecko) Chrome/150.0.0.0 Mobile Safari/537.36"
60.115.214.69 - - [10/Jul/2026:19:36:53 -0400] "GET /media/gantry5/assets/js/main.js HTTP/1.1" 200 147174 "https://www.transformptyoga.com/product/853431299076" "Mozilla/5.0 (Linux; Android 10; K) AppleWebKit/537.36 (KHTML, like Gecko) Chrome/150.0.0.0 Mobile Safari/537.36"
60.115.214.69 - - [10/Jul/2026:19:36:53 -0400] "GET /templates/it_oxygen/js/scrollReveal.min.js HTTP/1.1" 200 8564 "https://www.transformptyoga.com/product/853431299076" "Mozilla/5.0 (Linux; Android 10; K) AppleWebKit/537.36 (KHTML, like Gecko) Chrome/150.0.0.0 Mobile Safari/537.36"
60.115.214.69 - - [10/Jul/2026:19:36:53 -0400] "GET /templates/it_oxygen/js/template.js HTTP/1.1" 200 208 "https://www.transformptyoga.com/product/853431299076" "Mozilla/5.0 (Linux; Android 10; K) AppleWebKit/537.36 (KHTML, like Gecko) Chrome/150.0.0.0 Mobile Safari/537.36"
60.115.214.69 - - [10/Jul/2026:19:36:54 -0400] "GET /favicon.ico HTTP/1.1" 404 13931 "https://www.transformptyoga.com/product/853431299076" "Mozilla/5.0 (Linux; Android 10; K) AppleWebKit/537.36 (KHTML, like Gecko) Chrome/150.0.0.0 Mobile Safari/537.36"
66.249.65.46 - - [10/Jul/2026:19:37:07 -0400] "GET /product/803049345751 HTTP/1.1" 404 13926 "-" "Mozilla/5.0 (Linux; Android 6.0.1; Nexus 5X Build/MMB29P) AppleWebKit/537.36 (KHTML, like Gecko) Chrome/150.0.7871.46 Mobile Safari/537.36 (compatible; Googlebot/2.1; +http://www.google.com/bot.html)"
66.249.65.46 - - [10/Jul/2026:19:37:09 -0400] "GET /items/89157968144 HTTP/1.1" 404 13928 "-" "Mozilla/5.0 (Linux; Android 6.0.1; Nexus 5X Build/MMB29P) AppleWebKit/537.36 (KHTML, like Gecko) Chrome/150.0.7871.46 Mobile Safari/537.36 (compatible; Googlebot/2.1; +http://www.google.com/bot.html)"
66.249.65.32 - - [10/Jul/2026:19:37:32 -0400] "GET /info/654200429805 HTTP/1.1" 404 13928 "-" "Mozilla/5.0 (Linux; Android 6.0.1; Nexus 5X Build/MMB29P) AppleWebKit/537.36 (KHTML, like Gecko) Chrome/150.0.7871.46 Mobile Safari/537.36 (compatible; Googlebot/2.1; +http://www.google.com/bot.html)"
17.246.15.78 - - [10/Jul/2026:19:37:37 -0400] "GET /events/eventsbyday/2024/11/1/- HTTP/1.1" 200 106022 "-" "Mozilla/5.0 (Macintosh; Intel Mac OS X 10_15_7) AppleWebKit/605.1.15 (KHTML, like Gecko) Version/17.4 Safari/605.1.15 (Applebot/0.1; +http://www.apple.com/go/applebot)"
74.7.241.53 - - [10/Jul/2026:19:37:38 -0400] "GET /media/plg_system_mobilemenuck/assets/'%20+%20opts.uriroot%20+%20'/'%20+%20opts.logo_image%20+%20' HTTP/1.1" 404 13926 "https://www.transformptyoga.com/media/plg_system_mobilemenuck/assets/mobilemenuck.js?ver=1.5.21" "Mozilla/5.0 AppleWebKit/537.36 (KHTML, like Gecko; compatible; GPTBot/1.4; +https://openai.com/gptbot)"
179.37.54.162 - - [10/Jul/2026:19:38:04 -0400] "GET /events/eventsbyday/2025/6/28/tel:7203165841 HTTP/1.1" 200 106021 "-" "Mozilla/5.0 (Macintosh; Intel Mac OS X 10_15_7) AppleWebKit/537.36 (KHTML, like Gecko) Chrome/94.0.4606.61 Safari/537.36"
66.249.65.33 - - [10/Jul/2026:19:38:19 -0400] "GET /item/794013623525 HTTP/1.1" 404 13926 "-" "Mozilla/5.0 (Linux; Android 6.0.1; Nexus 5X Build/MMB29P) AppleWebKit/537.36 (KHTML, like Gecko) Chrome/150.0.7871.46 Mobile Safari/537.36 (compatible; Googlebot/2.1; +http://www.google.com/bot.html)"
17.246.23.62 - - [10/Jul/2026:19:38:23 -0400] "GET /media/system/css/joomla-fontawesome.min.css HTTP/1.1" 200 14993 "https://transformptyoga.com/events/eventsbyday/2024/11/1/-" "Mozilla/5.0 (Macintosh; Intel Mac OS X 10_15_7) AppleWebKit/605.1.15 (KHTML, like Gecko) Version/17.4 Safari/605.1.15 (Applebot/0.1; +http://www.apple.com/go/applebot)"
47.79.11.103 - - [10/Jul/2026:19:38:24 -0400] "GET /goodscode/012479371350 HTTP/1.1" 404 13926 "-" "Mozilla/5.0 (Windows NT 10.0; Win64; x64) AppleWebKit/537.36 (KHTML, like Gecko) Chrome/147.0.0.0 Safari/537.36"
17.246.23.62 - - [10/Jul/2026:19:38:25 -0400] "GET /media/com_jevents/lib_jevmodal/css/jevmodal.css HTTP/1.1" 200 4451 "https://transformptyoga.com/events/eventsbyday/2024/11/1/-" "Mozilla/5.0 (Macintosh; Intel Mac OS X 10_15_7) AppleWebKit/605.1.15 (KHTML, like Gecko) Version/17.4 Safari/605.1.15 (Applebot/0.1; +http://www.apple.com/go/applebot)"
47.82.14.9 - - [10/Jul/2026:19:38:25 -0400] "GET /shopdetail/011209308543 HTTP/1.1" 404 13928 "-" "Mozilla/5.0 (Macintosh; Intel Mac OS X 10_15_7) AppleWebKit/537.36 (KHTML, like Gecko) Chrome/148.0.0.0 Safari/537.36"
17.246.23.62 - - [10/Jul/2026:19:38:26 -0400] "GET /media/vendor/joomla-custom-elements/css/joomla-alert.min.css?0.2.0 HTTP/1.1" 200 955 "https://transformptyoga.com/events/eventsbyday/2024/11/1/-" "Mozilla/5.0 (Macintosh; Intel Mac OS X 10_15_7) AppleWebKit/605.1.15 (KHTML, like Gecko) Version/17.4 Safari/605.1.15 (Applebot/0.1; +http://www.apple.com/go/applebot)"
17.246.23.62 - - [10/Jul/2026:19:38:28 -0400] "GET /media/plg_system_jcepro/site/css/content.min.css?86aa0286b6232c4a5b58f892ce080277 HTTP/1.1" 200 8484 "https://transformptyoga.com/events/eventsbyday/2024/11/1/-" "Mozilla/5.0 (Macintosh; Intel Mac OS X 10_15_7) AppleWebKit/605.1.15 (KHTML, like Gecko) Version/17.4 Safari/605.1.15 (Applebot/0.1; +http://www.apple.com/go/applebot)"
17.246.23.62 - - [10/Jul/2026:19:38:29 -0400] "GET /media/com_convertforms/css/convertforms.css?75a1a6268729f6deebe920aff68b09dc HTTP/1.1" 200 24872 "https://transformptyoga.com/events/eventsbyday/2024/11/1/-" "Mozilla/5.0 (Macintosh; Intel Mac OS X 10_15_7) AppleWebKit/605.1.15 (KHTML, like Gecko) Version/17.4 Safari/605.1.15 (Applebot/0.1; +http://www.apple.com/go/applebot)"
17.246.23.62 - - [10/Jul/2026:19:38:31 -0400] "GET /templates/it_oxygen/uikit/css/uikit.min.css HTTP/1.1" 200 113947 "https://transformptyoga.com/events/eventsbyday/2024/11/1/-" "Mozilla/5.0 (Macintosh; Intel Mac OS X 10_15_7) AppleWebKit/605.1.15 (KHTML, like Gecko) Version/17.4 Safari/605.1.15 (Applebot/0.1; +http://www.apple.com/go/applebot)"
17.246.23.62 - - [10/Jul/2026:19:38:32 -0400] "GET /media/gantry5/engines/nucleus/css-compiled/nucleus.css HTTP/1.1" 200 20312 "https://transformptyoga.com/events/eventsbyday/2024/11/1/-" "Mozilla/5.0 (Macintosh; Intel Mac OS X 10_15_7) AppleWebKit/605.1.15 (KHTML, like Gecko) Version/17.4 Safari/605.1.15 (Applebot/0.1; +http://www.apple.com/go/applebot)"
17.246.23.62 - - [10/Jul/2026:19:38:34 -0400] "GET /templates/it_oxygen/custom/css-compiled/oxygen_12.css?6a4c6970 HTTP/1.1" 200 154665 "https://transformptyoga.com/events/eventsbyday/2024/11/1/-" "Mozilla/5.0 (Macintosh; Intel Mac OS X 10_15_7) AppleWebKit/605.1.15 (KHTML, like Gecko) Version/17.4 Safari/605.1.15 (Applebot/0.1; +http://www.apple.com/go/applebot)"
47.82.55.106 - - [10/Jul/2026:19:38:34 -0400] "GET /goodscode/01967049650 HTTP/1.1" 404 13928 "-" "Mozilla/5.0 (Windows NT 10.0; Win64; x64) AppleWebKit/537.36 (KHTML, like Gecko) Chrome/145.0.0.0 Safari/537.36"
47.82.55.106 - - [10/Jul/2026:19:38:34 -0400] "GET /items/01849531333 HTTP/1.1" 404 13928 "-" "Mozilla/5.0 (Macintosh; Intel Mac OS X 10_15_7) AppleWebKit/537.36 (KHTML, like Gecko) Chrome/140.0.0.0 Safari/537.36"
17.246.23.62 - - [10/Jul/2026:19:38:35 -0400] "GET /media/gantry5/engines/nucleus/css-compiled/bootstrap5.css HTTP/1.1" 200 173544 "https://transformptyoga.com/events/eventsbyday/2024/11/1/-" "Mozilla/5.0 (Macintosh; Intel Mac OS X 10_15_7) AppleWebKit/605.1.15 (KHTML, like Gecko) Version/17.4 Safari/605.1.15 (Applebot/0.1; +http://www.apple.com/go/applebot)"
17.246.23.62 - - [10/Jul/2026:19:38:37 -0400] "GET /media/system/css/debug.css HTTP/1.1" 200 3434 "https://transformptyoga.com/events/eventsbyday/2024/11/1/-" "Mozilla/5.0 (Macintosh; Intel Mac OS X 10_15_7) AppleWebKit/605.1.15 (KHTML, like Gecko) Version/17.4 Safari/605.1.15 (Applebot/0.1; +http://www.apple.com/go/applebot)"
47.82.14.247 - - [10/Jul/2026:19:38:37 -0400] "GET /shopbrand/012961257064 HTTP/1.1" 404 13930 "-" "Mozilla/5.0 (Windows NT 10.0; Win64; x64) AppleWebKit/537.36 (KHTML, like Gecko) Chrome/144.0.0.0 Safari/537.36"
17.246.23.62 - - [10/Jul/2026:19:38:38 -0400] "GET /media/gantry5/assets/css/font-awesome.min.css HTTP/1.1" 200 31000 "https://transformptyoga.com/events/eventsbyday/2024/11/1/-" "Mozilla/5.0 (Macintosh; Intel Mac OS X 10_15_7) AppleWebKit/605.1.15 (KHTML, like Gecko) Version/17.4 Safari/605.1.15 (Applebot/0.1; +http://www.apple.com/go/applebot)"
17.246.23.62 - - [10/Jul/2026:19:38:40 -0400] "GET /templates/it_oxygen/custom/css-compiled/oxygen-joomla_12.css?6a4c6970 HTTP/1.1" 200 51398 "https://transformptyoga.com/events/eventsbyday/2024/11/1/-" "Mozilla/5.0 (Macintosh; Intel Mac OS X 10_15_7) AppleWebKit/605.1.15 (KHTML, like Gecko) Version/17.4 Safari/605.1.15 (Applebot/0.1; +http://www.apple.com/go/applebot)"
17.246.23.62 - - [10/Jul/2026:19:38:41 -0400] "GET /templates/it_oxygen/custom/css-compiled/custom_12.css?6a4c6970 HTTP/1.1" 200 335 "https://transformptyoga.com/events/eventsbyday/2024/11/1/-" "Mozilla/5.0 (Macintosh; Intel Mac OS X 10_15_7) AppleWebKit/605.1.15 (KHTML, like Gecko) Version/17.4 Safari/605.1.15 (Applebot/0.1; +http://www.apple.com/go/applebot)"
74.7.241.53 - - [10/Jul/2026:19:38:42 -0400] "GET /media/com_osmembership/assets/js/validate/js/jquery.validationEngine.lang.min.js HTTP/1.1" 200 5983 "https://www.transformptyoga.com/index.php/msubscribe" "Mozilla/5.0 AppleWebKit/537.36 (KHTML, like Gecko; compatible; GPTBot/1.4; +https://openai.com/gptbot)"
17.246.23.62 - - [10/Jul/2026:19:38:43 -0400] "GET /media/system/js/core.min.js?37ffe4186289eba9c5df81bea44080aff77b9684 HTTP/1.1" 200 3135 "https://transformptyoga.com/events/eventsbyday/2024/11/1/-" "Mozilla/5.0 (Macintosh; Intel Mac OS X 10_15_7) AppleWebKit/605.1.15 (KHTML, like Gecko) Version/17.4 Safari/605.1.15 (Applebot/0.1; +http://www.apple.com/go/applebot)"
17.246.23.62 - - [10/Jul/2026:19:38:44 -0400] "GET /media/vendor/jquery/js/jquery.min.js?3.7.1 HTTP/1.1" 200 30342 "https://transformptyoga.com/events/eventsbyday/2024/11/1/-" "Mozilla/5.0 (Macintosh; Intel Mac OS X 10_15_7) AppleWebKit/605.1.15 (KHTML, like Gecko) Version/17.4 Safari/605.1.15 (Applebot/0.1; +http://www.apple.com/go/applebot)"
17.246.23.62 - - [10/Jul/2026:19:38:46 -0400] "GET /media/legacy/js/jquery-noconflict.min.js?647005fc12b79b3ca2bb30c059899d5994e3e34d HTTP/1.1" 200 47 "https://transformptyoga.com/events/eventsbyday/2024/11/1/-" "Mozilla/5.0 (Macintosh; Intel Mac OS X 10_15_7) AppleWebKit/605.1.15 (KHTML, like Gecko) Version/17.4 Safari/605.1.15 (Applebot/0.1; +http://www.apple.com/go/applebot)"
17.246.23.62 - - [10/Jul/2026:19:38:47 -0400] "GET /media/vendor/bootstrap/js/modal.min.js?5.3.2 HTTP/1.1" 200 2477 "https://transformptyoga.com/events/eventsbyday/2024/11/1/-" "Mozilla/5.0 (Macintosh; Intel Mac OS X 10_15_7) AppleWebKit/605.1.15 (KHTML, like Gecko) Version/17.4 Safari/605.1.15 (Applebot/0.1; +http://www.apple.com/go/applebot)"
17.246.23.62 - - [10/Jul/2026:19:38:49 -0400] "GET /media/vendor/bootstrap/js/popover.min.js?5.3.2 HTTP/1.1" 200 3430 "https://transformptyoga.com/events/eventsbyday/2024/11/1/-" "Mozilla/5.0 (Macintosh; Intel Mac OS X 10_15_7) AppleWebKit/605.1.15 (KHTML, like Gecko) Version/17.4 Safari/605.1.15 (Applebot/0.1; +http://www.apple.com/go/applebot)"
17.246.23.62 - - [10/Jul/2026:19:38:50 -0400] "GET /media/system/js/keepalive.min.js?9f10654c2f49ca104ca0449def6eec3f06bd19c0 HTTP/1.1" 200 430 "https://transformptyoga.com/events/eventsbyday/2024/11/1/-" "Mozilla/5.0 (Macintosh; Intel Mac OS X 10_15_7) AppleWebKit/605.1.15 (KHTML, like Gecko) Version/17.4 Safari/605.1.15 (Applebot/0.1; +http://www.apple.com/go/applebot)"
17.246.23.62 - - [10/Jul/2026:19:38:52 -0400] "GET /media/system/js/messages.min.js?7f7aa28ac8e8d42145850e8b45b3bc82ff9a6411 HTTP/1.1" 200 1837 "https://transformptyoga.com/events/eventsbyday/2024/11/1/-" "Mozilla/5.0 (Macintosh; Intel Mac OS X 10_15_7) AppleWebKit/605.1.15 (KHTML, like Gecko) Version/17.4 Safari/605.1.15 (Applebot/0.1; +http://www.apple.com/go/applebot)"
17.246.23.62 - - [10/Jul/2026:19:38:53 -0400] "GET /media/com_jevents/lib_jevmodal/js/jevmodal.min.js HTTP/1.1" 200 10360 "https://transformptyoga.com/events/eventsbyday/2024/11/1/-" "Mozilla/5.0 (Macintosh; Intel Mac OS X 10_15_7) AppleWebKit/605.1.15 (KHTML, like Gecko) Version/17.4 Safari/605.1.15 (Applebot/0.1; +http://www.apple.com/go/applebot)"
17.246.23.62 - - [10/Jul/2026:19:38:55 -0400] "GET /media/plg_system_mobilemenuck/assets/mobilemenuck.js?ver=1.5.21 HTTP/1.1" 200 52003 "https://transformptyoga.com/events/eventsbyday/2024/11/1/-" "Mozilla/5.0 (Macintosh; Intel Mac OS X 10_15_7) AppleWebKit/605.1.15 (KHTML, like Gecko) Version/17.4 Safari/605.1.15 (Applebot/0.1; +http://www.apple.com/go/applebot)"
17.246.23.62 - - [10/Jul/2026:19:38:56 -0400] "GET /media/com_convertforms/js/site.js?75a1a6268729f6deebe920aff68b09dc HTTP/1.1" 200 13724 "https://transformptyoga.com/events/eventsbyday/2024/11/1/-" "Mozilla/5.0 (Macintosh; Intel Mac OS X 10_15_7) AppleWebKit/605.1.15 (KHTML, like Gecko) Version/17.4 Safari/605.1.15 (Applebot/0.1; +http://www.apple.com/go/applebot)"
17.246.23.62 - - [10/Jul/2026:19:38:58 -0400] "GET /media/smartslider3/src/SmartSlider3/Application/Frontend/Assets/dist/smartslider.min.css?ver=667fb12b HTTP/1.1" 200 22276 "https://transformptyoga.com/events/eventsbyday/2024/11/1/-" "Mozilla/5.0 (Macintosh; Intel Mac OS X 10_15_7) AppleWebKit/605.1.15 (KHTML, like Gecko) Version/17.4 Safari/605.1.15 (Applebot/0.1; +http://www.apple.com/go/applebot)"
17.246.23.62 - - [10/Jul/2026:19:38:59 -0400] "GET /media/gantry5/assets/js/main.js HTTP/1.1" 200 147174 "https://transformptyoga.com/events/eventsbyday/2024/11/1/-" "Mozilla/5.0 (Macintosh; Intel Mac OS X 10_15_7) AppleWebKit/605.1.15 (KHTML, like Gecko) Version/17.4 Safari/605.1.15 (Applebot/0.1; +http://www.apple.com/go/applebot)"
17.246.23.62 - - [10/Jul/2026:19:39:01 -0400] "GET /templates/it_oxygen/uikit/js/uikit.min.js HTTP/1.1" 200 121825 "https://transformptyoga.com/events/eventsbyday/2024/11/1/-" "Mozilla/5.0 (Macintosh; Intel Mac OS X 10_15_7) AppleWebKit/605.1.15 (KHTML, like Gecko) Version/17.4 Safari/605.1.15 (Applebot/0.1; +http://www.apple.com/go/applebot)"
17.246.23.62 - - [10/Jul/2026:19:39:02 -0400] "GET /templates/it_oxygen/js/template.js HTTP/1.1" 200 208 "https://transformptyoga.com/events/eventsbyday/2024/11/1/-" "Mozilla/5.0 (Macintosh; Intel Mac OS X 10_15_7) AppleWebKit/605.1.15 (KHTML, like Gecko) Version/17.4 Safari/605.1.15 (Applebot/0.1; +http://www.apple.com/go/applebot)"
17.246.23.62 - - [10/Jul/2026:19:39:03 -0400] "GET /templates/it_oxygen/js/scrollReveal.min.js HTTP/1.1" 200 8564 "https://transformptyoga.com/events/eventsbyday/2024/11/1/-" "Mozilla/5.0 (Macintosh; Intel Mac OS X 10_15_7) AppleWebKit/605.1.15 (KHTML, like Gecko) Version/17.4 Safari/605.1.15 (Applebot/0.1; +http://www.apple.com/go/applebot)"
17.246.23.62 - - [10/Jul/2026:19:39:05 -0400] "GET /media/vendor/bootstrap/js/dom.min.js?5.3.0 HTTP/1.1" 200 6732 "https://transformptyoga.com/events/eventsbyday/2024/11/1/-" "Mozilla/5.0 (Macintosh; Intel Mac OS X 10_15_7) AppleWebKit/605.1.15 (KHTML, like Gecko) Version/17.4 Safari/605.1.15 (Applebot/0.1; +http://www.apple.com/go/applebot)"
17.246.23.62 - - [10/Jul/2026:19:39:06 -0400] "GET /media/vendor/bootstrap/js/popper.min.js?5.3.0 HTTP/1.1" 200 7749 "https://transformptyoga.com/events/eventsbyday/2024/11/1/-" "Mozilla/5.0 (Macintosh; Intel Mac OS X 10_15_7) AppleWebKit/605.1.15 (KHTML, like Gecko) Version/17.4 Safari/605.1.15 (Applebot/0.1; +http://www.apple.com/go/applebot)"
17.246.23.62 - - [10/Jul/2026:19:39:08 -0400] "GET /media/smartslider3/src/SmartSlider3/Application/Frontend/Assets/dist/n2.min.js?ver=667fb12b HTTP/1.1" 200 91697 "https://transformptyoga.com/events/eventsbyday/2024/11/1/-" "Mozilla/5.0 (Macintosh; Intel Mac OS X 10_15_7) AppleWebKit/605.1.15 (KHTML, like Gecko) Version/17.4 Safari/605.1.15 (Applebot/0.1; +http://www.apple.com/go/applebot)"
17.246.23.62 - - [10/Jul/2026:19:39:09 -0400] "GET /media/smartslider3/src/SmartSlider3/Application/Frontend/Assets/dist/smartslider-frontend.min.js?ver=667fb12b HTTP/1.1" 200 221457 "https://transformptyoga.com/events/eventsbyday/2024/11/1/-" "Mozilla/5.0 (Macintosh; Intel Mac OS X 10_15_7) AppleWebKit/605.1.15 (KHTML, like Gecko) Version/17.4 Safari/605.1.15 (Applebot/0.1; +http://www.apple.com/go/applebot)"
17.246.23.62 - - [10/Jul/2026:19:39:11 -0400] "GET /media/smartslider3/src/SmartSlider3/Slider/SliderType/Simple/Assets/dist/ss-simple.min.js?ver=667fb12b HTTP/1.1" 200 14134 "https://transformptyoga.com/events/eventsbyday/2024/11/1/-" "Mozilla/5.0 (Macintosh; Intel Mac OS X 10_15_7) AppleWebKit/605.1.15 (KHTML, like Gecko) Version/17.4 Safari/605.1.15 (Applebot/0.1; +http://www.apple.com/go/applebot)"
17.246.23.62 - - [10/Jul/2026:19:39:12 -0400] "GET /media/smartslider3/src/SmartSlider3/Slider/SliderType/Simple/Assets/dist/smartslider-backgroundanimation.min.js?ver=667fb12b HTTP/1.1" 200 664528 "https://transformptyoga.com/events/eventsbyday/2024/11/1/-" "Mozilla/5.0 (Macintosh; Intel Mac OS X 10_15_7) AppleWebKit/605.1.15 (KHTML, like Gecko) Version/17.4 Safari/605.1.15 (Applebot/0.1; +http://www.apple.com/go/applebot)"
17.246.23.62 - - [10/Jul/2026:19:39:14 -0400] "GET /media/smartslider3/src/SmartSlider3/Widget/Arrow/ArrowImage/Assets/dist/w-arrow-image.min.js?ver=667fb12b HTTP/1.1" 200 1454 "https://transformptyoga.com/events/eventsbyday/2024/11/1/-" "Mozilla/5.0 (Macintosh; Intel Mac OS X 10_15_7) AppleWebKit/605.1.15 (KHTML, like Gecko) Version/17.4 Safari/605.1.15 (Applebot/0.1; +http://www.apple.com/go/applebot)"
17.246.23.62 - - [10/Jul/2026:19:39:15 -0400] "GET /media/smartslider3/src/SmartSlider3/Widget/Bullet/Assets/dist/w-bullet.min.js?ver=667fb12b HTTP/1.1" 200 5556 "https://transformptyoga.com/events/eventsbyday/2024/11/1/-" "Mozilla/5.0 (Macintosh; Intel Mac OS X 10_15_7) AppleWebKit/605.1.15 (KHTML, like Gecko) Version/17.4 Safari/605.1.15 (Applebot/0.1; +http://www.apple.com/go/applebot)"
176.57.207.246 - - [10/Jul/2026:19:39:17 -0400] "GET /product/651210123850 HTTP/1.1" 404 13931 "-" "Mozilla/5.0 (Windows NT 6.1; WOW64) AppleWebKit/537.36 (KHTML, like Gecko) Chrome/100.0.4896.75 Safari/537.36"
17.246.23.62 - - [10/Jul/2026:19:39:17 -0400] "GET /media/smartslider3/src/SmartSlider3/Slider/SliderType/Block/Assets/dist/ss-block.min.js?ver=667fb12b HTTP/1.1" 200 3466 "https://transformptyoga.com/events/eventsbyday/2024/11/1/-" "Mozilla/5.0 (Macintosh; Intel Mac OS X 10_15_7) AppleWebKit/605.1.15 (KHTML, like Gecko) Version/17.4 Safari/605.1.15 (Applebot/0.1; +http://www.apple.com/go/applebot)"
66.249.65.46 - - [10/Jul/2026:19:39:28 -0400] "GET /shopbrand/761946212986 HTTP/1.1" 404 13931 "-" "Mozilla/5.0 (Linux; Android 6.0.1; Nexus 5X Build/MMB29P) AppleWebKit/537.36 (KHTML, like Gecko) Chrome/150.0.7871.46 Mobile Safari/537.36 (compatible; Googlebot/2.1; +http://www.google.com/bot.html)"
74.7.241.53 - - [10/Jul/2026:19:39:43 -0400] "GET /events/eventsbyday/2026/9/22/- HTTP/1.1" 200 106027 "https://www.transformptyoga.com/events/eventsbyday/2026/9/23/-" "Mozilla/5.0 AppleWebKit/537.36 (KHTML, like Gecko; compatible; GPTBot/1.4; +https://openai.com/gptbot)"
69.171.234.112 - - [10/Jul/2026:19:40:12 -0400] "GET /images/content/primary/TPTY_Logo.png HTTP/1.1" 200 284877 "-" "facebookexternalhit/1.1 (+http://www.facebook.com/externalhit_uatext.php)"
66.249.65.32 - - [10/Jul/2026:19:40:38 -0400] "GET /items/863446061810 HTTP/1.1" 404 13930 "-" "Mozilla/5.0 (Linux; Android 6.0.1; Nexus 5X Build/MMB29P) AppleWebKit/537.36 (KHTML, like Gecko) Chrome/150.0.7871.46 Mobile Safari/537.36 (compatible; Googlebot/2.1; +http://www.google.com/bot.html)"
74.7.241.53 - - [10/Jul/2026:19:40:39 -0400] "GET /events/eventsbyday/2026/10/2/- HTTP/1.1" 200 106019 "https://www.transformptyoga.com/events/eventsbyday/2026/10/1/-" "Mozilla/5.0 AppleWebKit/537.36 (KHTML, like Gecko; compatible; GPTBot/1.4; +https://openai.com/gptbot)"
66.249.65.32 - - [10/Jul/2026:19:40:56 -0400] "GET /products/883713984382 HTTP/1.1" 404 13926 "-" "Mozilla/5.0 (compatible; Googlebot/2.1; +http://www.google.com/bot.html)"
74.7.241.53 - - [10/Jul/2026:19:41:30 -0400] "GET /media/com_osmembership/assets/js/validate/js/j4.jquery.validationEngine.min.js HTTP/1.1" 200 27695 "https://www.transformptyoga.com/index.php/msubscribe" "Mozilla/5.0 AppleWebKit/537.36 (KHTML, like Gecko; compatible; GPTBot/1.4; +https://openai.com/gptbot)"
66.249.65.32 - - [10/Jul/2026:19:41:49 -0400] "GET /shopbrand/704106977786 HTTP/1.1" 404 13931 "-" "Mozilla/5.0 (Linux; Android 6.0.1; Nexus 5X Build/MMB29P) AppleWebKit/537.36 (KHTML, like Gecko) Chrome/150.0.7871.46 Mobile Safari/537.36 (compatible; Googlebot/2.1; +http://www.google.com/bot.html)"
66.249.65.46 - - [10/Jul/2026:19:41:49 -0400] "GET /info/791337712768 HTTP/1.1" 404 13928 "-" "Mozilla/5.0 (Linux; Android 6.0.1; Nexus 5X Build/MMB29P) AppleWebKit/537.36 (KHTML, like Gecko) Chrome/150.0.7871.46 Mobile Safari/537.36 (compatible; Googlebot/2.1; +http://www.google.com/bot.html)"
87.219.120.142 - - [10/Jul/2026:19:42:11 -0400] "GET /market/014278512830 HTTP/1.1" 301 - "-" "Mozilla/5.0 (Macintosh; Intel Mac OS X 11_5_0) AppleWebKit/537.36 (KHTML, like Gecko) Chrome/132.0.6834.110 Safari/537.36"
103.153.210.245 - - [10/Jul/2026:19:42:13 -0400] "GET /events/eventsbyday/2024/5/2/- HTTP/1.1" 200 106013 "-" "Mozilla/5.0 (Macintosh; Intel Mac OS X 10_13_6) AppleWebKit/537.36 (KHTML, like Gecko) Chrome/84.0.4147.125 Safari/537.36"
85.85.133.139 - - [10/Jul/2026:19:42:14 -0400] "GET /market/014278512830 HTTP/1.1" 404 13926 "-" "Mozilla/5.0 (Macintosh; Intel Mac OS X 11_5_0) AppleWebKit/537.36 (KHTML, like Gecko) Chrome/132.0.6834.110 Safari/537.36"
74.7.241.53 - - [10/Jul/2026:19:42:15 -0400] "GET /media/smartslider3/src/SmartSlider3/Widget/Bullet/Assets/dist/w-bullet.min.js?ver=667fb12b HTTP/1.1" 200 5556 "https://www.transformptyoga.com/" "Mozilla/5.0 AppleWebKit/537.36 (KHTML, like Gecko; compatible; GPTBot/1.4; +https://openai.com/gptbot)"
77.42.3.68 - - [10/Jul/2026:19:42:43 -0400] "GET /robots.txt HTTP/1.1" 200 764 "-" "Mozilla/5.0 (compatible; AffsignalCrawler/1.0; +https://affsignal.com/bot)"
77.42.3.68 - - [10/Jul/2026:19:42:44 -0400] "GET / HTTP/1.1" 200 93387 "-" "Mozilla/5.0 (compatible; AffsignalCrawler/1.0; +https://affsignal.com/bot)"
74.7.241.53 - - [10/Jul/2026:19:42:56 -0400] "GET /media/smartslider3/src/SmartSlider3/Application/Frontend/Assets/dist/n2.min.js?ver=667fb12b HTTP/1.1" 200 91697 "https://www.transformptyoga.com/" "Mozilla/5.0 AppleWebKit/537.36 (KHTML, like Gecko; compatible; GPTBot/1.4; +https://openai.com/gptbot)"
66.249.65.46 - - [10/Jul/2026:19:42:59 -0400] "GET /entity/791871401837 HTTP/1.1" 404 13931 "-" "Mozilla/5.0 (Linux; Android 6.0.1; Nexus 5X Build/MMB29P) AppleWebKit/537.36 (KHTML, like Gecko) Chrome/150.0.7871.46 Mobile Safari/537.36 (compatible; Googlebot/2.1; +http://www.google.com/bot.html)"
77.42.3.68 - - [10/Jul/2026:19:43:00 -0400] "GET /vi-blog HTTP/1.1" 200 132147 "-" "Mozilla/5.0 (compatible; AffsignalCrawler/1.0; +https://affsignal.com/bot)"
77.42.3.68 - - [10/Jul/2026:19:43:01 -0400] "GET /shop HTTP/1.1" 200 175702 "-" "Mozilla/5.0 (compatible; AffsignalCrawler/1.0; +https://affsignal.com/bot)"
77.42.3.68 - - [10/Jul/2026:19:43:02 -0400] "GET /robots.txt HTTP/1.1" 200 764 "-" "Mozilla/5.0 (compatible; AffsignalCrawler/1.0; +https://affsignal.com/bot)"
77.42.3.68 - - [10/Jul/2026:19:43:03 -0400] "GET / HTTP/1.1" 301 - "-" "Mozilla/5.0 (compatible; AffsignalCrawler/1.0; +https://affsignal.com/bot)"
77.42.3.68 - - [10/Jul/2026:19:43:05 -0400] "GET / HTTP/1.1" 200 93385 "-" "Mozilla/5.0 (compatible; AffsignalCrawler/1.0; +https://affsignal.com/bot)"
66.249.65.46 - - [10/Jul/2026:19:43:22 -0400] "GET /shopbrand/853307648227 HTTP/1.1" 404 13930 "-" "Mozilla/5.0 (Linux; Android 6.0.1; Nexus 5X Build/MMB29P) AppleWebKit/537.36 (KHTML, like Gecko) Chrome/150.0.7871.46 Mobile Safari/537.36 (compatible; Googlebot/2.1; +http://www.google.com/bot.html)"
77.42.3.68 - - [10/Jul/2026:19:43:27 -0400] "GET /contact HTTP/1.1" 200 106574 "-" "Mozilla/5.0 (compatible; AffsignalCrawler/1.0; +https://affsignal.com/bot)"
77.42.3.68 - - [10/Jul/2026:19:43:29 -0400] "GET /discovery-call HTTP/1.1" 200 108568 "-" "Mozilla/5.0 (compatible; AffsignalCrawler/1.0; +https://affsignal.com/bot)"
74.7.241.53 - - [10/Jul/2026:19:43:34 -0400] "GET /media/smartslider3/src/SmartSlider3/Widget/Arrow/ArrowImage/Assets/dist/w-arrow-image.min.js?ver=667fb12b HTTP/1.1" 200 1454 "https://www.transformptyoga.com/" "Mozilla/5.0 AppleWebKit/537.36 (KHTML, like Gecko; compatible; GPTBot/1.4; +https://openai.com/gptbot)"
66.249.65.33 - - [10/Jul/2026:19:43:46 -0400] "GET /shopping/793170307091 HTTP/1.1" 404 13928 "-" "Mozilla/5.0 (Linux; Android 6.0.1; Nexus 5X Build/MMB29P) AppleWebKit/537.36 (KHTML, like Gecko) Chrome/150.0.7871.46 Mobile Safari/537.36 (compatible; Googlebot/2.1; +http://www.google.com/bot.html)"
77.42.3.68 - - [10/Jul/2026:19:43:49 -0400] "GET /events HTTP/1.1" 200 115711 "-" "Mozilla/5.0 (compatible; AffsignalCrawler/1.0; +https://affsignal.com/bot)"
77.42.3.68 - - [10/Jul/2026:19:43:57 -0400] "GET /login HTTP/1.1" 200 103274 "-" "Mozilla/5.0 (compatible; AffsignalCrawler/1.0; +https://affsignal.com/bot)"
77.42.3.68 - - [10/Jul/2026:19:43:57 -0400] "GET /physical-therapy HTTP/1.1" 200 148336 "-" "Mozilla/5.0 (compatible; AffsignalCrawler/1.0; +https://affsignal.com/bot)"
77.42.3.68 - - [10/Jul/2026:19:43:57 -0400] "GET /membership HTTP/1.1" 200 106383 "-" "Mozilla/5.0 (compatible; AffsignalCrawler/1.0; +https://affsignal.com/bot)"
74.7.241.53 - - [10/Jul/2026:19:44:07 -0400] "GET /media/smartslider3/src/SmartSlider3/Slider/SliderType/Simple/Assets/dist/ss-simple.min.js?ver=667fb12b HTTP/1.1" 200 14134 "https://www.transformptyoga.com/" "Mozilla/5.0 AppleWebKit/537.36 (KHTML, like Gecko; compatible; GPTBot/1.4; +https://openai.com/gptbot)"
209.85.238.238 - - [10/Jul/2026:19:44:15 -0400] "GET /products/073187649121 HTTP/1.1" 404 13930 "-" "Mozilla/5.0 (X11; Linux x86_64) AppleWebKit/537.36 (KHTML, like Gecko) Chrome/150.0.7871.46 Safari/537.36"
209.85.238.225 - - [10/Jul/2026:19:44:15 -0400] "GET /products/images/content/primary/tptyogo_a.png HTTP/1.1" 404 13931 "https://www.transformptyoga.com/products/073187649121" "Mozilla/5.0 (X11; Linux x86_64) AppleWebKit/537.36 (KHTML, like Gecko) Chrome/150.0.7871.46 Safari/537.36"
209.85.238.224 - - [10/Jul/2026:19:44:15 -0400] "GET /templates/it_oxygen/uikit/css/uikit.min.css HTTP/1.1" 200 113947 "https://www.transformptyoga.com/products/073187649121" "Mozilla/5.0 (X11; Linux x86_64) AppleWebKit/537.36 (KHTML, like Gecko) Chrome/150.0.7871.46 Safari/537.36"
209.85.238.238 - - [10/Jul/2026:19:44:15 -0400] "GET /templates/it_oxygen/uikit/js/uikit.min.js HTTP/1.1" 200 121825 "https://www.transformptyoga.com/products/073187649121" "Mozilla/5.0 (X11; Linux x86_64) AppleWebKit/537.36 (KHTML, like Gecko) Chrome/150.0.7871.46 Safari/537.36"
77.42.3.68 - - [10/Jul/2026:19:44:17 -0400] "GET /results HTTP/1.1" 200 138026 "-" "Mozilla/5.0 (compatible; AffsignalCrawler/1.0; +https://affsignal.com/bot)"
74.7.241.53 - - [10/Jul/2026:19:44:38 -0400] "GET /media/smartslider3/src/SmartSlider3/Application/Frontend/Assets/dist/smartslider-frontend.min.js?ver=667fb12b HTTP/1.1" 200 221457 "https://www.transformptyoga.com/" "Mozilla/5.0 AppleWebKit/537.36 (KHTML, like Gecko; compatible; GPTBot/1.4; +https://openai.com/gptbot)"
43.166.247.155 - - [10/Jul/2026:19:44:47 -0400] "GET /vi-blog/the-quiet-fire-why-your-heart-and-longevity-thrive-on-an-anti-inflammatory-foods HTTP/1.1" 200 121648 "-" "Mozilla/5.0 (iPhone; CPU iPhone OS 13_2_3 like Mac OS X) AppleWebKit/605.1.15 (KHTML, like Gecko) Version/13.0.3 Mobile/15E148 Safari/604.1"
77.42.3.68 - - [10/Jul/2026:19:44:47 -0400] "GET /virtual-care HTTP/1.1" 200 103927 "-" "Mozilla/5.0 (compatible; AffsignalCrawler/1.0; +https://affsignal.com/bot)"
66.249.65.32 - - [10/Jul/2026:19:44:55 -0400] "GET /detail/791923352602 HTTP/1.1" 404 13928 "-" "Mozilla/5.0 (Linux; Android 6.0.1; Nexus 5X Build/MMB29P) AppleWebKit/537.36 (KHTML, like Gecko) Chrome/150.0.7871.46 Mobile Safari/537.36 (compatible; Googlebot/2.1; +http://www.google.com/bot.html)"
77.42.3.68 - - [10/Jul/2026:19:45:03 -0400] "GET /vi-blog?start=22 HTTP/1.1" 200 123411 "-" "Mozilla/5.0 (compatible; AffsignalCrawler/1.0; +https://affsignal.com/bot)"
77.42.3.68 - - [10/Jul/2026:19:45:03 -0400] "GET /shop HTTP/1.1" 200 175704 "-" "Mozilla/5.0 (compatible; AffsignalCrawler/1.0; +https://affsignal.com/bot)"
77.42.3.68 - - [10/Jul/2026:19:45:05 -0400] "GET /vi-blog HTTP/1.1" 200 132152 "-" "Mozilla/5.0 (compatible; AffsignalCrawler/1.0; +https://affsignal.com/bot)"
74.7.241.53 - - [10/Jul/2026:19:45:06 -0400] "GET /media/smartslider3/src/SmartSlider3/Slider/SliderType/Simple/Assets/dist/smartslider-backgroundanimation.min.js?ver=667fb12b HTTP/1.1" 200 664528 "https://www.transformptyoga.com/" "Mozilla/5.0 AppleWebKit/537.36 (KHTML, like Gecko; compatible; GPTBot/1.4; +https://openai.com/gptbot)"
77.42.3.68 - - [10/Jul/2026:19:45:17 -0400] "GET /vi-blog?start=11 HTTP/1.1" 200 127678 "-" "Mozilla/5.0 (compatible; AffsignalCrawler/1.0; +https://affsignal.com/bot)"
77.42.3.68 - - [10/Jul/2026:19:45:23 -0400] "GET /vi-blog/why-resolutions-fail-how-to-create-lasting-change HTTP/1.1" 200 117885 "-" "Mozilla/5.0 (compatible; AffsignalCrawler/1.0; +https://affsignal.com/bot)"
74.7.241.53 - - [10/Jul/2026:19:45:30 -0400] "GET /templates/it_oxygen/uikit/css/uikit.min.css HTTP/1.1" 200 113947 "https://www.transformptyoga.com/" "Mozilla/5.0 AppleWebKit/537.36 (KHTML, like Gecko; compatible; GPTBot/1.4; +https://openai.com/gptbot)"
77.42.3.68 - - [10/Jul/2026:19:45:32 -0400] "GET /login HTTP/1.1" 200 103274 "-" "Mozilla/5.0 (compatible; AffsignalCrawler/1.0; +https://affsignal.com/bot)"
77.42.3.68 - - [10/Jul/2026:19:45:34 -0400] "GET /membership HTTP/1.1" 200 106383 "-" "Mozilla/5.0 (compatible; AffsignalCrawler/1.0; +https://affsignal.com/bot)"
77.42.3.68 - - [10/Jul/2026:19:45:35 -0400] "GET /vi-blog/what-your-heart-rate-variability-hrv-score-reveals-about-your-cardiovascular-resilience HTTP/1.1" 200 122452 "-" "Mozilla/5.0 (compatible; AffsignalCrawler/1.0; +https://affsignal.com/bot)"
77.42.3.68 - - [10/Jul/2026:19:45:40 -0400] "GET /vi-blog/the-quiet-fire-why-your-heart-and-longevity-thrive-on-an-anti-inflammatory-foods HTTP/1.1" 200 121657 "-" "Mozilla/5.0 (compatible; AffsignalCrawler/1.0; +https://affsignal.com/bot)"
77.42.3.68 - - [10/Jul/2026:19:45:44 -0400] "GET /vi-blog/the-missing-link-between-workouts-and-results-use-the-shmec-principle-to-optimize-strength-gains-and-overall-health HTTP/1.1" 200 122450 "-" "Mozilla/5.0 (compatible; AffsignalCrawler/1.0; +https://affsignal.com/bot)"
77.42.3.68 - - [10/Jul/2026:19:45:46 -0400] "GET /results HTTP/1.1" 200 138023 "-" "Mozilla/5.0 (compatible; AffsignalCrawler/1.0; +https://affsignal.com/bot)"
77.42.3.68 - - [10/Jul/2026:19:45:52 -0400] "GET /vi-blog/the-holiday-pep-talk-maintain-your-center-through-the-season HTTP/1.1" 200 120363 "-" "Mozilla/5.0 (compatible; AffsignalCrawler/1.0; +https://affsignal.com/bot)"
74.7.241.53 - - [10/Jul/2026:19:45:52 -0400] "GET /media/system/css/joomla-fontawesome.min.css HTTP/1.1" 200 14993 "https://www.transformptyoga.com/" "Mozilla/5.0 AppleWebKit/537.36 (KHTML, like Gecko; compatible; GPTBot/1.4; +https://openai.com/gptbot)"
77.42.3.68 - - [10/Jul/2026:19:46:01 -0400] "GET /vi-blog/the-blue-zones-secrets-to-a-long-and-healthy-life HTTP/1.1" 200 119357 "-" "Mozilla/5.0 (compatible; AffsignalCrawler/1.0; +https://affsignal.com/bot)"
77.42.3.68 - - [10/Jul/2026:19:46:03 -0400] "GET /vi-blog/sync-your-head-heart-the-benefits-of-heart-focused-breathing HTTP/1.1" 200 125314 "-" "Mozilla/5.0 (compatible; AffsignalCrawler/1.0; +https://affsignal.com/bot)"
66.249.65.32 - - [10/Jul/2026:19:46:05 -0400] "GET /market/793064784400 HTTP/1.1" 404 13930 "-" "Mozilla/5.0 (Linux; Android 6.0.1; Nexus 5X Build/MMB29P) AppleWebKit/537.36 (KHTML, like Gecko) Chrome/150.0.7871.46 Mobile Safari/537.36 (compatible; Googlebot/2.1; +http://www.google.com/bot.html)"
77.42.3.68 - - [10/Jul/2026:19:46:08 -0400] "GET /vi-blog/stronger-together-why-community-is-the-secret-to-your-health-in-2026 HTTP/1.1" 200 123144 "-" "Mozilla/5.0 (compatible; AffsignalCrawler/1.0; +https://affsignal.com/bot)"
74.7.241.53 - - [10/Jul/2026:19:46:11 -0400] "GET /events/eventsbyday/2026/9/21/- HTTP/1.1" 200 106023 "https://www.transformptyoga.com/events/eventsbyday/2026/9/22/-" "Mozilla/5.0 AppleWebKit/537.36 (KHTML, like Gecko; compatible; GPTBot/1.4; +https://openai.com/gptbot)"
77.42.3.68 - - [10/Jul/2026:19:46:20 -0400] "GET /vi-blog/strengthen-the-mind-body-connection HTTP/1.1" 200 118635 "-" "Mozilla/5.0 (compatible; AffsignalCrawler/1.0; +https://affsignal.com/bot)"
74.7.241.53 - - [10/Jul/2026:19:46:28 -0400] "GET /events/eventsbyday/2026/10/3/- HTTP/1.1" 200 106027 "https://www.transformptyoga.com/events/eventsbyday/2026/10/2/-" "Mozilla/5.0 AppleWebKit/537.36 (KHTML, like Gecko; compatible; GPTBot/1.4; +https://openai.com/gptbot)"
74.7.241.53 - - [10/Jul/2026:19:46:44 -0400] "GET /shop?format=feed&type=atom HTTP/1.1" 200 50703 "https://www.transformptyoga.com/shop" "Mozilla/5.0 AppleWebKit/537.36 (KHTML, like Gecko; compatible; GPTBot/1.4; +https://openai.com/gptbot)"
77.42.3.68 - - [10/Jul/2026:19:46:48 -0400] "GET /vi-blog/pesticides-dirty-dozen-clean-15 HTTP/1.1" 200 116112 "-" "Mozilla/5.0 (compatible; AffsignalCrawler/1.0; +https://affsignal.com/bot)"
77.42.3.68 - - [10/Jul/2026:19:46:51 -0400] "GET /vi-blog/mindfulness-an-empowering-tool-to-heal-your-anxiety HTTP/1.1" 200 121228 "-" "Mozilla/5.0 (compatible; AffsignalCrawler/1.0; +https://affsignal.com/bot)"
77.42.3.68 - - [10/Jul/2026:19:46:53 -0400] "GET /vi-blog/is-stiffness-your-new-normal-it-doesnt-have-to-be HTTP/1.1" 200 121078 "-" "Mozilla/5.0 (compatible; AffsignalCrawler/1.0; +https://affsignal.com/bot)"
77.42.3.68 - - [10/Jul/2026:19:46:53 -0400] "GET /vi-blog/ignite-your-inner-olympian-finding-inspiration-in-the-2024-games HTTP/1.1" 200 117341 "-" "Mozilla/5.0 (compatible; AffsignalCrawler/1.0; +https://affsignal.com/bot)"
77.42.3.68 - - [10/Jul/2026:19:46:58 -0400] "GET /vi-blog/how-to-eat-to-fuel-your-workouts HTTP/1.1" 200 123214 "-" "Mozilla/5.0 (compatible; AffsignalCrawler/1.0; +https://affsignal.com/bot)"
74.7.241.53 - - [10/Jul/2026:19:46:59 -0400] "GET /shop?format=feed&type=rss HTTP/1.1" 200 2982 "https://www.transformptyoga.com/shop" "Mozilla/5.0 AppleWebKit/537.36 (KHTML, like Gecko; compatible; GPTBot/1.4; +https://openai.com/gptbot)"
152.203.80.14 - - [10/Jul/2026:19:46:59 -0400] "GET /products/80110713948 HTTP/1.1" 404 13926 "-" "Mozilla/5.0 (Windows NT 6.3; WOW64) AppleWebKit/537.36 (KHTML, like Gecko) Chrome/92.0.4515.131 Safari/537.36"
77.42.3.68 - - [10/Jul/2026:19:47:10 -0400] "GET /vi-blog/fall-into-a-new-routine-using-seasonal-wellness-to-re-inspire-your-healthy-habits HTTP/1.1" 200 119641 "-" "Mozilla/5.0 (compatible; AffsignalCrawler/1.0; +https://affsignal.com/bot)"
77.42.3.68 - - [10/Jul/2026:19:47:11 -0400] "GET /vi-blog/blue-zone-pillar-to-long-life-2-eat-wisely HTTP/1.1" 200 119442 "-" "Mozilla/5.0 (compatible; AffsignalCrawler/1.0; +https://affsignal.com/bot)"
77.42.3.68 - - [10/Jul/2026:19:47:13 -0400] "GET /vi-blog/blue-zone-pillar-for-long-life-4-social-connection HTTP/1.1" 200 120843 "-" "Mozilla/5.0 (compatible; AffsignalCrawler/1.0; +https://affsignal.com/bot)"
74.7.241.53 - - [10/Jul/2026:19:47:11 -0400] "GET /media/system/css/debug.css HTTP/1.1" 200 3434 "https://www.transformptyoga.com/" "Mozilla/5.0 AppleWebKit/537.36 (KHTML, like Gecko; compatible; GPTBot/1.4; +https://openai.com/gptbot)"
66.249.65.33 - - [10/Jul/2026:19:47:15 -0400] "GET /entity/79239906862 HTTP/1.1" 404 13931 "-" "Mozilla/5.0 (Linux; Android 6.0.1; Nexus 5X Build/MMB29P) AppleWebKit/537.36 (KHTML, like Gecko) Chrome/150.0.7871.46 Mobile Safari/537.36 (compatible; Googlebot/2.1; +http://www.google.com/bot.html)"
74.7.241.53 - - [10/Jul/2026:19:47:23 -0400] "GET /media/gantry5/engines/nucleus/css-compiled/nucleus.css HTTP/1.1" 200 20312 "https://www.transformptyoga.com/" "Mozilla/5.0 AppleWebKit/537.36 (KHTML, like Gecko; compatible; GPTBot/1.4; +https://openai.com/gptbot)"
209.85.238.224 - - [10/Jul/2026:19:47:25 -0400] "GET /items/851545764456 HTTP/1.1" 404 13926 "-" "Mozilla/5.0 (X11; Linux x86_64) AppleWebKit/537.36 (KHTML, like Gecko) Chrome/150.0.7871.46 Safari/537.36"
209.85.238.238 - - [10/Jul/2026:19:47:25 -0400] "GET /templates/it_oxygen/uikit/css/uikit.min.css HTTP/1.1" 200 113947 "https://www.transformptyoga.com/items/851545764456" "Mozilla/5.0 (X11; Linux x86_64) AppleWebKit/537.36 (KHTML, like Gecko) Chrome/150.0.7871.46 Safari/537.36"
209.85.238.238 - - [10/Jul/2026:19:47:26 -0400] "GET /media/gantry5/engines/nucleus/css-compiled/nucleus.css HTTP/1.1" 200 20312 "https://www.transformptyoga.com/items/851545764456" "Mozilla/5.0 (X11; Linux x86_64) AppleWebKit/537.36 (KHTML, like Gecko) Chrome/150.0.7871.46 Safari/537.36"
209.85.238.238 - - [10/Jul/2026:19:47:26 -0400] "GET /media/system/css/joomla-fontawesome.min.css HTTP/1.1" 200 14993 "https://www.transformptyoga.com/items/851545764456" "Mozilla/5.0 (X11; Linux x86_64) AppleWebKit/537.36 (KHTML, like Gecko) Chrome/150.0.7871.46 Safari/537.36"
209.85.238.238 - - [10/Jul/2026:19:47:26 -0400] "GET /media/system/css/debug.css HTTP/1.1" 200 3434 "https://www.transformptyoga.com/items/851545764456" "Mozilla/5.0 (X11; Linux x86_64) AppleWebKit/537.36 (KHTML, like Gecko) Chrome/150.0.7871.46 Safari/537.36"
209.85.238.224 - - [10/Jul/2026:19:47:26 -0400] "GET /templates/it_oxygen/custom/css-compiled/oxygen-joomla__error.css?6a4c6971 HTTP/1.1" 200 51402 "https://www.transformptyoga.com/items/851545764456" "Mozilla/5.0 (X11; Linux x86_64) AppleWebKit/537.36 (KHTML, like Gecko) Chrome/150.0.7871.46 Safari/537.36"
209.85.238.224 - - [10/Jul/2026:19:47:26 -0400] "GET /media/vendor/jquery/js/jquery.min.js HTTP/1.1" 200 30342 "https://www.transformptyoga.com/items/851545764456" "Mozilla/5.0 (X11; Linux x86_64) AppleWebKit/537.36 (KHTML, like Gecko) Chrome/150.0.7871.46 Safari/537.36"
209.85.238.238 - - [10/Jul/2026:19:47:26 -0400] "GET /media/gantry5/assets/css/font-awesome.min.css HTTP/1.1" 200 31000 "https://www.transformptyoga.com/items/851545764456" "Mozilla/5.0 (X11; Linux x86_64) AppleWebKit/537.36 (KHTML, like Gecko) Chrome/150.0.7871.46 Safari/537.36"
209.85.238.238 - - [10/Jul/2026:19:47:26 -0400] "GET /items/images/content/primary/tptyogo_a.png HTTP/1.1" 404 13930 "https://www.transformptyoga.com/items/851545764456" "Mozilla/5.0 (X11; Linux x86_64) AppleWebKit/537.36 (KHTML, like Gecko) Chrome/150.0.7871.46 Safari/537.36"
209.85.238.224 - - [10/Jul/2026:19:47:27 -0400] "GET /media/gantry5/engines/nucleus/css-compiled/bootstrap5.css HTTP/1.1" 200 173544 "https://www.transformptyoga.com/items/851545764456" "Mozilla/5.0 (X11; Linux x86_64) AppleWebKit/537.36 (KHTML, like Gecko) Chrome/150.0.7871.46 Safari/537.36"
209.85.238.224 - - [10/Jul/2026:19:47:27 -0400] "GET /templates/it_oxygen/images/logo.png HTTP/1.1" 200 5153 "https://www.transformptyoga.com/items/851545764456" "Mozilla/5.0 (X11; Linux x86_64) AppleWebKit/537.36 (KHTML, like Gecko) Chrome/150.0.7871.46 Safari/537.36"
209.85.238.238 - - [10/Jul/2026:19:47:27 -0400] "GET /media/legacy/js/jquery-noconflict.min.js HTTP/1.1" 200 47 "https://www.transformptyoga.com/items/851545764456" "Mozilla/5.0 (X11; Linux x86_64) AppleWebKit/537.36 (KHTML, like Gecko) Chrome/150.0.7871.46 Safari/537.36"
209.85.238.238 - - [10/Jul/2026:19:47:27 -0400] "GET /templates/it_oxygen/custom/css-compiled/custom__error.css?6a4c6971 HTTP/1.1" 200 335 "https://www.transformptyoga.com/items/851545764456" "Mozilla/5.0 (X11; Linux x86_64) AppleWebKit/537.36 (KHTML, like Gecko) Chrome/150.0.7871.46 Safari/537.36"
209.85.238.238 - - [10/Jul/2026:19:47:27 -0400] "GET /templates/it_oxygen/custom/css-compiled/oxygen__error.css?6a4c6971 HTTP/1.1" 200 154669 "https://www.transformptyoga.com/items/851545764456" "Mozilla/5.0 (X11; Linux x86_64) AppleWebKit/537.36 (KHTML, like Gecko) Chrome/150.0.7871.46 Safari/537.36"
209.85.238.238 - - [10/Jul/2026:19:47:27 -0400] "GET /media/gantry5/assets/js/main.js HTTP/1.1" 200 147174 "https://www.transformptyoga.com/items/851545764456" "Mozilla/5.0 (X11; Linux x86_64) AppleWebKit/537.36 (KHTML, like Gecko) Chrome/150.0.7871.46 Safari/537.36"
209.85.238.224 - - [10/Jul/2026:19:47:28 -0400] "GET /templates/it_oxygen/uikit/js/uikit.min.js HTTP/1.1" 200 121825 "https://www.transformptyoga.com/items/851545764456" "Mozilla/5.0 (X11; Linux x86_64) AppleWebKit/537.36 (KHTML, like Gecko) Chrome/150.0.7871.46 Safari/537.36"
209.85.238.224 - - [10/Jul/2026:19:47:28 -0400] "GET /templates/it_oxygen/js/scrollReveal.min.js HTTP/1.1" 200 8564 "https://www.transformptyoga.com/items/851545764456" "Mozilla/5.0 (X11; Linux x86_64) AppleWebKit/537.36 (KHTML, like Gecko) Chrome/150.0.7871.46 Safari/537.36"
209.85.238.224 - - [10/Jul/2026:19:47:28 -0400] "GET /templates/it_oxygen/js/template.js HTTP/1.1" 200 208 "https://www.transformptyoga.com/items/851545764456" "Mozilla/5.0 (X11; Linux x86_64) AppleWebKit/537.36 (KHTML, like Gecko) Chrome/150.0.7871.46 Safari/537.36"
209.85.238.238 - - [10/Jul/2026:19:47:28 -0400] "GET /media/gantry5/assets/fonts/fontawesome-webfont.woff2?v=4.7.0 HTTP/1.1" 200 77160 "https://www.transformptyoga.com/media/gantry5/assets/css/font-awesome.min.css" "Mozilla/5.0 (X11; Linux x86_64) AppleWebKit/537.36 (KHTML, like Gecko) Chrome/150.0.7871.46 Safari/537.36"
74.7.241.53 - - [10/Jul/2026:19:47:34 -0400] "GET /media/gantry5/engines/nucleus/css-compiled/bootstrap5.css HTTP/1.1" 200 173544 "https://www.transformptyoga.com/" "Mozilla/5.0 AppleWebKit/537.36 (KHTML, like Gecko; compatible; GPTBot/1.4; +https://openai.com/gptbot)"
77.42.3.68 - - [10/Jul/2026:19:47:40 -0400] "GET /vi-blog/blue-zone-pillar-for-long-life-3-positive-outlook HTTP/1.1" 200 120005 "-" "Mozilla/5.0 (compatible; AffsignalCrawler/1.0; +https://affsignal.com/bot)"
77.42.3.68 - - [10/Jul/2026:19:47:40 -0400] "GET /vi-blog/beyond-the-resolution-finding-your-rhythm-through-nourishing-rituals-in-2026 HTTP/1.1" 200 119592 "-" "Mozilla/5.0 (compatible; AffsignalCrawler/1.0; +https://affsignal.com/bot)"
66.249.65.46 - - [10/Jul/2026:19:47:41 -0400] "GET /products/893067654942 HTTP/1.1" 404 13928 "-" "Mozilla/5.0 (Linux; Android 6.0.1; Nexus 5X Build/MMB29P) AppleWebKit/537.36 (KHTML, like Gecko) Chrome/150.0.7871.46 Mobile Safari/537.36 (compatible; Googlebot/2.1; +http://www.google.com/bot.html)"
77.42.3.68 - - [10/Jul/2026:19:47:41 -0400] "GET /vi-blog/are-your-health-goals-in-alignment-with-your-personal-values HTTP/1.1" 200 121042 "-" "Mozilla/5.0 (compatible; AffsignalCrawler/1.0; +https://affsignal.com/bot)"
74.7.241.53 - - [10/Jul/2026:19:47:44 -0400] "GET /media/com_osmembership/assets/js/validate/css/validationEngine.jquery.min.css HTTP/1.1" 200 2646 "https://www.transformptyoga.com/index.php/msubscribe" "Mozilla/5.0 AppleWebKit/537.36 (KHTML, like Gecko; compatible; GPTBot/1.4; +https://openai.com/gptbot)"
77.42.3.68 - - [10/Jul/2026:19:47:43 -0400] "GET /login?view=reset HTTP/1.1" 200 101731 "-" "Mozilla/5.0 (compatible; AffsignalCrawler/1.0; +https://affsignal.com/bot)"
74.7.241.53 - - [10/Jul/2026:19:47:52 -0400] "GET /media/com_osmembership/assets/css/style.min.css?3.6.1 HTTP/1.1" 200 16842 "https://www.transformptyoga.com/index.php/msubscribe" "Mozilla/5.0 AppleWebKit/537.36 (KHTML, like Gecko; compatible; GPTBot/1.4; +https://openai.com/gptbot)"
77.42.3.68 - - [10/Jul/2026:19:47:52 -0400] "GET /vi-blog/are-you-over-breathing HTTP/1.1" 200 120322 "-" "Mozilla/5.0 (compatible; AffsignalCrawler/1.0; +https://affsignal.com/bot)"
38.196.243.181 - - [10/Jul/2026:19:47:54 -0400] "GET /shopping/883778730656 HTTP/1.1" 404 13926 "-" "Mozilla/5.0 (Windows NT 6.1) AppleWebKit/537.36 (KHTML, like Gecko) Chrome/75.0.3770.100 ADG/11.0.2510 AOLBUILD/11.0.2510 Safari/537.36"
77.42.3.68 - - [10/Jul/2026:19:47:54 -0400] "GET /vi-blog/360-breathing-your-key-to-low-back-pain-relief HTTP/1.1" 200 117136 "-" "Mozilla/5.0 (compatible; AffsignalCrawler/1.0; +https://affsignal.com/bot)"
77.42.3.68 - - [10/Jul/2026:19:47:56 -0400] "GET /index.php/msubscribe HTTP/1.1" 200 107689 "-" "Mozilla/5.0 (compatible; AffsignalCrawler/1.0; +https://affsignal.com/bot)"
74.7.241.53 - - [10/Jul/2026:19:48:00 -0400] "GET /media/smartslider3/src/SmartSlider3/Application/Frontend/Assets/dist/smartslider.min.css?ver=667fb12b HTTP/1.1" 429 17 "https://www.transformptyoga.com/" "Mozilla/5.0 AppleWebKit/537.36 (KHTML, like Gecko; compatible; GPTBot/1.4; +https://openai.com/gptbot)"
77.42.3.68 - - [10/Jul/2026:19:48:05 -0400] "GET /physical-therapy HTTP/1.1" 200 148336 "-" "Mozilla/5.0 (compatible; AffsignalCrawler/1.0; +https://affsignal.com/bot)"
77.42.3.68 - - [10/Jul/2026:19:48:05 -0400] "GET /virtual-care HTTP/1.1" 200 103932 "-" "Mozilla/5.0 (compatible; AffsignalCrawler/1.0; +https://affsignal.com/bot)"
74.7.241.53 - - [10/Jul/2026:19:48:06 -0400] "GET /media/vendor/fontawesome-free/webfonts/fa-brands-400.woff2 HTTP/1.1" 429 17 "https://www.transformptyoga.com/media/system/css/joomla-fontawesome.min.css" "Mozilla/5.0 AppleWebKit/537.36 (KHTML, like Gecko; compatible; GPTBot/1.4; +https://openai.com/gptbot)"
66.249.65.32 - - [10/Jul/2026:19:48:07 -0400] "GET /item/791976924544 HTTP/1.1" 404 13928 "-" "Mozilla/5.0 (Linux; Android 6.0.1; Nexus 5X Build/MMB29P) AppleWebKit/537.36 (KHTML, like Gecko) Chrome/150.0.7871.46 Mobile Safari/537.36 (compatible; Googlebot/2.1; +http://www.google.com/bot.html)"
77.42.3.68 - - [10/Jul/2026:19:48:07 -0400] "GET /yoga-movement HTTP/1.1" 200 145692 "-" "Mozilla/5.0 (compatible; AffsignalCrawler/1.0; +https://affsignal.com/bot)"
77.42.3.68 - - [10/Jul/2026:19:48:14 -0400] "GET /yoga-movement HTTP/1.1" 200 145697 "-" "Mozilla/5.0 (compatible; AffsignalCrawler/1.0; +https://affsignal.com/bot)"
77.42.3.68 - - [10/Jul/2026:19:48:14 -0400] "GET /about HTTP/1.1" 200 103069 "-" "Mozilla/5.0 (compatible; AffsignalCrawler/1.0; +https://affsignal.com/bot)"
77.42.3.68 - - [10/Jul/2026:19:48:20 -0400] "GET /contact HTTP/1.1" 200 106577 "-" "Mozilla/5.0 (compatible; AffsignalCrawler/1.0; +https://affsignal.com/bot)"
77.42.3.68 - - [10/Jul/2026:19:48:22 -0400] "GET /discovery-call HTTP/1.1" 200 108571 "-" "Mozilla/5.0 (compatible; AffsignalCrawler/1.0; +https://affsignal.com/bot)"
77.42.3.68 - - [10/Jul/2026:19:48:23 -0400] "GET /events HTTP/1.1" 200 115709 "-" "Mozilla/5.0 (compatible; AffsignalCrawler/1.0; +https://affsignal.com/bot)"
