77.83.36.161 - - [10/Jul/2026:17:07:59 -0400] "POST /administrator/index.php HTTP/1.1" 303 - "-" "Mozilla/4.0 (compatible; MSIE 7.0; Windows NT 6.0)"
77.83.36.161 - - [10/Jul/2026:17:08:00 -0400] "GET /administrator/index.php HTTP/1.1" 200 12766 "-" "Mozilla/4.0 (compatible; MSIE 7.0; Windows NT 6.0)"
77.83.36.161 - - [10/Jul/2026:17:08:01 -0400] "POST /administrator/index.php HTTP/1.1" 303 - "-" "Mozilla/4.0 (compatible; MSIE 7.0; Windows NT 6.0)"
77.83.36.161 - - [10/Jul/2026:17:08:01 -0400] "GET /administrator/index.php HTTP/1.1" 200 12766 "-" "Mozilla/4.0 (compatible; MSIE 7.0; Windows NT 6.0)"
77.83.36.161 - - [10/Jul/2026:17:08:02 -0400] "POST /administrator/index.php HTTP/1.1" 303 - "-" "Mozilla/4.0 (compatible; MSIE 7.0; Windows NT 6.0)"
77.83.36.161 - - [10/Jul/2026:17:08:03 -0400] "GET /administrator/index.php HTTP/1.1" 200 12766 "-" "Mozilla/4.0 (compatible; MSIE 7.0; Windows NT 6.0)"
110.249.201.206 - - [10/Jul/2026:17:08:14 -0400] "GET /events/eventsbyday/2026/11/5/- HTTP/1.1" 200 106017 "-" "Mozilla/5.0 (Linux; Android 5.0) AppleWebKit/537.36 (KHTML, like Gecko) Mobile Safari/537.36 (compatible; Bytespider; https://zhanzhang.toutiao.com/)"
110.249.201.206 - - [10/Jul/2026:17:08:15 -0400] "GET /media/legacy/js/jquery-noconflict.min.js?647005fc12b79b3ca2bb30c059899d5994e3e34d HTTP/1.1" 200 47 "https://transformptyoga.com/events/eventsbyday/2026/11/5/-" "Mozilla/5.0 (Linux; Android 5.0) AppleWebKit/537.36 (KHTML, like Gecko) Mobile Safari/537.36 (compatible; Bytespider; https://zhanzhang.toutiao.com/)"
43.157.175.122 - - [10/Jul/2026:17:08:27 -0400] "GET /events HTTP/1.1" 200 115696 "-" "Mozilla/5.0 (iPhone; CPU iPhone OS 13_2_3 like Mac OS X) AppleWebKit/605.1.15 (KHTML, like Gecko) Version/13.0.3 Mobile/15E148 Safari/604.1"
110.249.202.192 - - [10/Jul/2026:17:09:24 -0400] "GET /vi-blog/mindfulness-an-empowering-tool-to-heal-your-anxiety HTTP/1.1" 200 121231 "-" "Mozilla/5.0 (Linux; Android 5.0) AppleWebKit/537.36 (KHTML, like Gecko) Mobile Safari/537.36 (compatible; Bytespider; https://zhanzhang.toutiao.com/)"
110.249.202.192 - - [10/Jul/2026:17:09:25 -0400] "GET /media/legacy/js/jquery-noconflict.min.js?647005fc12b79b3ca2bb30c059899d5994e3e34d HTTP/1.1" 200 47 "https://www.transformptyoga.com/vi-blog/mindfulness-an-empowering-tool-to-heal-your-anxiety" "Mozilla/5.0 (Linux; Android 5.0) AppleWebKit/537.36 (KHTML, like Gecko) Mobile Safari/537.36 (compatible; Bytespider; https://zhanzhang.toutiao.com/)"
110.249.202.192 - - [10/Jul/2026:17:09:25 -0400] "GET /images/content/vblogs/AnxietyWhatIf.png HTTP/1.1" 206 500 "https://www.transformptyoga.com/vi-blog/mindfulness-an-empowering-tool-to-heal-your-anxiety" "Mozilla/5.0 (Linux; Android 5.0) AppleWebKit/537.36 (KHTML, like Gecko) Mobile Safari/537.36 (compatible; Bytespider; https://zhanzhang.toutiao.com/)"
110.249.201.119 - - [10/Jul/2026:17:10:00 -0400] "GET /vi-blog/what-are-electrolytes HTTP/1.1" 200 115679 "-" "Mozilla/5.0 (Linux; Android 5.0) AppleWebKit/537.36 (KHTML, like Gecko) Mobile Safari/537.36 (compatible; Bytespider; https://zhanzhang.toutiao.com/)"
110.249.201.119 - - [10/Jul/2026:17:10:00 -0400] "GET /media/legacy/js/jquery-noconflict.min.js?647005fc12b79b3ca2bb30c059899d5994e3e34d HTTP/1.1" 200 47 "https://www.transformptyoga.com/vi-blog/what-are-electrolytes" "Mozilla/5.0 (Linux; Android 5.0) AppleWebKit/537.36 (KHTML, like Gecko) Mobile Safari/537.36 (compatible; Bytespider; https://zhanzhang.toutiao.com/)"
110.249.201.119 - - [10/Jul/2026:17:10:01 -0400] "GET /images/content/vblogs/electrolytes.png HTTP/1.1" 206 500 "https://www.transformptyoga.com/vi-blog/what-are-electrolytes" "Mozilla/5.0 (Linux; Android 5.0) AppleWebKit/537.36 (KHTML, like Gecko) Mobile Safari/537.36 (compatible; Bytespider; https://zhanzhang.toutiao.com/)"
66.249.65.46 - - [10/Jul/2026:17:10:07 -0400] "GET /items/792353100906 HTTP/1.1" 404 13931 "-" "Mozilla/5.0 (compatible; Googlebot/2.1; +http://www.google.com/bot.html)"
110.249.202.195 - - [10/Jul/2026:17:10:35 -0400] "GET /events/eventsbyday/2027/4/21/- HTTP/1.1" 200 106009 "-" "Mozilla/5.0 (Linux; Android 5.0) AppleWebKit/537.36 (KHTML, like Gecko) Mobile Safari/537.36 (compatible; Bytespider; https://zhanzhang.toutiao.com/)"
110.249.202.195 - - [10/Jul/2026:17:10:35 -0400] "GET /media/legacy/js/jquery-noconflict.min.js?647005fc12b79b3ca2bb30c059899d5994e3e34d HTTP/1.1" 200 47 "https://transformptyoga.com/events/eventsbyday/2027/4/21/-" "Mozilla/5.0 (Linux; Android 5.0) AppleWebKit/537.36 (KHTML, like Gecko) Mobile Safari/537.36 (compatible; Bytespider; https://zhanzhang.toutiao.com/)"
201.209.235.176 - - [10/Jul/2026:17:11:01 -0400] "GET /events/eventsbyday/2025/1/7/- HTTP/1.1" 200 106023 "-" "Mozilla/5.0 (Windows NT 10.0) AppleWebKit/537.36 (KHTML, like Gecko) Chrome/88.0.4324.104 Safari/537.36"
110.249.202.71 - - [10/Jul/2026:17:11:10 -0400] "GET /events/eventsbyday/2028/6/10/- HTTP/1.1" 200 106004 "-" "Mozilla/5.0 (Linux; Android 5.0) AppleWebKit/537.36 (KHTML, like Gecko) Mobile Safari/537.36 (compatible; Bytespider; https://zhanzhang.toutiao.com/)"
110.249.202.71 - - [10/Jul/2026:17:11:11 -0400] "GET /media/legacy/js/jquery-noconflict.min.js?647005fc12b79b3ca2bb30c059899d5994e3e34d HTTP/1.1" 200 47 "https://transformptyoga.com/events/eventsbyday/2028/6/10/-" "Mozilla/5.0 (Linux; Android 5.0) AppleWebKit/537.36 (KHTML, like Gecko) Mobile Safari/537.36 (compatible; Bytespider; https://zhanzhang.toutiao.com/)"
65.109.35.209 - - [10/Jul/2026:17:11:30 -0400] "GET /robots.txt HTTP/1.1" 200 764 "-" "Mozilla/5.0 (compatible; AwarioBot/1.0; +https://awario.com/bots.html)"
65.109.35.209 - - [10/Jul/2026:17:11:30 -0400] "GET / HTTP/1.1" 301 - "-" "Mozilla/5.0 (compatible; AwarioBot/1.0; +https://awario.com/bots.html)"
65.109.35.209 - - [10/Jul/2026:17:11:31 -0400] "GET /robots.txt HTTP/1.1" 200 764 "-" "Mozilla/5.0 (compatible; AwarioBot/1.0; +https://awario.com/bots.html)"
65.109.35.209 - - [10/Jul/2026:17:11:31 -0400] "GET / HTTP/1.1" 200 93387 "-" "Mozilla/5.0 (compatible; AwarioBot/1.0; +https://awario.com/bots.html)"
45.183.243.61 - - [10/Jul/2026:17:11:44 -0400] "GET /item/711706413333 HTTP/1.1" 404 13931 "-" "Mozilla/5.0 (Windows NT 6.1; Win64; x64) AppleWebKit/537.36 (KHTML, like Gecko) Chrome/91.0.4472.114 Safari/537.36"
111.225.148.234 - - [10/Jul/2026:17:11:45 -0400] "GET /events/eventsbyday/2028/5/2/- HTTP/1.1" 200 106003 "-" "Mozilla/5.0 (Linux; Android 5.0) AppleWebKit/537.36 (KHTML, like Gecko) Mobile Safari/537.36 (compatible; Bytespider; https://zhanzhang.toutiao.com/)"
111.225.148.234 - - [10/Jul/2026:17:11:46 -0400] "GET /media/legacy/js/jquery-noconflict.min.js?647005fc12b79b3ca2bb30c059899d5994e3e34d HTTP/1.1" 200 47 "https://transformptyoga.com/events/eventsbyday/2028/5/2/-" "Mozilla/5.0 (Linux; Android 5.0) AppleWebKit/537.36 (KHTML, like Gecko) Mobile Safari/537.36 (compatible; Bytespider; https://zhanzhang.toutiao.com/)"
84.54.80.107 - - [10/Jul/2026:17:11:46 -0400] "GET /events/eventsbyday/2024/11/24/- HTTP/1.1" 200 106027 "-" "Mozilla/5.0 (Windows NT 10.0; Win64; x64) AppleWebKit/537.36 (KHTML, like Gecko) Chrome/103.0.5060.66 Safari/537.36"
66.249.65.46 - - [10/Jul/2026:17:12:17 -0400] "GET /product/904249414 HTTP/1.1" 404 13926 "-" "Mozilla/5.0 (Linux; Android 6.0.1; Nexus 5X Build/MMB29P) AppleWebKit/537.36 (KHTML, like Gecko) Chrome/150.0.7871.46 Mobile Safari/537.36 (compatible; Googlebot/2.1; +http://www.google.com/bot.html)"
66.249.65.46 - - [10/Jul/2026:17:12:47 -0400] "GET /item/872748420943 HTTP/1.1" 404 13931 "-" "Mozilla/5.0 (Linux; Android 6.0.1; Nexus 5X Build/MMB29P) AppleWebKit/537.36 (KHTML, like Gecko) Chrome/150.0.7871.46 Mobile Safari/537.36 (compatible; Googlebot/2.1; +http://www.google.com/bot.html)"
114.119.142.47 - - [10/Jul/2026:17:13:56 -0400] "GET /robots.txt HTTP/1.1" 200 764 "http://transformptyoga.com/robots.txt" "Mozilla/5.0 (compatible;PetalBot;+https://webmaster.petalsearch.com/site/petalbot)"
209.85.238.225 - - [10/Jul/2026:17:15:46 -0400] "GET /detail/80981680657 HTTP/1.1" 404 13925 "-" "Mozilla/5.0 (X11; Linux x86_64) AppleWebKit/537.36 (KHTML, like Gecko) Chrome/150.0.7871.46 Safari/537.36"
209.85.238.224 - - [10/Jul/2026:17:15:47 -0400] "GET /detail/images/content/primary/tptyogo_a.png HTTP/1.1" 404 13928 "https://www.transformptyoga.com/detail/80981680657" "Mozilla/5.0 (X11; Linux x86_64) AppleWebKit/537.36 (KHTML, like Gecko) Chrome/150.0.7871.46 Safari/537.36"
209.85.238.224 - - [10/Jul/2026:17:15:59 -0400] "GET /items/903381682814 HTTP/1.1" 404 13931 "-" "Mozilla/5.0 (X11; Linux x86_64) AppleWebKit/537.36 (KHTML, like Gecko) Chrome/150.0.7871.46 Safari/537.36"
209.85.238.224 - - [10/Jul/2026:17:15:59 -0400] "GET /items/images/content/primary/tptyogo_a.png HTTP/1.1" 404 13930 "https://www.transformptyoga.com/items/903381682814" "Mozilla/5.0 (X11; Linux x86_64) AppleWebKit/537.36 (KHTML, like Gecko) Chrome/150.0.7871.46 Safari/537.36"
38.25.50.21 - - [10/Jul/2026:17:17:55 -0400] "GET /product/793504972267 HTTP/1.1" 404 13926 "-" "Mozilla/5.0 (Windows NT 10.0; Win64; x64) AppleWebKit/537.36 (KHTML, like Gecko) Chrome/95.0.4638.69 Safari/537.36"
66.249.65.33 - - [10/Jul/2026:17:18:06 -0400] "GET /items/743035431686 HTTP/1.1" 404 13928 "-" "Mozilla/5.0 (Linux; Android 6.0.1; Nexus 5X Build/MMB29P) AppleWebKit/537.36 (KHTML, like Gecko) Chrome/150.0.7871.46 Mobile Safari/537.36 (compatible; Googlebot/2.1; +http://www.google.com/bot.html)"
209.85.238.238 - - [10/Jul/2026:17:19:48 -0400] "GET /detail/823886965926 HTTP/1.1" 404 13926 "-" "Mozilla/5.0 (X11; Linux x86_64) AppleWebKit/537.36 (KHTML, like Gecko) Chrome/150.0.7871.46 Safari/537.36"
209.85.238.225 - - [10/Jul/2026:17:19:48 -0400] "GET /detail/images/content/primary/tptyogo_a.png HTTP/1.1" 404 13926 "https://www.transformptyoga.com/detail/823886965926" "Mozilla/5.0 (X11; Linux x86_64) AppleWebKit/537.36 (KHTML, like Gecko) Chrome/150.0.7871.46 Safari/537.36"
114.119.142.47 - - [10/Jul/2026:17:20:47 -0400] "GET /robots.txt HTTP/1.1" 200 764 "http://www.transformptyoga.com/robots.txt" "Mozilla/5.0 (compatible;PetalBot;+https://webmaster.petalsearch.com/site/petalbot)"
43.163.80.48 - - [10/Jul/2026:17:22:06 -0400] "GET /about HTTP/1.1" 200 103059 "-" "Mozilla/5.0 (iPhone; CPU iPhone OS 13_2_3 like Mac OS X) AppleWebKit/605.1.15 (KHTML, like Gecko) Version/13.0.3 Mobile/15E148 Safari/604.1"
119.13.152.203 - - [10/Jul/2026:17:23:28 -0400] "GET /special/732014445362 HTTP/1.1" 404 13928 "-" "Mozilla/5.0 (Windows NT 6.1) AppleWebKit/537.36 (KHTML, like Gecko) Chrome/88.0.4324.190 Safari/537.36"
66.249.65.46 - - [10/Jul/2026:17:23:34 -0400] "GET /goods/794129153933 HTTP/1.1" 404 13928 "-" "Mozilla/5.0 (compatible; Googlebot/2.1; +http://www.google.com/bot.html)"
66.249.65.32 - - [10/Jul/2026:17:24:13 -0400] "GET /item/754083015534 HTTP/1.1" 404 13928 "-" "Mozilla/5.0 (compatible; Googlebot/2.1; +http://www.google.com/bot.html)"
66.249.65.33 - - [10/Jul/2026:17:25:24 -0400] "GET /product/90464256925 HTTP/1.1" 404 13928 "-" "Mozilla/5.0 (Linux; Android 6.0.1; Nexus 5X Build/MMB29P) AppleWebKit/537.36 (KHTML, like Gecko) Chrome/150.0.7871.46 Mobile Safari/537.36 (compatible; Googlebot/2.1; +http://www.google.com/bot.html)"
100.2.93.148 - - [10/Jul/2026:17:26:30 -0400] "GET /market/01734876183 HTTP/1.1" 301 - "-" "Mozilla/5.0 (Windows NT 10.0; Win64; x64; rv:135.0) Gecko/20100101 Firefox/135.0"
84.90.22.181 - - [10/Jul/2026:17:26:32 -0400] "GET /market/01734876183 HTTP/1.1" 404 13928 "-" "Mozilla/5.0 (Windows NT 10.0; Win64; x64; rv:135.0) Gecko/20100101 Firefox/135.0"
189.28.74.61 - - [10/Jul/2026:17:28:23 -0400] "GET /market/772001530504 HTTP/1.1" 404 13928 "-" "Mozilla/5.0 (Windows NT 10.0; Win64; x64) AppleWebKit/537.36 (KHTML, like Gecko) Chrome/96.0.4664.45 Safari/537.36"
66.249.65.32 - - [10/Jul/2026:17:28:56 -0400] "GET /info/854124653777 HTTP/1.1" 404 13925 "-" "Mozilla/5.0 (compatible; Googlebot/2.1; +http://www.google.com/bot.html)"
66.249.65.32 - - [10/Jul/2026:17:29:11 -0400] "GET /entity/832120766337 HTTP/1.1" 404 13928 "-" "Mozilla/5.0 (Linux; Android 6.0.1; Nexus 5X Build/MMB29P) AppleWebKit/537.36 (KHTML, like Gecko) Chrome/150.0.7871.46 Mobile Safari/537.36 (compatible; Googlebot/2.1; +http://www.google.com/bot.html)"
66.249.65.32 - - [10/Jul/2026:17:29:21 -0400] "GET /shopping/751333735159 HTTP/1.1" 404 13926 "-" "Mozilla/5.0 (Linux; Android 6.0.1; Nexus 5X Build/MMB29P) AppleWebKit/537.36 (KHTML, like Gecko) Chrome/150.0.7871.46 Mobile Safari/537.36 (compatible; Googlebot/2.1; +http://www.google.com/bot.html)"
66.249.65.46 - - [10/Jul/2026:17:29:41 -0400] "GET /goods/883304882749 HTTP/1.1" 404 13928 "-" "Mozilla/5.0 (Linux; Android 6.0.1; Nexus 5X Build/MMB29P) AppleWebKit/537.36 (KHTML, like Gecko) Chrome/150.0.7871.46 Mobile Safari/537.36 (compatible; Googlebot/2.1; +http://www.google.com/bot.html)"
66.249.65.46 - - [10/Jul/2026:17:29:51 -0400] "GET /shopbrand/784096486441 HTTP/1.1" 404 13931 "-" "Mozilla/5.0 (Linux; Android 6.0.1; Nexus 5X Build/MMB29P) AppleWebKit/537.36 (KHTML, like Gecko) Chrome/150.0.7871.46 Mobile Safari/537.36 (compatible; Googlebot/2.1; +http://www.google.com/bot.html)"
66.249.65.46 - - [10/Jul/2026:17:30:01 -0400] "GET /entity/761214611826 HTTP/1.1" 404 13926 "-" "Mozilla/5.0 (Linux; Android 6.0.1; Nexus 5X Build/MMB29P) AppleWebKit/537.36 (KHTML, like Gecko) Chrome/150.0.7871.46 Mobile Safari/537.36 (compatible; Googlebot/2.1; +http://www.google.com/bot.html)"
154.80.115.79 - - [10/Jul/2026:17:31:31 -0400] "GET /shopbrand/713001702435 HTTP/1.1" 404 13926 "-" "Mozilla/5.0 (Windows NT 6.3) AppleWebKit/537.36 (KHTML, like Gecko) Chrome/107.0.0.0 Safari/537.36"
43.153.35.128 - - [10/Jul/2026:17:31:38 -0400] "GET /physical-therapy HTTP/1.1" 200 148327 "-" "Mozilla/5.0 (iPhone; CPU iPhone OS 13_2_3 like Mac OS X) AppleWebKit/605.1.15 (KHTML, like Gecko) Version/13.0.3 Mobile/15E148 Safari/604.1"
66.249.65.46 - - [10/Jul/2026:17:31:46 -0400] "GET /shopbrand/871728451990 HTTP/1.1" 404 13928 "-" "Mozilla/5.0 (Linux; Android 6.0.1; Nexus 5X Build/MMB29P) AppleWebKit/537.36 (KHTML, like Gecko) Chrome/150.0.7871.46 Mobile Safari/537.36 (compatible; Googlebot/2.1; +http://www.google.com/bot.html)"
45.184.22.219 - - [10/Jul/2026:17:31:57 -0400] "GET /items/684209735450 HTTP/1.1" 404 13928 "-" "Mozilla/5.0 (Macintosh; Intel Mac OS X 10_12_6) AppleWebKit/537.36 (KHTML, like Gecko) Brave Chrome/80.0.3987.162 Safari/537.36"
66.249.65.32 - - [10/Jul/2026:17:32:37 -0400] "GET /products/833436720695 HTTP/1.1" 404 13930 "-" "Mozilla/5.0 (Linux; Android 6.0.1; Nexus 5X Build/MMB29P) AppleWebKit/537.36 (KHTML, like Gecko) Chrome/150.0.7871.46 Mobile Safari/537.36 (compatible; Googlebot/2.1; +http://www.google.com/bot.html)"
66.249.65.46 - - [10/Jul/2026:17:32:47 -0400] "GET /goodscode/793762737487 HTTP/1.1" 404 13928 "-" "Mozilla/5.0 (Linux; Android 6.0.1; Nexus 5X Build/MMB29P) AppleWebKit/537.36 (KHTML, like Gecko) Chrome/150.0.7871.46 Mobile Safari/537.36 (compatible; Googlebot/2.1; +http://www.google.com/bot.html)"
66.249.65.32 - - [10/Jul/2026:17:32:47 -0400] "GET /items/752445587452 HTTP/1.1" 404 13925 "-" "Mozilla/5.0 (Linux; Android 6.0.1; Nexus 5X Build/MMB29P) AppleWebKit/537.36 (KHTML, like Gecko) Chrome/150.0.7871.46 Mobile Safari/537.36 (compatible; Googlebot/2.1; +http://www.google.com/bot.html)"
66.249.65.46 - - [10/Jul/2026:17:32:53 -0400] "GET /entity/823216008462 HTTP/1.1" 404 13926 "-" "Mozilla/5.0 (Linux; Android 6.0.1; Nexus 5X Build/MMB29P) AppleWebKit/537.36 (KHTML, like Gecko) Chrome/150.0.7871.46 Mobile Safari/537.36 (compatible; Googlebot/2.1; +http://www.google.com/bot.html)"
66.249.65.46 - - [10/Jul/2026:17:32:59 -0400] "GET /products/674210148846 HTTP/1.1" 404 13928 "-" "Mozilla/5.0 (Linux; Android 6.0.1; Nexus 5X Build/MMB29P) AppleWebKit/537.36 (KHTML, like Gecko) Chrome/150.0.7871.46 Mobile Safari/537.36 (compatible; Googlebot/2.1; +http://www.google.com/bot.html)"
66.249.65.33 - - [10/Jul/2026:17:33:06 -0400] "GET /products/744168509308 HTTP/1.1" 404 13928 "-" "Mozilla/5.0 (Linux; Android 6.0.1; Nexus 5X Build/MMB29P) AppleWebKit/537.36 (KHTML, like Gecko) Chrome/150.0.7871.46 Mobile Safari/537.36 (compatible; Googlebot/2.1; +http://www.google.com/bot.html)"
66.249.65.46 - - [10/Jul/2026:17:33:27 -0400] "GET /shopping/78469567891 HTTP/1.1" 404 13931 "-" "Mozilla/5.0 (Linux; Android 6.0.1; Nexus 5X Build/MMB29P) AppleWebKit/537.36 (KHTML, like Gecko) Chrome/150.0.7871.46 Mobile Safari/537.36 (compatible; Googlebot/2.1; +http://www.google.com/bot.html)"
66.249.65.46 - - [10/Jul/2026:17:33:53 -0400] "GET /special/693711941910 HTTP/1.1" 404 13925 "-" "Mozilla/5.0 (Linux; Android 6.0.1; Nexus 5X Build/MMB29P) AppleWebKit/537.36 (KHTML, like Gecko) Chrome/150.0.7871.46 Mobile Safari/537.36 (compatible; Googlebot/2.1; +http://www.google.com/bot.html)"
66.249.65.46 - - [10/Jul/2026:17:34:18 -0400] "GET /shopping/701427929966 HTTP/1.1" 404 13928 "-" "Mozilla/5.0 (Linux; Android 6.0.1; Nexus 5X Build/MMB29P) AppleWebKit/537.36 (KHTML, like Gecko) Chrome/150.0.7871.46 Mobile Safari/537.36 (compatible; Googlebot/2.1; +http://www.google.com/bot.html)"
66.249.65.32 - - [10/Jul/2026:17:34:34 -0400] "GET /goods/782411035572 HTTP/1.1" 404 13931 "-" "Mozilla/5.0 (Linux; Android 6.0.1; Nexus 5X Build/MMB29P) AppleWebKit/537.36 (KHTML, like Gecko) Chrome/150.0.7871.46 Mobile Safari/537.36 (compatible; Googlebot/2.1; +http://www.google.com/bot.html)"
66.249.65.46 - - [10/Jul/2026:17:34:44 -0400] "GET /special/683067602418 HTTP/1.1" 404 13925 "-" "Mozilla/5.0 (Linux; Android 6.0.1; Nexus 5X Build/MMB29P) AppleWebKit/537.36 (KHTML, like Gecko) Chrome/150.0.7871.46 Mobile Safari/537.36 (compatible; Googlebot/2.1; +http://www.google.com/bot.html)"
66.249.65.46 - - [10/Jul/2026:17:34:57 -0400] "GET /special/87229797083 HTTP/1.1" 404 13930 "-" "Mozilla/5.0 (Linux; Android 6.0.1; Nexus 5X Build/MMB29P) AppleWebKit/537.36 (KHTML, like Gecko) Chrome/150.0.7871.46 Mobile Safari/537.36 (compatible; Googlebot/2.1; +http://www.google.com/bot.html)"
66.249.65.33 - - [10/Jul/2026:17:35:17 -0400] "GET /products/70188710656 HTTP/1.1" 404 13930 "-" "Mozilla/5.0 (Linux; Android 6.0.1; Nexus 5X Build/MMB29P) AppleWebKit/537.36 (KHTML, like Gecko) Chrome/150.0.7871.46 Mobile Safari/537.36 (compatible; Googlebot/2.1; +http://www.google.com/bot.html)"
66.249.65.46 - - [10/Jul/2026:17:35:28 -0400] "GET /goods/704103350834 HTTP/1.1" 404 13931 "-" "Mozilla/5.0 (Linux; Android 6.0.1; Nexus 5X Build/MMB29P) AppleWebKit/537.36 (KHTML, like Gecko) Chrome/150.0.7871.46 Mobile Safari/537.36 (compatible; Googlebot/2.1; +http://www.google.com/bot.html)"
66.249.65.46 - - [10/Jul/2026:17:35:38 -0400] "GET /special/681532896185 HTTP/1.1" 404 13928 "-" "Mozilla/5.0 (Linux; Android 6.0.1; Nexus 5X Build/MMB29P) AppleWebKit/537.36 (KHTML, like Gecko) Chrome/150.0.7871.46 Mobile Safari/537.36 (compatible; Googlebot/2.1; +http://www.google.com/bot.html)"
66.249.65.46 - - [10/Jul/2026:17:35:48 -0400] "GET /goods/68174058575 HTTP/1.1" 404 13930 "-" "Mozilla/5.0 (Linux; Android 6.0.1; Nexus 5X Build/MMB29P) AppleWebKit/537.36 (KHTML, like Gecko) Chrome/150.0.7871.46 Mobile Safari/537.36 (compatible; Googlebot/2.1; +http://www.google.com/bot.html)"
66.249.65.32 - - [10/Jul/2026:17:36:08 -0400] "GET /shopping/701088141329 HTTP/1.1" 404 13931 "-" "Mozilla/5.0 (Linux; Android 6.0.1; Nexus 5X Build/MMB29P) AppleWebKit/537.36 (KHTML, like Gecko) Chrome/150.0.7871.46 Mobile Safari/537.36 (compatible; Googlebot/2.1; +http://www.google.com/bot.html)"
66.249.65.46 - - [10/Jul/2026:17:36:18 -0400] "GET /entity/672061586782 HTTP/1.1" 404 13926 "-" "Mozilla/5.0 (Linux; Android 6.0.1; Nexus 5X Build/MMB29P) AppleWebKit/537.36 (KHTML, like Gecko) Chrome/150.0.7871.46 Mobile Safari/537.36 (compatible; Googlebot/2.1; +http://www.google.com/bot.html)"
66.249.65.46 - - [10/Jul/2026:17:36:18 -0400] "GET /shopbrand/871187602670 HTTP/1.1" 404 13926 "-" "Mozilla/5.0 (Linux; Android 6.0.1; Nexus 5X Build/MMB29P) AppleWebKit/537.36 (KHTML, like Gecko) Chrome/150.0.7871.46 Mobile Safari/537.36 (compatible; Googlebot/2.1; +http://www.google.com/bot.html)"
66.249.65.46 - - [10/Jul/2026:17:36:28 -0400] "GET /info/873046286013 HTTP/1.1" 404 13925 "-" "Mozilla/5.0 (Linux; Android 6.0.1; Nexus 5X Build/MMB29P) AppleWebKit/537.36 (KHTML, like Gecko) Chrome/150.0.7871.46 Mobile Safari/537.36 (compatible; Googlebot/2.1; +http://www.google.com/bot.html)"
66.249.65.46 - - [10/Jul/2026:17:36:38 -0400] "GET /shopbrand/68977331479 HTTP/1.1" 404 13926 "-" "Mozilla/5.0 (Linux; Android 6.0.1; Nexus 5X Build/MMB29P) AppleWebKit/537.36 (KHTML, like Gecko) Chrome/150.0.7871.46 Mobile Safari/537.36 (compatible; Googlebot/2.1; +http://www.google.com/bot.html)"
66.249.65.46 - - [10/Jul/2026:17:36:58 -0400] "GET /entity/68321813225 HTTP/1.1" 404 13926 "-" "Mozilla/5.0 (Linux; Android 6.0.1; Nexus 5X Build/MMB29P) AppleWebKit/537.36 (KHTML, like Gecko) Chrome/150.0.7871.46 Mobile Safari/537.36 (compatible; Googlebot/2.1; +http://www.google.com/bot.html)"
66.249.65.33 - - [10/Jul/2026:17:37:08 -0400] "GET /entity/681370210663 HTTP/1.1" 404 13928 "-" "Mozilla/5.0 (Linux; Android 6.0.1; Nexus 5X Build/MMB29P) AppleWebKit/537.36 (KHTML, like Gecko) Chrome/150.0.7871.46 Mobile Safari/537.36 (compatible; Googlebot/2.1; +http://www.google.com/bot.html)"
66.249.65.32 - - [10/Jul/2026:17:37:38 -0400] "GET /product/871922045762 HTTP/1.1" 404 13931 "-" "Mozilla/5.0 (Linux; Android 6.0.1; Nexus 5X Build/MMB29P) AppleWebKit/537.36 (KHTML, like Gecko) Chrome/150.0.7871.46 Mobile Safari/537.36 (compatible; Googlebot/2.1; +http://www.google.com/bot.html)"
66.249.65.46 - - [10/Jul/2026:17:37:48 -0400] "GET /detail/77832727251 HTTP/1.1" 404 13931 "-" "Mozilla/5.0 (Linux; Android 6.0.1; Nexus 5X Build/MMB29P) AppleWebKit/537.36 (KHTML, like Gecko) Chrome/150.0.7871.46 Mobile Safari/537.36 (compatible; Googlebot/2.1; +http://www.google.com/bot.html)"
177.129.186.35 - - [10/Jul/2026:17:37:54 -0400] "GET /goodscode/74166336770 HTTP/1.1" 404 13928 "-" "Mozilla/5.0 (Macintosh; Intel Mac OS X 10_13_0) AppleWebKit/537.36 (KHTML, like Gecko) Chrome/67.0.3396.5 Safari/537.36"
197.184.111.128 - - [10/Jul/2026:17:37:55 -0400] "GET /events/monthcalendar/2025/10/- HTTP/1.1" 200 115882 "-" "Mozilla/5.0 (Macintosh; Intel Mac OS X 10_15_7) AppleWebKit/537.36 (KHTML, like Gecko) Chrome/119.0.0.0 Safari/537.36"
66.249.65.46 - - [10/Jul/2026:17:37:58 -0400] "GET /item/861302192316 HTTP/1.1" 404 13928 "-" "Mozilla/5.0 (Linux; Android 6.0.1; Nexus 5X Build/MMB29P) AppleWebKit/537.36 (KHTML, like Gecko) Chrome/150.0.7871.46 Mobile Safari/537.36 (compatible; Googlebot/2.1; +http://www.google.com/bot.html)"
66.249.65.46 - - [10/Jul/2026:17:37:58 -0400] "GET /market/871999100659 HTTP/1.1" 404 13926 "-" "Mozilla/5.0 (Linux; Android 6.0.1; Nexus 5X Build/MMB29P) AppleWebKit/537.36 (KHTML, like Gecko) Chrome/150.0.7871.46 Mobile Safari/537.36 (compatible; Googlebot/2.1; +http://www.google.com/bot.html)"
75.166.137.206 - - [10/Jul/2026:17:38:10 -0400] "GET / HTTP/1.1" 200 93388 "https://www.google.com/" "Mozilla/5.0 (Macintosh; Intel Mac OS X 10_15_7) AppleWebKit/537.36 (KHTML, like Gecko) Chrome/149.0.0.0 Safari/537.36"
75.166.137.206 - - [10/Jul/2026:17:38:10 -0400] "GET /media/plg_system_jcepro/site/css/content.min.css?86aa0286b6232c4a5b58f892ce080277 HTTP/1.1" 200 8484 "https://transformptyoga.com/" "Mozilla/5.0 (Macintosh; Intel Mac OS X 10_15_7) AppleWebKit/537.36 (KHTML, like Gecko) Chrome/149.0.0.0 Safari/537.36"
75.166.137.206 - - [10/Jul/2026:17:38:10 -0400] "GET /components/com_jrealtimeanalytics/css/mainstyle.css?75a1a6268729f6deebe920aff68b09dc HTTP/1.1" 200 587 "https://transformptyoga.com/" "Mozilla/5.0 (Macintosh; Intel Mac OS X 10_15_7) AppleWebKit/537.36 (KHTML, like Gecko) Chrome/149.0.0.0 Safari/537.36"
75.166.137.206 - - [10/Jul/2026:17:38:10 -0400] "GET /modules/mod_maximenuck/themes/custom/css/maximenuck_maximenuck138.css HTTP/1.1" 200 35137 "https://transformptyoga.com/" "Mozilla/5.0 (Macintosh; Intel Mac OS X 10_15_7) AppleWebKit/537.36 (KHTML, like Gecko) Chrome/149.0.0.0 Safari/537.36"
75.166.137.206 - - [10/Jul/2026:17:38:10 -0400] "GET /modules/mod_maximenuck/themes/custom/css/maximenuck_maximenuck139.css HTTP/1.1" 200 33551 "https://transformptyoga.com/" "Mozilla/5.0 (Macintosh; Intel Mac OS X 10_15_7) AppleWebKit/537.36 (KHTML, like Gecko) Chrome/149.0.0.0 Safari/537.36"
75.166.137.206 - - [10/Jul/2026:17:38:10 -0400] "GET /media/com_convertforms/css/convertforms.css?75a1a6268729f6deebe920aff68b09dc HTTP/1.1" 200 24872 "https://transformptyoga.com/" "Mozilla/5.0 (Macintosh; Intel Mac OS X 10_15_7) AppleWebKit/537.36 (KHTML, like Gecko) Chrome/149.0.0.0 Safari/537.36"
75.166.137.206 - - [10/Jul/2026:17:38:10 -0400] "GET /modules/mod_maximenuck/themes/custom/css/maximenuck_maximenuck141.css HTTP/1.1" 200 35132 "https://transformptyoga.com/" "Mozilla/5.0 (Macintosh; Intel Mac OS X 10_15_7) AppleWebKit/537.36 (KHTML, like Gecko) Chrome/149.0.0.0 Safari/537.36"
75.166.137.206 - - [10/Jul/2026:17:38:10 -0400] "GET /templates/it_oxygen/uikit/css/uikit.min.css HTTP/1.1" 200 113947 "https://transformptyoga.com/" "Mozilla/5.0 (Macintosh; Intel Mac OS X 10_15_7) AppleWebKit/537.36 (KHTML, like Gecko) Chrome/149.0.0.0 Safari/537.36"
75.166.137.206 - - [10/Jul/2026:17:38:10 -0400] "GET /media/gantry5/engines/nucleus/css-compiled/nucleus.css HTTP/1.1" 200 20312 "https://transformptyoga.com/" "Mozilla/5.0 (Macintosh; Intel Mac OS X 10_15_7) AppleWebKit/537.36 (KHTML, like Gecko) Chrome/149.0.0.0 Safari/537.36"
75.166.137.206 - - [10/Jul/2026:17:38:11 -0400] "GET /templates/it_oxygen/custom/css-compiled/oxygen_12.css?6a4c6970 HTTP/1.1" 200 154665 "https://transformptyoga.com/" "Mozilla/5.0 (Macintosh; Intel Mac OS X 10_15_7) AppleWebKit/537.36 (KHTML, like Gecko) Chrome/149.0.0.0 Safari/537.36"
75.166.137.206 - - [10/Jul/2026:17:38:11 -0400] "GET /media/gantry5/engines/nucleus/css-compiled/bootstrap5.css HTTP/1.1" 200 173544 "https://transformptyoga.com/" "Mozilla/5.0 (Macintosh; Intel Mac OS X 10_15_7) AppleWebKit/537.36 (KHTML, like Gecko) Chrome/149.0.0.0 Safari/537.36"
75.166.137.206 - - [10/Jul/2026:17:38:11 -0400] "GET /media/system/css/joomla-fontawesome.min.css HTTP/1.1" 200 14993 "https://transformptyoga.com/" "Mozilla/5.0 (Macintosh; Intel Mac OS X 10_15_7) AppleWebKit/537.36 (KHTML, like Gecko) Chrome/149.0.0.0 Safari/537.36"
75.166.137.206 - - [10/Jul/2026:17:38:11 -0400] "GET /media/system/css/debug.css HTTP/1.1" 200 3434 "https://transformptyoga.com/" "Mozilla/5.0 (Macintosh; Intel Mac OS X 10_15_7) AppleWebKit/537.36 (KHTML, like Gecko) Chrome/149.0.0.0 Safari/537.36"
75.166.137.206 - - [10/Jul/2026:17:38:11 -0400] "GET /media/gantry5/assets/css/font-awesome.min.css HTTP/1.1" 200 31000 "https://transformptyoga.com/" "Mozilla/5.0 (Macintosh; Intel Mac OS X 10_15_7) AppleWebKit/537.36 (KHTML, like Gecko) Chrome/149.0.0.0 Safari/537.36"
75.166.137.206 - - [10/Jul/2026:17:38:11 -0400] "GET /templates/it_oxygen/custom/css-compiled/oxygen-joomla_12.css?6a4c6970 HTTP/1.1" 200 51398 "https://transformptyoga.com/" "Mozilla/5.0 (Macintosh; Intel Mac OS X 10_15_7) AppleWebKit/537.36 (KHTML, like Gecko) Chrome/149.0.0.0 Safari/537.36"
75.166.137.206 - - [10/Jul/2026:17:38:11 -0400] "GET /templates/it_oxygen/custom/css-compiled/custom_12.css?6a4c6970 HTTP/1.1" 200 335 "https://transformptyoga.com/" "Mozilla/5.0 (Macintosh; Intel Mac OS X 10_15_7) AppleWebKit/537.36 (KHTML, like Gecko) Chrome/149.0.0.0 Safari/537.36"
75.166.137.206 - - [10/Jul/2026:17:38:11 -0400] "GET /media/smartslider3/src/SmartSlider3/Application/Frontend/Assets/dist/smartslider.min.css?ver=667fb12b HTTP/1.1" 200 22276 "https://transformptyoga.com/" "Mozilla/5.0 (Macintosh; Intel Mac OS X 10_15_7) AppleWebKit/537.36 (KHTML, like Gecko) Chrome/149.0.0.0 Safari/537.36"
75.166.137.206 - - [10/Jul/2026:17:38:11 -0400] "GET /media/vendor/jquery/js/jquery.min.js?3.7.1 HTTP/1.1" 200 30342 "https://transformptyoga.com/" "Mozilla/5.0 (Macintosh; Intel Mac OS X 10_15_7) AppleWebKit/537.36 (KHTML, like Gecko) Chrome/149.0.0.0 Safari/537.36"
75.166.137.206 - - [10/Jul/2026:17:38:11 -0400] "GET /media/legacy/js/jquery-noconflict.min.js?647005fc12b79b3ca2bb30c059899d5994e3e34d HTTP/1.1" 200 47 "https://transformptyoga.com/" "Mozilla/5.0 (Macintosh; Intel Mac OS X 10_15_7) AppleWebKit/537.36 (KHTML, like Gecko) Chrome/149.0.0.0 Safari/537.36"
75.166.137.206 - - [10/Jul/2026:17:38:11 -0400] "GET /media/system/js/core.min.js?37ffe4186289eba9c5df81bea44080aff77b9684 HTTP/1.1" 200 3135 "https://transformptyoga.com/" "Mozilla/5.0 (Macintosh; Intel Mac OS X 10_15_7) AppleWebKit/537.36 (KHTML, like Gecko) Chrome/149.0.0.0 Safari/537.36"
75.166.137.206 - - [10/Jul/2026:17:38:11 -0400] "GET /media/system/js/keepalive.min.js?9f10654c2f49ca104ca0449def6eec3f06bd19c0 HTTP/1.1" 200 430 "https://transformptyoga.com/" "Mozilla/5.0 (Macintosh; Intel Mac OS X 10_15_7) AppleWebKit/537.36 (KHTML, like Gecko) Chrome/149.0.0.0 Safari/537.36"
75.166.137.206 - - [10/Jul/2026:17:38:11 -0400] "GET /modules/mod_maximenuck/assets/maximenuck.min.js HTTP/1.1" 200 17827 "https://transformptyoga.com/" "Mozilla/5.0 (Macintosh; Intel Mac OS X 10_15_7) AppleWebKit/537.36 (KHTML, like Gecko) Chrome/149.0.0.0 Safari/537.36"
75.166.137.206 - - [10/Jul/2026:17:38:11 -0400] "GET /media/plg_system_mobilemenuck/assets/mobilemenuck.js?ver=1.5.21 HTTP/1.1" 200 52003 "https://transformptyoga.com/" "Mozilla/5.0 (Macintosh; Intel Mac OS X 10_15_7) AppleWebKit/537.36 (KHTML, like Gecko) Chrome/149.0.0.0 Safari/537.36"
75.166.137.206 - - [10/Jul/2026:17:38:11 -0400] "GET /media/com_convertforms/js/site.js?75a1a6268729f6deebe920aff68b09dc HTTP/1.1" 200 13724 "https://transformptyoga.com/" "Mozilla/5.0 (Macintosh; Intel Mac OS X 10_15_7) AppleWebKit/537.36 (KHTML, like Gecko) Chrome/149.0.0.0 Safari/537.36"
75.166.137.206 - - [10/Jul/2026:17:38:11 -0400] "GET /images/content/primary/TPTY_Logo.png HTTP/1.1" 200 284877 "https://transformptyoga.com/" "Mozilla/5.0 (Macintosh; Intel Mac OS X 10_15_7) AppleWebKit/537.36 (KHTML, like Gecko) Chrome/149.0.0.0 Safari/537.36"
75.166.137.206 - - [10/Jul/2026:17:38:11 -0400] "GET /images/content/primary/p_hand_back.png HTTP/1.1" 200 142134 "https://transformptyoga.com/" "Mozilla/5.0 (Macintosh; Intel Mac OS X 10_15_7) AppleWebKit/537.36 (KHTML, like Gecko) Chrome/149.0.0.0 Safari/537.36"
75.166.137.206 - - [10/Jul/2026:17:38:11 -0400] "GET /images/content/primary/jjcalf.png HTTP/1.1" 200 120863 "https://transformptyoga.com/" "Mozilla/5.0 (Macintosh; Intel Mac OS X 10_15_7) AppleWebKit/537.36 (KHTML, like Gecko) Chrome/149.0.0.0 Safari/537.36"
75.166.137.206 - - [10/Jul/2026:17:38:11 -0400] "GET /media/gantry5/assets/js/main.js HTTP/1.1" 200 147174 "https://transformptyoga.com/" "Mozilla/5.0 (Macintosh; Intel Mac OS X 10_15_7) AppleWebKit/537.36 (KHTML, like Gecko) Chrome/149.0.0.0 Safari/537.36"
75.166.137.206 - - [10/Jul/2026:17:38:11 -0400] "GET /images/content/primary/tptyogo_a.png HTTP/1.1" 200 275091 "https://transformptyoga.com/" "Mozilla/5.0 (Macintosh; Intel Mac OS X 10_15_7) AppleWebKit/537.36 (KHTML, like Gecko) Chrome/149.0.0.0 Safari/537.36"
75.166.137.206 - - [10/Jul/2026:17:38:11 -0400] "GET /templates/it_oxygen/uikit/js/uikit.min.js HTTP/1.1" 200 121825 "https://transformptyoga.com/" "Mozilla/5.0 (Macintosh; Intel Mac OS X 10_15_7) AppleWebKit/537.36 (KHTML, like Gecko) Chrome/149.0.0.0 Safari/537.36"
75.166.137.206 - - [10/Jul/2026:17:38:11 -0400] "GET /templates/it_oxygen/js/template.js HTTP/1.1" 200 208 "https://transformptyoga.com/" "Mozilla/5.0 (Macintosh; Intel Mac OS X 10_15_7) AppleWebKit/537.36 (KHTML, like Gecko) Chrome/149.0.0.0 Safari/537.36"
75.166.137.206 - - [10/Jul/2026:17:38:11 -0400] "GET /templates/it_oxygen/js/scrollReveal.min.js HTTP/1.1" 200 8564 "https://transformptyoga.com/" "Mozilla/5.0 (Macintosh; Intel Mac OS X 10_15_7) AppleWebKit/537.36 (KHTML, like Gecko) Chrome/149.0.0.0 Safari/537.36"
75.166.137.206 - - [10/Jul/2026:17:38:11 -0400] "GET /media/gantry5/assets/fonts/fontawesome-webfont.woff2?v=4.7.0 HTTP/1.1" 200 77160 "https://transformptyoga.com/media/gantry5/assets/css/font-awesome.min.css" "Mozilla/5.0 (Macintosh; Intel Mac OS X 10_15_7) AppleWebKit/537.36 (KHTML, like Gecko) Chrome/149.0.0.0 Safari/537.36"
75.166.137.206 - - [10/Jul/2026:17:38:11 -0400] "GET /components/com_jrealtimeanalytics/js/stream.js?75a1a6268729f6deebe920aff68b09dc HTTP/1.1" 200 6541 "https://transformptyoga.com/" "Mozilla/5.0 (Macintosh; Intel Mac OS X 10_15_7) AppleWebKit/537.36 (KHTML, like Gecko) Chrome/149.0.0.0 Safari/537.36"
75.166.137.206 - - [10/Jul/2026:17:38:11 -0400] "GET /components/com_jrealtimeanalytics/js/heatmap.js?75a1a6268729f6deebe920aff68b09dc HTTP/1.1" 200 2237 "https://transformptyoga.com/" "Mozilla/5.0 (Macintosh; Intel Mac OS X 10_15_7) AppleWebKit/537.36 (KHTML, like Gecko) Chrome/149.0.0.0 Safari/537.36"
75.166.137.206 - - [10/Jul/2026:17:38:11 -0400] "GET /media/smartslider3/src/SmartSlider3/Application/Frontend/Assets/dist/n2.min.js?ver=667fb12b HTTP/1.1" 200 91697 "https://transformptyoga.com/" "Mozilla/5.0 (Macintosh; Intel Mac OS X 10_15_7) AppleWebKit/537.36 (KHTML, like Gecko) Chrome/149.0.0.0 Safari/537.36"
75.166.137.206 - - [10/Jul/2026:17:38:11 -0400] "GET /media/smartslider3/src/SmartSlider3/Application/Frontend/Assets/dist/smartslider-frontend.min.js?ver=667fb12b HTTP/1.1" 200 221457 "https://transformptyoga.com/" "Mozilla/5.0 (Macintosh; Intel Mac OS X 10_15_7) AppleWebKit/537.36 (KHTML, like Gecko) Chrome/149.0.0.0 Safari/537.36"
75.166.137.206 - - [10/Jul/2026:17:38:11 -0400] "GET /media/smartslider3/src/SmartSlider3/Slider/SliderType/Simple/Assets/dist/ss-simple.min.js?ver=667fb12b HTTP/1.1" 200 14134 "https://transformptyoga.com/" "Mozilla/5.0 (Macintosh; Intel Mac OS X 10_15_7) AppleWebKit/537.36 (KHTML, like Gecko) Chrome/149.0.0.0 Safari/537.36"
75.166.137.206 - - [10/Jul/2026:17:38:11 -0400] "GET /media/smartslider3/src/SmartSlider3/Slider/SliderType/Simple/Assets/dist/smartslider-backgroundanimation.min.js?ver=667fb12b HTTP/1.1" 200 664528 "https://transformptyoga.com/" "Mozilla/5.0 (Macintosh; Intel Mac OS X 10_15_7) AppleWebKit/537.36 (KHTML, like Gecko) Chrome/149.0.0.0 Safari/537.36"
75.166.137.206 - - [10/Jul/2026:17:38:11 -0400] "GET /media/smartslider3/src/SmartSlider3/Widget/Arrow/ArrowImage/Assets/dist/w-arrow-image.min.js?ver=667fb12b HTTP/1.1" 200 1454 "https://transformptyoga.com/" "Mozilla/5.0 (Macintosh; Intel Mac OS X 10_15_7) AppleWebKit/537.36 (KHTML, like Gecko) Chrome/149.0.0.0 Safari/537.36"
75.166.137.206 - - [10/Jul/2026:17:38:11 -0400] "GET /media/smartslider3/src/SmartSlider3/Widget/Bullet/Assets/dist/w-bullet.min.js?ver=667fb12b HTTP/1.1" 200 5556 "https://transformptyoga.com/" "Mozilla/5.0 (Macintosh; Intel Mac OS X 10_15_7) AppleWebKit/537.36 (KHTML, like Gecko) Chrome/149.0.0.0 Safari/537.36"
75.166.137.206 - - [10/Jul/2026:17:38:11 -0400] "POST /index.php?option=com_jrealtimeanalytics&format=json HTTP/1.1" 200 2505 "https://transformptyoga.com/" "Mozilla/5.0 (Macintosh; Intel Mac OS X 10_15_7) AppleWebKit/537.36 (KHTML, like Gecko) Chrome/149.0.0.0 Safari/537.36"
75.166.137.206 - - [10/Jul/2026:17:38:12 -0400] "GET /templates/it_oxygen/favicon.ico HTTP/1.1" 200 15406 "https://transformptyoga.com/" "Mozilla/5.0 (Macintosh; Intel Mac OS X 10_15_7) AppleWebKit/537.36 (KHTML, like Gecko) Chrome/149.0.0.0 Safari/537.36"
75.166.137.206 - - [10/Jul/2026:17:38:18 -0400] "POST /index.php?option=com_jrealtimeanalytics&format=json HTTP/1.1" 200 2 "https://transformptyoga.com/" "Mozilla/5.0 (Macintosh; Intel Mac OS X 10_15_7) AppleWebKit/537.36 (KHTML, like Gecko) Chrome/149.0.0.0 Safari/537.36"
75.166.137.206 - - [10/Jul/2026:17:38:25 -0400] "POST /index.php?option=com_jrealtimeanalytics&format=json HTTP/1.1" 200 2 "https://transformptyoga.com/" "Mozilla/5.0 (Macintosh; Intel Mac OS X 10_15_7) AppleWebKit/537.36 (KHTML, like Gecko) Chrome/149.0.0.0 Safari/537.36"
66.249.65.32 - - [10/Jul/2026:17:38:28 -0400] "GET /shopping/873646624991 HTTP/1.1" 404 13928 "-" "Mozilla/5.0 (Linux; Android 6.0.1; Nexus 5X Build/MMB29P) AppleWebKit/537.36 (KHTML, like Gecko) Chrome/150.0.7871.46 Mobile Safari/537.36 (compatible; Googlebot/2.1; +http://www.google.com/bot.html)"
75.166.137.206 - - [10/Jul/2026:17:38:32 -0400] "POST /index.php?option=com_jrealtimeanalytics&format=json HTTP/1.1" 200 2 "https://transformptyoga.com/" "Mozilla/5.0 (Macintosh; Intel Mac OS X 10_15_7) AppleWebKit/537.36 (KHTML, like Gecko) Chrome/149.0.0.0 Safari/537.36"
75.166.137.206 - - [10/Jul/2026:17:38:39 -0400] "POST /index.php?option=com_jrealtimeanalytics&format=json HTTP/1.1" 200 2 "https://transformptyoga.com/" "Mozilla/5.0 (Macintosh; Intel Mac OS X 10_15_7) AppleWebKit/537.36 (KHTML, like Gecko) Chrome/149.0.0.0 Safari/537.36"
75.166.137.206 - - [10/Jul/2026:17:38:46 -0400] "POST /index.php?option=com_jrealtimeanalytics&format=json HTTP/1.1" 200 2 "https://transformptyoga.com/" "Mozilla/5.0 (Macintosh; Intel Mac OS X 10_15_7) AppleWebKit/537.36 (KHTML, like Gecko) Chrome/149.0.0.0 Safari/537.36"
66.249.65.32 - - [10/Jul/2026:17:38:48 -0400] "GET /item/8731076508 HTTP/1.1" 404 13930 "-" "Mozilla/5.0 (Linux; Android 6.0.1; Nexus 5X Build/MMB29P) AppleWebKit/537.36 (KHTML, like Gecko) Chrome/150.0.7871.46 Mobile Safari/537.36 (compatible; Googlebot/2.1; +http://www.google.com/bot.html)"
75.166.137.206 - - [10/Jul/2026:17:38:53 -0400] "POST /index.php?option=com_jrealtimeanalytics&format=json HTTP/1.1" 200 2 "https://transformptyoga.com/" "Mozilla/5.0 (Macintosh; Intel Mac OS X 10_15_7) AppleWebKit/537.36 (KHTML, like Gecko) Chrome/149.0.0.0 Safari/537.36"
75.166.137.206 - - [10/Jul/2026:17:39:00 -0400] "POST /index.php?option=com_jrealtimeanalytics&format=json HTTP/1.1" 200 2 "https://transformptyoga.com/" "Mozilla/5.0 (Macintosh; Intel Mac OS X 10_15_7) AppleWebKit/537.36 (KHTML, like Gecko) Chrome/149.0.0.0 Safari/537.36"
75.166.137.206 - - [10/Jul/2026:17:39:07 -0400] "POST /index.php?option=com_jrealtimeanalytics&format=json HTTP/1.1" 200 2 "https://transformptyoga.com/" "Mozilla/5.0 (Macintosh; Intel Mac OS X 10_15_7) AppleWebKit/537.36 (KHTML, like Gecko) Chrome/149.0.0.0 Safari/537.36"
66.249.65.46 - - [10/Jul/2026:17:39:14 -0400] "GET /info/761455348297 HTTP/1.1" 404 13928 "-" "Mozilla/5.0 (Linux; Android 6.0.1; Nexus 5X Build/MMB29P) AppleWebKit/537.36 (KHTML, like Gecko) Chrome/150.0.7871.46 Mobile Safari/537.36 (compatible; Googlebot/2.1; +http://www.google.com/bot.html)"
75.166.137.206 - - [10/Jul/2026:17:39:14 -0400] "POST /index.php?option=com_jrealtimeanalytics&format=json HTTP/1.1" 200 2 "https://transformptyoga.com/" "Mozilla/5.0 (Macintosh; Intel Mac OS X 10_15_7) AppleWebKit/537.36 (KHTML, like Gecko) Chrome/149.0.0.0 Safari/537.36"
75.166.137.206 - - [10/Jul/2026:17:39:21 -0400] "POST /index.php?option=com_jrealtimeanalytics&format=json HTTP/1.1" 200 2 "https://transformptyoga.com/" "Mozilla/5.0 (Macintosh; Intel Mac OS X 10_15_7) AppleWebKit/537.36 (KHTML, like Gecko) Chrome/149.0.0.0 Safari/537.36"
75.166.137.206 - - [10/Jul/2026:17:39:28 -0400] "POST /index.php?option=com_jrealtimeanalytics&format=json HTTP/1.1" 200 2 "https://transformptyoga.com/" "Mozilla/5.0 (Macintosh; Intel Mac OS X 10_15_7) AppleWebKit/537.36 (KHTML, like Gecko) Chrome/149.0.0.0 Safari/537.36"
75.166.137.206 - - [10/Jul/2026:17:39:29 -0400] "GET /images/slider/cache/1660694ff72156cc2837874966195391/slidebg1.webp HTTP/1.1" 200 36784 "https://transformptyoga.com/" "Mozilla/5.0 (Macintosh; Intel Mac OS X 10_15_7) AppleWebKit/537.36 (KHTML, like Gecko) Chrome/149.0.0.0 Safari/537.36"
75.166.137.206 - - [10/Jul/2026:17:39:29 -0400] "GET /images/slider/cache/771b894941b41559866c6a8d3ed08e7b/slidebg0.webp HTTP/1.1" 200 12760 "https://transformptyoga.com/" "Mozilla/5.0 (Macintosh; Intel Mac OS X 10_15_7) AppleWebKit/537.36 (KHTML, like Gecko) Chrome/149.0.0.0 Safari/537.36"
75.166.137.206 - - [10/Jul/2026:17:39:29 -0400] "GET /images/slider/cache/bf93afe142c93d62624635711a380665/slidebg6.webp HTTP/1.1" 200 27928 "https://transformptyoga.com/" "Mozilla/5.0 (Macintosh; Intel Mac OS X 10_15_7) AppleWebKit/537.36 (KHTML, like Gecko) Chrome/149.0.0.0 Safari/537.36"
75.166.137.206 - - [10/Jul/2026:17:39:29 -0400] "GET /images/slider/cache/e290c90a950bc47dccf0bb27434331cb/slidebg3.webp HTTP/1.1" 200 69130 "https://transformptyoga.com/" "Mozilla/5.0 (Macintosh; Intel Mac OS X 10_15_7) AppleWebKit/537.36 (KHTML, like Gecko) Chrome/149.0.0.0 Safari/537.36"
75.166.137.206 - - [10/Jul/2026:17:39:29 -0400] "GET /images/slider/cache/101762d149b1b65a22ef66914928803d/slidebg4.webp HTTP/1.1" 200 26670 "https://transformptyoga.com/" "Mozilla/5.0 (Macintosh; Intel Mac OS X 10_15_7) AppleWebKit/537.36 (KHTML, like Gecko) Chrome/149.0.0.0 Safari/537.36"
75.166.137.206 - - [10/Jul/2026:17:39:34 -0400] "POST /index.php?option=com_jrealtimeanalytics&format=json HTTP/1.1" 200 2 "https://transformptyoga.com/" "Mozilla/5.0 (Macintosh; Intel Mac OS X 10_15_7) AppleWebKit/537.36 (KHTML, like Gecko) Chrome/149.0.0.0 Safari/537.36"
66.249.65.46 - - [10/Jul/2026:17:39:36 -0400] "GET /special/873500082408 HTTP/1.1" 404 13928 "-" "Mozilla/5.0 (Linux; Android 6.0.1; Nexus 5X Build/MMB29P) AppleWebKit/537.36 (KHTML, like Gecko) Chrome/150.0.7871.46 Mobile Safari/537.36 (compatible; Googlebot/2.1; +http://www.google.com/bot.html)"
75.166.137.206 - - [10/Jul/2026:17:39:38 -0400] "POST /index.php?option=com_jrealtimeanalytics&task=stream.saveEntity&format=json HTTP/1.1" 200 2 "https://transformptyoga.com/" "Mozilla/5.0 (Macintosh; Intel Mac OS X 10_15_7) AppleWebKit/537.36 (KHTML, like Gecko) Chrome/149.0.0.0 Safari/537.36"
75.166.137.206 - - [10/Jul/2026:17:39:38 -0400] "GET /membership HTTP/1.1" 200 106386 "https://transformptyoga.com/" "Mozilla/5.0 (Macintosh; Intel Mac OS X 10_15_7) AppleWebKit/537.36 (KHTML, like Gecko) Chrome/149.0.0.0 Safari/537.36"
75.166.137.206 - - [10/Jul/2026:17:39:38 -0400] "GET /modules/mod_maximenuck/themes/custom/css/maximenuck_maximenuck138.css HTTP/1.1" 200 35137 "https://transformptyoga.com/membership" "Mozilla/5.0 (Macintosh; Intel Mac OS X 10_15_7) AppleWebKit/537.36 (KHTML, like Gecko) Chrome/149.0.0.0 Safari/537.36"
75.166.137.206 - - [10/Jul/2026:17:39:38 -0400] "GET /modules/mod_maximenuck/themes/custom/css/maximenuck_maximenuck141.css HTTP/1.1" 200 35132 "https://transformptyoga.com/membership" "Mozilla/5.0 (Macintosh; Intel Mac OS X 10_15_7) AppleWebKit/537.36 (KHTML, like Gecko) Chrome/149.0.0.0 Safari/537.36"
75.166.137.206 - - [10/Jul/2026:17:39:38 -0400] "GET /images/content/primary/membership.jpg HTTP/1.1" 200 38200 "https://transformptyoga.com/membership" "Mozilla/5.0 (Macintosh; Intel Mac OS X 10_15_7) AppleWebKit/537.36 (KHTML, like Gecko) Chrome/149.0.0.0 Safari/537.36"
75.166.137.206 - - [10/Jul/2026:17:39:38 -0400] "GET /modules/mod_maximenuck/themes/custom/css/maximenuck_maximenuck139.css HTTP/1.1" 200 33551 "https://transformptyoga.com/membership" "Mozilla/5.0 (Macintosh; Intel Mac OS X 10_15_7) AppleWebKit/537.36 (KHTML, like Gecko) Chrome/149.0.0.0 Safari/537.36"
75.166.137.206 - - [10/Jul/2026:17:39:38 -0400] "GET /media/smartslider3/src/SmartSlider3/Slider/SliderType/Block/Assets/dist/ss-block.min.js?ver=667fb12b HTTP/1.1" 200 3466 "https://transformptyoga.com/membership" "Mozilla/5.0 (Macintosh; Intel Mac OS X 10_15_7) AppleWebKit/537.36 (KHTML, like Gecko) Chrome/149.0.0.0 Safari/537.36"
75.166.137.206 - - [10/Jul/2026:17:39:38 -0400] "POST /index.php?option=com_jrealtimeanalytics&format=json HTTP/1.1" 200 2505 "https://transformptyoga.com/membership" "Mozilla/5.0 (Macintosh; Intel Mac OS X 10_15_7) AppleWebKit/537.36 (KHTML, like Gecko) Chrome/149.0.0.0 Safari/537.36"
85.64.148.6 - - [10/Jul/2026:17:39:46 -0400] "GET /events/monthcalendar/2027/1/- HTTP/1.1" 200 115847 "-" "Mozilla/5.0 (Macintosh; Intel Mac OS X 10_15_7) AppleWebKit/537.36 (KHTML, like Gecko) Chrome/120.0.0.0 Safari/537.36"
5.194.221.240 - - [10/Jul/2026:17:39:48 -0400] "GET /shopbrand/8897284007 HTTP/1.1" 404 13926 "-" "Mozilla/5.0 (Macintosh; Intel Mac OS X 10_12_6) AppleWebKit/537.36 (KHTML, like Gecko) Chrome/80.0.3987.132 Safari/537.36"
66.249.65.33 - - [10/Jul/2026:17:40:02 -0400] "GET /info/761859406227 HTTP/1.1" 404 13926 "-" "Mozilla/5.0 (Linux; Android 6.0.1; Nexus 5X Build/MMB29P) AppleWebKit/537.36 (KHTML, like Gecko) Chrome/150.0.7871.46 Mobile Safari/537.36 (compatible; Googlebot/2.1; +http://www.google.com/bot.html)"
43.157.172.39 - - [10/Jul/2026:17:40:12 -0400] "GET /vi-blog HTTP/1.1" 200 132139 "-" "Mozilla/5.0 (iPhone; CPU iPhone OS 13_2_3 like Mac OS X) AppleWebKit/605.1.15 (KHTML, like Gecko) Version/13.0.3 Mobile/15E148 Safari/604.1"
66.249.65.32 - - [10/Jul/2026:17:40:27 -0400] "GET /shopping/762295847599 HTTP/1.1" 404 13930 "-" "Mozilla/5.0 (Linux; Android 6.0.1; Nexus 5X Build/MMB29P) AppleWebKit/537.36 (KHTML, like Gecko) Chrome/150.0.7871.46 Mobile Safari/537.36 (compatible; Googlebot/2.1; +http://www.google.com/bot.html)"
138.36.162.119 - - [10/Jul/2026:17:40:36 -0400] "GET /items/671164696150 HTTP/1.1" 404 13926 "-" "Mozilla/5.0 (Macintosh; Intel Mac OS X 10_15_7) AppleWebKit/537.36 (KHTML, like Gecko) Brave Chrome/86.0.4240.111 Safari/537.36"
66.249.65.32 - - [10/Jul/2026:17:41:02 -0400] "GET /special/742627576002 HTTP/1.1" 404 13926 "-" "Mozilla/5.0 (Linux; Android 6.0.1; Nexus 5X Build/MMB29P) AppleWebKit/537.36 (KHTML, like Gecko) Chrome/150.0.7871.46 Mobile Safari/537.36 (compatible; Googlebot/2.1; +http://www.google.com/bot.html)"
66.249.65.46 - - [10/Jul/2026:17:41:22 -0400] "GET /product/682263280906 HTTP/1.1" 404 13928 "-" "Mozilla/5.0 (Linux; Android 6.0.1; Nexus 5X Build/MMB29P) AppleWebKit/537.36 (KHTML, like Gecko) Chrome/150.0.7871.46 Mobile Safari/537.36 (compatible; Googlebot/2.1; +http://www.google.com/bot.html)"
66.249.65.46 - - [10/Jul/2026:17:41:52 -0400] "GET /market/683791795503 HTTP/1.1" 404 13926 "-" "Mozilla/5.0 (Linux; Android 6.0.1; Nexus 5X Build/MMB29P) AppleWebKit/537.36 (KHTML, like Gecko) Chrome/150.0.7871.46 Mobile Safari/537.36 (compatible; Googlebot/2.1; +http://www.google.com/bot.html)"
52.215.219.225 - - [10/Jul/2026:17:41:52 -0400] "GET / HTTP/1.1" 200 93385 "-" "Mozilla/5.0 (compatible; NetcraftSurveyAgent/1.0; +info@netcraft.com)"
66.249.65.33 - - [10/Jul/2026:17:42:12 -0400] "GET /detail/681233961686 HTTP/1.1" 404 13931 "-" "Mozilla/5.0 (Linux; Android 6.0.1; Nexus 5X Build/MMB29P) AppleWebKit/537.36 (KHTML, like Gecko) Chrome/150.0.7871.46 Mobile Safari/537.36 (compatible; Googlebot/2.1; +http://www.google.com/bot.html)"
66.249.65.33 - - [10/Jul/2026:17:42:41 -0400] "GET /shopbrand/871636482479 HTTP/1.1" 404 13931 "-" "Mozilla/5.0 (Linux; Android 6.0.1; Nexus 5X Build/MMB29P) AppleWebKit/537.36 (KHTML, like Gecko) Chrome/150.0.7871.46 Mobile Safari/537.36 (compatible; Googlebot/2.1; +http://www.google.com/bot.html)"
17.246.19.100 - - [10/Jul/2026:17:42:59 -0400] "GET /events/eventsbyday/2025/8/26/- HTTP/1.1" 200 106018 "-" "Mozilla/5.0 (Macintosh; Intel Mac OS X 10_15_7) AppleWebKit/605.1.15 (KHTML, like Gecko) Version/17.4 Safari/605.1.15 (Applebot/0.1; +http://www.apple.com/go/applebot)"
66.249.65.33 - - [10/Jul/2026:17:43:01 -0400] "GET /shopbrand/87533060746 HTTP/1.1" 404 13925 "-" "Mozilla/5.0 (Linux; Android 6.0.1; Nexus 5X Build/MMB29P) AppleWebKit/537.36 (KHTML, like Gecko) Chrome/150.0.7871.46 Mobile Safari/537.36 (compatible; Googlebot/2.1; +http://www.google.com/bot.html)"
66.249.65.32 - - [10/Jul/2026:17:43:31 -0400] "GET /detail/70722399725 HTTP/1.1" 404 13926 "-" "Mozilla/5.0 (Linux; Android 6.0.1; Nexus 5X Build/MMB29P) AppleWebKit/537.36 (KHTML, like Gecko) Chrome/150.0.7871.46 Mobile Safari/537.36 (compatible; Googlebot/2.1; +http://www.google.com/bot.html)"
66.249.65.32 - - [10/Jul/2026:17:43:35 -0400] "GET /products/753608370174 HTTP/1.1" 404 13928 "-" "Mozilla/5.0 (Linux; Android 6.0.1; Nexus 5X Build/MMB29P) AppleWebKit/537.36 (KHTML, like Gecko) Chrome/150.0.7871.46 Mobile Safari/537.36 (compatible; Googlebot/2.1; +http://www.google.com/bot.html)"
66.249.65.46 - - [10/Jul/2026:17:43:51 -0400] "GET /info/811480439402 HTTP/1.1" 404 13931 "-" "Mozilla/5.0 (Linux; Android 6.0.1; Nexus 5X Build/MMB29P) AppleWebKit/537.36 (KHTML, like Gecko) Chrome/150.0.7871.46 Mobile Safari/537.36 (compatible; Googlebot/2.1; +http://www.google.com/bot.html)"
66.249.65.32 - - [10/Jul/2026:17:44:01 -0400] "GET /shopping/662784134885 HTTP/1.1" 404 13931 "-" "Mozilla/5.0 (Linux; Android 6.0.1; Nexus 5X Build/MMB29P) AppleWebKit/537.36 (KHTML, like Gecko) Chrome/150.0.7871.46 Mobile Safari/537.36 (compatible; Googlebot/2.1; +http://www.google.com/bot.html)"
66.249.65.46 - - [10/Jul/2026:17:44:21 -0400] "GET /detail/81109622279 HTTP/1.1" 404 13925 "-" "Mozilla/5.0 (Linux; Android 6.0.1; Nexus 5X Build/MMB29P) AppleWebKit/537.36 (KHTML, like Gecko) Chrome/150.0.7871.46 Mobile Safari/537.36 (compatible; Googlebot/2.1; +http://www.google.com/bot.html)"
66.249.65.32 - - [10/Jul/2026:17:44:21 -0400] "GET /market/743813690851 HTTP/1.1" 404 13930 "-" "Mozilla/5.0 (Linux; Android 6.0.1; Nexus 5X Build/MMB29P) AppleWebKit/537.36 (KHTML, like Gecko) Chrome/150.0.7871.46 Mobile Safari/537.36 (compatible; Googlebot/2.1; +http://www.google.com/bot.html)"
209.85.238.238 - - [10/Jul/2026:17:44:23 -0400] "GET /products/073187649121 HTTP/1.1" 404 13925 "-" "Mozilla/5.0 (X11; Linux x86_64) AppleWebKit/537.36 (KHTML, like Gecko) Chrome/150.0.7871.46 Safari/537.36"
209.85.238.224 - - [10/Jul/2026:17:44:24 -0400] "GET /templates/it_oxygen/custom/css-compiled/oxygen__error.css?6a4c6971 HTTP/1.1" 200 154669 "https://www.transformptyoga.com/products/073187649121" "Mozilla/5.0 (X11; Linux x86_64) AppleWebKit/537.36 (KHTML, like Gecko) Chrome/150.0.7871.46 Safari/537.36"
209.85.238.224 - - [10/Jul/2026:17:44:24 -0400] "GET /media/system/css/joomla-fontawesome.min.css HTTP/1.1" 200 14993 "https://www.transformptyoga.com/products/073187649121" "Mozilla/5.0 (X11; Linux x86_64) AppleWebKit/537.36 (KHTML, like Gecko) Chrome/150.0.7871.46 Safari/537.36"
