35.240.54.252 - - [10/Jul/2026:13:50:58 -0400] "GET /vi-blog/the-holiday-pep-talk-maintain-your-center-through-the-season HTTP/1.1" 200 120369 "-" "Dragonfly/1.0 (+https://publisherdiscovery.com/bots)"
35.240.54.252 - - [10/Jul/2026:13:50:58 -0400] "GET /vi-blog/the-missing-link-between-workouts-and-results-use-the-shmec-principle-to-optimize-strength-gains-and-overall-health HTTP/1.1" 200 122460 "-" "Dragonfly/1.0 (+https://publisherdiscovery.com/bots)"
35.240.54.252 - - [10/Jul/2026:13:50:58 -0400] "GET /vi-blog/the-quiet-fire-why-your-heart-and-longevity-thrive-on-an-anti-inflammatory-foods HTTP/1.1" 200 121667 "-" "Dragonfly/1.0 (+https://publisherdiscovery.com/bots)"
35.240.54.252 - - [10/Jul/2026:13:50:58 -0400] "GET /vi-blog/what-your-heart-rate-variability-hrv-score-reveals-about-your-cardiovascular-resilience HTTP/1.1" 200 122468 "-" "Dragonfly/1.0 (+https://publisherdiscovery.com/bots)"
35.240.54.252 - - [10/Jul/2026:13:50:59 -0400] "GET /vi-blog/why-resolutions-fail-how-to-create-lasting-change HTTP/1.1" 200 117896 "-" "Dragonfly/1.0 (+https://publisherdiscovery.com/bots)"
35.240.54.252 - - [10/Jul/2026:13:50:59 -0400] "GET /vi-blog?start=11 HTTP/1.1" 200 127678 "-" "Dragonfly/1.0 (+https://publisherdiscovery.com/bots)"
35.240.54.252 - - [10/Jul/2026:13:51:00 -0400] "GET /vi-blog?start=22 HTTP/1.1" 200 123406 "-" "Dragonfly/1.0 (+https://publisherdiscovery.com/bots)"
35.240.54.252 - - [10/Jul/2026:13:51:01 -0400] "GET /events/eventsbyday/2025/10/1/- HTTP/1.1" 200 106025 "-" "Dragonfly/1.0 (+https://publisherdiscovery.com/bots)"
35.240.54.252 - - [10/Jul/2026:13:51:01 -0400] "GET /events/eventsbyday/2025/10/10/- HTTP/1.1" 200 106019 "-" "Dragonfly/1.0 (+https://publisherdiscovery.com/bots)"
35.240.54.252 - - [10/Jul/2026:13:51:01 -0400] "GET /events/eventsbyday/2025/10/11/- HTTP/1.1" 200 106024 "-" "Dragonfly/1.0 (+https://publisherdiscovery.com/bots)"
35.240.54.252 - - [10/Jul/2026:13:51:02 -0400] "GET /events/eventsbyday/2025/10/12/- HTTP/1.1" 200 106021 "-" "Dragonfly/1.0 (+https://publisherdiscovery.com/bots)"
35.240.54.252 - - [10/Jul/2026:13:51:02 -0400] "GET /events/eventsbyday/2025/10/13/- HTTP/1.1" 200 106026 "-" "Dragonfly/1.0 (+https://publisherdiscovery.com/bots)"
35.240.54.252 - - [10/Jul/2026:13:51:02 -0400] "GET /events/eventsbyday/2025/10/14/- HTTP/1.1" 200 106025 "-" "Dragonfly/1.0 (+https://publisherdiscovery.com/bots)"
35.240.54.252 - - [10/Jul/2026:13:51:03 -0400] "GET /events/eventsbyday/2025/10/15/- HTTP/1.1" 200 106032 "-" "Dragonfly/1.0 (+https://publisherdiscovery.com/bots)"
35.240.54.252 - - [10/Jul/2026:13:51:03 -0400] "GET /events/eventsbyday/2025/10/16/- HTTP/1.1" 200 106027 "-" "Dragonfly/1.0 (+https://publisherdiscovery.com/bots)"
35.240.54.252 - - [10/Jul/2026:13:51:04 -0400] "GET /events/eventsbyday/2025/10/17/- HTTP/1.1" 200 106025 "-" "Dragonfly/1.0 (+https://publisherdiscovery.com/bots)"
35.240.54.252 - - [10/Jul/2026:13:51:04 -0400] "GET /events/eventsbyday/2025/10/18/- HTTP/1.1" 200 106024 "-" "Dragonfly/1.0 (+https://publisherdiscovery.com/bots)"
35.240.54.252 - - [10/Jul/2026:13:51:04 -0400] "GET /events/eventsbyday/2025/10/19/- HTTP/1.1" 200 106023 "-" "Dragonfly/1.0 (+https://publisherdiscovery.com/bots)"
35.240.54.252 - - [10/Jul/2026:13:51:04 -0400] "GET /events/eventsbyday/2025/10/2/- HTTP/1.1" 200 106027 "-" "Dragonfly/1.0 (+https://publisherdiscovery.com/bots)"
35.240.54.252 - - [10/Jul/2026:13:51:04 -0400] "GET /events/eventsbyday/2025/10/20/- HTTP/1.1" 200 106026 "-" "Dragonfly/1.0 (+https://publisherdiscovery.com/bots)"
35.240.54.252 - - [10/Jul/2026:13:51:05 -0400] "GET /events/eventsbyday/2025/10/21/- HTTP/1.1" 200 106022 "-" "Dragonfly/1.0 (+https://publisherdiscovery.com/bots)"
35.240.54.252 - - [10/Jul/2026:13:51:05 -0400] "GET /events/eventsbyday/2025/10/22/- HTTP/1.1" 200 106029 "-" "Dragonfly/1.0 (+https://publisherdiscovery.com/bots)"
35.240.54.252 - - [10/Jul/2026:13:51:05 -0400] "GET /events/eventsbyday/2025/10/23/- HTTP/1.1" 200 106025 "-" "Dragonfly/1.0 (+https://publisherdiscovery.com/bots)"
35.240.54.252 - - [10/Jul/2026:13:51:06 -0400] "GET /events/eventsbyday/2025/10/24/- HTTP/1.1" 200 106020 "-" "Dragonfly/1.0 (+https://publisherdiscovery.com/bots)"
35.240.54.252 - - [10/Jul/2026:13:51:06 -0400] "GET /events/eventsbyday/2025/10/25/- HTTP/1.1" 200 106024 "-" "Dragonfly/1.0 (+https://publisherdiscovery.com/bots)"
35.240.54.252 - - [10/Jul/2026:13:51:06 -0400] "GET /events/eventsbyday/2025/10/26/- HTTP/1.1" 200 106021 "-" "Dragonfly/1.0 (+https://publisherdiscovery.com/bots)"
35.240.54.252 - - [10/Jul/2026:13:51:06 -0400] "GET /events/eventsbyday/2025/10/27/- HTTP/1.1" 200 106025 "-" "Dragonfly/1.0 (+https://publisherdiscovery.com/bots)"
35.240.54.252 - - [10/Jul/2026:13:51:07 -0400] "GET /events/eventsbyday/2025/10/28/- HTTP/1.1" 200 106027 "-" "Dragonfly/1.0 (+https://publisherdiscovery.com/bots)"
35.240.54.252 - - [10/Jul/2026:13:51:07 -0400] "GET /events/eventsbyday/2025/10/29/- HTTP/1.1" 200 106026 "-" "Dragonfly/1.0 (+https://publisherdiscovery.com/bots)"
35.240.54.252 - - [10/Jul/2026:13:51:07 -0400] "GET /events/eventsbyday/2025/10/3/- HTTP/1.1" 200 106019 "-" "Dragonfly/1.0 (+https://publisherdiscovery.com/bots)"
35.240.54.252 - - [10/Jul/2026:13:51:07 -0400] "GET /events/eventsbyday/2025/10/30/- HTTP/1.1" 200 106027 "-" "Dragonfly/1.0 (+https://publisherdiscovery.com/bots)"
35.240.54.252 - - [10/Jul/2026:13:51:08 -0400] "GET /events/eventsbyday/2025/10/31/- HTTP/1.1" 200 106025 "-" "Dragonfly/1.0 (+https://publisherdiscovery.com/bots)"
35.240.54.252 - - [10/Jul/2026:13:51:08 -0400] "GET /events/eventsbyday/2025/10/4/- HTTP/1.1" 200 106023 "-" "Dragonfly/1.0 (+https://publisherdiscovery.com/bots)"
35.240.54.252 - - [10/Jul/2026:13:51:08 -0400] "GET /events/eventsbyday/2025/10/5/- HTTP/1.1" 200 106023 "-" "Dragonfly/1.0 (+https://publisherdiscovery.com/bots)"
35.240.54.252 - - [10/Jul/2026:13:51:08 -0400] "GET /events/eventsbyday/2025/10/6/- HTTP/1.1" 200 106019 "-" "Dragonfly/1.0 (+https://publisherdiscovery.com/bots)"
35.240.54.252 - - [10/Jul/2026:13:51:09 -0400] "GET /events/eventsbyday/2025/10/7/- HTTP/1.1" 200 106020 "-" "Dragonfly/1.0 (+https://publisherdiscovery.com/bots)"
35.240.54.252 - - [10/Jul/2026:13:51:09 -0400] "GET /events/eventsbyday/2025/10/8/- HTTP/1.1" 200 106027 "-" "Dragonfly/1.0 (+https://publisherdiscovery.com/bots)"
35.240.54.252 - - [10/Jul/2026:13:51:09 -0400] "GET /events/eventsbyday/2025/10/9/- HTTP/1.1" 200 106024 "-" "Dragonfly/1.0 (+https://publisherdiscovery.com/bots)"
35.240.54.252 - - [10/Jul/2026:13:51:09 -0400] "GET /events/eventsbyday/2026/2/1/- HTTP/1.1" 200 106020 "-" "Dragonfly/1.0 (+https://publisherdiscovery.com/bots)"
35.240.54.252 - - [10/Jul/2026:13:51:10 -0400] "GET /events/eventsbyday/2026/2/10/- HTTP/1.1" 200 106022 "-" "Dragonfly/1.0 (+https://publisherdiscovery.com/bots)"
35.240.54.252 - - [10/Jul/2026:13:51:10 -0400] "GET /events/eventsbyday/2026/2/11/- HTTP/1.1" 200 106029 "-" "Dragonfly/1.0 (+https://publisherdiscovery.com/bots)"
35.240.54.252 - - [10/Jul/2026:13:51:10 -0400] "GET /events/eventsbyday/2026/2/12/- HTTP/1.1" 200 106030 "-" "Dragonfly/1.0 (+https://publisherdiscovery.com/bots)"
35.240.54.252 - - [10/Jul/2026:13:51:11 -0400] "GET /events/eventsbyday/2026/2/13/- HTTP/1.1" 200 106021 "-" "Dragonfly/1.0 (+https://publisherdiscovery.com/bots)"
35.240.54.252 - - [10/Jul/2026:13:51:11 -0400] "GET /events/eventsbyday/2026/2/14/- HTTP/1.1" 200 106027 "-" "Dragonfly/1.0 (+https://publisherdiscovery.com/bots)"
35.240.54.252 - - [10/Jul/2026:13:51:11 -0400] "GET /events/eventsbyday/2026/2/15/- HTTP/1.1" 200 106026 "-" "Dragonfly/1.0 (+https://publisherdiscovery.com/bots)"
35.240.54.252 - - [10/Jul/2026:13:51:12 -0400] "GET /events/eventsbyday/2026/2/16/- HTTP/1.1" 200 106020 "-" "Dragonfly/1.0 (+https://publisherdiscovery.com/bots)"
35.240.54.252 - - [10/Jul/2026:13:51:12 -0400] "GET /events/eventsbyday/2026/2/17/- HTTP/1.1" 200 106023 "-" "Dragonfly/1.0 (+https://publisherdiscovery.com/bots)"
35.240.54.252 - - [10/Jul/2026:13:51:12 -0400] "GET /events/eventsbyday/2026/2/18/- HTTP/1.1" 200 106032 "-" "Dragonfly/1.0 (+https://publisherdiscovery.com/bots)"
35.240.54.252 - - [10/Jul/2026:13:51:12 -0400] "GET /events/eventsbyday/2026/2/19/- HTTP/1.1" 200 106030 "-" "Dragonfly/1.0 (+https://publisherdiscovery.com/bots)"
35.240.54.252 - - [10/Jul/2026:13:51:13 -0400] "GET /events/eventsbyday/2026/2/2/- HTTP/1.1" 200 106021 "-" "Dragonfly/1.0 (+https://publisherdiscovery.com/bots)"
35.240.54.252 - - [10/Jul/2026:13:51:13 -0400] "GET /events/eventsbyday/2026/2/20/- HTTP/1.1" 200 106021 "-" "Dragonfly/1.0 (+https://publisherdiscovery.com/bots)"
35.240.54.252 - - [10/Jul/2026:13:51:13 -0400] "GET /events/eventsbyday/2026/2/21/- HTTP/1.1" 200 106025 "-" "Dragonfly/1.0 (+https://publisherdiscovery.com/bots)"
35.240.54.252 - - [10/Jul/2026:13:51:14 -0400] "GET /events/eventsbyday/2026/2/22/- HTTP/1.1" 200 106026 "-" "Dragonfly/1.0 (+https://publisherdiscovery.com/bots)"
35.240.54.252 - - [10/Jul/2026:13:51:14 -0400] "GET /events/eventsbyday/2026/2/23/- HTTP/1.1" 200 106021 "-" "Dragonfly/1.0 (+https://publisherdiscovery.com/bots)"
35.240.54.252 - - [10/Jul/2026:13:51:14 -0400] "GET /events/eventsbyday/2026/2/24/- HTTP/1.1" 200 106028 "-" "Dragonfly/1.0 (+https://publisherdiscovery.com/bots)"
35.240.54.252 - - [10/Jul/2026:13:51:14 -0400] "GET /events/eventsbyday/2026/2/25/- HTTP/1.1" 200 106026 "-" "Dragonfly/1.0 (+https://publisherdiscovery.com/bots)"
35.240.54.252 - - [10/Jul/2026:13:51:15 -0400] "GET /events/eventsbyday/2026/2/26/- HTTP/1.1" 200 106029 "-" "Dragonfly/1.0 (+https://publisherdiscovery.com/bots)"
35.240.54.252 - - [10/Jul/2026:13:51:15 -0400] "GET /events/eventsbyday/2026/2/27/- HTTP/1.1" 200 106020 "-" "Dragonfly/1.0 (+https://publisherdiscovery.com/bots)"
35.240.54.252 - - [10/Jul/2026:13:51:15 -0400] "GET /events/eventsbyday/2026/2/28/- HTTP/1.1" 200 106028 "-" "Dragonfly/1.0 (+https://publisherdiscovery.com/bots)"
35.240.54.252 - - [10/Jul/2026:13:51:15 -0400] "GET /events/eventsbyday/2026/2/3/- HTTP/1.1" 200 106023 "-" "Dragonfly/1.0 (+https://publisherdiscovery.com/bots)"
35.240.54.252 - - [10/Jul/2026:13:51:16 -0400] "GET /events/eventsbyday/2026/2/4/- HTTP/1.1" 200 106024 "-" "Dragonfly/1.0 (+https://publisherdiscovery.com/bots)"
35.240.54.252 - - [10/Jul/2026:13:51:16 -0400] "GET /events/eventsbyday/2026/2/5/- HTTP/1.1" 200 106025 "-" "Dragonfly/1.0 (+https://publisherdiscovery.com/bots)"
35.240.54.252 - - [10/Jul/2026:13:51:16 -0400] "GET /events/eventsbyday/2026/2/6/- HTTP/1.1" 200 106019 "-" "Dragonfly/1.0 (+https://publisherdiscovery.com/bots)"
35.240.54.252 - - [10/Jul/2026:13:51:17 -0400] "GET /events/eventsbyday/2026/2/7/- HTTP/1.1" 200 106022 "-" "Dragonfly/1.0 (+https://publisherdiscovery.com/bots)"
35.240.54.252 - - [10/Jul/2026:13:51:17 -0400] "GET /events/eventsbyday/2026/2/8/- HTTP/1.1" 200 106018 "-" "Dragonfly/1.0 (+https://publisherdiscovery.com/bots)"
35.240.54.252 - - [10/Jul/2026:13:51:17 -0400] "GET /events/eventsbyday/2026/2/9/- HTTP/1.1" 200 106024 "-" "Dragonfly/1.0 (+https://publisherdiscovery.com/bots)"
66.249.65.33 - - [10/Jul/2026:13:51:17 -0400] "GET /entity/842514692768 HTTP/1.1" 404 13928 "-" "Mozilla/5.0 (Linux; Android 6.0.1; Nexus 5X Build/MMB29P) AppleWebKit/537.36 (KHTML, like Gecko) Chrome/150.0.7871.46 Mobile Safari/537.36 (compatible; Googlebot/2.1; +http://www.google.com/bot.html)"
35.240.54.252 - - [10/Jul/2026:13:51:17 -0400] "GET /events/eventsbyday/2026/6/1/- HTTP/1.1" 200 106012 "-" "Dragonfly/1.0 (+https://publisherdiscovery.com/bots)"
35.240.54.252 - - [10/Jul/2026:13:51:18 -0400] "GET /events/eventsbyday/2026/6/10/- HTTP/1.1" 200 106017 "-" "Dragonfly/1.0 (+https://publisherdiscovery.com/bots)"
35.240.54.252 - - [10/Jul/2026:13:51:18 -0400] "GET /events/eventsbyday/2026/6/11/- HTTP/1.1" 200 106017 "-" "Dragonfly/1.0 (+https://publisherdiscovery.com/bots)"
35.240.54.252 - - [10/Jul/2026:13:51:18 -0400] "GET /events/eventsbyday/2026/6/12/- HTTP/1.1" 200 106015 "-" "Dragonfly/1.0 (+https://publisherdiscovery.com/bots)"
35.240.54.252 - - [10/Jul/2026:13:51:19 -0400] "GET /events/eventsbyday/2026/6/13/- HTTP/1.1" 200 106019 "-" "Dragonfly/1.0 (+https://publisherdiscovery.com/bots)"
35.240.54.252 - - [10/Jul/2026:13:51:19 -0400] "GET /events/eventsbyday/2026/6/14/- HTTP/1.1" 200 106013 "-" "Dragonfly/1.0 (+https://publisherdiscovery.com/bots)"
35.240.54.252 - - [10/Jul/2026:13:51:19 -0400] "GET /events/eventsbyday/2026/6/15/- HTTP/1.1" 200 106013 "-" "Dragonfly/1.0 (+https://publisherdiscovery.com/bots)"
35.240.54.252 - - [10/Jul/2026:13:51:20 -0400] "GET /events/eventsbyday/2026/6/16/- HTTP/1.1" 200 106014 "-" "Dragonfly/1.0 (+https://publisherdiscovery.com/bots)"
35.240.54.252 - - [10/Jul/2026:13:51:20 -0400] "GET /events/eventsbyday/2026/6/17/- HTTP/1.1" 200 106019 "-" "Dragonfly/1.0 (+https://publisherdiscovery.com/bots)"
35.240.54.252 - - [10/Jul/2026:13:51:20 -0400] "GET /events/eventsbyday/2026/6/18/- HTTP/1.1" 200 106022 "-" "Dragonfly/1.0 (+https://publisherdiscovery.com/bots)"
35.240.54.252 - - [10/Jul/2026:13:51:21 -0400] "GET /events/eventsbyday/2026/6/19/- HTTP/1.1" 200 106013 "-" "Dragonfly/1.0 (+https://publisherdiscovery.com/bots)"
35.240.54.252 - - [10/Jul/2026:13:51:21 -0400] "GET /events/eventsbyday/2026/6/2/- HTTP/1.1" 200 106012 "-" "Dragonfly/1.0 (+https://publisherdiscovery.com/bots)"
35.240.54.252 - - [10/Jul/2026:13:51:21 -0400] "GET /events/eventsbyday/2026/6/20/- HTTP/1.1" 200 106017 "-" "Dragonfly/1.0 (+https://publisherdiscovery.com/bots)"
35.240.54.252 - - [10/Jul/2026:13:51:21 -0400] "GET /events/eventsbyday/2026/6/21/- HTTP/1.1" 200 106013 "-" "Dragonfly/1.0 (+https://publisherdiscovery.com/bots)"
35.240.54.252 - - [10/Jul/2026:13:51:22 -0400] "GET /events/eventsbyday/2026/6/22/- HTTP/1.1" 200 106012 "-" "Dragonfly/1.0 (+https://publisherdiscovery.com/bots)"
35.240.54.252 - - [10/Jul/2026:13:51:22 -0400] "GET /events/eventsbyday/2026/6/23/- HTTP/1.1" 200 106017 "-" "Dragonfly/1.0 (+https://publisherdiscovery.com/bots)"
35.240.54.252 - - [10/Jul/2026:13:51:22 -0400] "GET /events/eventsbyday/2026/6/24/- HTTP/1.1" 200 106018 "-" "Dragonfly/1.0 (+https://publisherdiscovery.com/bots)"
35.240.54.252 - - [10/Jul/2026:13:51:23 -0400] "GET /events/eventsbyday/2026/6/25/- HTTP/1.1" 200 106016 "-" "Dragonfly/1.0 (+https://publisherdiscovery.com/bots)"
35.240.54.252 - - [10/Jul/2026:13:51:23 -0400] "GET /events/eventsbyday/2026/6/26/- HTTP/1.1" 200 106013 "-" "Dragonfly/1.0 (+https://publisherdiscovery.com/bots)"
35.240.54.252 - - [10/Jul/2026:13:51:23 -0400] "GET /events/eventsbyday/2026/6/27/- HTTP/1.1" 200 106019 "-" "Dragonfly/1.0 (+https://publisherdiscovery.com/bots)"
209.85.238.238 - - [10/Jul/2026:13:51:23 -0400] "GET /item/661534229952 HTTP/1.1" 404 13931 "-" "Mozilla/5.0 (X11; Linux x86_64) AppleWebKit/537.36 (KHTML, like Gecko) Chrome/150.0.7871.46 Safari/537.36"
35.240.54.252 - - [10/Jul/2026:13:51:23 -0400] "GET /events/eventsbyday/2026/6/28/- HTTP/1.1" 200 106018 "-" "Dragonfly/1.0 (+https://publisherdiscovery.com/bots)"
209.85.238.238 - - [10/Jul/2026:13:51:24 -0400] "GET /item/images/content/primary/tptyogo_a.png HTTP/1.1" 404 13930 "https://www.transformptyoga.com/item/661534229952" "Mozilla/5.0 (X11; Linux x86_64) AppleWebKit/537.36 (KHTML, like Gecko) Chrome/150.0.7871.46 Safari/537.36"
35.240.54.252 - - [10/Jul/2026:13:51:24 -0400] "GET /events/eventsbyday/2026/6/29/- HTTP/1.1" 200 106013 "-" "Dragonfly/1.0 (+https://publisherdiscovery.com/bots)"
35.240.54.252 - - [10/Jul/2026:13:51:24 -0400] "GET /events/eventsbyday/2026/6/3/- HTTP/1.1" 200 106019 "-" "Dragonfly/1.0 (+https://publisherdiscovery.com/bots)"
35.240.54.252 - - [10/Jul/2026:13:51:24 -0400] "GET /events/eventsbyday/2026/6/30/- HTTP/1.1" 200 106018 "-" "Dragonfly/1.0 (+https://publisherdiscovery.com/bots)"
35.240.54.252 - - [10/Jul/2026:13:51:25 -0400] "GET /events/eventsbyday/2026/6/4/- HTTP/1.1" 200 106015 "-" "Dragonfly/1.0 (+https://publisherdiscovery.com/bots)"
35.240.54.252 - - [10/Jul/2026:13:51:25 -0400] "GET /events/eventsbyday/2026/6/5/- HTTP/1.1" 200 106015 "-" "Dragonfly/1.0 (+https://publisherdiscovery.com/bots)"
35.240.54.252 - - [10/Jul/2026:13:51:25 -0400] "GET /events/eventsbyday/2026/6/6/- HTTP/1.1" 200 106020 "-" "Dragonfly/1.0 (+https://publisherdiscovery.com/bots)"
35.240.54.252 - - [10/Jul/2026:13:51:25 -0400] "GET /events/eventsbyday/2026/6/7/- HTTP/1.1" 200 106016 "-" "Dragonfly/1.0 (+https://publisherdiscovery.com/bots)"
35.240.54.252 - - [10/Jul/2026:13:51:26 -0400] "GET /events/eventsbyday/2026/6/8/- HTTP/1.1" 200 106016 "-" "Dragonfly/1.0 (+https://publisherdiscovery.com/bots)"
35.240.54.252 - - [10/Jul/2026:13:51:26 -0400] "GET /events/eventsbyday/2026/6/9/- HTTP/1.1" 200 106014 "-" "Dragonfly/1.0 (+https://publisherdiscovery.com/bots)"
35.240.54.252 - - [10/Jul/2026:13:51:26 -0400] "GET /events/monthcalendar/2025/9/- HTTP/1.1" 200 115765 "-" "Dragonfly/1.0 (+https://publisherdiscovery.com/bots)"
35.240.54.252 - - [10/Jul/2026:13:51:27 -0400] "GET /events/monthcalendar/2026/3/- HTTP/1.1" 200 116557 "-" "Dragonfly/1.0 (+https://publisherdiscovery.com/bots)"
35.240.54.252 - - [10/Jul/2026:13:51:27 -0400] "GET /events/monthcalendar/2026/5/- HTTP/1.1" 200 115707 "-" "Dragonfly/1.0 (+https://publisherdiscovery.com/bots)"
35.240.54.252 - - [10/Jul/2026:13:51:27 -0400] "GET /events/monthcalendar/2026/6/- HTTP/1.1" 200 115598 "-" "Dragonfly/1.0 (+https://publisherdiscovery.com/bots)"
35.240.54.252 - - [10/Jul/2026:13:51:28 -0400] "GET /events/monthcalendar/2026/7/- HTTP/1.1" 200 115738 "-" "Dragonfly/1.0 (+https://publisherdiscovery.com/bots)"
35.240.54.252 - - [10/Jul/2026:13:51:28 -0400] "GET /login HTTP/1.1" 200 103276 "-" "Dragonfly/1.0 (+https://publisherdiscovery.com/bots)"
35.240.54.252 - - [10/Jul/2026:13:51:28 -0400] "GET /vi-blog HTTP/1.1" 200 132152 "-" "Dragonfly/1.0 (+https://publisherdiscovery.com/bots)"
35.240.54.252 - - [10/Jul/2026:13:51:28 -0400] "GET /vi-blog/beyond-the-resolution-finding-your-rhythm-through-nourishing-rituals-in-2026 HTTP/1.1" 200 119601 "-" "Dragonfly/1.0 (+https://publisherdiscovery.com/bots)"
35.240.54.252 - - [10/Jul/2026:13:51:29 -0400] "GET /vi-blog/stronger-together-why-community-is-the-secret-to-your-health-in-2026 HTTP/1.1" 200 123151 "-" "Dragonfly/1.0 (+https://publisherdiscovery.com/bots)"
35.240.54.252 - - [10/Jul/2026:13:51:29 -0400] "GET /vi-blog/sync-your-head-heart-the-benefits-of-heart-focused-breathing HTTP/1.1" 200 125322 "-" "Dragonfly/1.0 (+https://publisherdiscovery.com/bots)"
35.240.54.252 - - [10/Jul/2026:13:51:29 -0400] "GET /vi-blog/the-quiet-fire-why-your-heart-and-longevity-thrive-on-an-anti-inflammatory-foods HTTP/1.1" 200 121665 "-" "Dragonfly/1.0 (+https://publisherdiscovery.com/bots)"
35.240.54.252 - - [10/Jul/2026:13:51:30 -0400] "GET /vi-blog/what-your-heart-rate-variability-hrv-score-reveals-about-your-cardiovascular-resilience HTTP/1.1" 200 122461 "-" "Dragonfly/1.0 (+https://publisherdiscovery.com/bots)"
35.240.54.252 - - [10/Jul/2026:13:51:30 -0400] "GET /vi-blog?start=11 HTTP/1.1" 200 127678 "-" "Dragonfly/1.0 (+https://publisherdiscovery.com/bots)"
35.240.54.252 - - [10/Jul/2026:13:51:31 -0400] "GET / HTTP/1.1" 200 93385 "-" "Dragonfly/1.0 (+https://publisherdiscovery.com/bots)"
35.240.54.252 - - [10/Jul/2026:13:51:31 -0400] "GET /?C=D;O=A HTTP/1.1" 200 93388 "-" "Dragonfly/1.0 (+https://publisherdiscovery.com/bots)"
35.240.54.252 - - [10/Jul/2026:13:51:32 -0400] "GET /?C=M;O=A HTTP/1.1" 200 93387 "-" "Dragonfly/1.0 (+https://publisherdiscovery.com/bots)"
35.240.54.252 - - [10/Jul/2026:13:51:32 -0400] "GET /?C=N;O=D HTTP/1.1" 200 93385 "-" "Dragonfly/1.0 (+https://publisherdiscovery.com/bots)"
35.240.54.252 - - [10/Jul/2026:13:51:32 -0400] "GET /?C=S;O=A HTTP/1.1" 200 93383 "-" "Dragonfly/1.0 (+https://publisherdiscovery.com/bots)"
35.240.54.252 - - [10/Jul/2026:13:51:32 -0400] "GET / HTTP/1.1" 200 93383 "-" "Dragonfly/1.0 (+https://publisherdiscovery.com/bots)"
35.240.54.252 - - [10/Jul/2026:13:51:33 -0400] "GET /?C=D;O=A HTTP/1.1" 200 93388 "-" "Dragonfly/1.0 (+https://publisherdiscovery.com/bots)"
35.240.54.252 - - [10/Jul/2026:13:51:33 -0400] "GET /?C=M;O=A HTTP/1.1" 200 93383 "-" "Dragonfly/1.0 (+https://publisherdiscovery.com/bots)"
35.240.54.252 - - [10/Jul/2026:13:51:33 -0400] "GET /?C=N;O=D HTTP/1.1" 200 93383 "-" "Dragonfly/1.0 (+https://publisherdiscovery.com/bots)"
35.240.54.252 - - [10/Jul/2026:13:51:34 -0400] "GET /?C=S;O=A HTTP/1.1" 200 93387 "-" "Dragonfly/1.0 (+https://publisherdiscovery.com/bots)"
66.249.65.46 - - [10/Jul/2026:13:51:45 -0400] "GET /items/693200728944 HTTP/1.1" 404 13928 "-" "Mozilla/5.0 (Linux; Android 6.0.1; Nexus 5X Build/MMB29P) AppleWebKit/537.36 (KHTML, like Gecko) Chrome/150.0.7871.46 Mobile Safari/537.36 (compatible; Googlebot/2.1; +http://www.google.com/bot.html)"
69.7.123.166 - - [10/Jul/2026:13:52:06 -0400] "POST /component/ajax/?format=json HTTP/1.1" 200 59 "https://www.transformptyoga.com/foundations-60" "Mozilla/5.0 (Macintosh; Intel Mac OS X 10_15_7) AppleWebKit/537.36 (KHTML, like Gecko) Chrome/148.0.0.0 Safari/537.36"
66.249.65.32 - - [10/Jul/2026:13:52:13 -0400] "GET /market/652657253696 HTTP/1.1" 404 13926 "-" "Mozilla/5.0 (Linux; Android 6.0.1; Nexus 5X Build/MMB29P) AppleWebKit/537.36 (KHTML, like Gecko) Chrome/150.0.7871.46 Mobile Safari/537.36 (compatible; Googlebot/2.1; +http://www.google.com/bot.html)"
209.85.238.238 - - [10/Jul/2026:13:52:38 -0400] "GET /items/731086766913 HTTP/1.1" 404 13925 "-" "Mozilla/5.0 (X11; Linux x86_64) AppleWebKit/537.36 (KHTML, like Gecko) Chrome/150.0.7871.46 Safari/537.36"
209.85.238.224 - - [10/Jul/2026:13:52:38 -0400] "GET /items/images/content/primary/tptyogo_a.png HTTP/1.1" 404 13931 "https://www.transformptyoga.com/items/731086766913" "Mozilla/5.0 (X11; Linux x86_64) AppleWebKit/537.36 (KHTML, like Gecko) Chrome/150.0.7871.46 Safari/537.36"
66.249.65.46 - - [10/Jul/2026:13:52:41 -0400] "GET /product/754217673566 HTTP/1.1" 404 13925 "-" "Mozilla/5.0 (Linux; Android 6.0.1; Nexus 5X Build/MMB29P) AppleWebKit/537.36 (KHTML, like Gecko) Chrome/150.0.7871.46 Mobile Safari/537.36 (compatible; Googlebot/2.1; +http://www.google.com/bot.html)"
216.73.216.220 - - [10/Jul/2026:13:53:00 -0400] "GET /sitemap.xml HTTP/1.1" 404 13931 "-" "Mozilla/5.0 AppleWebKit/537.36 (KHTML, like Gecko; compatible; ClaudeBot/1.0; +claudebot@anthropic.com)"
62.45.137.142 - - [10/Jul/2026:13:53:03 -0400] "GET /market/013326592130 HTTP/1.1" 301 - "-" "Mozilla/5.0 (Macintosh; Intel Mac OS X 14_2_1) AppleWebKit/537.36 (KHTML, like Gecko) Chrome/125.0.6422.60 Safari/537.36"
66.249.65.33 - - [10/Jul/2026:13:53:04 -0400] "GET /entity/85441433957 HTTP/1.1" 404 13928 "-" "Mozilla/5.0 (compatible; Googlebot/2.1; +http://www.google.com/bot.html)"
85.85.41.2 - - [10/Jul/2026:13:53:05 -0400] "GET /market/013326592130 HTTP/1.1" 404 13926 "-" "Mozilla/5.0 (Macintosh; Intel Mac OS X 14_2_1) AppleWebKit/537.36 (KHTML, like Gecko) Chrome/125.0.6422.60 Safari/537.36"
66.249.65.46 - - [10/Jul/2026:13:53:09 -0400] "GET /products/651065334754 HTTP/1.1" 404 13926 "-" "Mozilla/5.0 (Linux; Android 6.0.1; Nexus 5X Build/MMB29P) AppleWebKit/537.36 (KHTML, like Gecko) Chrome/150.0.7871.46 Mobile Safari/537.36 (compatible; Googlebot/2.1; +http://www.google.com/bot.html)"
74.7.241.135 - - [10/Jul/2026:13:53:19 -0400] "GET /robots.txt HTTP/1.1" 200 764 "-" "Mozilla/5.0 (Macintosh; Intel Mac OS X 10_15_7) AppleWebKit/537.36 (KHTML, like Gecko) Chrome/131.0.0.0 Safari/537.36; compatible; OAI-SearchBot/1.4; robots.txt; +https://openai.com/searchbot"
74.7.228.33 - - [10/Jul/2026:13:53:19 -0400] "GET /robots.txt HTTP/1.1" 200 764 "-" "Mozilla/5.0 (Macintosh; Intel Mac OS X 10_15_7) AppleWebKit/537.36 (KHTML, like Gecko) Chrome/131.0.0.0 Safari/537.36; compatible; OAI-SearchBot/1.4; robots.txt; +https://openai.com/searchbot"
66.249.65.46 - - [10/Jul/2026:13:53:37 -0400] "GET /product/651571654499 HTTP/1.1" 404 13928 "-" "Mozilla/5.0 (Linux; Android 6.0.1; Nexus 5X Build/MMB29P) AppleWebKit/537.36 (KHTML, like Gecko) Chrome/150.0.7871.46 Mobile Safari/537.36 (compatible; Googlebot/2.1; +http://www.google.com/bot.html)"
197.95.72.73 - - [10/Jul/2026:13:53:49 -0400] "GET /events/eventsbyday/2026/5/13/- HTTP/1.1" 200 106017 "-" "Mozilla/5.0 (Macintosh; Intel Mac OS X 10_9_5) AppleWebKit/537.36 (KHTML, like Gecko) Chrome/65.0.3325.181 Safari/537.36"
66.249.65.46 - - [10/Jul/2026:13:54:05 -0400] "GET /goods/753753699378 HTTP/1.1" 404 13926 "-" "Mozilla/5.0 (Linux; Android 6.0.1; Nexus 5X Build/MMB29P) AppleWebKit/537.36 (KHTML, like Gecko) Chrome/150.0.7871.46 Mobile Safari/537.36 (compatible; Googlebot/2.1; +http://www.google.com/bot.html)"
66.249.65.32 - - [10/Jul/2026:13:54:38 -0400] "GET /goods/841154643028 HTTP/1.1" 404 13931 "-" "Mozilla/5.0 (Linux; Android 6.0.1; Nexus 5X Build/MMB29P) AppleWebKit/537.36 (KHTML, like Gecko) Chrome/150.0.7871.46 Mobile Safari/537.36 (compatible; Googlebot/2.1; +http://www.google.com/bot.html)"
66.249.65.33 - - [10/Jul/2026:13:55:12 -0400] "GET /goodscode/653555126928 HTTP/1.1" 404 13930 "-" "Mozilla/5.0 (Linux; Android 6.0.1; Nexus 5X Build/MMB29P) AppleWebKit/537.36 (KHTML, like Gecko) Chrome/150.0.7871.46 Mobile Safari/537.36 (compatible; Googlebot/2.1; +http://www.google.com/bot.html)"
45.229.156.199 - - [10/Jul/2026:13:55:30 -0400] "GET /events/monthcalendar/2025/2/- HTTP/1.1" 200 115473 "-" "Mozilla/5.0 (Macintosh; Intel Mac OS X 10_15_7) AppleWebKit/537.36 (KHTML, like Gecko) Chrome/133.0.0.0 Safari/537.36"
66.249.65.46 - - [10/Jul/2026:13:55:36 -0400] "GET /goodscode/652172969838 HTTP/1.1" 404 13925 "-" "Mozilla/5.0 (Linux; Android 6.0.1; Nexus 5X Build/MMB29P) AppleWebKit/537.36 (KHTML, like Gecko) Chrome/150.0.7871.46 Mobile Safari/537.36 (compatible; Googlebot/2.1; +http://www.google.com/bot.html)"
66.249.65.32 - - [10/Jul/2026:13:56:00 -0400] "GET /goodscode/6921621802 HTTP/1.1" 404 13928 "-" "Mozilla/5.0 (Linux; Android 6.0.1; Nexus 5X Build/MMB29P) AppleWebKit/537.36 (KHTML, like Gecko) Chrome/150.0.7871.46 Mobile Safari/537.36 (compatible; Googlebot/2.1; +http://www.google.com/bot.html)"
66.249.65.46 - - [10/Jul/2026:13:56:25 -0400] "GET /goods/653285706584 HTTP/1.1" 404 13931 "-" "Mozilla/5.0 (Linux; Android 6.0.1; Nexus 5X Build/MMB29P) AppleWebKit/537.36 (KHTML, like Gecko) Chrome/150.0.7871.46 Mobile Safari/537.36 (compatible; Googlebot/2.1; +http://www.google.com/bot.html)"
66.249.65.46 - - [10/Jul/2026:13:57:01 -0400] "GET /shopping/69727597116 HTTP/1.1" 404 13925 "-" "Mozilla/5.0 (Linux; Android 6.0.1; Nexus 5X Build/MMB29P) AppleWebKit/537.36 (KHTML, like Gecko) Chrome/150.0.7871.46 Mobile Safari/537.36 (compatible; Googlebot/2.1; +http://www.google.com/bot.html)"
66.249.65.46 - - [10/Jul/2026:13:57:13 -0400] "GET /detail/651730446506 HTTP/1.1" 404 13928 "-" "Mozilla/5.0 (Linux; Android 6.0.1; Nexus 5X Build/MMB29P) AppleWebKit/537.36 (KHTML, like Gecko) Chrome/150.0.7871.46 Mobile Safari/537.36 (compatible; Googlebot/2.1; +http://www.google.com/bot.html)"
66.249.65.46 - - [10/Jul/2026:13:57:25 -0400] "GET /products/701723416858 HTTP/1.1" 404 13931 "-" "Mozilla/5.0 (Linux; Android 6.0.1; Nexus 5X Build/MMB29P) AppleWebKit/537.36 (KHTML, like Gecko) Chrome/150.0.7871.46 Mobile Safari/537.36 (compatible; Googlebot/2.1; +http://www.google.com/bot.html)"
66.249.65.46 - - [10/Jul/2026:13:57:49 -0400] "GET /item/69249203136 HTTP/1.1" 404 13926 "-" "Mozilla/5.0 (Linux; Android 6.0.1; Nexus 5X Build/MMB29P) AppleWebKit/537.36 (KHTML, like Gecko) Chrome/150.0.7871.46 Mobile Safari/537.36 (compatible; Googlebot/2.1; +http://www.google.com/bot.html)"
66.249.65.32 - - [10/Jul/2026:13:58:25 -0400] "GET /detail/69220342377 HTTP/1.1" 404 13926 "-" "Mozilla/5.0 (Linux; Android 6.0.1; Nexus 5X Build/MMB29P) AppleWebKit/537.36 (KHTML, like Gecko) Chrome/150.0.7871.46 Mobile Safari/537.36 (compatible; Googlebot/2.1; +http://www.google.com/bot.html)"
66.249.65.46 - - [10/Jul/2026:13:58:49 -0400] "GET /special/653199331373 HTTP/1.1" 404 13928 "-" "Mozilla/5.0 (Linux; Android 6.0.1; Nexus 5X Build/MMB29P) AppleWebKit/537.36 (KHTML, like Gecko) Chrome/150.0.7871.46 Mobile Safari/537.36 (compatible; Googlebot/2.1; +http://www.google.com/bot.html)"
105.160.54.208 - - [10/Jul/2026:13:59:11 -0400] "GET /events/monthcalendar/2025/1/- HTTP/1.1" 200 115850 "-" "Mozilla/5.0 (Windows NT 10.0; Win64; x64) AppleWebKit/537.36 (KHTML, like Gecko) Chrome/116.0.0.0 Safari/537.36"
66.249.65.33 - - [10/Jul/2026:13:59:13 -0400] "GET /entity/821869237247 HTTP/1.1" 404 13926 "-" "Mozilla/5.0 (Linux; Android 6.0.1; Nexus 5X Build/MMB29P) AppleWebKit/537.36 (KHTML, like Gecko) Chrome/150.0.7871.46 Mobile Safari/537.36 (compatible; Googlebot/2.1; +http://www.google.com/bot.html)"
74.125.215.68 - - [10/Jul/2026:13:59:58 -0400] "GET /.well-known/traffic-advice HTTP/1.1" 404 13926 "-" "Chrome Privacy Preserving Prefetch Proxy"
162.120.185.207 - - [10/Jul/2026:13:59:58 -0400] "GET /shopping/7817973019 HTTP/1.1" 404 13931 "https://www.google.com/" "Mozilla/5.0 (Windows NT 10.0; Win64; x64) AppleWebKit/537.36 (KHTML, like Gecko) Chrome/150.0.0.0 Safari/537.36"
201.124.117.231 - - [10/Jul/2026:14:01:01 -0400] "GET /events/monthcalendar/2024/7/- HTTP/1.1" 200 115733 "-" "Mozilla/5.0 (Macintosh; Intel Mac OS X 10_15_7) AppleWebKit/537.36 (KHTML, like Gecko) Chrome/131.0.0.0 Safari/537.36"
66.249.65.32 - - [10/Jul/2026:14:01:07 -0400] "GET /shopbrand/093890712030 HTTP/1.1" 404 13930 "-" "Mozilla/5.0 (Linux; Android 6.0.1; Nexus 5X Build/MMB29P) AppleWebKit/537.36 (KHTML, like Gecko) Chrome/150.0.7871.46 Mobile Safari/537.36 (compatible; Googlebot/2.1; +http://www.google.com/bot.html)"
66.249.65.32 - - [10/Jul/2026:14:01:13 -0400] "GET /shopping/751333735159 HTTP/1.1" 404 13928 "-" "Mozilla/5.0 (Linux; Android 6.0.1; Nexus 5X Build/MMB29P) AppleWebKit/537.36 (KHTML, like Gecko) Chrome/150.0.7871.46 Mobile Safari/537.36 (compatible; Googlebot/2.1; +http://www.google.com/bot.html)"
205.210.31.58 - - [10/Jul/2026:14:01:32 -0400] "GET / HTTP/1.1" 200 93383 "-" "Hello from Palo Alto Networks, find out more about our scans in https://docs-cortex.paloaltonetworks.com/r/1/Cortex-Xpanse/Scanning-activity"
66.249.65.46 - - [10/Jul/2026:14:01:32 -0400] "GET /entity/653336672509 HTTP/1.1" 404 13925 "-" "Mozilla/5.0 (Linux; Android 6.0.1; Nexus 5X Build/MMB29P) AppleWebKit/537.36 (KHTML, like Gecko) Chrome/150.0.7871.46 Mobile Safari/537.36 (compatible; Googlebot/2.1; +http://www.google.com/bot.html)"
216.73.216.220 - - [10/Jul/2026:14:01:54 -0400] "GET /robots.txt HTTP/1.1" 200 764 "-" "Mozilla/5.0 AppleWebKit/537.36 (KHTML, like Gecko; compatible; ClaudeBot/1.0; +claudebot@anthropic.com)"
216.73.216.220 - - [10/Jul/2026:14:01:54 -0400] "GET /virtual-care HTTP/1.1" 200 103931 "-" "Mozilla/5.0 AppleWebKit/537.36 (KHTML, like Gecko; compatible; ClaudeBot/1.0; +claudebot@anthropic.com)"
66.249.65.46 - - [10/Jul/2026:14:02:06 -0400] "GET /shopping/653678004689 HTTP/1.1" 404 13925 "-" "Mozilla/5.0 (Linux; Android 6.0.1; Nexus 5X Build/MMB29P) AppleWebKit/537.36 (KHTML, like Gecko) Chrome/150.0.7871.46 Mobile Safari/537.36 (compatible; Googlebot/2.1; +http://www.google.com/bot.html)"
66.249.65.33 - - [10/Jul/2026:14:02:07 -0400] "GET /info/044020137293 HTTP/1.1" 404 13931 "-" "Mozilla/5.0 (compatible; Googlebot/2.1; +http://www.google.com/bot.html)"
74.7.175.189 - - [10/Jul/2026:14:02:25 -0400] "GET /robots.txt HTTP/1.1" 200 26 "-" "Mozilla/5.0 (Macintosh; Intel Mac OS X 10_15_7) AppleWebKit/537.36 (KHTML, like Gecko) Chrome/131.0.0.0 Safari/537.36; compatible; OAI-SearchBot/1.4; robots.txt; +https://openai.com/searchbot"
66.249.65.46 - - [10/Jul/2026:14:02:30 -0400] "GET /market/691973503014 HTTP/1.1" 404 13930 "-" "Mozilla/5.0 (Linux; Android 6.0.1; Nexus 5X Build/MMB29P) AppleWebKit/537.36 (KHTML, like Gecko) Chrome/150.0.7871.46 Mobile Safari/537.36 (compatible; Googlebot/2.1; +http://www.google.com/bot.html)"
66.249.65.46 - - [10/Jul/2026:14:02:55 -0400] "GET /market/691676436257 HTTP/1.1" 404 13930 "-" "Mozilla/5.0 (Linux; Android 6.0.1; Nexus 5X Build/MMB29P) AppleWebKit/537.36 (KHTML, like Gecko) Chrome/150.0.7871.46 Mobile Safari/537.36 (compatible; Googlebot/2.1; +http://www.google.com/bot.html)"
66.249.65.46 - - [10/Jul/2026:14:03:23 -0400] "GET /shopbrand/701969517722 HTTP/1.1" 404 13930 "-" "Mozilla/5.0 (Linux; Android 6.0.1; Nexus 5X Build/MMB29P) AppleWebKit/537.36 (KHTML, like Gecko) Chrome/150.0.7871.46 Mobile Safari/537.36 (compatible; Googlebot/2.1; +http://www.google.com/bot.html)"
66.249.65.46 - - [10/Jul/2026:14:03:51 -0400] "GET /goods/701941871293 HTTP/1.1" 404 13931 "-" "Mozilla/5.0 (Linux; Android 6.0.1; Nexus 5X Build/MMB29P) AppleWebKit/537.36 (KHTML, like Gecko) Chrome/150.0.7871.46 Mobile Safari/537.36 (compatible; Googlebot/2.1; +http://www.google.com/bot.html)"
66.249.65.46 - - [10/Jul/2026:14:04:24 -0400] "GET /special/652683342700 HTTP/1.1" 404 13931 "-" "Mozilla/5.0 (Linux; Android 6.0.1; Nexus 5X Build/MMB29P) AppleWebKit/537.36 (KHTML, like Gecko) Chrome/150.0.7871.46 Mobile Safari/537.36 (compatible; Googlebot/2.1; +http://www.google.com/bot.html)"
66.249.65.32 - - [10/Jul/2026:14:04:49 -0400] "GET /market/65130958988 HTTP/1.1" 404 13925 "-" "Mozilla/5.0 (Linux; Android 6.0.1; Nexus 5X Build/MMB29P) AppleWebKit/537.36 (KHTML, like Gecko) Chrome/150.0.7871.46 Mobile Safari/537.36 (compatible; Googlebot/2.1; +http://www.google.com/bot.html)"
66.249.65.46 - - [10/Jul/2026:14:05:15 -0400] "GET /shopbrand/703997828127 HTTP/1.1" 404 13930 "-" "Mozilla/5.0 (Linux; Android 6.0.1; Nexus 5X Build/MMB29P) AppleWebKit/537.36 (KHTML, like Gecko) Chrome/150.0.7871.46 Mobile Safari/537.36 (compatible; Googlebot/2.1; +http://www.google.com/bot.html)"
66.249.65.46 - - [10/Jul/2026:14:05:43 -0400] "GET /entity/673245142895 HTTP/1.1" 404 13926 "-" "Mozilla/5.0 (Linux; Android 6.0.1; Nexus 5X Build/MMB29P) AppleWebKit/537.36 (KHTML, like Gecko) Chrome/150.0.7871.46 Mobile Safari/537.36 (compatible; Googlebot/2.1; +http://www.google.com/bot.html)"
66.249.65.46 - - [10/Jul/2026:14:06:11 -0400] "GET /shopbrand/652294635500 HTTP/1.1" 404 13925 "-" "Mozilla/5.0 (Linux; Android 6.0.1; Nexus 5X Build/MMB29P) AppleWebKit/537.36 (KHTML, like Gecko) Chrome/150.0.7871.46 Mobile Safari/537.36 (compatible; Googlebot/2.1; +http://www.google.com/bot.html)"
66.249.65.46 - - [10/Jul/2026:14:06:39 -0400] "GET /items/6652556420 HTTP/1.1" 404 13926 "-" "Mozilla/5.0 (Linux; Android 6.0.1; Nexus 5X Build/MMB29P) AppleWebKit/537.36 (KHTML, like Gecko) Chrome/150.0.7871.46 Mobile Safari/537.36 (compatible; Googlebot/2.1; +http://www.google.com/bot.html)"
66.249.65.32 - - [10/Jul/2026:14:07:16 -0400] "GET /entity/693607490392 HTTP/1.1" 404 13928 "-" "Mozilla/5.0 (Linux; Android 6.0.1; Nexus 5X Build/MMB29P) AppleWebKit/537.36 (KHTML, like Gecko) Chrome/150.0.7871.46 Mobile Safari/537.36 (compatible; Googlebot/2.1; +http://www.google.com/bot.html)"
66.249.65.46 - - [10/Jul/2026:14:07:35 -0400] "GET /entity/791357492891 HTTP/1.1" 404 13928 "-" "Mozilla/5.0 (Linux; Android 6.0.1; Nexus 5X Build/MMB29P) AppleWebKit/537.36 (KHTML, like Gecko) Chrome/150.0.7871.46 Mobile Safari/537.36 (compatible; Googlebot/2.1; +http://www.google.com/bot.html)"
66.249.65.32 - - [10/Jul/2026:14:08:05 -0400] "GET /detail/841319752764 HTTP/1.1" 404 13928 "-" "Mozilla/5.0 (Linux; Android 6.0.1; Nexus 5X Build/MMB29P) AppleWebKit/537.36 (KHTML, like Gecko) Chrome/150.0.7871.46 Mobile Safari/537.36 (compatible; Googlebot/2.1; +http://www.google.com/bot.html)"
201.221.111.7 - - [10/Jul/2026:14:08:13 -0400] "GET /info/681504979754 HTTP/1.1" 404 13925 "-" "Mozilla/5.0 (Windows NT 6.1) AppleWebKit/537.36 (KHTML, like Gecko) Chrome/80.0.3987.132 Safari/537.36"
66.249.65.46 - - [10/Jul/2026:14:08:42 -0400] "GET /entity/651979859806 HTTP/1.1" 404 13926 "-" "Mozilla/5.0 (Linux; Android 6.0.1; Nexus 5X Build/MMB29P) AppleWebKit/537.36 (KHTML, like Gecko) Chrome/150.0.7871.46 Mobile Safari/537.36 (compatible; Googlebot/2.1; +http://www.google.com/bot.html)"
2.82.10.186 - - [10/Jul/2026:14:08:51 -0400] "GET /market/011126893661 HTTP/1.1" 301 - "-" "Mozilla/5.0 (Macintosh; Intel Mac OS X 14.3; rv:127.0) Gecko/20100101 Firefox/127.0"
77.222.113.116 - - [10/Jul/2026:14:08:54 -0400] "GET /market/011126893661 HTTP/1.1" 404 13928 "-" "Mozilla/5.0 (Macintosh; Intel Mac OS X 14.3; rv:127.0) Gecko/20100101 Firefox/127.0"
66.249.65.33 - - [10/Jul/2026:14:09:06 -0400] "GET /items/654140830482 HTTP/1.1" 404 13925 "-" "Mozilla/5.0 (Linux; Android 6.0.1; Nexus 5X Build/MMB29P) AppleWebKit/537.36 (KHTML, like Gecko) Chrome/150.0.7871.46 Mobile Safari/537.36 (compatible; Googlebot/2.1; +http://www.google.com/bot.html)"
66.249.65.46 - - [10/Jul/2026:14:09:30 -0400] "GET /goodscode/661305052205 HTTP/1.1" 404 13926 "-" "Mozilla/5.0 (Linux; Android 6.0.1; Nexus 5X Build/MMB29P) AppleWebKit/537.36 (KHTML, like Gecko) Chrome/150.0.7871.46 Mobile Safari/537.36 (compatible; Googlebot/2.1; +http://www.google.com/bot.html)"
66.249.65.33 - - [10/Jul/2026:14:10:06 -0400] "GET /products/654170673882 HTTP/1.1" 404 13931 "-" "Mozilla/5.0 (Linux; Android 6.0.1; Nexus 5X Build/MMB29P) AppleWebKit/537.36 (KHTML, like Gecko) Chrome/150.0.7871.46 Mobile Safari/537.36 (compatible; Googlebot/2.1; +http://www.google.com/bot.html)"
66.249.65.32 - - [10/Jul/2026:14:10:31 -0400] "GET /items/654169461783 HTTP/1.1" 404 13925 "-" "Mozilla/5.0 (Linux; Android 6.0.1; Nexus 5X Build/MMB29P) AppleWebKit/537.36 (KHTML, like Gecko) Chrome/150.0.7871.46 Mobile Safari/537.36 (compatible; Googlebot/2.1; +http://www.google.com/bot.html)"
66.249.65.46 - - [10/Jul/2026:14:10:55 -0400] "GET /products/652958378823 HTTP/1.1" 404 13926 "-" "Mozilla/5.0 (Linux; Android 6.0.1; Nexus 5X Build/MMB29P) AppleWebKit/537.36 (KHTML, like Gecko) Chrome/150.0.7871.46 Mobile Safari/537.36 (compatible; Googlebot/2.1; +http://www.google.com/bot.html)"
66.249.65.32 - - [10/Jul/2026:14:11:11 -0400] "GET /goodscode/8565326748 HTTP/1.1" 404 13926 "-" "Mozilla/5.0 (Linux; Android 6.0.1; Nexus 5X Build/MMB29P) AppleWebKit/537.36 (KHTML, like Gecko) Chrome/150.0.7871.46 Mobile Safari/537.36 (compatible; Googlebot/2.1; +http://www.google.com/bot.html)"
66.249.65.32 - - [10/Jul/2026:14:11:18 -0400] "GET /info/69926317691 HTTP/1.1" 404 13928 "-" "Mozilla/5.0 (Linux; Android 6.0.1; Nexus 5X Build/MMB29P) AppleWebKit/537.36 (KHTML, like Gecko) Chrome/150.0.7871.46 Mobile Safari/537.36 (compatible; Googlebot/2.1; +http://www.google.com/bot.html)"
209.85.238.238 - - [10/Jul/2026:14:11:24 -0400] "GET /detail/80981680657 HTTP/1.1" 404 13926 "-" "Mozilla/5.0 (X11; Linux x86_64) AppleWebKit/537.36 (KHTML, like Gecko) Chrome/150.0.7871.46 Safari/537.36"
209.85.238.238 - - [10/Jul/2026:14:11:25 -0400] "GET /media/gantry5/engines/nucleus/css-compiled/bootstrap5.css HTTP/1.1" 200 173544 "https://www.transformptyoga.com/detail/80981680657" "Mozilla/5.0 (X11; Linux x86_64) AppleWebKit/537.36 (KHTML, like Gecko) Chrome/150.0.7871.46 Safari/537.36"
209.85.238.238 - - [10/Jul/2026:14:11:25 -0400] "GET /media/vendor/jquery/js/jquery.min.js HTTP/1.1" 200 30342 "https://www.transformptyoga.com/detail/80981680657" "Mozilla/5.0 (X11; Linux x86_64) AppleWebKit/537.36 (KHTML, like Gecko) Chrome/150.0.7871.46 Safari/537.36"
209.85.238.238 - - [10/Jul/2026:14:11:25 -0400] "GET /detail/images/content/primary/tptyogo_a.png HTTP/1.1" 404 13926 "https://www.transformptyoga.com/detail/80981680657" "Mozilla/5.0 (X11; Linux x86_64) AppleWebKit/537.36 (KHTML, like Gecko) Chrome/150.0.7871.46 Safari/537.36"
209.85.238.238 - - [10/Jul/2026:14:11:25 -0400] "GET /templates/it_oxygen/js/template.js HTTP/1.1" 200 208 "https://www.transformptyoga.com/detail/80981680657" "Mozilla/5.0 (X11; Linux x86_64) AppleWebKit/537.36 (KHTML, like Gecko) Chrome/150.0.7871.46 Safari/537.36"
66.249.65.46 - - [10/Jul/2026:14:11:52 -0400] "GET /info/653107345588 HTTP/1.1" 404 13925 "-" "Mozilla/5.0 (Linux; Android 6.0.1; Nexus 5X Build/MMB29P) AppleWebKit/537.36 (KHTML, like Gecko) Chrome/150.0.7871.46 Mobile Safari/537.36 (compatible; Googlebot/2.1; +http://www.google.com/bot.html)"
177.221.12.195 - - [10/Jul/2026:14:11:53 -0400] "GET /events/monthcalendar/2024/8/- HTTP/1.1" 200 115811 "-" "Mozilla/5.0 (Macintosh; Intel Mac OS X 10_15_7) AppleWebKit/537.36 (KHTML, like Gecko) Chrome/136.0.0.0 Safari/537.36"
66.249.65.46 - - [10/Jul/2026:14:11:53 -0400] "GET /product/763968313940 HTTP/1.1" 404 13928 "-" "Mozilla/5.0 (compatible; Googlebot/2.1; +http://www.google.com/bot.html)"
209.85.238.238 - - [10/Jul/2026:14:11:55 -0400] "GET /items/903381682814 HTTP/1.1" 404 13931 "-" "Mozilla/5.0 (X11; Linux x86_64) AppleWebKit/537.36 (KHTML, like Gecko) Chrome/150.0.7871.46 Safari/537.36"
209.85.238.238 - - [10/Jul/2026:14:11:55 -0400] "GET /items/images/content/primary/tptyogo_a.png HTTP/1.1" 404 13926 "https://www.transformptyoga.com/items/903381682814" "Mozilla/5.0 (X11; Linux x86_64) AppleWebKit/537.36 (KHTML, like Gecko) Chrome/150.0.7871.46 Safari/537.36"
66.249.65.46 - - [10/Jul/2026:14:12:16 -0400] "GET /shopping/652715047515 HTTP/1.1" 404 13930 "-" "Mozilla/5.0 (Linux; Android 6.0.1; Nexus 5X Build/MMB29P) AppleWebKit/537.36 (KHTML, like Gecko) Chrome/150.0.7871.46 Mobile Safari/537.36 (compatible; Googlebot/2.1; +http://www.google.com/bot.html)"
66.249.65.32 - - [10/Jul/2026:14:12:22 -0400] "GET /info/77222133187 HTTP/1.1" 404 13930 "-" "Mozilla/5.0 (Linux; Android 6.0.1; Nexus 5X Build/MMB29P) AppleWebKit/537.36 (KHTML, like Gecko) Chrome/150.0.7871.46 Mobile Safari/537.36 (compatible; Googlebot/2.1; +http://www.google.com/bot.html)"
66.249.65.46 - - [10/Jul/2026:14:12:28 -0400] "GET /detail/753872305302 HTTP/1.1" 404 13928 "-" "Mozilla/5.0 (Linux; Android 6.0.1; Nexus 5X Build/MMB29P) AppleWebKit/537.36 (KHTML, like Gecko) Chrome/150.0.7871.46 Mobile Safari/537.36 (compatible; Googlebot/2.1; +http://www.google.com/bot.html)"
66.249.65.46 - - [10/Jul/2026:14:12:41 -0400] "GET /detail/65774180519 HTTP/1.1" 404 13928 "-" "Mozilla/5.0 (compatible; Googlebot/2.1; +http://www.google.com/bot.html)"
66.249.65.46 - - [10/Jul/2026:14:12:42 -0400] "GET /goods/751351776152 HTTP/1.1" 404 13926 "-" "Mozilla/5.0 (Linux; Android 6.0.1; Nexus 5X Build/MMB29P) AppleWebKit/537.36 (KHTML, like Gecko) Chrome/150.0.7871.46 Mobile Safari/537.36 (compatible; Googlebot/2.1; +http://www.google.com/bot.html)"
66.249.65.46 - - [10/Jul/2026:14:13:17 -0400] "GET /shopping/012884909530 HTTP/1.1" 404 13930 "-" "Mozilla/5.0 (Linux; Android 6.0.1; Nexus 5X Build/MMB29P) AppleWebKit/537.36 (KHTML, like Gecko) Chrome/150.0.7871.46 Mobile Safari/537.36 (compatible; Googlebot/2.1; +http://www.google.com/bot.html)"
66.249.65.46 - - [10/Jul/2026:14:13:38 -0400] "GET /shopping/10327079382 HTTP/1.1" 404 13926 "-" "Mozilla/5.0 (Linux; Android 6.0.1; Nexus 5X Build/MMB29P) AppleWebKit/537.36 (KHTML, like Gecko) Chrome/150.0.7871.46 Mobile Safari/537.36 (compatible; Googlebot/2.1; +http://www.google.com/bot.html)"
66.249.65.32 - - [10/Jul/2026:14:13:55 -0400] "GET /goods/883304882749 HTTP/1.1" 404 13930 "-" "Mozilla/5.0 (compatible; Googlebot/2.1; +http://www.google.com/bot.html)"
66.249.65.32 - - [10/Jul/2026:14:14:06 -0400] "GET /goodscode/702341456231 HTTP/1.1" 404 13930 "-" "Mozilla/5.0 (Linux; Android 6.0.1; Nexus 5X Build/MMB29P) AppleWebKit/537.36 (KHTML, like Gecko) Chrome/150.0.7871.46 Mobile Safari/537.36 (compatible; Googlebot/2.1; +http://www.google.com/bot.html)"
66.249.65.32 - - [10/Jul/2026:14:14:34 -0400] "GET /entity/652076648547 HTTP/1.1" 404 13925 "-" "Mozilla/5.0 (Linux; Android 6.0.1; Nexus 5X Build/MMB29P) AppleWebKit/537.36 (KHTML, like Gecko) Chrome/150.0.7871.46 Mobile Safari/537.36 (compatible; Googlebot/2.1; +http://www.google.com/bot.html)"
66.249.65.46 - - [10/Jul/2026:14:15:02 -0400] "GET /detail/762613660843 HTTP/1.1" 404 13931 "-" "Mozilla/5.0 (Linux; Android 6.0.1; Nexus 5X Build/MMB29P) AppleWebKit/537.36 (KHTML, like Gecko) Chrome/150.0.7871.46 Mobile Safari/537.36 (compatible; Googlebot/2.1; +http://www.google.com/bot.html)"
66.249.65.33 - - [10/Jul/2026:14:15:30 -0400] "GET /info/893868739401 HTTP/1.1" 404 13926 "-" "Mozilla/5.0 (Linux; Android 6.0.1; Nexus 5X Build/MMB29P) AppleWebKit/537.36 (KHTML, like Gecko) Chrome/150.0.7871.46 Mobile Safari/537.36 (compatible; Googlebot/2.1; +http://www.google.com/bot.html)"
66.249.65.46 - - [10/Jul/2026:14:15:48 -0400] "GET /item/872748420943 HTTP/1.1" 404 13926 "-" "Mozilla/5.0 (compatible; Googlebot/2.1; +http://www.google.com/bot.html)"
66.249.65.46 - - [10/Jul/2026:14:15:58 -0400] "GET /info/894061268339 HTTP/1.1" 404 13931 "-" "Mozilla/5.0 (Linux; Android 6.0.1; Nexus 5X Build/MMB29P) AppleWebKit/537.36 (KHTML, like Gecko) Chrome/150.0.7871.46 Mobile Safari/537.36 (compatible; Googlebot/2.1; +http://www.google.com/bot.html)"
209.85.238.225 - - [10/Jul/2026:14:16:24 -0400] "GET /detail/823886965926 HTTP/1.1" 404 13926 "-" "Mozilla/5.0 (X11; Linux x86_64) AppleWebKit/537.36 (KHTML, like Gecko) Chrome/150.0.7871.46 Safari/537.36"
209.85.238.225 - - [10/Jul/2026:14:16:24 -0400] "GET /detail/images/content/primary/tptyogo_a.png HTTP/1.1" 404 13930 "https://www.transformptyoga.com/detail/823886965926" "Mozilla/5.0 (X11; Linux x86_64) AppleWebKit/537.36 (KHTML, like Gecko) Chrome/150.0.7871.46 Safari/537.36"
66.249.65.32 - - [10/Jul/2026:14:16:26 -0400] "GET /product/761552938551 HTTP/1.1" 404 13930 "-" "Mozilla/5.0 (Linux; Android 6.0.1; Nexus 5X Build/MMB29P) AppleWebKit/537.36 (KHTML, like Gecko) Chrome/150.0.7871.46 Mobile Safari/537.36 (compatible; Googlebot/2.1; +http://www.google.com/bot.html)"
71.218.47.65 - - [10/Jul/2026:14:16:32 -0400] "POST /component/ajax/?format=json HTTP/1.1" 200 59 "https://transformptyoga.com/about" "Mozilla/5.0 (Macintosh; Intel Mac OS X 10_15_7) AppleWebKit/537.36 (KHTML, like Gecko) Chrome/149.0.0.0 Safari/537.36"
66.249.65.32 - - [10/Jul/2026:14:16:53 -0400] "GET /detail/894236505927 HTTP/1.1" 404 13926 "-" "Mozilla/5.0 (Linux; Android 6.0.1; Nexus 5X Build/MMB29P) AppleWebKit/537.36 (KHTML, like Gecko) Chrome/150.0.7871.46 Mobile Safari/537.36 (compatible; Googlebot/2.1; +http://www.google.com/bot.html)"
66.249.65.33 - - [10/Jul/2026:14:17:22 -0400] "GET /market/061552927476 HTTP/1.1" 404 13930 "-" "Mozilla/5.0 (Linux; Android 6.0.1; Nexus 5X Build/MMB29P) AppleWebKit/537.36 (KHTML, like Gecko) Chrome/150.0.7871.46 Mobile Safari/537.36 (compatible; Googlebot/2.1; +http://www.google.com/bot.html)"
17.246.15.211 - - [10/Jul/2026:14:17:27 -0400] "GET /events/eventsbyday/2025/10/20/- HTTP/1.1" 200 106021 "-" "Mozilla/5.0 (Macintosh; Intel Mac OS X 10_15_7) AppleWebKit/605.1.15 (KHTML, like Gecko) Version/17.4 Safari/605.1.15 (Applebot/0.1; +http://www.apple.com/go/applebot)"
66.249.65.46 - - [10/Jul/2026:14:17:50 -0400] "GET /products/753627085043 HTTP/1.1" 404 13928 "-" "Mozilla/5.0 (Linux; Android 6.0.1; Nexus 5X Build/MMB29P) AppleWebKit/537.36 (KHTML, like Gecko) Chrome/150.0.7871.46 Mobile Safari/537.36 (compatible; Googlebot/2.1; +http://www.google.com/bot.html)"
41.56.87.13 - - [10/Jul/2026:14:18:00 -0400] "GET /product/72893591300 HTTP/1.1" 404 13931 "-" "Mozilla/5.0 (Windows NT 6.1) AppleWebKit/537.36 (KHTML, like Gecko) Chrome/85.0.4183.83 Safari/537.36"
197.14.70.63 - - [10/Jul/2026:14:18:06 -0400] "GET /product/711286001318 HTTP/1.1" 404 13930 "-" "Mozilla/5.0 (Windows NT 6.1) AppleWebKit/537.36 (KHTML, like Gecko) Chrome/87.0.4280.88 Safari/537.36"
66.249.65.46 - - [10/Jul/2026:14:18:19 -0400] "GET /products/89675168900 HTTP/1.1" 404 13931 "-" "Mozilla/5.0 (Linux; Android 6.0.1; Nexus 5X Build/MMB29P) AppleWebKit/537.36 (KHTML, like Gecko) Chrome/150.0.7871.46 Mobile Safari/537.36 (compatible; Googlebot/2.1; +http://www.google.com/bot.html)"
66.249.65.32 - - [10/Jul/2026:14:18:55 -0400] "GET /goods/763736343638 HTTP/1.1" 404 13926 "-" "Mozilla/5.0 (Linux; Android 6.0.1; Nexus 5X Build/MMB29P) AppleWebKit/537.36 (KHTML, like Gecko) Chrome/150.0.7871.46 Mobile Safari/537.36 (compatible; Googlebot/2.1; +http://www.google.com/bot.html)"
66.249.65.32 - - [10/Jul/2026:14:19:07 -0400] "GET /products/691230095092 HTTP/1.1" 404 13928 "-" "Mozilla/5.0 (compatible; Googlebot/2.1; +http://www.google.com/bot.html)"
66.249.65.46 - - [10/Jul/2026:14:19:19 -0400] "GET /item/764009001003 HTTP/1.1" 404 13926 "-" "Mozilla/5.0 (Linux; Android 6.0.1; Nexus 5X Build/MMB29P) AppleWebKit/537.36 (KHTML, like Gecko) Chrome/150.0.7871.46 Mobile Safari/537.36 (compatible; Googlebot/2.1; +http://www.google.com/bot.html)"
66.249.65.46 - - [10/Jul/2026:14:19:44 -0400] "GET /products/762095016228 HTTP/1.1" 404 13928 "-" "Mozilla/5.0 (Linux; Android 6.0.1; Nexus 5X Build/MMB29P) AppleWebKit/537.36 (KHTML, like Gecko) Chrome/150.0.7871.46 Mobile Safari/537.36 (compatible; Googlebot/2.1; +http://www.google.com/bot.html)"
40.77.167.230 - - [10/Jul/2026:14:20:07 -0400] "GET /?C=D;O=A HTTP/1.1" 200 92873 "-" "Mozilla/5.0 AppleWebKit/537.36 (KHTML, like Gecko; compatible; bingbot/2.0; +http://www.bing.com/bingbot.htm) Chrome/116.0.1938.76 Safari/537.36"
66.249.65.46 - - [10/Jul/2026:14:20:20 -0400] "GET /item/89198987988 HTTP/1.1" 404 13928 "-" "Mozilla/5.0 (Linux; Android 6.0.1; Nexus 5X Build/MMB29P) AppleWebKit/537.36 (KHTML, like Gecko) Chrome/150.0.7871.46 Mobile Safari/537.36 (compatible; Googlebot/2.1; +http://www.google.com/bot.html)"
66.249.65.32 - - [10/Jul/2026:14:20:45 -0400] "GET /market/753737819784 HTTP/1.1" 404 13926 "-" "Mozilla/5.0 (Linux; Android 6.0.1; Nexus 5X Build/MMB29P) AppleWebKit/537.36 (KHTML, like Gecko) Chrome/150.0.7871.46 Mobile Safari/537.36 (compatible; Googlebot/2.1; +http://www.google.com/bot.html)"
66.249.65.46 - - [10/Jul/2026:14:21:09 -0400] "GET /product/764201366418 HTTP/1.1" 404 13926 "-" "Mozilla/5.0 (Linux; Android 6.0.1; Nexus 5X Build/MMB29P) AppleWebKit/537.36 (KHTML, like Gecko) Chrome/150.0.7871.46 Mobile Safari/537.36 (compatible; Googlebot/2.1; +http://www.google.com/bot.html)"
