66.249.65.32 - - [10/Jul/2026:19:48:27 -0400] "GET /detail/89279633806 HTTP/1.1" 404 13925 "-" "Mozilla/5.0 (Linux; Android 6.0.1; Nexus 5X Build/MMB29P) AppleWebKit/537.36 (KHTML, like Gecko) Chrome/150.0.7871.46 Mobile Safari/537.36 (compatible; Googlebot/2.1; +http://www.google.com/bot.html)"
74.7.241.53 - - [10/Jul/2026:19:48:28 -0400] "GET /events/eventsbyday/2026/9/20/- HTTP/1.1" 429 17 "https://www.transformptyoga.com/events/eventsbyday/2026/9/21/-" "Mozilla/5.0 AppleWebKit/537.36 (KHTML, like Gecko; compatible; GPTBot/1.4; +https://openai.com/gptbot)"
77.42.3.68 - - [10/Jul/2026:19:48:38 -0400] "GET /events/monthcalendar/2026/8/- HTTP/1.1" 200 116591 "-" "Mozilla/5.0 (compatible; AffsignalCrawler/1.0; +https://affsignal.com/bot)"
66.249.65.46 - - [10/Jul/2026:19:48:42 -0400] "GET /special/762664626752 HTTP/1.1" 404 13931 "-" "Mozilla/5.0 (Linux; Android 6.0.1; Nexus 5X Build/MMB29P) AppleWebKit/537.36 (KHTML, like Gecko) Chrome/150.0.7871.46 Mobile Safari/537.36 (compatible; Googlebot/2.1; +http://www.google.com/bot.html)"
77.42.3.68 - - [10/Jul/2026:19:48:43 -0400] "GET /login?view=remind HTTP/1.1" 200 101664 "-" "Mozilla/5.0 (compatible; AffsignalCrawler/1.0; +https://affsignal.com/bot)"
77.42.3.68 - - [10/Jul/2026:19:48:43 -0400] "GET /events/monthcalendar/2026/7/- HTTP/1.1" 200 115732 "-" "Mozilla/5.0 (compatible; AffsignalCrawler/1.0; +https://affsignal.com/bot)"
77.42.3.68 - - [10/Jul/2026:19:48:54 -0400] "GET /events/monthcalendar/2026/6/- HTTP/1.1" 200 115600 "-" "Mozilla/5.0 (compatible; AffsignalCrawler/1.0; +https://affsignal.com/bot)"
43.157.174.69 - - [10/Jul/2026:19:48:55 -0400] "GET /events/eventsbyday/2026/7/1/- HTTP/1.1" 200 106010 "-" "Mozilla/5.0 (iPhone; CPU iPhone OS 13_2_3 like Mac OS X) AppleWebKit/605.1.15 (KHTML, like Gecko) Version/13.0.3 Mobile/15E148 Safari/604.1"
77.42.3.68 - - [10/Jul/2026:19:48:59 -0400] "GET /events/eventsbyday/2026/7/9/- HTTP/1.1" 200 106020 "-" "Mozilla/5.0 (compatible; AffsignalCrawler/1.0; +https://affsignal.com/bot)"
77.42.3.68 - - [10/Jul/2026:19:48:59 -0400] "GET /events/eventsbyday/2026/7/8/- HTTP/1.1" 200 106017 "-" "Mozilla/5.0 (compatible; AffsignalCrawler/1.0; +https://affsignal.com/bot)"
141.255.164.66 - - [10/Jul/2026:19:49:02 -0400] "GET /index.php?option=com_sppagebuilder&task=asset.uploadCustomIcon HTTP/1.1" 301 - "-" "Mozilla/5.0 (Windows NT 11.0; Win64; x64) AppleWebKit/537.36 (KHTML, like Gecko) Chrome/118.0.5993.88 Safari/537.36"
77.42.3.68 - - [10/Jul/2026:19:49:06 -0400] "GET /events/eventsbyday/2026/7/7/- HTTP/1.1" 200 106017 "-" "Mozilla/5.0 (compatible; AffsignalCrawler/1.0; +https://affsignal.com/bot)"
77.83.36.161 - - [10/Jul/2026:19:49:11 -0400] "GET /administrator/index.php HTTP/1.1" 200 12531 "-" "Mozilla/4.0 (compatible; MSIE 7.0; Windows NT 6.0)"
77.42.3.68 - - [10/Jul/2026:19:49:12 -0400] "GET /events/eventsbyday/2026/7/5/- HTTP/1.1" 200 106013 "-" "Mozilla/5.0 (compatible; AffsignalCrawler/1.0; +https://affsignal.com/bot)"
77.42.3.68 - - [10/Jul/2026:19:49:12 -0400] "GET /events/eventsbyday/2026/7/6/- HTTP/1.1" 200 106013 "-" "Mozilla/5.0 (compatible; AffsignalCrawler/1.0; +https://affsignal.com/bot)"
77.83.36.161 - - [10/Jul/2026:19:49:12 -0400] "POST /administrator/index.php HTTP/1.1" 303 - "-" "Mozilla/4.0 (compatible; MSIE 7.0; Windows NT 6.0)"
77.83.36.161 - - [10/Jul/2026:19:49:13 -0400] "GET /administrator/index.php HTTP/1.1" 200 12766 "-" "Mozilla/4.0 (compatible; MSIE 7.0; Windows NT 6.0)"
77.83.36.161 - - [10/Jul/2026:19:49:14 -0400] "POST /administrator/index.php HTTP/1.1" 303 - "-" "Mozilla/4.0 (compatible; MSIE 7.0; Windows NT 6.0)"
77.83.36.161 - - [10/Jul/2026:19:49:15 -0400] "GET /administrator/index.php HTTP/1.1" 200 12766 "-" "Mozilla/4.0 (compatible; MSIE 7.0; Windows NT 6.0)"
77.83.36.161 - - [10/Jul/2026:19:49:15 -0400] "POST /administrator/index.php HTTP/1.1" 303 - "-" "Mozilla/4.0 (compatible; MSIE 7.0; Windows NT 6.0)"
66.249.65.33 - - [10/Jul/2026:19:49:15 -0400] "GET /items/79535416194 HTTP/1.1" 404 13926 "-" "Mozilla/5.0 (Linux; Android 6.0.1; Nexus 5X Build/MMB29P) AppleWebKit/537.36 (KHTML, like Gecko) Chrome/150.0.7871.46 Mobile Safari/537.36 (compatible; Googlebot/2.1; +http://www.google.com/bot.html)"
77.83.36.161 - - [10/Jul/2026:19:49:16 -0400] "GET /administrator/index.php HTTP/1.1" 200 12766 "-" "Mozilla/4.0 (compatible; MSIE 7.0; Windows NT 6.0)"
103.25.249.225 - - [10/Jul/2026:19:49:19 -0400] "GET /shopbrand/772437971860 HTTP/1.1" 404 13926 "-" "Mozilla/5.0 (Macintosh; Intel Mac OS X 10_14_5) AppleWebKit/537.36 (KHTML, like Gecko) Chrome/97.0.4692.99 Safari/537.36"
74.7.241.53 - - [10/Jul/2026:19:49:28 -0400] "GET /events/eventsbyday/2026/10/4/- HTTP/1.1" 429 17 "https://www.transformptyoga.com/events/eventsbyday/2026/10/3/-" "Mozilla/5.0 AppleWebKit/537.36 (KHTML, like Gecko; compatible; GPTBot/1.4; +https://openai.com/gptbot)"
66.249.65.32 - - [10/Jul/2026:19:49:41 -0400] "GET /shopping/793308860326 HTTP/1.1" 404 13925 "-" "Mozilla/5.0 (Linux; Android 6.0.1; Nexus 5X Build/MMB29P) AppleWebKit/537.36 (KHTML, like Gecko) Chrome/150.0.7871.46 Mobile Safari/537.36 (compatible; Googlebot/2.1; +http://www.google.com/bot.html)"
209.85.238.224 - - [10/Jul/2026:19:49:43 -0400] "GET /item/661534229952 HTTP/1.1" 404 13928 "-" "Mozilla/5.0 (X11; Linux x86_64) AppleWebKit/537.36 (KHTML, like Gecko) Chrome/150.0.7871.46 Safari/537.36"
209.85.238.238 - - [10/Jul/2026:19:49:44 -0400] "GET /item/images/content/primary/tptyogo_a.png HTTP/1.1" 404 13926 "https://www.transformptyoga.com/item/661534229952" "Mozilla/5.0 (X11; Linux x86_64) AppleWebKit/537.36 (KHTML, like Gecko) Chrome/150.0.7871.46 Safari/537.36"
66.249.65.33 - - [10/Jul/2026:19:50:07 -0400] "GET /items/794128112678 HTTP/1.1" 404 13928 "-" "Mozilla/5.0 (Linux; Android 6.0.1; Nexus 5X Build/MMB29P) AppleWebKit/537.36 (KHTML, like Gecko) Chrome/150.0.7871.46 Mobile Safari/537.36 (compatible; Googlebot/2.1; +http://www.google.com/bot.html)"
66.249.65.32 - - [10/Jul/2026:19:50:19 -0400] "GET /shopbrand/722571899155 HTTP/1.1" 404 13928 "-" "Mozilla/5.0 (Linux; Android 6.0.1; Nexus 5X Build/MMB29P) AppleWebKit/537.36 (KHTML, like Gecko) Chrome/150.0.7871.46 Mobile Safari/537.36 (compatible; Googlebot/2.1; +http://www.google.com/bot.html)"
74.7.241.53 - - [10/Jul/2026:19:50:32 -0400] "GET /media/vendor/fontawesome-free/webfonts/fa-regular-400.woff2 HTTP/1.1" 200 13224 "https://www.transformptyoga.com/media/system/css/joomla-fontawesome.min.css" "Mozilla/5.0 AppleWebKit/537.36 (KHTML, like Gecko; compatible; GPTBot/1.4; +https://openai.com/gptbot)"
66.249.65.46 - - [10/Jul/2026:19:50:33 -0400] "GET /shopping/75202917119 HTTP/1.1" 404 13928 "-" "Mozilla/5.0 (Linux; Android 6.0.1; Nexus 5X Build/MMB29P) AppleWebKit/537.36 (KHTML, like Gecko) Chrome/150.0.7871.46 Mobile Safari/537.36 (compatible; Googlebot/2.1; +http://www.google.com/bot.html)"
66.249.65.33 - - [10/Jul/2026:19:51:12 -0400] "GET /goods/7933431924 HTTP/1.1" 404 13930 "-" "Mozilla/5.0 (Linux; Android 6.0.1; Nexus 5X Build/MMB29P) AppleWebKit/537.36 (KHTML, like Gecko) Chrome/150.0.7871.46 Mobile Safari/537.36 (compatible; Googlebot/2.1; +http://www.google.com/bot.html)"
66.249.65.32 - - [10/Jul/2026:19:51:12 -0400] "GET /shopbrand/76149717854 HTTP/1.1" 404 13926 "-" "Mozilla/5.0 (Linux; Android 6.0.1; Nexus 5X Build/MMB29P) AppleWebKit/537.36 (KHTML, like Gecko) Chrome/150.0.7871.46 Mobile Safari/537.36 (compatible; Googlebot/2.1; +http://www.google.com/bot.html)"
209.85.238.224 - - [10/Jul/2026:19:51:20 -0400] "GET /items/731086766913 HTTP/1.1" 404 13926 "-" "Mozilla/5.0 (X11; Linux x86_64) AppleWebKit/537.36 (KHTML, like Gecko) Chrome/150.0.7871.46 Safari/537.36"
209.85.238.238 - - [10/Jul/2026:19:51:20 -0400] "GET /items/images/content/primary/tptyogo_a.png HTTP/1.1" 404 13926 "https://www.transformptyoga.com/items/731086766913" "Mozilla/5.0 (X11; Linux x86_64) AppleWebKit/537.36 (KHTML, like Gecko) Chrome/150.0.7871.46 Safari/537.36"
66.249.65.46 - - [10/Jul/2026:19:51:29 -0400] "GET /market/902791942558 HTTP/1.1" 404 13931 "-" "Mozilla/5.0 (Linux; Android 6.0.1; Nexus 5X Build/MMB29P) AppleWebKit/537.36 (KHTML, like Gecko) Chrome/150.0.7871.46 Mobile Safari/537.36 (compatible; Googlebot/2.1; +http://www.google.com/bot.html)"
74.7.241.53 - - [10/Jul/2026:19:51:35 -0400] "GET /media/vendor/fontawesome-free/webfonts/fa-solid-900.woff2 HTTP/1.1" 200 78268 "https://www.transformptyoga.com/media/system/css/joomla-fontawesome.min.css" "Mozilla/5.0 AppleWebKit/537.36 (KHTML, like Gecko; compatible; GPTBot/1.4; +https://openai.com/gptbot)"
66.249.65.46 - - [10/Jul/2026:19:51:58 -0400] "GET /entity/791707504200 HTTP/1.1" 404 13930 "-" "Mozilla/5.0 (Linux; Android 6.0.1; Nexus 5X Build/MMB29P) AppleWebKit/537.36 (KHTML, like Gecko) Chrome/150.0.7871.46 Mobile Safari/537.36 (compatible; Googlebot/2.1; +http://www.google.com/bot.html)"
66.249.65.33 - - [10/Jul/2026:19:52:27 -0400] "GET /shopping/792872191758 HTTP/1.1" 404 13925 "-" "Mozilla/5.0 (Linux; Android 6.0.1; Nexus 5X Build/MMB29P) AppleWebKit/537.36 (KHTML, like Gecko) Chrome/150.0.7871.46 Mobile Safari/537.36 (compatible; Googlebot/2.1; +http://www.google.com/bot.html)"
74.7.241.53 - - [10/Jul/2026:19:52:34 -0400] "GET /media/com_convertforms/css/convertforms.css?75a1a6268729f6deebe920aff68b09dc HTTP/1.1" 200 24872 "https://www.transformptyoga.com/" "Mozilla/5.0 AppleWebKit/537.36 (KHTML, like Gecko; compatible; GPTBot/1.4; +https://openai.com/gptbot)"
66.249.65.46 - - [10/Jul/2026:19:53:09 -0400] "GET /goodscode/79294463660 HTTP/1.1" 404 13928 "-" "Mozilla/5.0 (Linux; Android 6.0.1; Nexus 5X Build/MMB29P) AppleWebKit/537.36 (KHTML, like Gecko) Chrome/150.0.7871.46 Mobile Safari/537.36 (compatible; Googlebot/2.1; +http://www.google.com/bot.html)"
74.7.241.53 - - [10/Jul/2026:19:53:23 -0400] "GET /templates/it_oxygen/custom/css-compiled/oxygen_12.css?6a4c6970 HTTP/1.1" 200 154665 "https://www.transformptyoga.com/" "Mozilla/5.0 AppleWebKit/537.36 (KHTML, like Gecko; compatible; GPTBot/1.4; +https://openai.com/gptbot)"
66.249.65.32 - - [10/Jul/2026:19:53:38 -0400] "GET /item/0360031992 HTTP/1.1" 404 13931 "-" "Mozilla/5.0 (Linux; Android 6.0.1; Nexus 5X Build/MMB29P) AppleWebKit/537.36 (KHTML, like Gecko) Chrome/150.0.7871.46 Mobile Safari/537.36 (compatible; Googlebot/2.1; +http://www.google.com/bot.html)"
66.249.65.46 - - [10/Jul/2026:19:53:38 -0400] "GET /market/67659202423 HTTP/1.1" 404 13925 "-" "Mozilla/5.0 (Linux; Android 6.0.1; Nexus 5X Build/MMB29P) AppleWebKit/537.36 (KHTML, like Gecko) Chrome/150.0.7871.46 Mobile Safari/537.36 (compatible; GoogleOther)"
66.249.65.32 - - [10/Jul/2026:19:53:39 -0400] "GET /shopbrand/051458485376 HTTP/1.1" 404 13926 "-" "Mozilla/5.0 (Linux; Android 6.0.1; Nexus 5X Build/MMB29P) AppleWebKit/537.36 (KHTML, like Gecko) Chrome/150.0.7871.46 Mobile Safari/537.36 (compatible; GoogleOther)"
66.249.65.32 - - [10/Jul/2026:19:53:39 -0400] "GET /detail/79453455542 HTTP/1.1" 404 13928 "-" "Mozilla/5.0 (Linux; Android 6.0.1; Nexus 5X Build/MMB29P) AppleWebKit/537.36 (KHTML, like Gecko) Chrome/150.0.7871.46 Mobile Safari/537.36 (compatible; GoogleOther)"
66.249.65.33 - - [10/Jul/2026:19:54:07 -0400] "GET /market/79146872501 HTTP/1.1" 404 13926 "-" "Mozilla/5.0 (Linux; Android 6.0.1; Nexus 5X Build/MMB29P) AppleWebKit/537.36 (KHTML, like Gecko) Chrome/150.0.7871.46 Mobile Safari/537.36 (compatible; Googlebot/2.1; +http://www.google.com/bot.html)"
74.7.241.53 - - [10/Jul/2026:19:54:07 -0400] "GET /templates/it_oxygen/custom/css-compiled/custom_12.css?6a4c6970 HTTP/1.1" 200 335 "https://www.transformptyoga.com/" "Mozilla/5.0 AppleWebKit/537.36 (KHTML, like Gecko; compatible; GPTBot/1.4; +https://openai.com/gptbot)"
66.249.65.46 - - [10/Jul/2026:19:54:35 -0400] "GET /shopping/102935780682 HTTP/1.1" 404 13926 "-" "Mozilla/5.0 (Linux; Android 6.0.1; Nexus 5X Build/MMB29P) AppleWebKit/537.36 (KHTML, like Gecko) Chrome/150.0.7871.46 Mobile Safari/537.36 (compatible; Googlebot/2.1; +http://www.google.com/bot.html)"
74.7.241.53 - - [10/Jul/2026:19:54:48 -0400] "GET /media/plg_system_jcepro/site/css/content.min.css?86aa0286b6232c4a5b58f892ce080277 HTTP/1.1" 200 8484 "https://www.transformptyoga.com/" "Mozilla/5.0 AppleWebKit/537.36 (KHTML, like Gecko; compatible; GPTBot/1.4; +https://openai.com/gptbot)"
66.249.65.33 - - [10/Jul/2026:19:55:11 -0400] "GET /detail/751193988219 HTTP/1.1" 404 13931 "-" "Mozilla/5.0 (Linux; Android 6.0.1; Nexus 5X Build/MMB29P) AppleWebKit/537.36 (KHTML, like Gecko) Chrome/150.0.7871.46 Mobile Safari/537.36 (compatible; Googlebot/2.1; +http://www.google.com/bot.html)"
66.249.65.32 - - [10/Jul/2026:19:55:32 -0400] "GET /product/792986680911 HTTP/1.1" 404 13928 "-" "Mozilla/5.0 (Linux; Android 6.0.1; Nexus 5X Build/MMB29P) AppleWebKit/537.36 (KHTML, like Gecko) Chrome/150.0.7871.46 Mobile Safari/537.36 (compatible; Googlebot/2.1; +http://www.google.com/bot.html)"
66.249.65.32 - - [10/Jul/2026:19:56:01 -0400] "GET /goods/893189320604 HTTP/1.1" 404 13925 "-" "Mozilla/5.0 (Linux; Android 6.0.1; Nexus 5X Build/MMB29P) AppleWebKit/537.36 (KHTML, like Gecko) Chrome/150.0.7871.46 Mobile Safari/537.36 (compatible; Googlebot/2.1; +http://www.google.com/bot.html)"
66.249.65.33 - - [10/Jul/2026:19:56:29 -0400] "GET /product/792823831850 HTTP/1.1" 404 13928 "-" "Mozilla/5.0 (Linux; Android 6.0.1; Nexus 5X Build/MMB29P) AppleWebKit/537.36 (KHTML, like Gecko) Chrome/150.0.7871.46 Mobile Safari/537.36 (compatible; Googlebot/2.1; +http://www.google.com/bot.html)"
74.7.228.33 - - [10/Jul/2026:19:56:39 -0400] "GET /robots.txt HTTP/1.1" 200 764 "-" "Mozilla/5.0 (Macintosh; Intel Mac OS X 10_15_7) AppleWebKit/537.36 (KHTML, like Gecko) Chrome/131.0.0.0 Safari/537.36; compatible; OAI-SearchBot/1.4; robots.txt; +https://openai.com/searchbot"
74.7.228.46 - - [10/Jul/2026:19:56:39 -0400] "GET /robots.txt HTTP/1.1" 200 764 "-" "Mozilla/5.0 (Macintosh; Intel Mac OS X 10_15_7) AppleWebKit/537.36 (KHTML, like Gecko) Chrome/131.0.0.0 Safari/537.36; compatible; OAI-SearchBot/1.4; robots.txt; +https://openai.com/searchbot"
66.249.65.46 - - [10/Jul/2026:19:57:12 -0400] "GET /item/753925667889 HTTP/1.1" 404 13931 "-" "Mozilla/5.0 (Linux; Android 6.0.1; Nexus 5X Build/MMB29P) AppleWebKit/537.36 (KHTML, like Gecko) Chrome/150.0.7871.46 Mobile Safari/537.36 (compatible; Googlebot/2.1; +http://www.google.com/bot.html)"
74.7.241.53 - - [10/Jul/2026:19:57:13 -0400] "GET /media/com_jevents/lib_jevmodal/js/jevmodal.min.js HTTP/1.1" 200 10360 "https://www.transformptyoga.com/events/eventsbyday/2026/9/3/-" "Mozilla/5.0 AppleWebKit/537.36 (KHTML, like Gecko; compatible; GPTBot/1.4; +https://openai.com/gptbot)"
66.249.65.46 - - [10/Jul/2026:19:57:41 -0400] "GET /shopping/79739752564 HTTP/1.1" 404 13931 "-" "Mozilla/5.0 (Linux; Android 6.0.1; Nexus 5X Build/MMB29P) AppleWebKit/537.36 (KHTML, like Gecko) Chrome/150.0.7871.46 Mobile Safari/537.36 (compatible; Googlebot/2.1; +http://www.google.com/bot.html)"
74.7.241.53 - - [10/Jul/2026:19:57:48 -0400] "GET /media/system/js/messages-es5.min.js?c29829fd2432533d05b15b771f86c6637708bd9d HTTP/1.1" 200 3026 "https://www.transformptyoga.com/events/eventsbyday/2026/9/3/-" "Mozilla/5.0 AppleWebKit/537.36 (KHTML, like Gecko; compatible; GPTBot/1.4; +https://openai.com/gptbot)"
74.7.241.53 - - [10/Jul/2026:19:58:19 -0400] "GET /media/vendor/bootstrap/js/bootstrap-es5.min.js?5.3.2 HTTP/1.1" 200 52361 "https://www.transformptyoga.com/events/eventsbyday/2026/9/3/-" "Mozilla/5.0 AppleWebKit/537.36 (KHTML, like Gecko; compatible; GPTBot/1.4; +https://openai.com/gptbot)"
66.249.65.33 - - [10/Jul/2026:19:58:21 -0400] "GET /shopbrand/891804393959 HTTP/1.1" 404 13928 "-" "Mozilla/5.0 (Linux; Android 6.0.1; Nexus 5X Build/MMB29P) AppleWebKit/537.36 (KHTML, like Gecko) Chrome/150.0.7871.46 Mobile Safari/537.36 (compatible; Googlebot/2.1; +http://www.google.com/bot.html)"
66.249.65.46 - - [10/Jul/2026:19:58:35 -0400] "GET /items/722098049509 HTTP/1.1" 404 13926 "-" "Mozilla/5.0 (Linux; Android 6.0.1; Nexus 5X Build/MMB29P) AppleWebKit/537.36 (KHTML, like Gecko) Chrome/150.0.7871.46 Mobile Safari/537.36 (compatible; Googlebot/2.1; +http://www.google.com/bot.html)"
66.249.65.46 - - [10/Jul/2026:19:58:41 -0400] "GET /shopbrand/742760117764 HTTP/1.1" 404 13928 "-" "Mozilla/5.0 (Linux; Android 6.0.1; Nexus 5X Build/MMB29P) AppleWebKit/537.36 (KHTML, like Gecko) Chrome/150.0.7871.46 Mobile Safari/537.36 (compatible; Googlebot/2.1; +http://www.google.com/bot.html)"
74.7.241.53 - - [10/Jul/2026:19:58:46 -0400] "GET /media/vendor/joomla-custom-elements/css/joomla-alert.min.css?0.2.0 HTTP/1.1" 200 955 "https://www.transformptyoga.com/events/eventsbyday/2026/9/3/-" "Mozilla/5.0 AppleWebKit/537.36 (KHTML, like Gecko; compatible; GPTBot/1.4; +https://openai.com/gptbot)"
66.249.65.32 - - [10/Jul/2026:19:59:07 -0400] "GET /shopping/892440767989 HTTP/1.1" 404 13931 "-" "Mozilla/5.0 (Linux; Android 6.0.1; Nexus 5X Build/MMB29P) AppleWebKit/537.36 (KHTML, like Gecko) Chrome/150.0.7871.46 Mobile Safari/537.36 (compatible; Googlebot/2.1; +http://www.google.com/bot.html)"
74.7.241.53 - - [10/Jul/2026:19:59:10 -0400] "GET /media/vendor/bootstrap/js/popover.min.js?5.3.2 HTTP/1.1" 200 3430 "https://www.transformptyoga.com/events/eventsbyday/2026/9/3/-" "Mozilla/5.0 AppleWebKit/537.36 (KHTML, like Gecko; compatible; GPTBot/1.4; +https://openai.com/gptbot)"
74.7.241.53 - - [10/Jul/2026:19:59:33 -0400] "GET /media/vendor/bootstrap/js/modal.min.js?5.3.2 HTTP/1.1" 200 2477 "https://www.transformptyoga.com/events/eventsbyday/2026/9/3/-" "Mozilla/5.0 AppleWebKit/537.36 (KHTML, like Gecko; compatible; GPTBot/1.4; +https://openai.com/gptbot)"
66.249.65.32 - - [10/Jul/2026:19:59:35 -0400] "GET /entity/793772834530 HTTP/1.1" 404 13930 "-" "Mozilla/5.0 (Linux; Android 6.0.1; Nexus 5X Build/MMB29P) AppleWebKit/537.36 (KHTML, like Gecko) Chrome/150.0.7871.46 Mobile Safari/537.36 (compatible; Googlebot/2.1; +http://www.google.com/bot.html)"
74.7.241.53 - - [10/Jul/2026:19:59:53 -0400] "GET /media/com_jevents/lib_jevmodal/css/jevmodal.css HTTP/1.1" 200 4451 "https://www.transformptyoga.com/events/eventsbyday/2026/9/3/-" "Mozilla/5.0 AppleWebKit/537.36 (KHTML, like Gecko; compatible; GPTBot/1.4; +https://openai.com/gptbot)"
74.7.241.53 - - [10/Jul/2026:20:00:10 -0400] "GET /media/system/js/messages.min.js?7f7aa28ac8e8d42145850e8b45b3bc82ff9a6411 HTTP/1.1" 200 1837 "https://www.transformptyoga.com/events/eventsbyday/2026/9/3/-" "Mozilla/5.0 AppleWebKit/537.36 (KHTML, like Gecko; compatible; GPTBot/1.4; +https://openai.com/gptbot)"
66.249.65.33 - - [10/Jul/2026:20:00:18 -0400] "GET /items/791638837895 HTTP/1.1" 404 13928 "-" "Mozilla/5.0 (Linux; Android 6.0.1; Nexus 5X Build/MMB29P) AppleWebKit/537.36 (KHTML, like Gecko) Chrome/150.0.7871.46 Mobile Safari/537.36 (compatible; Googlebot/2.1; +http://www.google.com/bot.html)"
66.249.65.46 - - [10/Jul/2026:20:00:54 -0400] "GET /shopbrand/894138159745 HTTP/1.1" 404 13930 "-" "Mozilla/5.0 (Linux; Android 6.0.1; Nexus 5X Build/MMB29P) AppleWebKit/537.36 (KHTML, like Gecko) Chrome/150.0.7871.46 Mobile Safari/537.36 (compatible; Googlebot/2.1; +http://www.google.com/bot.html)"
43.153.85.46 - - [10/Jul/2026:20:01:08 -0400] "GET /index.php?option=com_jevents&task=modlatest.rss&format=feed&type=rss&Itemid=177&modid=0 HTTP/1.1" 200 904 "-" "Mozilla/5.0 (iPhone; CPU iPhone OS 13_2_3 like Mac OS X) AppleWebKit/605.1.15 (KHTML, like Gecko) Version/13.0.3 Mobile/15E148 Safari/604.1"
66.249.65.46 - - [10/Jul/2026:20:01:15 -0400] "GET /special/893310518785 HTTP/1.1" 404 13925 "-" "Mozilla/5.0 (Linux; Android 6.0.1; Nexus 5X Build/MMB29P) AppleWebKit/537.36 (KHTML, like Gecko) Chrome/150.0.7871.46 Mobile Safari/537.36 (compatible; Googlebot/2.1; +http://www.google.com/bot.html)"
123.16.219.153 - - [10/Jul/2026:20:01:21 -0400] "GET /events/monthcalendar/2026/1/- HTTP/1.1" 200 115846 "-" "Mozilla/5.0 (Macintosh; Intel Mac OS X 10_15_7) AppleWebKit/537.36 (KHTML, like Gecko) Chrome/133.0.0.0 Safari/537.36"
66.249.65.32 - - [10/Jul/2026:20:01:44 -0400] "GET /goods/892212367537 HTTP/1.1" 404 13926 "-" "Mozilla/5.0 (Linux; Android 6.0.1; Nexus 5X Build/MMB29P) AppleWebKit/537.36 (KHTML, like Gecko) Chrome/150.0.7871.46 Mobile Safari/537.36 (compatible; Googlebot/2.1; +http://www.google.com/bot.html)"
66.249.65.33 - - [10/Jul/2026:20:02:12 -0400] "GET /product/793593211510 HTTP/1.1" 404 13925 "-" "Mozilla/5.0 (Linux; Android 6.0.1; Nexus 5X Build/MMB29P) AppleWebKit/537.36 (KHTML, like Gecko) Chrome/150.0.7871.46 Mobile Safari/537.36 (compatible; Googlebot/2.1; +http://www.google.com/bot.html)"
66.249.65.32 - - [10/Jul/2026:20:02:53 -0400] "GET /products/89645489023 HTTP/1.1" 404 13926 "-" "Mozilla/5.0 (Linux; Android 6.0.1; Nexus 5X Build/MMB29P) AppleWebKit/537.36 (KHTML, like Gecko) Chrome/150.0.7871.46 Mobile Safari/537.36 (compatible; Googlebot/2.1; +http://www.google.com/bot.html)"
66.249.65.46 - - [10/Jul/2026:20:03:14 -0400] "GET /item/852877270435 HTTP/1.1" 404 13926 "-" "Mozilla/5.0 (Linux; Android 6.0.1; Nexus 5X Build/MMB29P) AppleWebKit/537.36 (KHTML, like Gecko) Chrome/150.0.7871.46 Mobile Safari/537.36 (compatible; Googlebot/2.1; +http://www.google.com/bot.html)"
66.249.65.33 - - [10/Jul/2026:20:04:07 -0400] "GET /items/71503732585 HTTP/1.1" 404 13928 "-" "Mozilla/5.0 (Linux; Android 6.0.1; Nexus 5X Build/MMB29P) AppleWebKit/537.36 (KHTML, like Gecko) Chrome/150.0.7871.46 Mobile Safari/537.36 (compatible; Googlebot/2.1; +http://www.google.com/bot.html)"
66.249.65.46 - - [10/Jul/2026:20:04:18 -0400] "GET /special/741379635694 HTTP/1.1" 404 13925 "-" "Mozilla/5.0 (Linux; Android 6.0.1; Nexus 5X Build/MMB29P) AppleWebKit/537.36 (KHTML, like Gecko) Chrome/150.0.7871.114 Mobile Safari/537.36 (compatible; Googlebot/2.1; +http://www.google.com/bot.html)"
66.249.65.46 - - [10/Jul/2026:20:04:35 -0400] "GET /item/752646395716 HTTP/1.1" 404 13928 "-" "Mozilla/5.0 (Linux; Android 6.0.1; Nexus 5X Build/MMB29P) AppleWebKit/537.36 (KHTML, like Gecko) Chrome/150.0.7871.46 Mobile Safari/537.36 (compatible; Googlebot/2.1; +http://www.google.com/bot.html)"
66.249.65.33 - - [10/Jul/2026:20:05:14 -0400] "GET /detail/82675958230 HTTP/1.1" 404 13928 "-" "Mozilla/5.0 (Linux; Android 6.0.1; Nexus 5X Build/MMB29P) AppleWebKit/537.36 (KHTML, like Gecko) Chrome/150.0.7871.46 Mobile Safari/537.36 (compatible; Googlebot/2.1; +http://www.google.com/bot.html)"
66.249.65.32 - - [10/Jul/2026:20:05:35 -0400] "GET /goods/893548371500 HTTP/1.1" 404 13926 "-" "Mozilla/5.0 (Linux; Android 6.0.1; Nexus 5X Build/MMB29P) AppleWebKit/537.36 (KHTML, like Gecko) Chrome/150.0.7871.46 Mobile Safari/537.36 (compatible; Googlebot/2.1; +http://www.google.com/bot.html)"
66.249.65.32 - - [10/Jul/2026:20:05:36 -0400] "GET /info/821501106787 HTTP/1.1" 404 13928 "-" "Mozilla/5.0 (Linux; Android 6.0.1; Nexus 5X Build/MMB29P) AppleWebKit/537.36 (KHTML, like Gecko) Chrome/150.0.7871.46 Mobile Safari/537.36 (compatible; Googlebot/2.1; +http://www.google.com/bot.html)"
141.98.140.85 - - [10/Jul/2026:20:05:48 -0400] "GET /shopdetail/883193305052 HTTP/1.1" 404 13930 "-" "Mozilla/5.0 (Macintosh; Intel Mac OS X 10_15_7) AppleWebKit/537.36 (KHTML, like Gecko) Chrome/86.0.4240.198 Safari/537.36"
66.249.65.33 - - [10/Jul/2026:20:06:13 -0400] "GET /items/892580134063 HTTP/1.1" 404 13926 "-" "Mozilla/5.0 (Linux; Android 6.0.1; Nexus 5X Build/MMB29P) AppleWebKit/537.36 (KHTML, like Gecko) Chrome/150.0.7871.46 Mobile Safari/537.36 (compatible; Googlebot/2.1; +http://www.google.com/bot.html)"
3.255.217.181 - - [10/Jul/2026:20:06:33 -0400] "GET / HTTP/1.1" 503 282 "-" "Mozilla/5.0 (compatible; NetcraftSurveyAgent/1.0; +info@netcraft.com)"
66.249.65.32 - - [10/Jul/2026:20:06:39 -0400] "GET /item/792477868747 HTTP/1.1" 404 13926 "-" "Mozilla/5.0 (Linux; Android 6.0.1; Nexus 5X Build/MMB29P) AppleWebKit/537.36 (KHTML, like Gecko) Chrome/150.0.7871.46 Mobile Safari/537.36 (compatible; Googlebot/2.1; +http://www.google.com/bot.html)"
66.249.65.46 - - [10/Jul/2026:20:06:52 -0400] "GET /market/712584462093 HTTP/1.1" 404 13926 "-" "Mozilla/5.0 (Linux; Android 6.0.1; Nexus 5X Build/MMB29P) AppleWebKit/537.36 (KHTML, like Gecko) Chrome/150.0.7871.46 Mobile Safari/537.36 (compatible; Googlebot/2.1; +http://www.google.com/bot.html)"
66.249.65.46 - - [10/Jul/2026:20:06:52 -0400] "GET /info/01846619358 HTTP/1.1" 404 13928 "-" "Mozilla/5.0 (Linux; Android 6.0.1; Nexus 5X Build/MMB29P) AppleWebKit/537.36 (KHTML, like Gecko) Chrome/150.0.7871.46 Mobile Safari/537.36 (compatible; Googlebot/2.1; +http://www.google.com/bot.html)"
66.249.65.46 - - [10/Jul/2026:20:06:59 -0400] "GET /items/762232357363 HTTP/1.1" 404 13930 "-" "Mozilla/5.0 (Linux; Android 6.0.1; Nexus 5X Build/MMB29P) AppleWebKit/537.36 (KHTML, like Gecko) Chrome/150.0.7871.46 Mobile Safari/537.36 (compatible; Googlebot/2.1; +http://www.google.com/bot.html)"
66.249.65.33 - - [10/Jul/2026:20:07:39 -0400] "GET /goodscode/793542409124 HTTP/1.1" 404 13926 "-" "Mozilla/5.0 (Linux; Android 6.0.1; Nexus 5X Build/MMB29P) AppleWebKit/537.36 (KHTML, like Gecko) Chrome/150.0.7871.46 Mobile Safari/537.36 (compatible; Googlebot/2.1; +http://www.google.com/bot.html)"
66.249.65.46 - - [10/Jul/2026:20:07:39 -0400] "GET /info/871320226773 HTTP/1.1" 404 13926 "-" "Mozilla/5.0 (Linux; Android 6.0.1; Nexus 5X Build/MMB29P) AppleWebKit/537.36 (KHTML, like Gecko) Chrome/150.0.7871.46 Mobile Safari/537.36 (compatible; Googlebot/2.1; +http://www.google.com/bot.html)"
66.249.65.32 - - [10/Jul/2026:20:07:46 -0400] "GET /shopping/762910839073 HTTP/1.1" 404 13930 "-" "Mozilla/5.0 (Linux; Android 6.0.1; Nexus 5X Build/MMB29P) AppleWebKit/537.36 (KHTML, like Gecko) Chrome/150.0.7871.46 Mobile Safari/537.36 (compatible; Googlebot/2.1; +http://www.google.com/bot.html)"
66.249.65.46 - - [10/Jul/2026:20:08:10 -0400] "GET /info/793394654458 HTTP/1.1" 404 13925 "-" "Mozilla/5.0 (Linux; Android 6.0.1; Nexus 5X Build/MMB29P) AppleWebKit/537.36 (KHTML, like Gecko) Chrome/150.0.7871.46 Mobile Safari/537.36 (compatible; Googlebot/2.1; +http://www.google.com/bot.html)"
66.249.65.32 - - [10/Jul/2026:20:08:23 -0400] "GET /info/733004959944 HTTP/1.1" 404 13926 "-" "Mozilla/5.0 (Linux; Android 6.0.1; Nexus 5X Build/MMB29P) AppleWebKit/537.36 (KHTML, like Gecko) Chrome/150.0.7871.46 Mobile Safari/537.36 (compatible; Googlebot/2.1; +http://www.google.com/bot.html)"
66.249.65.46 - - [10/Jul/2026:20:08:38 -0400] "GET /entity/76654484240 HTTP/1.1" 404 13930 "-" "Mozilla/5.0 (Linux; Android 6.0.1; Nexus 5X Build/MMB29P) AppleWebKit/537.36 (KHTML, like Gecko) Chrome/150.0.7871.46 Mobile Safari/537.36 (compatible; Googlebot/2.1; +http://www.google.com/bot.html)"
102.129.81.68 - - [10/Jul/2026:20:09:06 -0400] "GET /special/682251507430 HTTP/1.1" 404 13928 "-" "Mozilla/5.0 (Windows NT 6.1) AppleWebKit/537.36 (KHTML, like Gecko) Chrome/79.0.3945.117 Safari/537.36"
66.249.65.46 - - [10/Jul/2026:20:09:06 -0400] "GET /entity/893827719541 HTTP/1.1" 404 13928 "-" "Mozilla/5.0 (Linux; Android 6.0.1; Nexus 5X Build/MMB29P) AppleWebKit/537.36 (KHTML, like Gecko) Chrome/150.0.7871.46 Mobile Safari/537.36 (compatible; Googlebot/2.1; +http://www.google.com/bot.html)"
43.156.36.169 - - [10/Jul/2026:20:09:14 -0400] "GET /events/eventsbyday/2026/7/3/- HTTP/1.1" 200 106001 "-" "Mozilla/5.0 (iPhone; CPU iPhone OS 13_2_3 like Mac OS X) AppleWebKit/605.1.15 (KHTML, like Gecko) Version/13.0.3 Mobile/15E148 Safari/604.1"
66.249.65.32 - - [10/Jul/2026:20:09:35 -0400] "GET /goodscode/791506758719 HTTP/1.1" 404 13926 "-" "Mozilla/5.0 (Linux; Android 6.0.1; Nexus 5X Build/MMB29P) AppleWebKit/537.36 (KHTML, like Gecko) Chrome/150.0.7871.46 Mobile Safari/537.36 (compatible; Googlebot/2.1; +http://www.google.com/bot.html)"
103.83.233.64 - - [10/Jul/2026:20:09:44 -0400] "GET /events/monthcalendar/2025/2/18 HTTP/1.1" 200 115030 "-" "Mozilla/5.0 (Windows NT 10.0; Win64; x64) AppleWebKit/537.36 (KHTML, like Gecko) Chrome/116.0.0.0 Safari/537.36"
66.249.65.32 - - [10/Jul/2026:20:10:03 -0400] "GET /products/794135289187 HTTP/1.1" 404 13925 "-" "Mozilla/5.0 (Linux; Android 6.0.1; Nexus 5X Build/MMB29P) AppleWebKit/537.36 (KHTML, like Gecko) Chrome/150.0.7871.46 Mobile Safari/537.36 (compatible; Googlebot/2.1; +http://www.google.com/bot.html)"
66.249.65.32 - - [10/Jul/2026:20:10:32 -0400] "GET /special/762501777707 HTTP/1.1" 404 13928 "-" "Mozilla/5.0 (Linux; Android 6.0.1; Nexus 5X Build/MMB29P) AppleWebKit/537.36 (KHTML, like Gecko) Chrome/150.0.7871.46 Mobile Safari/537.36 (compatible; Googlebot/2.1; +http://www.google.com/bot.html)"
66.249.65.46 - - [10/Jul/2026:20:10:37 -0400] "GET /products/743488663574 HTTP/1.1" 404 13925 "-" "Mozilla/5.0 (Linux; Android 6.0.1; Nexus 5X Build/MMB29P) AppleWebKit/537.36 (KHTML, like Gecko) Chrome/150.0.7871.46 Mobile Safari/537.36 (compatible; Googlebot/2.1; +http://www.google.com/bot.html)"
66.249.65.32 - - [10/Jul/2026:20:11:01 -0400] "GET /market/791028085403 HTTP/1.1" 404 13928 "-" "Mozilla/5.0 (Linux; Android 6.0.1; Nexus 5X Build/MMB29P) AppleWebKit/537.36 (KHTML, like Gecko) Chrome/150.0.7871.46 Mobile Safari/537.36 (compatible; Googlebot/2.1; +http://www.google.com/bot.html)"
138.0.168.87 - - [10/Jul/2026:20:11:08 -0400] "GET /events/monthcalendar/2025/3/- HTTP/1.1" 200 116555 "-" "Mozilla/5.0 (Macintosh; Intel Mac OS X 10_15_7) AppleWebKit/537.36 (KHTML, like Gecko) Chrome/133.0.0.0 Safari/537.36"
201.138.212.137 - - [10/Jul/2026:20:11:18 -0400] "GET /items/742797898467 HTTP/1.1" 404 13928 "-" "Mozilla/5.0 (Macintosh; Intel Mac OS X 11_0_1) AppleWebKit/537.36 (KHTML, like Gecko) Brave Chrome/88.0.4324.192 Safari/537.36"
66.249.65.46 - - [10/Jul/2026:20:11:54 -0400] "GET /special/861104285722 HTTP/1.1" 404 13928 "-" "Mozilla/5.0 (Linux; Android 6.0.1; Nexus 5X Build/MMB29P) AppleWebKit/537.36 (KHTML, like Gecko) Chrome/150.0.7871.46 Mobile Safari/537.36 (compatible; Googlebot/2.1; +http://www.google.com/bot.html)"
66.249.65.32 - - [10/Jul/2026:20:12:12 -0400] "GET /shopping/81747881580 HTTP/1.1" 404 13928 "-" "Mozilla/5.0 (Linux; Android 6.0.1; Nexus 5X Build/MMB29P) AppleWebKit/537.36 (KHTML, like Gecko) Chrome/150.0.7871.46 Mobile Safari/537.36 (compatible; Googlebot/2.1; +http://www.google.com/bot.html)"
209.85.238.224 - - [10/Jul/2026:20:12:25 -0400] "GET /detail/80981680657 HTTP/1.1" 404 13926 "-" "Mozilla/5.0 (X11; Linux x86_64) AppleWebKit/537.36 (KHTML, like Gecko) Chrome/150.0.7871.46 Safari/537.36"
209.85.238.224 - - [10/Jul/2026:20:12:25 -0400] "GET /detail/images/content/primary/tptyogo_a.png HTTP/1.1" 404 13926 "https://www.transformptyoga.com/detail/80981680657" "Mozilla/5.0 (X11; Linux x86_64) AppleWebKit/537.36 (KHTML, like Gecko) Chrome/150.0.7871.46 Safari/537.36"
66.249.65.46 - - [10/Jul/2026:20:12:41 -0400] "GET /shopping/813472757963 HTTP/1.1" 404 13926 "-" "Mozilla/5.0 (Linux; Android 6.0.1; Nexus 5X Build/MMB29P) AppleWebKit/537.36 (KHTML, like Gecko) Chrome/150.0.7871.46 Mobile Safari/537.36 (compatible; Googlebot/2.1; +http://www.google.com/bot.html)"
209.85.238.238 - - [10/Jul/2026:20:12:42 -0400] "GET /items/903381682814 HTTP/1.1" 404 13926 "-" "Mozilla/5.0 (X11; Linux x86_64) AppleWebKit/537.36 (KHTML, like Gecko) Chrome/150.0.7871.46 Safari/537.36"
209.85.238.238 - - [10/Jul/2026:20:12:42 -0400] "GET /items/images/content/primary/tptyogo_a.png HTTP/1.1" 404 13926 "https://www.transformptyoga.com/items/903381682814" "Mozilla/5.0 (X11; Linux x86_64) AppleWebKit/537.36 (KHTML, like Gecko) Chrome/150.0.7871.46 Safari/537.36"
45.6.164.251 - - [10/Jul/2026:20:13:00 -0400] "GET /goodscode/733551310792 HTTP/1.1" 404 13925 "-" "Mozilla/5.0 (Macintosh; Intel Mac OS X 10_13_6) AppleWebKit/537.36 (KHTML, like Gecko) Chrome/100.0.4896.75 Safari/537.36"
66.249.65.32 - - [10/Jul/2026:20:13:09 -0400] "GET /item/864120543819 HTTP/1.1" 404 13925 "-" "Mozilla/5.0 (Linux; Android 6.0.1; Nexus 5X Build/MMB29P) AppleWebKit/537.36 (KHTML, like Gecko) Chrome/150.0.7871.46 Mobile Safari/537.36 (compatible; Googlebot/2.1; +http://www.google.com/bot.html)"
66.249.65.46 - - [10/Jul/2026:20:13:38 -0400] "GET /entity/86966944586 HTTP/1.1" 404 13930 "-" "Mozilla/5.0 (Linux; Android 6.0.1; Nexus 5X Build/MMB29P) AppleWebKit/537.36 (KHTML, like Gecko) Chrome/150.0.7871.46 Mobile Safari/537.36 (compatible; Googlebot/2.1; +http://www.google.com/bot.html)"
66.249.65.46 - - [10/Jul/2026:20:13:55 -0400] "GET / HTTP/1.1" 200 92861 "-" "Mozilla/5.0 (Linux; Android 6.0.1; Nexus 5X Build/MMB29P) AppleWebKit/537.36 (KHTML, like Gecko) Chrome/150.0.7871.46 Mobile Safari/537.36 (compatible; Googlebot/2.1; +http://www.google.com/bot.html)"
66.249.65.46 - - [10/Jul/2026:20:14:06 -0400] "GET /special/90517901254 HTTP/1.1" 404 13928 "-" "Mozilla/5.0 (Linux; Android 6.0.1; Nexus 5X Build/MMB29P) AppleWebKit/537.36 (KHTML, like Gecko) Chrome/150.0.7871.46 Mobile Safari/537.36 (compatible; Googlebot/2.1; +http://www.google.com/bot.html)"
66.249.65.46 - - [10/Jul/2026:20:14:49 -0400] "GET /market/863672648882 HTTP/1.1" 404 13930 "-" "Mozilla/5.0 (Linux; Android 6.0.1; Nexus 5X Build/MMB29P) AppleWebKit/537.36 (KHTML, like Gecko) Chrome/150.0.7871.46 Mobile Safari/537.36 (compatible; Googlebot/2.1; +http://www.google.com/bot.html)"
66.249.65.46 - - [10/Jul/2026:20:15:18 -0400] "GET /shopbrand/862980324119 HTTP/1.1" 404 13931 "-" "Mozilla/5.0 (Linux; Android 6.0.1; Nexus 5X Build/MMB29P) AppleWebKit/537.36 (KHTML, like Gecko) Chrome/150.0.7871.46 Mobile Safari/537.36 (compatible; Googlebot/2.1; +http://www.google.com/bot.html)"
66.249.65.32 - - [10/Jul/2026:20:15:46 -0400] "GET /shopping/862531280787 HTTP/1.1" 404 13930 "-" "Mozilla/5.0 (Linux; Android 6.0.1; Nexus 5X Build/MMB29P) AppleWebKit/537.36 (KHTML, like Gecko) Chrome/150.0.7871.46 Mobile Safari/537.36 (compatible; Googlebot/2.1; +http://www.google.com/bot.html)"
209.85.238.238 - - [10/Jul/2026:20:15:56 -0400] "GET /detail/823886965926 HTTP/1.1" 404 13930 "-" "Mozilla/5.0 (X11; Linux x86_64) AppleWebKit/537.36 (KHTML, like Gecko) Chrome/150.0.7871.46 Safari/537.36"
209.85.238.238 - - [10/Jul/2026:20:15:56 -0400] "GET /detail/images/content/primary/tptyogo_a.png HTTP/1.1" 404 13926 "https://www.transformptyoga.com/detail/823886965926" "Mozilla/5.0 (X11; Linux x86_64) AppleWebKit/537.36 (KHTML, like Gecko) Chrome/150.0.7871.46 Safari/537.36"
103.182.212.36 - - [10/Jul/2026:20:16:11 -0400] "GET /item/862433924597 HTTP/1.1" 404 13931 "-" "Mozilla/5.0 (Windows NT 10.0; Win64; x64) AppleWebKit/537.36 (KHTML, like Gecko) Chrome/90.0.4430.85 Safari/537.36"
66.249.65.46 - - [10/Jul/2026:20:16:15 -0400] "GET /product/861277965885 HTTP/1.1" 404 13926 "-" "Mozilla/5.0 (Linux; Android 6.0.1; Nexus 5X Build/MMB29P) AppleWebKit/537.36 (KHTML, like Gecko) Chrome/150.0.7871.46 Mobile Safari/537.36 (compatible; Googlebot/2.1; +http://www.google.com/bot.html)"
74.125.215.78 - - [10/Jul/2026:20:16:27 -0400] "GET /images/sig/tpty_logo_400.png HTTP/1.1" 200 30144 "-" "Mozilla/5.0 (Windows NT 5.1; rv:11.0) Gecko Firefox/11.0 (via ggpht.com GoogleImageProxy)"
66.249.65.46 - - [10/Jul/2026:20:16:43 -0400] "GET /items/903781408610 HTTP/1.1" 404 13930 "-" "Mozilla/5.0 (Linux; Android 6.0.1; Nexus 5X Build/MMB29P) AppleWebKit/537.36 (KHTML, like Gecko) Chrome/150.0.7871.46 Mobile Safari/537.36 (compatible; Googlebot/2.1; +http://www.google.com/bot.html)"
66.249.65.46 - - [10/Jul/2026:20:17:24 -0400] "GET /entity/86355215732 HTTP/1.1" 404 13926 "-" "Mozilla/5.0 (Linux; Android 6.0.1; Nexus 5X Build/MMB29P) AppleWebKit/537.36 (KHTML, like Gecko) Chrome/150.0.7871.46 Mobile Safari/537.36 (compatible; Googlebot/2.1; +http://www.google.com/bot.html)"
66.249.65.46 - - [10/Jul/2026:20:17:50 -0400] "GET /product/862909460859 HTTP/1.1" 404 13930 "-" "Mozilla/5.0 (Linux; Android 6.0.1; Nexus 5X Build/MMB29P) AppleWebKit/537.36 (KHTML, like Gecko) Chrome/150.0.7871.46 Mobile Safari/537.36 (compatible; Googlebot/2.1; +http://www.google.com/bot.html)"
66.249.65.46 - - [10/Jul/2026:20:18:15 -0400] "GET /goodscode/702034416604 HTTP/1.1" 404 13931 "-" "Mozilla/5.0 (Linux; Android 6.0.1; Nexus 5X Build/MMB29P) AppleWebKit/537.36 (KHTML, like Gecko) Chrome/150.0.7871.46 Mobile Safari/537.36 (compatible; Googlebot/2.1; +http://www.google.com/bot.html)"
66.249.65.46 - - [10/Jul/2026:20:18:16 -0400] "GET /detail/862636803494 HTTP/1.1" 404 13928 "-" "Mozilla/5.0 (Linux; Android 6.0.1; Nexus 5X Build/MMB29P) AppleWebKit/537.36 (KHTML, like Gecko) Chrome/150.0.7871.46 Mobile Safari/537.36 (compatible; Googlebot/2.1; +http://www.google.com/bot.html)"
66.249.65.32 - - [10/Jul/2026:20:18:38 -0400] "GET /products/863360996579 HTTP/1.1" 404 13928 "-" "Mozilla/5.0 (Linux; Android 6.0.1; Nexus 5X Build/MMB29P) AppleWebKit/537.36 (KHTML, like Gecko) Chrome/150.0.7871.46 Mobile Safari/537.36 (compatible; Googlebot/2.1; +http://www.google.com/bot.html)"
66.249.65.46 - - [10/Jul/2026:20:19:06 -0400] "GET /products/864242209465 HTTP/1.1" 404 13928 "-" "Mozilla/5.0 (Linux; Android 6.0.1; Nexus 5X Build/MMB29P) AppleWebKit/537.36 (KHTML, like Gecko) Chrome/150.0.7871.46 Mobile Safari/537.36 (compatible; Googlebot/2.1; +http://www.google.com/bot.html)"
66.249.65.33 - - [10/Jul/2026:20:19:08 -0400] "GET /info/671704652448 HTTP/1.1" 404 13931 "-" "Mozilla/5.0 (compatible; Googlebot/2.1; +http://www.google.com/bot.html)"
66.249.65.46 - - [10/Jul/2026:20:19:31 -0400] "GET /detail/68929860495 HTTP/1.1" 404 13926 "-" "Mozilla/5.0 (Linux; Android 6.0.1; Nexus 5X Build/MMB29P) AppleWebKit/537.36 (KHTML, like Gecko) Chrome/150.0.7871.46 Mobile Safari/537.36 (compatible; Googlebot/2.1; +http://www.google.com/bot.html)"
66.249.65.46 - - [10/Jul/2026:20:19:38 -0400] "GET /products/861496583811 HTTP/1.1" 404 13928 "-" "Mozilla/5.0 (Linux; Android 6.0.1; Nexus 5X Build/MMB29P) AppleWebKit/537.36 (KHTML, like Gecko) Chrome/150.0.7871.46 Mobile Safari/537.36 (compatible; Googlebot/2.1; +http://www.google.com/bot.html)"
66.249.65.33 - - [10/Jul/2026:20:20:04 -0400] "GET /shopbrand/861348829145 HTTP/1.1" 404 13928 "-" "Mozilla/5.0 (Linux; Android 6.0.1; Nexus 5X Build/MMB29P) AppleWebKit/537.36 (KHTML, like Gecko) Chrome/150.0.7871.46 Mobile Safari/537.36 (compatible; Googlebot/2.1; +http://www.google.com/bot.html)"
190.128.239.98 - - [10/Jul/2026:20:20:31 -0400] "GET /events/eventsbyday/2025/11/3/- HTTP/1.1" 200 106023 "-" "Mozilla/5.0 (Macintosh; Intel Mac OS X 10_13_6) AppleWebKit/537.36 (KHTML, like Gecko) Chrome/95.0.4638.69 Safari/537.36"
66.249.65.32 - - [10/Jul/2026:20:20:32 -0400] "GET /goodscode/8614868424 HTTP/1.1" 404 13926 "-" "Mozilla/5.0 (Linux; Android 6.0.1; Nexus 5X Build/MMB29P) AppleWebKit/537.36 (KHTML, like Gecko) Chrome/150.0.7871.46 Mobile Safari/537.36 (compatible; Googlebot/2.1; +http://www.google.com/bot.html)"
66.249.65.33 - - [10/Jul/2026:20:21:16 -0400] "GET /shopbrand/751971682312 HTTP/1.1" 404 13928 "-" "Mozilla/5.0 (Linux; Android 6.0.1; Nexus 5X Build/MMB29P) AppleWebKit/537.36 (KHTML, like Gecko) Chrome/150.0.7871.46 Mobile Safari/537.36 (compatible; Googlebot/2.1; +http://www.google.com/bot.html)"
66.249.65.32 - - [10/Jul/2026:20:21:29 -0400] "GET /special/782266710119 HTTP/1.1" 404 13930 "-" "Mozilla/5.0 (Linux; Android 6.0.1; Nexus 5X Build/MMB29P) AppleWebKit/537.36 (KHTML, like Gecko) Chrome/150.0.7871.46 Mobile Safari/537.36 (compatible; Googlebot/2.1; +http://www.google.com/bot.html)"
66.249.65.32 - - [10/Jul/2026:20:21:58 -0400] "GET /detail/75499937613 HTTP/1.1" 404 13926 "-" "Mozilla/5.0 (Linux; Android 6.0.1; Nexus 5X Build/MMB29P) AppleWebKit/537.36 (KHTML, like Gecko) Chrome/150.0.7871.46 Mobile Safari/537.36 (compatible; Googlebot/2.1; +http://www.google.com/bot.html)"
66.249.65.46 - - [10/Jul/2026:20:22:26 -0400] "GET /goodscode/732510593885 HTTP/1.1" 404 13928 "-" "Mozilla/5.0 (Linux; Android 6.0.1; Nexus 5X Build/MMB29P) AppleWebKit/537.36 (KHTML, like Gecko) Chrome/150.0.7871.46 Mobile Safari/537.36 (compatible; Googlebot/2.1; +http://www.google.com/bot.html)"
84.54.90.106 - - [10/Jul/2026:20:22:29 -0400] "GET /products/68565342060 HTTP/1.1" 404 13928 "-" "Mozilla/5.0 (Macintosh; Intel Mac OS X 10_15_1) AppleWebKit/537.36 (KHTML, like Gecko) Chrome/80.0.3987.122 Safari/537.36"
66.249.65.32 - - [10/Jul/2026:20:22:55 -0400] "GET /items/75474012116 HTTP/1.1" 404 13928 "-" "Mozilla/5.0 (Linux; Android 6.0.1; Nexus 5X Build/MMB29P) AppleWebKit/537.36 (KHTML, like Gecko) Chrome/150.0.7871.46 Mobile Safari/537.36 (compatible; Googlebot/2.1; +http://www.google.com/bot.html)"
66.249.65.46 - - [10/Jul/2026:20:23:24 -0400] "GET /market/064234940207 HTTP/1.1" 404 13926 "-" "Mozilla/5.0 (Linux; Android 6.0.1; Nexus 5X Build/MMB29P) AppleWebKit/537.36 (KHTML, like Gecko) Chrome/150.0.7871.46 Mobile Safari/537.36 (compatible; Googlebot/2.1; +http://www.google.com/bot.html)"
43.135.133.241 - - [10/Jul/2026:20:23:27 -0400] "GET /index.php?option=com_jevents&task=modlatest.rss&format=feed&type=atom&Itemid=177&modid=0 HTTP/1.1" 200 658 "-" "Mozilla/5.0 (iPhone; CPU iPhone OS 13_2_3 like Mac OS X) AppleWebKit/605.1.15 (KHTML, like Gecko) Version/13.0.3 Mobile/15E148 Safari/604.1"
66.249.65.46 - - [10/Jul/2026:20:23:52 -0400] "GET /item/78106788019 HTTP/1.1" 404 13925 "-" "Mozilla/5.0 (Linux; Android 6.0.1; Nexus 5X Build/MMB29P) AppleWebKit/537.36 (KHTML, like Gecko) Chrome/150.0.7871.46 Mobile Safari/537.36 (compatible; Googlebot/2.1; +http://www.google.com/bot.html)"
66.249.65.46 - - [10/Jul/2026:20:24:21 -0400] "GET /detail/902676052584 HTTP/1.1" 404 13928 "-" "Mozilla/5.0 (Linux; Android 6.0.1; Nexus 5X Build/MMB29P) AppleWebKit/537.36 (KHTML, like Gecko) Chrome/150.0.7871.46 Mobile Safari/537.36 (compatible; Googlebot/2.1; +http://www.google.com/bot.html)"
74.7.241.53 - - [10/Jul/2026:20:24:22 -0400] "GET /media/vendor/bootstrap/js/popper.min.js?5.3.0 HTTP/1.1" 200 7749 "https://www.transformptyoga.com/events/eventsbyday/2026/9/3/-" "Mozilla/5.0 AppleWebKit/537.36 (KHTML, like Gecko; compatible; GPTBot/1.4; +https://openai.com/gptbot)"
74.7.241.53 - - [10/Jul/2026:20:24:37 -0400] "GET /media/vendor/bootstrap/js/dom.min.js?5.3.0 HTTP/1.1" 200 6732 "https://www.transformptyoga.com/events/eventsbyday/2026/9/3/-" "Mozilla/5.0 AppleWebKit/537.36 (KHTML, like Gecko; compatible; GPTBot/1.4; +https://openai.com/gptbot)"
66.249.65.46 - - [10/Jul/2026:20:24:49 -0400] "GET /items/752959590922 HTTP/1.1" 404 13926 "-" "Mozilla/5.0 (Linux; Android 6.0.1; Nexus 5X Build/MMB29P) AppleWebKit/537.36 (KHTML, like Gecko) Chrome/150.0.7871.46 Mobile Safari/537.36 (compatible; Googlebot/2.1; +http://www.google.com/bot.html)"
66.249.65.32 - - [10/Jul/2026:20:25:18 -0400] "GET /shopbrand/783122982412 HTTP/1.1" 404 13926 "-" "Mozilla/5.0 (Linux; Android 6.0.1; Nexus 5X Build/MMB29P) AppleWebKit/537.36 (KHTML, like Gecko) Chrome/150.0.7871.46 Mobile Safari/537.36 (compatible; Googlebot/2.1; +http://www.google.com/bot.html)"
14.167.6.116 - - [10/Jul/2026:20:25:52 -0400] "GET /market/014163774067 HTTP/1.1" 301 - "-" "Mozilla/5.0 (Macintosh; Intel Mac OS X 13.3; rv:125.0) Gecko/20100101 Firefox/125.0"
92.68.164.123 - - [10/Jul/2026:20:25:55 -0400] "GET /market/014163774067 HTTP/1.1" 404 13931 "-" "Mozilla/5.0 (Macintosh; Intel Mac OS X 13.3; rv:125.0) Gecko/20100101 Firefox/125.0"
66.249.65.46 - - [10/Jul/2026:20:25:58 -0400] "GET /item/683629342340 HTTP/1.1" 404 13926 "-" "Mozilla/5.0 (Linux; Android 6.0.1; Nexus 5X Build/MMB29P) AppleWebKit/537.36 (KHTML, like Gecko) Chrome/150.0.7871.46 Mobile Safari/537.36 (compatible; Googlebot/2.1; +http://www.google.com/bot.html)"
66.249.65.46 - - [10/Jul/2026:20:25:58 -0400] "GET /market/792651632 HTTP/1.1" 404 13925 "-" "Mozilla/5.0 (Linux; Android 6.0.1; Nexus 5X Build/MMB29P) AppleWebKit/537.36 (KHTML, like Gecko) Chrome/150.0.7871.46 Mobile Safari/537.36 (compatible; Googlebot/2.1; +http://www.google.com/bot.html)"
66.249.65.33 - - [10/Jul/2026:20:26:24 -0400] "GET /shopbrand/751667862177 HTTP/1.1" 404 13926 "-" "Mozilla/5.0 (Linux; Android 6.0.1; Nexus 5X Build/MMB29P) AppleWebKit/537.36 (KHTML, like Gecko) Chrome/150.0.7871.46 Mobile Safari/537.36 (compatible; Googlebot/2.1; +http://www.google.com/bot.html)"
206.1.214.192 - - [10/Jul/2026:20:26:35 -0400] "GET /info/732061266109 HTTP/1.1" 404 13930 "-" "Mozilla/5.0 (Macintosh; Intel Mac OS X 10_12_6) AppleWebKit/537.36 (KHTML, like Gecko) Brave Chrome/88.0.4324.152 Safari/537.36"
66.249.65.46 - - [10/Jul/2026:20:26:50 -0400] "GET /info/75840688682 HTTP/1.1" 404 13931 "-" "Mozilla/5.0 (Linux; Android 6.0.1; Nexus 5X Build/MMB29P) AppleWebKit/537.36 (KHTML, like Gecko) Chrome/150.0.7871.46 Mobile Safari/537.36 (compatible; Googlebot/2.1; +http://www.google.com/bot.html)"
66.249.65.46 - - [10/Jul/2026:20:27:16 -0400] "GET /product/753628596221 HTTP/1.1" 404 13925 "-" "Mozilla/5.0 (Linux; Android 6.0.1; Nexus 5X Build/MMB29P) AppleWebKit/537.36 (KHTML, like Gecko) Chrome/150.0.7871.46 Mobile Safari/537.36 (compatible; Googlebot/2.1; +http://www.google.com/bot.html)"
66.249.65.46 - - [10/Jul/2026:20:27:42 -0400] "GET /item/752087806695 HTTP/1.1" 404 13931 "-" "Mozilla/5.0 (Linux; Android 6.0.1; Nexus 5X Build/MMB29P) AppleWebKit/537.36 (KHTML, like Gecko) Chrome/150.0.7871.46 Mobile Safari/537.36 (compatible; Googlebot/2.1; +http://www.google.com/bot.html)"
66.249.65.33 - - [10/Jul/2026:20:28:21 -0400] "GET /goods/75106245590 HTTP/1.1" 404 13926 "-" "Mozilla/5.0 (Linux; Android 6.0.1; Nexus 5X Build/MMB29P) AppleWebKit/537.36 (KHTML, like Gecko) Chrome/150.0.7871.46 Mobile Safari/537.36 (compatible; Googlebot/2.1; +http://www.google.com/bot.html)"
66.249.65.33 - - [10/Jul/2026:20:28:21 -0400] "GET /special/794095153068 HTTP/1.1" 404 13926 "-" "Mozilla/5.0 (Linux; Android 6.0.1; Nexus 5X Build/MMB29P) AppleWebKit/537.36 (KHTML, like Gecko) Chrome/150.0.7871.46 Mobile Safari/537.36 (compatible; Googlebot/2.1; +http://www.google.com/bot.html)"
66.249.65.32 - - [10/Jul/2026:20:28:31 -0400] "GET /items/83292540790 HTTP/1.1" 404 13926 "-" "Mozilla/5.0 (Linux; Android 6.0.1; Nexus 5X Build/MMB29P) AppleWebKit/537.36 (KHTML, like Gecko) Chrome/150.0.7871.46 Mobile Safari/537.36 (compatible; GoogleOther)"
66.249.65.46 - - [10/Jul/2026:20:28:38 -0400] "GET /shopping/751966141033 HTTP/1.1" 404 13926 "-" "Mozilla/5.0 (Linux; Android 6.0.1; Nexus 5X Build/MMB29P) AppleWebKit/537.36 (KHTML, like Gecko) Chrome/150.0.7871.46 Mobile Safari/537.36 (compatible; Googlebot/2.1; +http://www.google.com/bot.html)"
41.101.39.207 - - [10/Jul/2026:20:28:40 -0400] "GET /products/74729239681 HTTP/1.1" 404 13926 "-" "Mozilla/5.0 (Macintosh; Intel Mac OS X 10_11_0) AppleWebKit/537.36 (KHTML, like Gecko) Chrome/67.0.3396.3 Safari/537.36"
66.249.65.46 - - [10/Jul/2026:20:29:06 -0400] "GET /market/781843805701 HTTP/1.1" 404 13925 "-" "Mozilla/5.0 (Linux; Android 6.0.1; Nexus 5X Build/MMB29P) AppleWebKit/537.36 (KHTML, like Gecko) Chrome/150.0.7871.46 Mobile Safari/537.36 (compatible; Googlebot/2.1; +http://www.google.com/bot.html)"
66.249.65.46 - - [10/Jul/2026:20:29:35 -0400] "GET /market/75648323267 HTTP/1.1" 404 13930 "-" "Mozilla/5.0 (Linux; Android 6.0.1; Nexus 5X Build/MMB29P) AppleWebKit/537.36 (KHTML, like Gecko) Chrome/150.0.7871.46 Mobile Safari/537.36 (compatible; Googlebot/2.1; +http://www.google.com/bot.html)"
66.249.65.46 - - [10/Jul/2026:20:29:56 -0400] "GET /entity/67252640048 HTTP/1.1" 404 13928 "-" "Mozilla/5.0 (compatible; Googlebot/2.1; +http://www.google.com/bot.html)"
66.249.65.33 - - [10/Jul/2026:20:30:39 -0400] "GET /entity/684043652429 HTTP/1.1" 404 13928 "-" "Mozilla/5.0 (Linux; Android 6.0.1; Nexus 5X Build/MMB29P) AppleWebKit/537.36 (KHTML, like Gecko) Chrome/150.0.7871.46 Mobile Safari/537.36 (compatible; Googlebot/2.1; +http://www.google.com/bot.html)"
66.249.65.46 - - [10/Jul/2026:20:31:01 -0400] "GET /special/753367564485 HTTP/1.1" 404 13928 "-" "Mozilla/5.0 (Linux; Android 6.0.1; Nexus 5X Build/MMB29P) AppleWebKit/537.36 (KHTML, like Gecko) Chrome/150.0.7871.46 Mobile Safari/537.36 (compatible; Googlebot/2.1; +http://www.google.com/bot.html)"
66.249.65.46 - - [10/Jul/2026:20:31:53 -0400] "GET /detail/782372738989 HTTP/1.1" 404 13930 "-" "Mozilla/5.0 (Linux; Android 6.0.1; Nexus 5X Build/MMB29P) AppleWebKit/537.36 (KHTML, like Gecko) Chrome/150.0.7871.46 Mobile Safari/537.36 (compatible; Googlebot/2.1; +http://www.google.com/bot.html)"
66.249.65.46 - - [10/Jul/2026:20:32:21 -0400] "GET /shopbrand/064270021648 HTTP/1.1" 404 13928 "-" "Mozilla/5.0 (Linux; Android 6.0.1; Nexus 5X Build/MMB29P) AppleWebKit/537.36 (KHTML, like Gecko) Chrome/150.0.7871.46 Mobile Safari/537.36 (compatible; Googlebot/2.1; +http://www.google.com/bot.html)"
66.249.65.33 - - [10/Jul/2026:20:32:21 -0400] "GET /goods/793249997706 HTTP/1.1" 404 13925 "-" "Mozilla/5.0 (Linux; Android 6.0.1; Nexus 5X Build/MMB29P) AppleWebKit/537.36 (KHTML, like Gecko) Chrome/150.0.7871.46 Mobile Safari/537.36 (compatible; Googlebot/2.1; +http://www.google.com/bot.html)"
66.249.65.32 - - [10/Jul/2026:20:32:41 -0400] "GET /goods/681738323177 HTTP/1.1" 404 13926 "-" "Mozilla/5.0 (Linux; Android 6.0.1; Nexus 5X Build/MMB29P) AppleWebKit/537.36 (KHTML, like Gecko) Chrome/150.0.7871.46 Mobile Safari/537.36 (compatible; Googlebot/2.1; +http://www.google.com/bot.html)"
66.249.65.46 - - [10/Jul/2026:20:32:44 -0400] "GET /products/882612218447 HTTP/1.1" 404 13931 "-" "Mozilla/5.0 (Linux; Android 6.0.1; Nexus 5X Build/MMB29P) AppleWebKit/537.36 (KHTML, like Gecko) Chrome/150.0.7871.46 Mobile Safari/537.36 (compatible; Googlebot/2.1; +http://www.google.com/bot.html)"
43.130.174.37 - - [10/Jul/2026:20:32:45 -0400] "GET /events/eventsbyday/2026/6/30/- HTTP/1.1" 200 106001 "-" "Mozilla/5.0 (iPhone; CPU iPhone OS 13_2_3 like Mac OS X) AppleWebKit/605.1.15 (KHTML, like Gecko) Version/13.0.3 Mobile/15E148 Safari/604.1"
190.166.121.107 - - [10/Jul/2026:20:33:03 -0400] "GET /events/eventsbyday/2025/2/8/tel:7203165841 HTTP/1.1" 200 106022 "-" "Mozilla/5.0 (Windows NT 10.0; Win64; x64) AppleWebKit/537.36 (KHTML, like Gecko) Chrome/77.0.3865.120 Safari/537.36"
66.249.65.46 - - [10/Jul/2026:20:33:09 -0400] "GET /goodscode/781571148368 HTTP/1.1" 404 13926 "-" "Mozilla/5.0 (Linux; Android 6.0.1; Nexus 5X Build/MMB29P) AppleWebKit/537.36 (KHTML, like Gecko) Chrome/150.0.7871.46 Mobile Safari/537.36 (compatible; Googlebot/2.1; +http://www.google.com/bot.html)"
